000
CDUS42 KTAE 040634
CLIABY


CLIMATE REPORT
NATIONAL WEATHER SERVICE TALLAHASSEE FL
233 AM EDT WED MAY 4 2016


...................................

...THE ALBANY CLIMATE SUMMARY FOR MAY 3 2016...

CLIMATE NORMAL PERIOD 1981 TO 2010
CLIMATE RECORD PERIOD 1930 TO 2016


WEATHER ITEM   OBSERVED TIME   RECORD YEAR NORMAL DEPARTURE LAST
                VALUE   (LST)  VALUE       VALUE  FROM      YEAR
                                                  NORMAL
..................................................................
TEMPERATURE (F)
 YESTERDAY
  MAXIMUM         86    401 PM  96    1990  84      2       82
  MINIMUM         67   1138 PM  45    1981  58      9       52
  AVERAGE         77                        71      6       67

PRECIPITATION (IN)
  YESTERDAY        0.34                      0.07   0.27     0.00
  MONTH TO DATE    0.34                      0.21   0.13     0.00
  SINCE MAR 1     11.98                      8.90   3.08     7.35
  SINCE JAN 1     22.29                     17.88   4.41    14.68

SNOWFALL (IN)
  YESTERDAY        0.0

DEGREE DAYS
 HEATING
  YESTERDAY        0                         0      0        0
  MONTH TO DATE    0                         0      0        2
  SINCE MAR 1    151                       274   -123      125
  SINCE JUL 1   1286                      1834   -548     1849

 COOLING
  YESTERDAY       12                         6      6        2
  MONTH TO DATE   38                        18     20        2
  SINCE MAR 1    222                       149     73      248
  SINCE JAN 1    225                       158     67      250
..................................................................


WIND (MPH)
  HIGHEST WIND SPEED    16   HIGHEST WIND DIRECTION     W (260)
  HIGHEST GUST SPEED    21   HIGHEST GUST DIRECTION     W (270)
  AVERAGE WIND SPEED     6.0




RELATIVE HUMIDITY (PERCENT)
 HIGHEST    93
 LOWEST     48
 AVERAGE    71

..........................................................


THE ALBANY CLIMATE NORMALS FOR TODAY
                         NORMAL    RECORD    YEAR
 MAXIMUM TEMPERATURE (F)   84        95      2002
 MINIMUM TEMPERATURE (F)   58        39      1971


SUNRISE AND SUNSET
MAY  4 2016...........SUNRISE   648 AM EDT   SUNSET   819 PM EDT
MAY  5 2016...........SUNRISE   648 AM EDT   SUNSET   820 PM EDT


-  INDICATES NEGATIVE NUMBERS.
R  INDICATES RECORD WAS SET OR TIED.
MM INDICATES DATA IS MISSING.
T  INDICATES TRACE AMOUNT.




$$
