149
CDUS42 KTAE 240635
CLIABY


CLIMATE REPORT
NATIONAL WEATHER SERVICE TALLAHASSEE FL
235 AM EDT WED MAY 24 2017


...................................

...THE ALBANY CLIMATE SUMMARY FOR MAY 23 2017...

CLIMATE NORMAL PERIOD 1981 TO 2010
CLIMATE RECORD PERIOD 1930 TO 2017


WEATHER ITEM   OBSERVED TIME   RECORD YEAR NORMAL DEPARTURE LAST
                VALUE   (LST)  VALUE       VALUE  FROM      YEAR
                                                  NORMAL
..................................................................
TEMPERATURE (F)
 YESTERDAY
  MAXIMUM         80   1138 AM  99    1962  89     -9       86
  MINIMUM         71   1230 PM  46    1993  64      7       55
  AVERAGE         76                        76      0       71

PRECIPITATION (IN)
  YESTERDAY        0.82                      0.08   0.74     0.00
  MONTH TO DATE    3.14                      1.70   1.44     0.78
  SINCE MAR 1      6.49                     10.39  -3.90    12.42
  SINCE JAN 1     18.31                     19.37  -1.06    22.73

SNOWFALL (IN)
  YESTERDAY        0.0

DEGREE DAYS
 HEATING
  YESTERDAY        0                         0      0        0
  MONTH TO DATE   10                         0     10        4
  SINCE MAR 1    199                       274    -75      155
  SINCE JUL 1   1002                      1834   -832     1290

 COOLING
  YESTERDAY       11                        12     -1        6
  MONTH TO DATE  217                       201     16      197
  SINCE MAR 1    498                       332    166      381
  SINCE JAN 1    536                       341    195      384
..................................................................


WIND (MPH)
  HIGHEST WIND SPEED    24   HIGHEST WIND DIRECTION     W (290)
  HIGHEST GUST SPEED    33   HIGHEST GUST DIRECTION     W (290)
  AVERAGE WIND SPEED     4.5




RELATIVE HUMIDITY (PERCENT)
 HIGHEST   100
 LOWEST     88
 AVERAGE    94

..........................................................


THE ALBANY CLIMATE NORMALS FOR TODAY
                         NORMAL    RECORD    YEAR
 MAXIMUM TEMPERATURE (F)   89        99      1941
 MINIMUM TEMPERATURE (F)   65        45      1993


SUNRISE AND SUNSET
MAY 24 2017...........SUNRISE   635 AM EDT   SUNSET   832 PM EDT
MAY 25 2017...........SUNRISE   635 AM EDT   SUNSET   833 PM EDT


-  INDICATES NEGATIVE NUMBERS.
R  INDICATES RECORD WAS SET OR TIED.
MM INDICATES DATA IS MISSING.
T  INDICATES TRACE AMOUNT.




$$
