000
CDUS42 KTAE 300631
CLIABY


CLIMATE REPORT
NATIONAL WEATHER SERVICE TALLAHASSEE FL
230 AM EDT SAT JUL 30 2016


...................................

...THE ALBANY CLIMATE SUMMARY FOR JULY 29 2016...

CLIMATE NORMAL PERIOD 1981 TO 2010
CLIMATE RECORD PERIOD 1930 TO 2016


WEATHER ITEM   OBSERVED TIME   RECORD YEAR NORMAL DEPARTURE LAST
                VALUE   (LST)  VALUE       VALUE  FROM      YEAR
                                                  NORMAL
..................................................................
TEMPERATURE (F)
 YESTERDAY
  MAXIMUM         97    423 PM 102    2010  93      4      101
  MINIMUM         75    614 AM  63    1992  72      3       76
  AVERAGE         86                        82      4       89

PRECIPITATION (IN)
  YESTERDAY        0.00                      0.17  -0.17     0.66
  MONTH TO DATE    2.13                      5.10  -2.97     4.21
  SINCE JUN 1      6.54                     10.04  -3.50     9.58
  SINCE JAN 1     29.27                     30.40  -1.13    25.44

SNOWFALL (IN)
  YESTERDAY        0.0

DEGREE DAYS
 HEATING
  YESTERDAY        0                         0      0        0
  MONTH TO DATE    0                         0      0        0
  SINCE JUN 1      0                         0      0        0
  SINCE JUL 1      0                         0      0        0

 COOLING
  YESTERDAY       21                        18      3       24
  MONTH TO DATE  584                       510     74      549
  SINCE JUN 1   1100                       975    125     1051
  SINCE JAN 1   1592                      1415    177     1655
..................................................................


WIND (MPH)
  HIGHEST WIND SPEED    15   HIGHEST WIND DIRECTION     W (290)
  HIGHEST GUST SPEED    19   HIGHEST GUST DIRECTION    NW (300)
  AVERAGE WIND SPEED     5.9




RELATIVE HUMIDITY (PERCENT)
 HIGHEST    94
 LOWEST     38
 AVERAGE    66

..........................................................


THE ALBANY CLIMATE NORMALS FOR TODAY
                         NORMAL    RECORD    YEAR
 MAXIMUM TEMPERATURE (F)   93       103      2010
 MINIMUM TEMPERATURE (F)   72        63      2014


SUNRISE AND SUNSET
JULY 30 2016..........SUNRISE   652 AM EDT   SUNSET   834 PM EDT
JULY 31 2016..........SUNRISE   653 AM EDT   SUNSET   833 PM EDT


-  INDICATES NEGATIVE NUMBERS.
R  INDICATES RECORD WAS SET OR TIED.
MM INDICATES DATA IS MISSING.
T  INDICATES TRACE AMOUNT.




$$
