000
CDUS42 KTAE 250631
CLIABY


CLIMATE REPORT
NATIONAL WEATHER SERVICE TALLAHASSEE FL
230 AM EDT TUE APR 25 2017


...................................

...THE ALBANY CLIMATE SUMMARY FOR APRIL 24 2017...

CLIMATE NORMAL PERIOD 1981 TO 2010
CLIMATE RECORD PERIOD 1930 TO 2017


WEATHER ITEM   OBSERVED TIME   RECORD YEAR NORMAL DEPARTURE LAST
                VALUE   (LST)  VALUE       VALUE  FROM      YEAR
                                                  NORMAL
..................................................................
TEMPERATURE (F)
 YESTERDAY
  MAXIMUM         70    444 PM  91    2011  81    -11       85
                                      2009
  MINIMUM         53    512 AM  32    1986  55     -2       53
  AVERAGE         62                        68     -6       69

PRECIPITATION (IN)
  YESTERDAY        0.00                      0.09  -0.09     0.00
  MONTH TO DATE    2.13                      3.16  -1.03     5.96
  SINCE MAR 1      3.35                      8.21  -4.86    10.73
  SINCE JAN 1     15.17                     17.19  -2.02    21.04

SNOWFALL (IN)
  YESTERDAY        0.0

DEGREE DAYS
 HEATING
  YESTERDAY        3                         1      2        0
  MONTH TO DATE   26                        61    -35       36
  SINCE MAR 1    189                       270    -81      151
  SINCE JUL 1    992                      1830   -838     1286

 COOLING
  YESTERDAY        0                         4     -4        4
  MONTH TO DATE  135                        71     64       37
  SINCE MAR 1    212                       100    112      119
  SINCE JAN 1    250                       109    141      122
..................................................................


WIND (MPH)
  HIGHEST WIND SPEED    15   HIGHEST WIND DIRECTION    NW (310)
  HIGHEST GUST SPEED    19   HIGHEST GUST DIRECTION     W (290)
  AVERAGE WIND SPEED     6.3




RELATIVE HUMIDITY (PERCENT)
 HIGHEST   100
 LOWEST     57
 AVERAGE    79

..........................................................


THE ALBANY CLIMATE NORMALS FOR TODAY
                         NORMAL    RECORD    YEAR
 MAXIMUM TEMPERATURE (F)   82        92      1958
 MINIMUM TEMPERATURE (F)   56        37      1986


SUNRISE AND SUNSET
APRIL 25 2017.........SUNRISE   657 AM EDT   SUNSET   813 PM EDT
APRIL 26 2017.........SUNRISE   656 AM EDT   SUNSET   813 PM EDT


-  INDICATES NEGATIVE NUMBERS.
R  INDICATES RECORD WAS SET OR TIED.
MM INDICATES DATA IS MISSING.
T  INDICATES TRACE AMOUNT.




$$
