000
CDUS42 KTAE 010631
CLIABY


CLIMATE REPORT
NATIONAL WEATHER SERVICE TALLAHASSEE FL
130 AM EST WED MAR 1 2017


...................................

...THE ALBANY CLIMATE SUMMARY FOR FEBRUARY 28 2017...

CLIMATE NORMAL PERIOD 1981 TO 2010
CLIMATE RECORD PERIOD 1930 TO 2017


WEATHER ITEM   OBSERVED TIME   RECORD YEAR NORMAL DEPARTURE LAST
                VALUE   (LST)  VALUE       VALUE  FROM      YEAR
                                                  NORMAL
..................................................................
TEMPERATURE (F)
 YESTERDAY
  MAXIMUM         82    359 PM  84    2011  68     14       70
                                      1948
  MINIMUM         51    610 AM  18    2002  43      8       33
  AVERAGE         67                        55     12       52

PRECIPITATION (IN)
  YESTERDAY        0.00                      0.17  -0.17     0.00
  MONTH TO DATE    3.04                      4.16  -1.12     6.65
  SINCE DEC 1     22.50                     12.73   9.77    17.17
  SINCE JAN 1     11.82                      8.98   2.84    10.31

SNOWFALL (IN)
  YESTERDAY        0.0

DEGREE DAYS
 HEATING
  YESTERDAY        0                        10    -10       13
  MONTH TO DATE  139                       356   -217      334
  SINCE DEC 1    662                      1290   -628     1003
  SINCE JUL 1    803                      1560   -757     1127

 COOLING
  YESTERDAY        2                         1      1        0
  MONTH TO DATE   18                         5     13        3
  SINCE DEC 1     61                        18     43       79
  SINCE JAN 1     38                         9     29        3
..................................................................


WIND (MPH)
  HIGHEST WIND SPEED    12   HIGHEST WIND DIRECTION     S (200)
  HIGHEST GUST SPEED    16   HIGHEST GUST DIRECTION     S (190)
  AVERAGE WIND SPEED     4.0




RELATIVE HUMIDITY (PERCENT)
 HIGHEST   100
 LOWEST     55
 AVERAGE    78

..........................................................


THE ALBANY CLIMATE NORMALS FOR TODAY
                         NORMAL    RECORD    YEAR
 MAXIMUM TEMPERATURE (F)   68        83      1951
 MINIMUM TEMPERATURE (F)   43        23      1984


SUNRISE AND SUNSET
MARCH  1 2017.........SUNRISE   703 AM EST   SUNSET   635 PM EST
MARCH  2 2017.........SUNRISE   702 AM EST   SUNSET   636 PM EST


-  INDICATES NEGATIVE NUMBERS.
R  INDICATES RECORD WAS SET OR TIED.
MM INDICATES DATA IS MISSING.
T  INDICATES TRACE AMOUNT.




$$
