000
CDUS42 KTAE 220632
CLIABY


CLIMATE REPORT
NATIONAL WEATHER SERVICE TALLAHASSEE FL
132 AM EST WED NOV 22 2017


...................................

...THE ALBANY CLIMATE SUMMARY FOR NOVEMBER 21 2017...

CLIMATE NORMAL PERIOD 1981 TO 2010
CLIMATE RECORD PERIOD 1930 TO 2017


WEATHER ITEM   OBSERVED TIME   RECORD YEAR NORMAL DEPARTURE LAST
                VALUE   (LST)  VALUE       VALUE  FROM      YEAR
                                                  NORMAL
..................................................................
TEMPERATURE (F)
 YESTERDAY
  MAXIMUM         71    300 PM  84    2011  70      1       69
  MINIMUM         50    159 AM  22    1937  44      6       29
  AVERAGE         61                        57      4       49

PRECIPITATION (IN)
  YESTERDAY        T                         0.12  -0.12     0.00
  MONTH TO DATE    0.45                      1.93  -1.48     0.00
  SINCE SEP 1      5.35                      7.96  -2.61     3.29
  SINCE JAN 1     38.12                     43.56  -5.44    37.34

SNOWFALL (IN)
  YESTERDAY        0.0

DEGREE DAYS
 HEATING
  YESTERDAY        4                         9     -5       16
  MONTH TO DATE  101                       129    -28       89
  SINCE SEP 1    159                       179    -20       99
  SINCE JUL 1    159                       179    -20       99

 COOLING
  YESTERDAY        0                         1     -1        0
  MONTH TO DATE   40                        27     13       39
  SINCE SEP 1    713                       557    156      762
  SINCE JAN 1   2921                      2530    391     2999
..................................................................


WIND (MPH)
  HIGHEST WIND SPEED     9   HIGHEST WIND DIRECTION    SE (120)
  HIGHEST GUST SPEED    11   HIGHEST GUST DIRECTION    SE (130)
  AVERAGE WIND SPEED     3.4




RELATIVE HUMIDITY (PERCENT)
 HIGHEST   100
 LOWEST     64
 AVERAGE    82

..........................................................


THE ALBANY CLIMATE NORMALS FOR TODAY
                         NORMAL    RECORD    YEAR
 MAXIMUM TEMPERATURE (F)   69        84      1991
 MINIMUM TEMPERATURE (F)   44        23      1968


SUNRISE AND SUNSET
NOVEMBER 22 2017......SUNRISE   711 AM EST   SUNSET   535 PM EST
NOVEMBER 23 2017......SUNRISE   712 AM EST   SUNSET   534 PM EST


-  INDICATES NEGATIVE NUMBERS.
R  INDICATES RECORD WAS SET OR TIED.
MM INDICATES DATA IS MISSING.
T  INDICATES TRACE AMOUNT.




$$
