000
CDUS44 KFWD 030658
CLIACT


CLIMATE REPORT
NATIONAL WEATHER SERVICE FORT WORTH TX
1258 AM CST TUE MAR 3 2015


...................................

...THE WACO CLIMATE SUMMARY FOR MARCH 2 2015...

CLIMATE NORMAL PERIOD 1981 TO 2010
CLIMATE RECORD PERIOD 1901 TO 2015


WEATHER ITEM   OBSERVED TIME   RECORD YEAR NORMAL DEPARTURE LAST
                VALUE   (LST)  VALUE       VALUE  FROM      YEAR
                                                  NORMAL
..................................................................
TEMPERATURE (F)
 YESTERDAY
  MAXIMUM         41    327 PM  90    1904  65    -24       68
  MINIMUM         36    831 AM  17    1980  44     -8       21
  AVERAGE         39                        54    -15       45

PRECIPITATION (IN)
  YESTERDAY        0.01          1.40 1934   0.11  -0.10     0.02
  MONTH TO DATE    0.16                      0.22  -0.06     0.02
  SINCE MAR 1      0.16                      0.22  -0.06     0.02
  SINCE JAN 1      4.89                      4.97  -0.08     0.78

SNOWFALL (IN)
  YESTERDAY        0.0           0.4  1931   0.0    0.0      0.1
  MONTH TO DATE    0.0                       0.0    0.0      0.1
  SINCE MAR 1      0.0                       0.0    0.0      0.1
  SINCE JUL 1      0.7                       0.9   -0.2      0.1
  SNOW DEPTH       0

DEGREE DAYS
 HEATING
  YESTERDAY       26                        11     15       20
  MONTH TO DATE   54                        22     32       24
  SINCE MAR 1     54                        22     32       24
  SINCE JUL 1   2008                      1834    174     2167

 COOLING
  YESTERDAY        0                         1     -1        0
  MONTH TO DATE    0                         1     -1        0
  SINCE MAR 1      0                         1     -1        0
  SINCE JAN 1      0                        10    -10        0
..................................................................


WIND (MPH)
  HIGHEST WIND SPEED    15   HIGHEST WIND DIRECTION     N (360)
  HIGHEST GUST SPEED    19   HIGHEST GUST DIRECTION     N (10)
  AVERAGE WIND SPEED     7.8


SKY COVER
  POSSIBLE SUNSHINE  MM
  AVERAGE SKY COVER 1.0


WEATHER CONDITIONS
 THE FOLLOWING WEATHER WAS RECORDED YESTERDAY.
  LIGHT RAIN
  FOG
  FOG W/VISIBILITY <= 1/4 MILE


RELATIVE HUMIDITY (PERCENT)
 HIGHEST   100           700 AM
 LOWEST     92          1200 AM
 AVERAGE    96

..........................................................


THE WACO CLIMATE NORMALS FOR TODAY
                         NORMAL    RECORD    YEAR
 MAXIMUM TEMPERATURE (F)   65        83      1974
 MINIMUM TEMPERATURE (F)   44        15      1943


SUNRISE AND SUNSET
MARCH  3 2015.........SUNRISE   654 AM CST   SUNSET   628 PM CST
MARCH  4 2015.........SUNRISE   653 AM CST   SUNSET   629 PM CST


-  INDICATES NEGATIVE NUMBERS.
R  INDICATES RECORD WAS SET OR TIED.
MM INDICATES DATA IS MISSING.
T  INDICATES TRACE AMOUNT.




$$
