000
CDUS44 KFWD 180642
CLIACT


CLIMATE REPORT
NATIONAL WEATHER SERVICE FORT WORTH TX
1241 AM CST WED JAN 18 2017


...................................

...THE WACO CLIMATE SUMMARY FOR JANUARY 17 2017...

CLIMATE NORMAL PERIOD 1981 TO 2010
CLIMATE RECORD PERIOD 1901 TO 2017


WEATHER ITEM   OBSERVED TIME   RECORD YEAR NORMAL DEPARTURE LAST
                VALUE   (LST)  VALUE       VALUE  FROM      YEAR
                                                  NORMAL
..................................................................
TEMPERATURE (F)
 YESTERDAY
  MAXIMUM         58   1200 AM  79    1952  58      0       55
                                      1907
  MINIMUM         46   1159 PM  11    1930  36     10       27
  AVERAGE         52                        47      5       41

PRECIPITATION (IN)
  YESTERDAY        0.63          1.65 1931   0.07   0.56     0.00
  MONTH TO DATE    2.27                      1.09   1.18     0.22
  SINCE DEC 1      3.54                      3.84  -0.30     3.84
  SINCE JAN 1      2.27                      1.09   1.18     0.22

SNOWFALL (IN)
  YESTERDAY        0.0           T    2007   0.0    0.0      0.0
                                      1987
                                      1966
  MONTH TO DATE    0.0                       0.1   -0.1      0.0
  SINCE DEC 1      T                         0.1   -0.1      0.0
  SINCE JUL 1      T                         0.2   -0.2      0.0
  SNOW DEPTH       0

DEGREE DAYS
 HEATING
  YESTERDAY       13                        18     -5       24
  MONTH TO DATE  262                       311    -49      327
  SINCE DEC 1    702                       835   -133      711
  SINCE JUL 1    845                      1163   -318      946

 COOLING
  YESTERDAY        0                         0      0        0
  MONTH TO DATE    9                         0      9        0
  SINCE DEC 1     32                         5     27        5
  SINCE JAN 1      9                         0      9        0
..................................................................


WIND (MPH)
  HIGHEST WIND SPEED    17   HIGHEST WIND DIRECTION     N (10)
  HIGHEST GUST SPEED    24   HIGHEST GUST DIRECTION     N (20)
  AVERAGE WIND SPEED    10.0


SKY COVER
  POSSIBLE SUNSHINE  MM
  AVERAGE SKY COVER 0.9


WEATHER CONDITIONS
 THE FOLLOWING WEATHER WAS RECORDED YESTERDAY.
  THUNDERSTORM
  HEAVY RAIN
  RAIN
  LIGHT RAIN
  FOG


RELATIVE HUMIDITY (PERCENT)
 HIGHEST    93           200 PM
 LOWEST     68          1100 AM
 AVERAGE    81

..........................................................


THE WACO CLIMATE NORMALS FOR TODAY
                         NORMAL    RECORD    YEAR
 MAXIMUM TEMPERATURE (F)   58        82      2000
 MINIMUM TEMPERATURE (F)   36        -1      1930


SUNRISE AND SUNSET
JANUARY 18 2017.......SUNRISE   728 AM CST   SUNSET   551 PM CST
JANUARY 19 2017.......SUNRISE   728 AM CST   SUNSET   552 PM CST


-  INDICATES NEGATIVE NUMBERS.
R  INDICATES RECORD WAS SET OR TIED.
MM INDICATES DATA IS MISSING.
T  INDICATES TRACE AMOUNT.




$$
