000
CDUS44 KFWD 260651
CLIACT


CLIMATE REPORT
NATIONAL WEATHER SERVICE FORT WORTH TX
151 AM CDT MON JUN 26 2017


...................................

...THE WACO CLIMATE SUMMARY FOR JUNE 25 2017...

CLIMATE NORMAL PERIOD 1981 TO 2010
CLIMATE RECORD PERIOD 1901 TO 2017


WEATHER ITEM   OBSERVED TIME   RECORD YEAR NORMAL DEPARTURE LAST
                VALUE   (LST)  VALUE       VALUE  FROM      YEAR
                                                  NORMAL
..................................................................
TEMPERATURE (F)
 YESTERDAY
  MAXIMUM         86    333 PM 105    2009  94     -8       91
                                      1980
  MINIMUM         72    714 AM  57    1974  72      0       77
  AVERAGE         79                        83     -4       84

PRECIPITATION (IN)
  YESTERDAY        0.02          3.01 1906   0.08  -0.06     0.00
  MONTH TO DATE    4.74                      3.05   1.69     4.59
  SINCE JUN 1      4.74                      3.05   1.69     4.59
  SINCE JAN 1     24.05                     17.94   6.11    27.23

DEGREE DAYS
 HEATING
  YESTERDAY        0                         0      0        0
  MONTH TO DATE    0                         0      0        0
  SINCE JUN 1      0                         0      0        0
  SINCE JUL 1   1335                      2142   -807     1691

 COOLING
  YESTERDAY       14                        18     -4       19
  MONTH TO DATE  425                       396     29      429
  SINCE JUN 1    425                       396     29      429
  SINCE JAN 1    994                       848    146      820
..................................................................


WIND (MPH)
  HIGHEST WIND SPEED    16   HIGHEST WIND DIRECTION    NE (50)
  HIGHEST GUST SPEED    19   HIGHEST GUST DIRECTION    NE (60)
  AVERAGE WIND SPEED     7.8


SKY COVER
  POSSIBLE SUNSHINE  MM
  AVERAGE SKY COVER 0.6


WEATHER CONDITIONS
 THE FOLLOWING WEATHER WAS RECORDED YESTERDAY.
  LIGHT RAIN


RELATIVE HUMIDITY (PERCENT)
 HIGHEST   100          1200 AM
 LOWEST     65           200 PM
 AVERAGE    83

..........................................................


THE WACO CLIMATE NORMALS FOR TODAY
                         NORMAL    RECORD    YEAR
 MAXIMUM TEMPERATURE (F)   94       107      2012
                                             1980
 MINIMUM TEMPERATURE (F)   73        57      1974


SUNRISE AND SUNSET
JUNE 26 2017..........SUNRISE   626 AM CDT   SUNSET   838 PM CDT
JUNE 27 2017..........SUNRISE   626 AM CDT   SUNSET   838 PM CDT


-  INDICATES NEGATIVE NUMBERS.
R  INDICATES RECORD WAS SET OR TIED.
MM INDICATES DATA IS MISSING.
T  INDICATES TRACE AMOUNT.




$$
