000
CDUS44 KFWD 170657
CLIACT

CLIMATE REPORT
NATIONAL WEATHER SERVICE FORT WORTH TX
153 AM CDT THU APR 17 2014


...................................

...THE WACO CLIMATE SUMMARY FOR APRIL 16 2014...

CLIMATE NORMAL PERIOD 1981 TO 2010
CLIMATE RECORD PERIOD 1901 TO 2014


WEATHER ITEM   OBSERVED TIME   RECORD YEAR NORMAL DEPARTURE LAST
                VALUE   (LST)  VALUE       VALUE  FROM      YEAR
                                                  NORMAL
..................................................................
TEMPERATURE (F)
 YESTERDAY
  MAXIMUM         69    421 PM  95    2006  78     -9       87
  MINIMUM         43    140 AM  33    1983  55    -12       70
  AVERAGE         56                        66    -10       79

PRECIPITATION (IN)
  YESTERDAY        0.00          2.28 1907   0.08  -0.08     0.00
  MONTH TO DATE    1.66                      1.23   0.43     0.99
  SINCE MAR 1      2.53                      4.38  -1.85     2.82
  SINCE JAN 1      3.29                      9.13  -5.84     9.97

SNOWFALL (IN)
  YESTERDAY        0.0           0.0    MM   0.0    0.0      0.0
  MONTH TO DATE    0.0                       0.2   -0.2      0.0
  SINCE MAR 1      0.1                       0.3   -0.2      0.0
  SINCE JUL 1      0.1                       1.2   -1.1       T
  SNOW DEPTH       0

DEGREE DAYS
 HEATING
  YESTERDAY        9                         2      7        0
  MONTH TO DATE   83                        58     25       74
  SINCE MAR 1    433                       304    129      356
  SINCE JUL 1   2576                      2116    460     1922

 COOLING
  YESTERDAY        0                         4     -4       14
  MONTH TO DATE   59                        44     15       52
  SINCE MAR 1     74                        78     -4       78
  SINCE JAN 1     74                        87    -13       95
..................................................................


WIND (MPH)
  HIGHEST WIND SPEED    24   HIGHEST WIND DIRECTION     S (170)
  HIGHEST GUST SPEED    33   HIGHEST GUST DIRECTION     S (170)
  AVERAGE WIND SPEED    14.8


SKY COVER
  POSSIBLE SUNSHINE  MM
  AVERAGE SKY COVER 0.0


WEATHER CONDITIONS
 THE FOLLOWING WEATHER WAS RECORDED YESTERDAY.
  NO SIGNIFICANT WEATHER WAS OBSERVED.


RELATIVE HUMIDITY (PERCENT)
 HIGHEST    77          1100 PM
 LOWEST     39          1100 AM
 AVERAGE    58

..........................................................


THE WACO CLIMATE NORMALS FOR TODAY
                         NORMAL    RECORD    YEAR
 MAXIMUM TEMPERATURE (F)   78        97      2006
 MINIMUM TEMPERATURE (F)   55        35      1999


SUNRISE AND SUNSET
APRIL 17 2014.........SUNRISE   658 AM CDT   SUNSET   759 PM CDT
APRIL 18 2014.........SUNRISE   657 AM CDT   SUNSET   800 PM CDT


-  INDICATES NEGATIVE NUMBERS.
R  INDICATES RECORD WAS SET OR TIED.
MM INDICATES DATA IS MISSING.
T  INDICATES TRACE AMOUNT.




$$
