000
CDUS44 KFWD 270644
CLIACT

CLIMATE REPORT
NATIONAL WEATHER SERVICE FORT WORTH TX
1238 AM CST SAT DEC 27 2014


...................................

...THE WACO CLIMATE SUMMARY FOR DECEMBER 26 2014...

CLIMATE NORMAL PERIOD 1981 TO 2010
CLIMATE RECORD PERIOD 1901 TO 2014


WEATHER ITEM   OBSERVED TIME   RECORD YEAR NORMAL DEPARTURE LAST
                VALUE   (LST)  VALUE       VALUE  FROM      YEAR
                                                  NORMAL
..................................................................
TEMPERATURE (F)
 YESTERDAY
  MAXIMUM         68    425 PM  80    2008  58     10       53
                                      2005
  MINIMUM         48    621 AM  17    1983  36     12       30
  AVERAGE         58                        47     11       42

PRECIPITATION (IN)
  YESTERDAY        T             0.94 1987   0.09  -0.09     0.00
  MONTH TO DATE    0.51                      2.34  -1.83     1.34
  SINCE DEC 1      0.51                      2.34  -1.83     1.34
  SINCE JAN 1     30.06                     34.28  -4.22    37.89

SNOWFALL (IN)
  YESTERDAY       MM             T    2000   0.0   MM        0.0
                                      1997
  MONTH TO DATE    0.0                       0.0    0.0       T
  SINCE DEC 1      0.0                       0.0    0.0       T
  SINCE JUL 1      0.0                       0.1   -0.1       T
  SNOW DEPTH       0

DEGREE DAYS
 HEATING
  YESTERDAY        7                        18    -11       23
  MONTH TO DATE  316                       430   -114      535
  SINCE DEC 1    316                       430   -114      535
  SINCE JUL 1    698                       758    -60      949

 COOLING
  YESTERDAY        0                         0      0        0
  MONTH TO DATE    4                         0      4        0
  SINCE DEC 1      4                         0      4        0
  SINCE JAN 1   2754                      2792    -38     2870
..................................................................


WIND (MPH)
  HIGHEST WIND SPEED    16   HIGHEST WIND DIRECTION     S (160)
  HIGHEST GUST SPEED    20   HIGHEST GUST DIRECTION     S (170)
  AVERAGE WIND SPEED    10.0


SKY COVER
  POSSIBLE SUNSHINE  MM
  AVERAGE SKY COVER 0.9


WEATHER CONDITIONS
 THE FOLLOWING WEATHER WAS RECORDED YESTERDAY.
  LIGHT RAIN
  FOG


RELATIVE HUMIDITY (PERCENT)
 HIGHEST    97           700 PM
 LOWEST     76           400 PM
 AVERAGE    87

..........................................................


THE WACO CLIMATE NORMALS FOR TODAY
                         NORMAL    RECORD    YEAR
 MAXIMUM TEMPERATURE (F)   57        85      2005
 MINIMUM TEMPERATURE (F)   36        23      2009


SUNRISE AND SUNSET
DECEMBER 27 2014......SUNRISE   727 AM CST   SUNSET   533 PM CST
DECEMBER 28 2014......SUNRISE   727 AM CST   SUNSET   534 PM CST


-  INDICATES NEGATIVE NUMBERS.
R  INDICATES RECORD WAS SET OR TIED.
MM INDICATES DATA IS MISSING.
T  INDICATES TRACE AMOUNT.




$$
