000
CDUS44 KFWD 082220
CLIACT


CLIMATE REPORT
NATIONAL WEATHER SERVICE FORT WORTH TX
420 PM CST THU DEC 8 2016


...................................

...THE WACO CLIMATE SUMMARY FOR DECEMBER 8 2016...
VALID AS OF 0400 PM LOCAL TIME.

CLIMATE NORMAL PERIOD 1981 TO 2010
CLIMATE RECORD PERIOD 1901 TO 2016


WEATHER ITEM   OBSERVED TIME   RECORD YEAR NORMAL DEPARTURE LAST
                VALUE   (LST)  VALUE       VALUE  FROM      YEAR
                                                  NORMAL
..................................................................
TEMPERATURE (F)
 TODAY
  MAXIMUM         49   1230 AM  86    1904  60    -11       74
  MINIMUM         36    353 PM  19    2005  39     -3       39
  AVERAGE         43

PRECIPITATION (IN)
  TODAY            0.00          2.69 1980   0.10  -0.10     0.00
  MONTH TO DATE    1.13                      0.70   0.43     0.00
  SINCE DEC 1      1.13                      0.70   0.43     0.00
  SINCE JAN 1     38.41                     32.64   5.77    50.12

SNOWFALL (IN)
  TODAY            0.0           T    1916   0.0    0.0      0.0
  MONTH TO DATE    0.0                       0.0    0.0      0.0
  SINCE DEC 1      0.0                       0.0    0.0      0.0
  SINCE JUL 1      0.0                       0.1   -0.1      0.0
  SNOW DEPTH       0

..................................................................


WIND (MPH)
  HIGHEST WIND SPEED    26   HIGHEST WIND DIRECTION     N (10)
  HIGHEST GUST SPEED    33   HIGHEST GUST DIRECTION     N (10)
  AVERAGE WIND SPEED    20.0




..........................................................


THE WACO CLIMATE NORMALS FOR TOMORROW
                         NORMAL    RECORD    YEAR
 MAXIMUM TEMPERATURE (F)   60        81      2012
 MINIMUM TEMPERATURE (F)   38        17      2005


SUNRISE AND SUNSET
DECEMBER  8 2016......SUNRISE   717 AM CST   SUNSET   525 PM CST
DECEMBER  9 2016......SUNRISE   717 AM CST   SUNSET   526 PM CST


-  INDICATES NEGATIVE NUMBERS.
R  INDICATES RECORD WAS SET OR TIED.
MM INDICATES DATA IS MISSING.
T  INDICATES TRACE AMOUNT.




$$
