000
CDUS44 KFWD 290800
CLIACT


CLIMATE REPORT
NATIONAL WEATHER SERVICE FORT WORTH TX
300 AM CDT FRI APR 29 2016


...................................

...THE WACO CLIMATE SUMMARY FOR APRIL 28 2016...

CLIMATE NORMAL PERIOD 1981 TO 2010
CLIMATE RECORD PERIOD 1901 TO 2016


WEATHER ITEM   OBSERVED TIME   RECORD YEAR NORMAL DEPARTURE LAST
                VALUE   (LST)  VALUE       VALUE  FROM      YEAR
                                                  NORMAL
..................................................................
TEMPERATURE (F)
 YESTERDAY
  MAXIMUM         85    351 PM  94    1987  81      4       60
                                      1933
  MINIMUM         55    531 AM  41    2008  58     -3       49
  AVERAGE         70                        70      0       55

PRECIPITATION (IN)
  YESTERDAY        T             2.20 1936   0.10  -0.10     0.11
  MONTH TO DATE    5.88                      2.46   3.42     4.49
  SINCE MAR 1     11.21                      5.61   5.60     7.34
  SINCE JAN 1     13.66                     10.36   3.30    12.07

SNOWFALL (IN)
  YESTERDAY        0.0           0.0    MM   0.0    0.0      0.0
  MONTH TO DATE    0.0                       0.1   -0.1      0.0
  SINCE MAR 1      0.0                       0.2   -0.2      0.7
  SINCE JUL 1      0.0                       1.0   -1.0      1.4
  SNOW DEPTH       0

DEGREE DAYS
 HEATING
  YESTERDAY        0                         1     -1       10
  MONTH TO DATE   52                        76    -24       50
  SINCE MAR 1    203                       322   -119      345
  SINCE JUL 1   1680                      2134   -454     2299

 COOLING
  YESTERDAY        5                         5      0        0
  MONTH TO DATE   87                        98    -11      134
  SINCE MAR 1    118                       132    -14      161
  SINCE JAN 1    126                       141    -15      161
..................................................................


WIND (MPH)
  HIGHEST WIND SPEED    21   HIGHEST WIND DIRECTION    SE (150)
  HIGHEST GUST SPEED    27   HIGHEST GUST DIRECTION    SE (140)
  AVERAGE WIND SPEED     8.7


SKY COVER
  POSSIBLE SUNSHINE  MM
  AVERAGE SKY COVER 0.0


WEATHER CONDITIONS
 THE FOLLOWING WEATHER WAS RECORDED YESTERDAY.
  THUNDERSTORM
  LIGHT RAIN
  HAZE


RELATIVE HUMIDITY (PERCENT)
 HIGHEST    93           400 AM
 LOWEST     48           400 PM
 AVERAGE    71

..........................................................


THE WACO CLIMATE NORMALS FOR TODAY
                         NORMAL    RECORD    YEAR
 MAXIMUM TEMPERATURE (F)   81        96      1902
 MINIMUM TEMPERATURE (F)   59        43      1996


SUNRISE AND SUNSET
APRIL 29 2016.........SUNRISE   645 AM CDT   SUNSET   808 PM CDT
APRIL 30 2016.........SUNRISE   644 AM CDT   SUNSET   808 PM CDT


-  INDICATES NEGATIVE NUMBERS.
R  INDICATES RECORD WAS SET OR TIED.
MM INDICATES DATA IS MISSING.
T  INDICATES TRACE AMOUNT.




$$
