000
CDUS44 KFWD 212122
CLIACT


CLIMATE REPORT
NATIONAL WEATHER SERVICE FORT WORTH TX
421 PM CDT MON AUG 21 2017


...................................

...THE WACO CLIMATE SUMMARY FOR AUGUST 21 2017...
VALID AS OF 0400 PM LOCAL TIME.

CLIMATE NORMAL PERIOD 1981 TO 2010
CLIMATE RECORD PERIOD 1901 TO 2017


WEATHER ITEM   OBSERVED TIME   RECORD YEAR NORMAL DEPARTURE LAST
                VALUE   (LST)  VALUE       VALUE  FROM      YEAR
                                                  NORMAL
..................................................................
TEMPERATURE (F)
 TODAY
  MAXIMUM         95    259 PM 106    1948  97     -2       78
  MINIMUM         78    626 AM  61    1992  74      4       73
                                      1940
  AVERAGE         87

PRECIPITATION (IN)
  TODAY            0.00          1.96 1960   0.07  -0.07     0.10
  MONTH TO DATE    2.06                      1.27   0.79     3.26
  SINCE JUN 1      8.89                      6.49   2.40     7.99
  SINCE JAN 1     28.20                     21.38   6.82    30.63

..................................................................


WIND (MPH)
  HIGHEST WIND SPEED    15   HIGHEST WIND DIRECTION     S (180)
  HIGHEST GUST SPEED    19   HIGHEST GUST DIRECTION     S (170)
  AVERAGE WIND SPEED    10.4




..........................................................


THE WACO CLIMATE NORMALS FOR TOMORROW
                         NORMAL    RECORD    YEAR
 MAXIMUM TEMPERATURE (F)   96       107      1980
 MINIMUM TEMPERATURE (F)   73        63      1992
                                             1940


SUNRISE AND SUNSET
AUGUST 21 2017........SUNRISE   658 AM CDT   SUNSET   805 PM CDT
AUGUST 22 2017........SUNRISE   659 AM CDT   SUNSET   804 PM CDT


-  INDICATES NEGATIVE NUMBERS.
R  INDICATES RECORD WAS SET OR TIED.
MM INDICATES DATA IS MISSING.
T  INDICATES TRACE AMOUNT.




$$
