000
CDUS41 KPHI 262129
CLIACY


CLIMATE REPORT
NATIONAL WEATHER SERVICE MOUNT HOLLY NJ
428 PM EST SUN FEB 26 2017


...................................

...THE ATLANTIC CITY NJ CLIMATE SUMMARY FOR FEBRUARY 26 2017...
VALID TODAY AS OF 0400 PM LOCAL TIME.

CLIMATE NORMAL PERIOD 1981 TO 2010
CLIMATE RECORD PERIOD 1874 TO 2017


WEATHER ITEM   OBSERVED TIME   RECORD YEAR NORMAL DEPARTURE LAST
                VALUE   (LST)  VALUE       VALUE  FROM      YEAR
                                                  NORMAL
..................................................................
TEMPERATURE (F)
 TODAY
  MAXIMUM         47   1206 AM  71    1890  47      0       41
  MINIMUM         35    629 AM   9    1990  28      7       27
  AVERAGE         41                        38      3       34

PRECIPITATION (IN)
  TODAY            0.00          1.53 1912   0.11  -0.11     0.00
  MONTH TO DATE    1.16                      2.64  -1.48     4.51
  SINCE DEC 1      8.63                      9.55  -0.92    12.79
  SINCE JAN 1      5.34                      5.86  -0.52     7.35

SNOWFALL (IN)
  TODAY            0.0           4.6  1894   0.2   -0.2      0.0
  MONTH TO DATE    0.3                       6.4   -6.1      3.9
  SINCE DEC 1      7.5                      14.6   -7.1     20.6
  SINCE JUL 1      7.5                      14.8   -7.3     20.6
  SNOW DEPTH       0

DEGREE DAYS
 HEATING
  TODAY           24                        28     -4       31
  MONTH TO DATE  571                       777   -206      713
  SINCE DEC 1   2209                      2631   -422     2124
  SINCE JUL 1   2956                      3538   -582     2819

 COOLING
  TODAY            0                         0      0        0
  MONTH TO DATE    0                         0      0        0
  SINCE DEC 1      0                         0      0        3
  SINCE JAN 1      0                         0      0        0
..................................................................


WIND (MPH)
  HIGHEST WIND SPEED    26   HIGHEST WIND DIRECTION    NW (300)
  HIGHEST GUST SPEED    32   HIGHEST GUST DIRECTION     W (290)
  AVERAGE WIND SPEED    16.0


SKY COVER
  POSSIBLE SUNSHINE  MM
  AVERAGE SKY COVER 0.1


WEATHER CONDITIONS
 THE FOLLOWING WEATHER WAS RECORDED TODAY.
  NO SIGNIFICANT WEATHER WAS OBSERVED.


RELATIVE HUMIDITY (PERCENT)
 HIGHEST    65          1200 AM
 LOWEST     31           200 PM
 AVERAGE    48

..........................................................


THE ATLANTIC CITY NJ CLIMATE NORMALS FOR TOMORROW
                         NORMAL    RECORD    YEAR
 MAXIMUM TEMPERATURE (F)   47        73      1997
 MINIMUM TEMPERATURE (F)   28         7      1934
                                             1900


SUNRISE AND SUNSET
FEBRUARY 26 2017......SUNRISE   635 AM EST   SUNSET   548 PM EST
FEBRUARY 27 2017......SUNRISE   634 AM EST   SUNSET   549 PM EST


-  INDICATES NEGATIVE NUMBERS.
R  INDICATES RECORD WAS SET OR TIED.
MM INDICATES DATA IS MISSING.
T  INDICATES TRACE AMOUNT.




$$
