000
CDUS41 KPHI 240619
CLIACY


CLIMATE REPORT
NATIONAL WEATHER SERVICE MOUNT HOLLY NJ
118 AM EST SAT FEB 24 2018


...................................

...THE ATLANTIC CITY NJ CLIMATE SUMMARY FOR FEBRUARY 23 2018...

CLIMATE NORMAL PERIOD 1981 TO 2010
CLIMATE RECORD PERIOD 1874 TO 2018


WEATHER ITEM   OBSERVED TIME   RECORD YEAR NORMAL DEPARTURE LAST
                VALUE   (LST)  VALUE       VALUE  FROM      YEAR
                                                  NORMAL
..................................................................
TEMPERATURE (F)
 YESTERDAY
  MAXIMUM         46   1159 PM  72    2017  46      0       72
                                      1985
  MINIMUM         40    231 AM   8    1963  28     12       39
                                      1907
  AVERAGE         43                        37      6       56

PRECIPITATION (IN)
  YESTERDAY        0.28          2.37 1998   0.12   0.16     0.00
  MONTH TO DATE    6.12                      2.31   3.81     0.97
  SINCE DEC 1     10.96                      9.22   1.74     8.44
  SINCE JAN 1      9.41                      5.53   3.88     5.15

SNOWFALL (IN)
  YESTERDAY        0.0           6.5  1987   0.2   -0.2      0.0
  MONTH TO DATE    T                         5.8   -5.8      0.3
  SINCE DEC 1     24.5                      14.0   10.5      7.5
  SINCE JUL 1     24.5                      14.2   10.3      7.5
  SNOW DEPTH       0

DEGREE DAYS
 HEATING
  YESTERDAY       22                        28     -6        9
  MONTH TO DATE  527                       693   -166      535
  SINCE DEC 1   2450                      2547    -97     2173
  SINCE JUL 1   3153                      3454   -301     2920

 COOLING
  YESTERDAY        0                         0      0        0
  MONTH TO DATE    0                         0      0        0
  SINCE DEC 1      0                         0      0        0
  SINCE JAN 1      0                         0      0        0
..................................................................


WIND (MPH)
  HIGHEST WIND SPEED    20   HIGHEST WIND DIRECTION    NE (60)
  HIGHEST GUST SPEED    27   HIGHEST GUST DIRECTION    NE (60)
  AVERAGE WIND SPEED     9.0


SKY COVER
  POSSIBLE SUNSHINE  MM
  AVERAGE SKY COVER 1.0


WEATHER CONDITIONS
 THE FOLLOWING WEATHER WAS RECORDED YESTERDAY.
  HEAVY RAIN
  RAIN
  LIGHT RAIN
  FOG


RELATIVE HUMIDITY (PERCENT)
 HIGHEST   100           200 PM
 LOWEST     79          1200 AM
 AVERAGE    90

..........................................................


THE ATLANTIC CITY NJ CLIMATE NORMALS FOR TODAY
                         NORMAL    RECORD    YEAR
 MAXIMUM TEMPERATURE (F)   46        75      1985
 MINIMUM TEMPERATURE (F)   28         2      1889


SUNRISE AND SUNSET
FEBRUARY 24 2018......SUNRISE   638 AM EST   SUNSET   545 PM EST
FEBRUARY 25 2018......SUNRISE   637 AM EST   SUNSET   546 PM EST


-  INDICATES NEGATIVE NUMBERS.
R  INDICATES RECORD WAS SET OR TIED.
MM INDICATES DATA IS MISSING.
T  INDICATES TRACE AMOUNT.




$$
