000
CDUS41 KPHI 272128
CLIACY


CLIMATE REPORT
NATIONAL WEATHER SERVICE MOUNT HOLLY NJ
527 PM EDT MON MAR 27 2017


...................................

...THE ATLANTIC CITY NJ CLIMATE SUMMARY FOR MARCH 27 2017...
VALID TODAY AS OF 0500 PM LOCAL TIME.

CLIMATE NORMAL PERIOD 1981 TO 2010
CLIMATE RECORD PERIOD 1874 TO 2017


WEATHER ITEM   OBSERVED TIME   RECORD YEAR NORMAL DEPARTURE LAST
                VALUE   (LST)  VALUE       VALUE  FROM      YEAR
                                                  NORMAL
..................................................................
TEMPERATURE (F)
 TODAY
  MAXIMUM         70    259 PM  83    2007  55     15       53
  MINIMUM         44    401 AM  12    2014  36      8       44
  AVERAGE         57                        46     11       49

PRECIPITATION (IN)
  TODAY            0.14          1.46 1932   0.14   0.00     0.07
  MONTH TO DATE    3.85                      3.65   0.20     2.54
  SINCE MAR 1      3.85                      3.65   0.20     2.54
  SINCE JAN 1      9.40                      9.74  -0.34     9.89

SNOWFALL (IN)
  TODAY            0.0           0.2  1904   0.1   -0.1      0.0
                                      1958
  MONTH TO DATE    0.2                       1.1   -0.9      5.1
  SINCE MAR 1      0.2                       1.1   -0.9      5.1
  SINCE JUL 1      7.7                      16.2   -8.5     25.7
  SNOW DEPTH       0

DEGREE DAYS
 HEATING
  TODAY            8                        20    -12       16
  MONTH TO DATE  651                       631     20      478
  SINCE MAR 1    651                       631     20      478
  SINCE JUL 1   3647                      4222   -575     3359

 COOLING
  TODAY            0                         0      0        0
  MONTH TO DATE    0                         0      0        3
  SINCE MAR 1      0                         0      0        3
  SINCE JAN 1      0                         0      0        3
..................................................................


WIND (MPH)
  HIGHEST WIND SPEED    13   HIGHEST WIND DIRECTION    SW (210)
  HIGHEST GUST SPEED    16   HIGHEST GUST DIRECTION    SW (220)
  AVERAGE WIND SPEED     6.7


SKY COVER
  POSSIBLE SUNSHINE  MM
  AVERAGE SKY COVER 1.0


WEATHER CONDITIONS
 THE FOLLOWING WEATHER WAS RECORDED TODAY.
  RAIN
  LIGHT RAIN
  FOG
  FOG W/VISIBILITY <= 1/4 MILE


RELATIVE HUMIDITY (PERCENT)
 HIGHEST   100          1200 AM
 LOWEST     66           300 PM
 AVERAGE    83

..........................................................


THE ATLANTIC CITY NJ CLIMATE NORMALS FOR TOMORROW
                         NORMAL    RECORD    YEAR
 MAXIMUM TEMPERATURE (F)   55        81      1989
 MINIMUM TEMPERATURE (F)   36        18      1990
                                             1966


SUNRISE AND SUNSET
MARCH 27 2017.........SUNRISE   650 AM EDT   SUNSET   717 PM EDT
MARCH 28 2017.........SUNRISE   649 AM EDT   SUNSET   718 PM EDT


-  INDICATES NEGATIVE NUMBERS.
R  INDICATES RECORD WAS SET OR TIED.
MM INDICATES DATA IS MISSING.
T  INDICATES TRACE AMOUNT.




$$
