000
CDUS41 KPHI 260630
CLIACY


CLIMATE REPORT
NATIONAL WEATHER SERVICE MOUNT HOLLY NJ
229 AM EDT THU MAY 26 2016


...................................

...THE ATLANTIC CITY NJ CLIMATE SUMMARY FOR MAY 25 2016...

CLIMATE NORMAL PERIOD 1981 TO 2010
CLIMATE RECORD PERIOD 1874 TO 2016


WEATHER ITEM   OBSERVED TIME   RECORD YEAR NORMAL DEPARTURE LAST
                VALUE   (LST)  VALUE       VALUE  FROM      YEAR
                                                  NORMAL
..................................................................
TEMPERATURE (F)
 YESTERDAY
  MAXIMUM         88    331 PM  94    1991  74     14       84
  MINIMUM         53    123 AM  38    1963  54     -1       59
  AVERAGE         71                        64      7       72

PRECIPITATION (IN)
  YESTERDAY        0.00          1.26 1900   0.12  -0.12     0.00
  MONTH TO DATE    4.87                      2.66   2.21     0.71
  SINCE MAR 1     10.90                     10.50   0.40     8.19
  SINCE JAN 1     18.25                     16.59   1.66    16.25

SNOWFALL (IN)
  YESTERDAY        0.0           0.0  1903   0.0    0.0      0.0
  MONTH TO DATE    0.0                       0.0    0.0      0.0
  SINCE MAR 1      6.9                       1.4    5.5      7.4
  SINCE JUL 1     27.5                      16.5   11.0     22.4
  SNOW DEPTH       0

DEGREE DAYS
 HEATING
  YESTERDAY        0                         4     -4        0
  MONTH TO DATE  194                       157     37       80
  SINCE MAR 1   1169                      1270   -101     1279
  SINCE JUL 1   4050                      4861   -811     5154

 COOLING
  YESTERDAY        6                         3      3        7
  MONTH TO DATE    8                        37    -29       79
  SINCE MAR 1     22                        46    -24       79
  SINCE JAN 1     22                        46    -24       79
..................................................................


WIND (MPH)
  HIGHEST WIND SPEED    17   HIGHEST WIND DIRECTION     W (280)
  HIGHEST GUST SPEED    24   HIGHEST GUST DIRECTION     W (260)
  AVERAGE WIND SPEED     7.2


SKY COVER
  POSSIBLE SUNSHINE  MM
  AVERAGE SKY COVER 0.0


WEATHER CONDITIONS
 THE FOLLOWING WEATHER WAS RECORDED YESTERDAY.
  NO SIGNIFICANT WEATHER WAS OBSERVED.


RELATIVE HUMIDITY (PERCENT)
 HIGHEST    86           200 AM
 LOWEST     17           200 PM
 AVERAGE    52

..........................................................


THE ATLANTIC CITY NJ CLIMATE NORMALS FOR TODAY
                         NORMAL    RECORD    YEAR
 MAXIMUM TEMPERATURE (F)   74        93      1965
 MINIMUM TEMPERATURE (F)   54        40      1992
                                             1988


SUNRISE AND SUNSET
MAY 26 2016...........SUNRISE   536 AM EDT   SUNSET   815 PM EDT
MAY 27 2016...........SUNRISE   535 AM EDT   SUNSET   816 PM EDT


-  INDICATES NEGATIVE NUMBERS.
R  INDICATES RECORD WAS SET OR TIED.
MM INDICATES DATA IS MISSING.
T  INDICATES TRACE AMOUNT.




$$
