000
CDUS41 KPHI 250631
CLIACY


CLIMATE REPORT
NATIONAL WEATHER SERVICE MOUNT HOLLY NJ
230 AM EDT FRI APR 25 2014


...................................

...THE ATLANTIC CITY NJ CLIMATE SUMMARY FOR APRIL 24 2014...

CLIMATE NORMAL PERIOD 1981 TO 2010
CLIMATE RECORD PERIOD 1874 TO 2014


WEATHER ITEM   OBSERVED TIME   RECORD YEAR NORMAL DEPARTURE LAST
                VALUE   (LST)  VALUE       VALUE  FROM      YEAR
                                                  NORMAL
..................................................................
TEMPERATURE (F)
 YESTERDAY
  MAXIMUM         62    521 PM  85    2001  65     -3       62
  MINIMUM         39   1109 PM  26    1989  44     -5       37
  AVERAGE         51                        54     -3       50

PRECIPITATION (IN)
  YESTERDAY        0.00          2.15 1944   0.11  -0.11     0.00
  MONTH TO DATE    1.46                      2.99  -1.53     1.97
  SINCE MAR 1      6.46                      7.20  -0.74     6.63
  SINCE JAN 1     15.01                     13.29   1.72    14.09

SNOWFALL (IN)
  YESTERDAY        0.0           2.4  1956   0.0    0.0      0.0
  MONTH TO DATE    T                         0.3   -0.3      0.0
  SINCE MAR 1     15.6                       1.4   14.2      3.2
  SINCE JUL 1     43.8                      16.5   27.3     14.6
  SNOW DEPTH       0

DEGREE DAYS
 HEATING
  YESTERDAY       14                        11      3       15
  MONTH TO DATE  367                       347     20      344
  SINCE MAR 1   1226                      1053    173     1148
  SINCE JUL 1   5089                      4644    445     4566

 COOLING
  YESTERDAY        0                         0      0        0
  MONTH TO DATE    0                         0      0       15
  SINCE MAR 1      0                         0      0       15
  SINCE JAN 1      0                         0      0       15
..................................................................


WIND (MPH)
  HIGHEST WIND SPEED    29   HIGHEST WIND DIRECTION    NW (320)
  HIGHEST GUST SPEED    36   HIGHEST GUST DIRECTION    NW (310)
  AVERAGE WIND SPEED    14.6


SKY COVER
  POSSIBLE SUNSHINE  MM
  AVERAGE SKY COVER 0.0


WEATHER CONDITIONS
 THE FOLLOWING WEATHER WAS RECORDED YESTERDAY.
  HAZE


RELATIVE HUMIDITY (PERCENT)
 HIGHEST    55           400 AM
 LOWEST     16           500 PM
 AVERAGE    36

..........................................................


THE ATLANTIC CITY NJ CLIMATE NORMALS FOR TODAY
                         NORMAL    RECORD    YEAR
 MAXIMUM TEMPERATURE (F)   65        92      2009
 MINIMUM TEMPERATURE (F)   45        30      1888
                                             1883


SUNRISE AND SUNSET
APRIL 25 2014.........SUNRISE   607 AM EDT   SUNSET   746 PM EDT
APRIL 26 2014.........SUNRISE   606 AM EDT   SUNSET   747 PM EDT


-  INDICATES NEGATIVE NUMBERS.
R  INDICATES RECORD WAS SET OR TIED.
MM INDICATES DATA IS MISSING.
T  INDICATES TRACE AMOUNT.




$$
