977
CDUS41 KPHI 240544
CLIACY


CLIMATE REPORT
NATIONAL WEATHER SERVICE MOUNT HOLLY NJ
1243 AM EST FRI NOV 24 2017


...................................

...THE ATLANTIC CITY NJ CLIMATE SUMMARY FOR NOVEMBER 23 2017...

CLIMATE NORMAL PERIOD 1981 TO 2010
CLIMATE RECORD PERIOD 1874 TO 2017


WEATHER ITEM   OBSERVED TIME   RECORD YEAR NORMAL DEPARTURE LAST
                VALUE   (LST)  VALUE       VALUE  FROM      YEAR
                                                  NORMAL
..................................................................
TEMPERATURE (F)
 YESTERDAY
  MAXIMUM         43    326 PM  74    1992  54    -11       51
                                      1900
  MINIMUM         25    514 AM  10    1989  35    -10       26
  AVERAGE         34                        44    -10       39

PRECIPITATION (IN)
  YESTERDAY        0.00          2.00 1953   0.11  -0.11     0.00
  MONTH TO DATE    2.42                      2.47  -0.05     0.39
  SINCE SEP 1     10.36                      9.04   1.32     8.74
  SINCE JAN 1     48.93                     37.26  11.67    41.04

SNOWFALL (IN)
  YESTERDAY        0.0           4.5  1989   0.0    0.0      0.0
  MONTH TO DATE    0.0                       0.1   -0.1       T
  SINCE SEP 1      0.0                       0.1   -0.1       T
  SINCE JUL 1      0.0                       0.1   -0.1       T
  SNOW DEPTH       0

DEGREE DAYS
 HEATING
  YESTERDAY       31                        21     10       26
  MONTH TO DATE  395                       394      1      378
  SINCE SEP 1    559                       749   -190      626
  SINCE JUL 1    559                       752   -193      626

 COOLING
  YESTERDAY        0                         0      0        0
  MONTH TO DATE    1                         0      1        3
  SINCE SEP 1    247                       145    102      237
  SINCE JAN 1   1264                      1054    210     1340
..................................................................


WIND (MPH)
  HIGHEST WIND SPEED    14   HIGHEST WIND DIRECTION    NW (330)
  HIGHEST GUST SPEED    18   HIGHEST GUST DIRECTION     N (340)
  AVERAGE WIND SPEED     4.3


SKY COVER
  POSSIBLE SUNSHINE  MM
  AVERAGE SKY COVER 0.0


WEATHER CONDITIONS
 THE FOLLOWING WEATHER WAS RECORDED YESTERDAY.
  NO SIGNIFICANT WEATHER WAS OBSERVED.


RELATIVE HUMIDITY (PERCENT)
 HIGHEST    81           500 AM
 LOWEST     43           200 PM
 AVERAGE    62

..........................................................


THE ATLANTIC CITY NJ CLIMATE NORMALS FOR TODAY
                         NORMAL    RECORD    YEAR
 MAXIMUM TEMPERATURE (F)   53        72      1999
 MINIMUM TEMPERATURE (F)   35        11      1989


SUNRISE AND SUNSET
NOVEMBER 24 2017......SUNRISE   652 AM EST   SUNSET   437 PM EST
NOVEMBER 25 2017......SUNRISE   653 AM EST   SUNSET   437 PM EST


-  INDICATES NEGATIVE NUMBERS.
R  INDICATES RECORD WAS SET OR TIED.
MM INDICATES DATA IS MISSING.
T  INDICATES TRACE AMOUNT.




$$
