000
CDUS41 KPHI 020628
CLIACY


CLIMATE REPORT
NATIONAL WEATHER SERVICE MOUNT HOLLY NJ
127 AM EST MON MAR 2 2015


...................................

...THE ATLANTIC CITY NJ CLIMATE SUMMARY FOR MARCH 1 2015...

CLIMATE NORMAL PERIOD 1981 TO 2010
CLIMATE RECORD PERIOD 1874 TO 2015


WEATHER ITEM   OBSERVED TIME   RECORD YEAR NORMAL DEPARTURE LAST
                VALUE   (LST)  VALUE       VALUE  FROM      YEAR
                                                  NORMAL
..................................................................
TEMPERATURE (F)
 YESTERDAY
  MAXIMUM         33   1159 PM  72    1972  48    -15       44
  MINIMUM         13    440 AM   5    1980  29    -16       10
  AVERAGE         23                        38    -15       27

PRECIPITATION (IN)
  YESTERDAY        0.65          2.02 1914   0.13   0.52     0.00
  MONTH TO DATE    0.65                      0.13   0.52     0.00
  SINCE MAR 1      0.65                      0.13   0.52     0.00
  SINCE JAN 1      8.71                      6.22   2.49     8.55

SNOWFALL (IN)
  YESTERDAY        0.1           4.6  2009   0.1    0.0      0.0
  MONTH TO DATE    0.1                       0.1    0.0      0.0
  SINCE MAR 1      0.1                       0.1    0.0      0.0
  SINCE JUL 1     15.1                      15.2   -0.1     28.2
  SNOW DEPTH       0

DEGREE DAYS
 HEATING
  YESTERDAY       42                        27     15       38
  MONTH TO DATE   42                        27     15       38
  SINCE MAR 1     42                        27     15       38
  SINCE JUL 1   3917                      3618    299     3901

 COOLING
  YESTERDAY        0                         0      0        0
  MONTH TO DATE    0                         0      0        0
  SINCE MAR 1      0                         0      0        0
  SINCE JAN 1      0                         0      0        0
..................................................................


WIND (MPH)
  HIGHEST WIND SPEED     8   HIGHEST WIND DIRECTION     S (170)
  HIGHEST GUST SPEED    10   HIGHEST GUST DIRECTION     S (160)
  AVERAGE WIND SPEED     1.9


SKY COVER
  POSSIBLE SUNSHINE  MM
  AVERAGE SKY COVER 0.7


WEATHER CONDITIONS
 THE FOLLOWING WEATHER WAS RECORDED YESTERDAY.
  FREEZING RAIN
  LT FREEZING RAIN
  SNOW
  LIGHT SNOW
  FOG


RELATIVE HUMIDITY (PERCENT)
 HIGHEST    92           400 PM
 LOWEST     46          1000 AM
 AVERAGE    69

..........................................................


THE ATLANTIC CITY NJ CLIMATE NORMALS FOR TODAY
                         NORMAL    RECORD    YEAR
 MAXIMUM TEMPERATURE (F)   48        72      1997
 MINIMUM TEMPERATURE (F)   29         8      1978


SUNRISE AND SUNSET
MARCH  2 2015.........SUNRISE   630 AM EST   SUNSET   551 PM EST
MARCH  3 2015.........SUNRISE   629 AM EST   SUNSET   552 PM EST


-  INDICATES NEGATIVE NUMBERS.
R  INDICATES RECORD WAS SET OR TIED.
MM INDICATES DATA IS MISSING.
T  INDICATES TRACE AMOUNT.




$$
