000
CDAK48 PADQ 212323
CLIADQ

CLIMATE REPORT
NATIONAL WEATHER SERVICE KODIAK, AK
223 PM AKST SUN DEC 21 2014

...................................
...THE KODIAK AP CLIMATE SUMMARY FOR DECEMBER 21 2014...
VALID TODAY AS OF 2:00 PM LOCAL TIME

CLIMATE NORMAL PERIOD  1981 TO  2010
CLIMATE RECORD PERIOD  1949 TO  2014

WEATHER ITEM   OBSERVED TIME    RECORD YEAR NORMAL DEPARTURE LAST
               VALUE    (LST)   VALUE       VALUE  FROM      YEAR
                                                   NORMAL
...................................................................
TEMPERATURE
TODAY
 MAXIMUM            38  0230 AM    55  1984     36       2     38
 MINIMUM            32  1005 AM     5  2006     26       6     33
 AVERAGE            35                          31       4     36

PRECIPITATION
(INCHES)
 TODAY            0.00           2.21  2009   0.28   -0.28   0.36
 MONTH TO DATE    7.15                        5.99    1.16   1.94
 SINCE DEC 1      7.15                        5.99    1.16   1.94
 SINCE JAN 1     82.80                       75.26    7.54  62.95

SNOWFALL
(INCHES)
 TODAY             0.0            5.7  1991    0.4    -0.4    0.0
 MONTH TO DATE     0.2                         9.9    -9.7    8.0
 SINCE DEC 1       0.2                         9.9    -9.7    8.0
 SINCE JUL 1       0.9                        17.4   -16.5   15.3
 SNOW DEPTH (IN)     0                                          1

DEGREE DAYS
 HEATING
  TODAY             30                          34      -4     29
  MONTH TO DATE    539                         709    -170    715
  SINCE DEC 1      539                         709    -170    715
  SINCE JUL 1     2935                        3501    -566   3122

 COOLING
  TODAY              0                           0       0      0
  MONTH TO DATE      0                           0       0      0
  SINCE DEC 1        0                           0       0      0
  SINCE JAN 1        4                           0       4      6
...................................................................

WIND (MPH)
 HIGHEST WIND SPEED    13     HIGHEST WIND DIRECTION    310
 HIGHEST GUST SPEED    16     HIGHEST GUST DIRECTION    310
 AVERAGE WIND SPEED    MM

SKY COVER
  POSSIBLE SUNSHINE  MM            AVERAGE SKY COVER MM

WEATHER CONDITIONS
 THE FOLLOWING WEATHER WAS RECORDED TODAY.
NO SIGNIFICANT WEATHER WAS OBSERVED.

RELATIVE HUMIDITY
 HIGHEST RH     MM PERCENT       MM
 LOWEST  RH     MM PERCENT       MM
 AVERAGE RH     MM PERCENT       MM
...................................................................

THE KODIAK CLIMATE NORMALS FOR TOMORROW
                        NORMAL    RECORD   YEAR
 MAXIMUM TEMPERATURE      36        56     1984
 MINIMUM TEMPERATURE      26         2     2001

SUNRISE AND SUNSET
 DEC 21 2014..........SUNRISE  9:53 AM      SUNSET  4:24 PM
 DEC 22 2014..........SUNRISE  9:54 AM      SUNSET  4:25 PM

-  INDICATES NEGATIVE NUMBERS.
R  INDICATES RECORD HAS BEEN SET OR TIED.
MM INDICATES DATA IS MISSING.
T  INDICATES TRACE OF PRECIPITATION.

&&
-------------------------------------------------------------------

AMOUNT OF DAYLIGHT TODAY  (HOUR:MIN)........6 HOURS 31 MINUTES
GAIN/LOSS SINCE YESTERDAY (HOUR:MIN:SEC)....-0:00:04

$$
*** DEC 14
