000
CDAK48 PADQ 292342
CLIADQ

CLIMATE REPORT
NATIONAL WEATHER SERVICE KODIAK, AK
342 PM AKDT FRI MAY 29 2015

...................................
...THE KODIAK AP CLIMATE SUMMARY FOR MAY 29 2015...
VALID TODAY AS OF 2:00 PM LOCAL TIME

CLIMATE NORMAL PERIOD  1981 TO  2010
CLIMATE RECORD PERIOD  1949 TO  2015

WEATHER ITEM   OBSERVED TIME    RECORD YEAR NORMAL DEPARTURE LAST
               VALUE    (LST)   VALUE       VALUE  FROM      YEAR
                                                   NORMAL
...................................................................
TEMPERATURE
TODAY
 MAXIMUM            63  0159 PM    76  1993     52      11     55
 MINIMUM            45  0525 AM    31  1966     41       4     47
 AVERAGE            54                          47       7     51

PRECIPITATION
(INCHES)
 TODAY            0.00           2.14  1998   0.21   -0.21   0.10
 MONTH TO DATE    6.03                        5.21    0.82   0.44
 SINCE MAR 1     20.20                       16.55    3.65  11.53
 SINCE JAN 1     39.12                       30.98    8.14  32.78

SNOWFALL
(INCHES)
 TODAY             0.0            0.1  1971    0.0     0.0    0.0
 MONTH TO DATE     0.0                         0.2    -0.2    0.0
 SINCE MAR 1       4.7                        19.5   -14.8   12.4
 SINCE JUL 1      20.1                        68.9   -48.8     MM
 SNOW DEPTH (IN)     0                                          0

DEGREE DAYS
 HEATING
  TODAY             11                          18      -7     14
  MONTH TO DATE    539                         606     -67    419
  SINCE MAR 1     2188                        2425    -237   2156
  SINCE JUL 1     7106                        8298   -1192   7442

 COOLING
  TODAY              0                           0       0      0
  MONTH TO DATE      0                           0       0      4
  SINCE MAR 1        0                           0       0      4
  SINCE JAN 1        0                           0       0      4
...................................................................

WIND (MPH)
 HIGHEST WIND SPEED    13     HIGHEST WIND DIRECTION    300
 HIGHEST GUST SPEED    16     HIGHEST GUST DIRECTION    300
 AVERAGE WIND SPEED    MM

SKY COVER
  POSSIBLE SUNSHINE  MM            AVERAGE SKY COVER MM

WEATHER CONDITIONS
 THE FOLLOWING WEATHER WAS RECORDED TODAY.
NO SIGNIFICANT WEATHER WAS OBSERVED.

RELATIVE HUMIDITY
 HIGHEST RH     MM PERCENT       MM
 LOWEST  RH     MM PERCENT       MM
 AVERAGE RH     MM PERCENT       MM
...................................................................

THE KODIAK CLIMATE NORMALS FOR TOMORROW
                        NORMAL    RECORD   YEAR
 MAXIMUM TEMPERATURE      52        72     1993
 MINIMUM TEMPERATURE      41        37     2001

SUNRISE AND SUNSET
 MAY 29 2015..........SUNRISE  5:23 AM      SUNSET 10:54 PM
 MAY 30 2015..........SUNRISE  5:22 AM      SUNSET 10:55 PM

-  INDICATES NEGATIVE NUMBERS.
R  INDICATES RECORD HAS BEEN SET OR TIED.
MM INDICATES DATA IS MISSING.
T  INDICATES TRACE OF PRECIPITATION.

&&
-------------------------------------------------------------------

AMOUNT OF DAYLIGHT TODAY  (HOUR:MIN)........17 HOURS 31 MINUTES
GAIN/LOSS SINCE YESTERDAY (HOUR:MIN:SEC)....+0:03:02

$$
*** MAY 15
