530
CDAK48 PAFC 241312
CLIADQ


CLIMATE REPORT
NATIONAL WEATHER SERVICE ANCHORAGE, AK
511 AM AKDT SUN SEP 24 2017


...................................

...THE KODIAK CLIMATE SUMMARY FOR SEPTEMBER 23 2017...

CLIMATE NORMAL PERIOD 1981 TO 2010
CLIMATE RECORD PERIOD 1913 TO 2017


WEATHER ITEM   OBSERVED TIME   RECORD YEAR NORMAL DEPARTURE LAST
                VALUE   (LST)  VALUE       VALUE  FROM      YEAR
                                                  NORMAL
..................................................................
TEMPERATURE (F)
 YESTERDAY
  MAXIMUM         53        MM  61    1980  53      0       60
                                      1978
  MINIMUM         43        MM  27    1996  41      2       36
  AVERAGE         48                        47      1       48

PRECIPITATION (IN)
  YESTERDAY        0.20          2.40 1915   0.28  -0.08     0.00
  MONTH TO DATE    5.62                      5.36   0.26     4.91
  SINCE SEP 1      5.62                      5.36   0.26     4.91
  SINCE JAN 1     46.14                     52.15  -6.01    56.21

SNOWFALL (IN)
  YESTERDAY        0.0          MM      MM   0.0    0.0      0.0
  MONTH TO DATE    0.0                       0.0    0.0      0.0
  SINCE SEP 1      0.0                       0.0    0.0      0.0
  SINCE JUL 1      0.0                       0.0    0.0      0.0
  SNOW DEPTH       0

DEGREE DAYS
 HEATING
  YESTERDAY       17                        18     -1       17
  MONTH TO DATE  329                       335     -6      259
  SINCE SEP 1    329                       335     -6      259
  SINCE JUL 1    934                       968    -34      600

 COOLING
  YESTERDAY        0                         0      0        0
  MONTH TO DATE    0                         0      0        0
  SINCE SEP 1      0                         0      0        0
  SINCE JAN 1      0                         1     -1       29
..................................................................


WIND (MPH)
  RESULTANT WIND SPEED   6   RESULTANT WIND DIRECTION   E (90)
  HIGHEST WIND SPEED    12   HIGHEST WIND DIRECTION    SE (140)
  HIGHEST GUST SPEED    MM   HIGHEST GUST DIRECTION    MM
  AVERAGE WIND SPEED     8.5



WEATHER CONDITIONS
 THE FOLLOWING WEATHER WAS RECORDED YESTERDAY.
  RAIN
  LIGHT RAIN
  FOG


RELATIVE HUMIDITY (PERCENT)
 HIGHEST   100
 LOWEST     89
 AVERAGE    95

..........................................................


THE KODIAK CLIMATE NORMALS FOR TODAY
                         NORMAL    RECORD    YEAR
 MAXIMUM TEMPERATURE (F)   53        64      1951
 MINIMUM TEMPERATURE (F)   41        29      2015


SUNRISE AND SUNSET
SEPTEMBER 24 2017.....SUNRISE   800 AM AKDT  SUNSET   802 PM AKDT
SEPTEMBER 25 2017.....SUNRISE   802 AM AKDT  SUNSET   759 PM AKDT


-  INDICATES NEGATIVE NUMBERS.
R  INDICATES RECORD WAS SET OR TIED.
MM INDICATES DATA IS MISSING.
T  INDICATES TRACE AMOUNT.




$$
