000
CDAK48 PADQ 230948
CLIADQ

CLIMATE REPORT
NATIONAL WEATHER SERVICE KODIAK, AK
148 AM AKDT SAT AUG 23 2014

...................................
...THE KODIAK AP CLIMATE SUMMARY FOR AUGUST 22 2014...

CLIMATE NORMAL PERIOD  1981 TO  2010
CLIMATE RECORD PERIOD  1949 TO  2014

WEATHER ITEM   OBSERVED TIME    RECORD YEAR NORMAL DEPARTURE LAST
               VALUE    (LST)   VALUE       VALUE  FROM      YEAR
                                                   NORMAL
...................................................................
TEMPERATURE
YESTERDAY
 MAXIMUM            64  1245 PM    77  1976     61       3     58
 MINIMUM            50  1159 PM    39  1969     49       1     53
 AVERAGE            57                          55       2     56

PRECIPITATION
(INCHES)
 YESTERDAY        0.00           1.76  1964   0.14   -0.14   0.01
 MONTH TO DATE    5.48                        3.08    2.40   6.72
 SINCE JUN 1     14.28                       13.92    0.36  11.89
 SINCE JAN 1     47.81                       45.31    2.50  37.33

SNOWFALL
(INCHES)
 YESTERDAY         0.0            0.0  2014    0.0     0.0    0.0
 MONTH TO DATE     0.0                         0.0     0.0    0.0
 SINCE JUN 1       0.0                         0.0     0.0    0.0
 SINCE JUL 1       0.0                         0.0     0.0    0.0
 SNOW DEPTH (IN)     0                                          0

DEGREE DAYS
 HEATING
  YESTERDAY          8                          10      -2      9
  MONTH TO DATE    168                         206     -38    207
  SINCE JUN 1      830                         993    -163    749
  SINCE JUL 1      408                         532    -124    418

 COOLING
  YESTERDAY          0                           0       0      0
  MONTH TO DATE      0                           0       0      0
  SINCE JUN 1        0                           0       0      6
  SINCE JAN 1        4                           0       4      6
...................................................................

WIND (MPH)
 HIGHEST WIND SPEED    10     HIGHEST WIND DIRECTION    110
 HIGHEST GUST SPEED    13     HIGHEST GUST DIRECTION    130
 AVERAGE WIND SPEED   3.5

SKY COVER
  POSSIBLE SUNSHINE    MM          AVERAGE SKY COVER     MM

WEATHER CONDITIONS
 THE FOLLOWING WEATHER WAS RECORDED YESTERDAY.
  NO SIGNIFICANT WEATHER WAS OBSERVED.

RELATIVE HUMIDITY
 HIGHEST RH     MM PERCENT       MM
 LOWEST  RH     MM PERCENT       MM
 AVERAGE RH     MM PERCENT       MM
...................................................................

THE KODIAK CLIMATE NORMALS FOR TODAY
                           NORMAL    RECORD   YEAR
 MAXIMUM TEMPERATURE (F)     61        72     1977
 MINIMUM TEMPERATURE (F)     49        38     1961

SUNRISE AND SUNSET
 AUG 23 2014..........SUNRISE  6:52 AM      SUNSET  9:32 PM
 AUG 24 2014..........SUNRISE  6:54 AM      SUNSET  9:30 PM

-  INDICATES NEGATIVE NUMBERS.
R  INDICATES RECORD HAS BEEN SET OR TIED.
MM INDICATES DATA IS MISSING.
T  INDICATES TRACE OF PRECIPITATION.

&&
-------------------------------------------------------------------

AMOUNT OF DAYLIGHT TODAY  (HOUR:MIN)........14 HOURS 40 MINUTES
GAIN/LOSS SINCE YESTERDAY (HOUR:MIN:SEC)....-0:04:47

$$
*** AUG 14
