000
CDAK48 PADQ 251302
CLIADQ


CLIMATE REPORT
NATIONAL WEATHER SERVICE ANCHORAGE, AK
502 AM AKDT SAT MAR 25 2017


...................................

...THE KODIAK CLIMATE SUMMARY FOR MARCH 24 2017...

CLIMATE NORMAL PERIOD 1981 TO 2010
CLIMATE RECORD PERIOD 1913 TO 2017


WEATHER ITEM   OBSERVED TIME   RECORD YEAR NORMAL DEPARTURE LAST
                VALUE   (LST)  VALUE       VALUE  FROM      YEAR
                                                  NORMAL
..................................................................
TEMPERATURE (F)
 YESTERDAY
  MAXIMUM         37    517 PM  57    1963  39     -2       46
  MINIMUM         25    629 AM   2    1935  28     -3       40
  AVERAGE         31                        33     -2       43

PRECIPITATION (IN)
  YESTERDAY        0.00          2.08 1990   0.17  -0.17     0.18
  MONTH TO DATE    T                         4.29  -4.29     5.92
  SINCE MAR 1      T                         4.29  -4.29     5.92
  SINCE JAN 1      5.54                     18.72 -13.18    28.52

SNOWFALL (IN)
  YESTERDAY        0.0           6.8  2003   0.4   -0.4      0.0
  MONTH TO DATE    0.2                       8.8   -8.6      3.6
  SINCE MAR 1      0.2                       8.8   -8.6      3.6
  SINCE JUL 1     26.0                      58.2  -32.2     20.6
  SNOW DEPTH       T

DEGREE DAYS
 HEATING
  YESTERDAY       34                        32      2       22
  MONTH TO DATE  888                       781    107      443
  SINCE MAR 1    888                       781    107      443
  SINCE JUL 1   6229                      6653   -424     4951

 COOLING
  YESTERDAY        0                         0      0        0
  MONTH TO DATE    0                         0      0        0
  SINCE MAR 1      0                         0      0        0
  SINCE JAN 1      0                         0      0        0
..................................................................


WIND (MPH)
  RESULTANT WIND SPEED   9   RESULTANT WIND DIRECTION   W (290)
  HIGHEST WIND SPEED    20   HIGHEST WIND DIRECTION     W (290)
  HIGHEST GUST SPEED    26   HIGHEST GUST DIRECTION     W (260)
  AVERAGE WIND SPEED    10.3



WEATHER CONDITIONS
 THE FOLLOWING WEATHER WAS RECORDED YESTERDAY.
  NO SIGNIFICANT WEATHER WAS OBSERVED.


RELATIVE HUMIDITY (PERCENT)
 HIGHEST    46
 LOWEST     35
 AVERAGE    41

..........................................................


THE KODIAK CLIMATE NORMALS FOR TODAY
                         NORMAL    RECORD    YEAR
 MAXIMUM TEMPERATURE (F)   39        54      1924
 MINIMUM TEMPERATURE (F)   28         3      1975


SUNRISE AND SUNSET
MARCH 25 2017.........SUNRISE   757 AM AKDT  SUNSET   836 PM AKDT
MARCH 26 2017.........SUNRISE   754 AM AKDT  SUNSET   839 PM AKDT


-  INDICATES NEGATIVE NUMBERS.
R  INDICATES RECORD WAS SET OR TIED.
MM INDICATES DATA IS MISSING.
T  INDICATES TRACE AMOUNT.




$$
