000
CDAK48 PADQ 042211
CLIADQ

CLIMATE REPORT
NATIONAL WEATHER SERVICE KODIAK, AK
211 PM AKDT TUE AUG 4 2015

...................................
...THE KODIAK AP CLIMATE SUMMARY FOR AUGUST 4 2015...
VALID TODAY AS OF 2:00 PM LOCAL TIME

CLIMATE NORMAL PERIOD  1981 TO  2010
CLIMATE RECORD PERIOD  1949 TO  2015

WEATHER ITEM   OBSERVED TIME    RECORD YEAR NORMAL DEPARTURE LAST
               VALUE    (LST)   VALUE       VALUE  FROM      YEAR
                                                   NORMAL
...................................................................
TEMPERATURE
TODAY
 MAXIMUM            58  1152 AM    75  1984     62      -4     65
 MINIMUM            55  1057 AM    41  1939     50       5     54
 AVERAGE            57                          56       1     60

PRECIPITATION
(INCHES)
 TODAY            0.81           4.52  1921   0.14    0.67   0.15
 MONTH TO DATE    0.81                        0.58    0.23   0.64
 SINCE JUN 1      7.21                       11.42   -4.21   9.44
 SINCE JAN 1     46.33                       42.81    3.52  42.97

SNOWFALL
(INCHES)
 TODAY             0.0                         0.0     0.0    0.0
 MONTH TO DATE     0.0                         0.0     0.0    0.0
 SINCE JUN 1       0.0                         0.0     0.0    0.0
 SINCE JUL 1       0.0                         0.0     0.0    0.0
 SNOW DEPTH (IN)     0                                          0

DEGREE DAYS
 HEATING
  TODAY              8                           9      -1      5
  MONTH TO DATE     21                          36     -15     26
  SINCE JUN 1      559                         823    -264    688
  SINCE JUL 1      248                         362    -114    266

 COOLING
  TODAY              0                           0       0      0
  MONTH TO DATE      0                           0       0      0
  SINCE JUN 1        1                           0       1      0
  SINCE JAN 1        1                           0       1      4
...................................................................

WIND (MPH)
 HIGHEST WIND SPEED    20     HIGHEST WIND DIRECTION     60
 HIGHEST GUST SPEED    23     HIGHEST GUST DIRECTION     60
 AVERAGE WIND SPEED    MM

SKY COVER
  POSSIBLE SUNSHINE  MM            AVERAGE SKY COVER MM

WEATHER CONDITIONS
 THE FOLLOWING WEATHER WAS RECORDED TODAY.
FOG
RAIN


RELATIVE HUMIDITY
 HIGHEST RH     MM PERCENT       MM
 LOWEST  RH     MM PERCENT       MM
 AVERAGE RH     MM PERCENT       MM
...................................................................

THE KODIAK CLIMATE NORMALS FOR TOMORROW
                        NORMAL    RECORD   YEAR
 MAXIMUM TEMPERATURE      62        84     1944
 MINIMUM TEMPERATURE      50        40     1922

SUNRISE AND SUNSET
 AUG 4 2015..........SUNRISE  6:11 AM      SUNSET 10:20 PM
 AUG 5 2015..........SUNRISE  6:13 AM      SUNSET 10:18 PM

-  INDICATES NEGATIVE NUMBERS.
R  INDICATES RECORD HAS BEEN SET OR TIED.
MM INDICATES DATA IS MISSING.
T  INDICATES TRACE OF PRECIPITATION.

&&
-------------------------------------------------------------------

AMOUNT OF DAYLIGHT TODAY  (HOUR:MIN)........16 HOURS 9 MINUTES
GAIN/LOSS SINCE YESTERDAY (HOUR:MIN:SEC)....-0:04:21

$$
JAS AUG 15
