000
CDAK48 PADQ 231319
CLIADQ


CLIMATE REPORT
NATIONAL WEATHER SERVICE ANCHORAGE, AK
518 AM AKDT TUE MAY 23 2017


...................................

...THE KODIAK CLIMATE SUMMARY FOR MAY 22 2017...

CLIMATE NORMAL PERIOD 1981 TO 2010
CLIMATE RECORD PERIOD 1913 TO 2017


WEATHER ITEM   OBSERVED TIME   RECORD YEAR NORMAL DEPARTURE LAST
                VALUE   (LST)  VALUE       VALUE  FROM      YEAR
                                                  NORMAL
..................................................................
TEMPERATURE (F)
 YESTERDAY
  MAXIMUM         53        MM  69    1991  51      2       57
  MINIMUM         42        MM  30    1985  40      2       39
  AVERAGE         48                        45      3       48

PRECIPITATION (IN)
  YESTERDAY        T             2.70 2007   0.19  -0.19     0.00
  MONTH TO DATE    6.36                      3.86   2.50     2.63
  SINCE MAR 1     14.41                     15.20  -0.79    18.87
  SINCE JAN 1     19.95                     29.63  -9.68    41.47

SNOWFALL (IN)
  YESTERDAY       MM            MM      MM   0.0   MM        0.0
  MONTH TO DATE    0.0                       0.2   -0.2      0.0
  SINCE MAR 1      2.6                      19.5  -16.9      3.6
  SINCE JUL 1     28.4                      68.9  -40.5     20.6
  SNOW DEPTH       0

DEGREE DAYS
 HEATING
  YESTERDAY       17                        20     -3       17
  MONTH TO DATE  427                       474    -47      349
  SINCE MAR 1   2287                      2294     -7     1481
  SINCE JUL 1   7628                      8166   -538     5989

 COOLING
  YESTERDAY        0                         0      0        0
  MONTH TO DATE    0                         0      0        0
  SINCE MAR 1      0                         0      0        0
  SINCE JAN 1      0                         0      0        0
..................................................................


WIND (MPH)
  RESULTANT WIND SPEED   4   RESULTANT WIND DIRECTION   S (190)
  HIGHEST WIND SPEED    13   HIGHEST WIND DIRECTION    SW (210)
  HIGHEST GUST SPEED    18   HIGHEST GUST DIRECTION    SE (120)
  AVERAGE WIND SPEED     8.3



WEATHER CONDITIONS
 THE FOLLOWING WEATHER WAS RECORDED YESTERDAY.
  LIGHT RAIN


RELATIVE HUMIDITY (PERCENT)
 HIGHEST    71
 LOWEST     54
 AVERAGE    63

..........................................................


THE KODIAK CLIMATE NORMALS FOR TODAY
                         NORMAL    RECORD    YEAR
 MAXIMUM TEMPERATURE (F)   51        71      1991
 MINIMUM TEMPERATURE (F)   40        31      1999
                                             1975


SUNRISE AND SUNSET
MAY 23 2017...........SUNRISE   531 AM AKDT  SUNSET  1044 PM AKDT
MAY 24 2017...........SUNRISE   530 AM AKDT  SUNSET  1045 PM AKDT


-  INDICATES NEGATIVE NUMBERS.
R  INDICATES RECORD WAS SET OR TIED.
MM INDICATES DATA IS MISSING.
T  INDICATES TRACE AMOUNT.




$$
