126
CDAK48 PAFC 220043
CLIADQ


CLIMATE REPORT
NATIONAL WEATHER SERVICE ANCHORAGE, AK
343 PM AKST SUN JAN 21 2018


...................................

...THE KODIAK CLIMATE SUMMARY FOR JANUARY 21 2018...
VALID TODAY AS OF 0300 PM LOCAL TIME.

CLIMATE NORMAL PERIOD 1981 TO 2010
CLIMATE RECORD PERIOD 1913 TO 2018


WEATHER ITEM   OBSERVED TIME   RECORD YEAR NORMAL DEPARTURE LAST
                VALUE   (LST)  VALUE       VALUE  FROM      YEAR
                                                  NORMAL
..................................................................
TEMPERATURE (F)
 TODAY
  MAXIMUM         26    326 AM  49    1937  35     -9       29
  MINIMUM         23    134 PM  -4    1968  26     -3       17
  AVERAGE         25                        30     -5       23

PRECIPITATION (IN)
  TODAY            0.01          2.43 1963   0.27  -0.26      T
  MONTH TO DATE    5.91                      5.80   0.11     0.80
  SINCE SEP 1     33.10                     37.01  -3.91    30.79
  SINCE JAN 1      5.91                      5.80   0.11     0.80

SNOWFALL (IN)
  TODAY           MM            10.5  1956   0.5   MM         T
  MONTH TO DATE    1.5                       8.4   -6.9      3.3
  SINCE SEP 1     11.4                      29.7  -18.3      8.9
  SINCE JUL 1     11.4                      29.7  -18.3      8.9
  SNOW DEPTH      MM

DEGREE DAYS
 HEATING
  TODAY           40                        35      5       42
  MONTH TO DATE  626                       723    -97      792
  SINCE DEC 1   1511                      1771   -260     1825
  SINCE JUL 1   4074                      4566   -492     4027

 COOLING
  TODAY            0                         0      0        0
  MONTH TO DATE    0                         0      0        0
  SINCE DEC 1      0                         0      0        0
  SINCE JAN 1      0                         0      0        0
..................................................................


WIND (MPH)
  RESULTANT WIND SPEED  15   RESULTANT WIND DIRECTION  NW (300)
  HIGHEST WIND SPEED    22   HIGHEST WIND DIRECTION     W (290)
  HIGHEST GUST SPEED    35   HIGHEST GUST DIRECTION     W (280)
  AVERAGE WIND SPEED    15.3



WEATHER CONDITIONS
 THE FOLLOWING WEATHER WAS RECORDED TODAY.
  LIGHT SNOW
  FOG


RELATIVE HUMIDITY (PERCENT)
 HIGHEST    88
 LOWEST     68
 AVERAGE    78

..........................................................


THE KODIAK CLIMATE NORMALS FOR TOMORROW
                         NORMAL    RECORD    YEAR
 MAXIMUM TEMPERATURE (F)   35        46      1937
 MINIMUM TEMPERATURE (F)   26        -4      1947


SUNRISE AND SUNSET
JANUARY 21 2018.......SUNRISE   932 AM AKST  SUNSET   511 PM AKST
JANUARY 22 2018.......SUNRISE   931 AM AKST  SUNSET   513 PM AKST


-  INDICATES NEGATIVE NUMBERS.
R  INDICATES RECORD WAS SET OR TIED.
MM INDICATES DATA IS MISSING.
T  INDICATES TRACE AMOUNT.




$$
