000
CDAK48 PAFC 171312
CLIADQ

CLIMATE REPORT
NATIONAL WEATHER SERVICE ANCHORAGE, AK
412 AM AKST TUE JAN 17 2017


...................................

...THE KODIAK CLIMATE SUMMARY FOR JANUARY 16 2017...

CLIMATE NORMAL PERIOD 1981 TO 2010
CLIMATE RECORD PERIOD 1913 TO 2017


WEATHER ITEM   OBSERVED TIME   RECORD YEAR NORMAL DEPARTURE LAST
                VALUE   (LST)  VALUE       VALUE  FROM      YEAR
                                                  NORMAL
..................................................................
TEMPERATURE (F)
 YESTERDAY
  MAXIMUM         23    407 AM  47    1929  35    -12       40
  MINIMUM         10   1101 PM   5    1972  26    -16       37
  AVERAGE         17                        30    -13       39

PRECIPITATION (IN)
  YESTERDAY        T             2.03 1994   0.28  -0.28     0.13
  MONTH TO DATE    0.53                      4.43  -3.90     4.20
  SINCE DEC 1      4.64                     13.16  -8.52    16.47
  SINCE JAN 1      0.53                      4.43  -3.90     4.20

SNOWFALL (IN)
  YESTERDAY        0.3           8.0  1918   0.4   -0.1       T
  MONTH TO DATE    0.5                       6.1   -5.6       T
  SINCE DEC 1      4.1                      19.9  -15.8     14.9
  SINCE JUL 1      6.1                      27.4  -21.3     15.9
  SNOW DEPTH       T

DEGREE DAYS
 HEATING
  YESTERDAY       48                        35     13       26
  MONTH TO DATE  572                       548     24      378
  SINCE DEC 1   1605                      1596      9     1283
  SINCE JUL 1   3807                      4391   -584     3501

 COOLING
  YESTERDAY        0                         0      0        0
  MONTH TO DATE    0                         0      0        0
  SINCE DEC 1      0                         0      0        0
  SINCE JAN 1      0                         0      0        0
..................................................................


WIND (MPH)
  RESULTANT WIND SPEED  10   RESULTANT WIND DIRECTION   W (280)
  HIGHEST WIND SPEED    30   HIGHEST WIND DIRECTION     W (290)
  HIGHEST GUST SPEED    42   HIGHEST GUST DIRECTION     W (290)
  AVERAGE WIND SPEED    11.6



WEATHER CONDITIONS
 THE FOLLOWING WEATHER WAS RECORDED YESTERDAY.
  LIGHT SNOW


RELATIVE HUMIDITY (PERCENT)
 HIGHEST    74
 LOWEST     47
 AVERAGE    61

..........................................................


THE KODIAK CLIMATE NORMALS FOR TODAY
                         NORMAL    RECORD    YEAR
 MAXIMUM TEMPERATURE (F)   35        46      2014
                                             1930
 MINIMUM TEMPERATURE (F)   26         3      1934


SUNRISE AND SUNSET
JANUARY 17 2017.......SUNRISE   938 AM AKST  SUNSET   503 PM AKST
JANUARY 18 2017.......SUNRISE   937 AM AKST  SUNSET   505 PM AKST

CIVIL TWILIGHT
JANUARY 17 2017         START    852 AM GMT     END    550 PM GMT
JANUARY 18 2017         START    850 AM GMT     END    552 PM GMT



-  INDICATES NEGATIVE NUMBERS.
R  INDICATES RECORD WAS SET OR TIED.
MM INDICATES DATA IS MISSING.
T  INDICATES TRACE AMOUNT.




$$
&&
------------------------------------------------------
AMOUNT OF DAYLIGHT TODAY  (HOUR:MIN)........ 7:25
GAIN/LOSS SINCE YESTERDAY (HOUR:MIN:SEC)....+0:03:29
