000
CDUS44 KLCH 152217
CLIAEX


CLIMATE REPORT
NATIONAL WEATHER SERVICE LAKE CHARLES, LA
417 PM CST FRI DEC 15 2017


...................................

...THE ALEXANDRIA CLIMATE SUMMARY FOR DECEMBER 15 2017...
VALID TODAY AS OF 0400 PM LOCAL TIME.

CLIMATE NORMAL PERIOD 1981 TO 2010
CLIMATE RECORD PERIOD 1892 TO 2017


WEATHER ITEM   OBSERVED TIME   RECORD YEAR NORMAL DEPARTURE LAST
                VALUE   (LST)  VALUE       VALUE  FROM      YEAR
                                                  NORMAL
..................................................................
TEMPERATURE (F)
 TODAY
  MAXIMUM         51    342 PM  80    1987  60     -9       52
                                      1984
                                      1933
  MINIMUM         40    716 AM  20    1901  40      0       34
  AVERAGE         46                        50     -4       43

PRECIPITATION (IN)
  TODAY            0.00          6.10 1967   0.19  -0.19     0.00
  MONTH TO DATE    0.11                      3.47  -3.36     7.73
  SINCE DEC 1      0.11                      3.47  -3.36     7.73
  SINCE JAN 1     45.75                     53.27  -7.52    54.70

SNOWFALL (IN)
  TODAY            0.0           T    1901  MM     MM        0.0
  MONTH TO DATE    2.1                      MM     MM        0.0
  SINCE DEC 1      2.1                      MM     MM        0.0
  SINCE JUL 1      2.1                      MM     MM        0.0
  SNOW DEPTH       0

DEGREE DAYS
 HEATING
  TODAY           19                        15      4       22
  MONTH TO DATE  232                       214     18      220
  SINCE DEC 1    232                       214     18      220
  SINCE JUL 1    502                       539    -37      395
..................................................................


WIND (MPH)
  HIGHEST WIND SPEED    13   HIGHEST WIND DIRECTION     N (360)
  HIGHEST GUST SPEED    19   HIGHEST GUST DIRECTION    NE (30)
  AVERAGE WIND SPEED     5.9


SKY COVER
  POSSIBLE SUNSHINE  MM
  AVERAGE SKY COVER 0.0


WEATHER CONDITIONS
 THE FOLLOWING WEATHER WAS RECORDED TODAY.
  NO SIGNIFICANT WEATHER WAS OBSERVED.


RELATIVE HUMIDITY (PERCENT)
 HIGHEST    76          1200 AM
 LOWEST     41           300 PM
 AVERAGE    59

..........................................................


THE ALEXANDRIA CLIMATE NORMALS FOR TOMORROW
                         NORMAL    RECORD    YEAR
 MAXIMUM TEMPERATURE (F)   60        82      1924
 MINIMUM TEMPERATURE (F)   40        17      1943


SUNRISE AND SUNSET
DECEMBER 15 2017......SUNRISE   702 AM CST   SUNSET   509 PM CST
DECEMBER 16 2017......SUNRISE   702 AM CST   SUNSET   510 PM CST


-  INDICATES NEGATIVE NUMBERS.
R  INDICATES RECORD WAS SET OR TIED.
MM INDICATES DATA IS MISSING.
T  INDICATES TRACE AMOUNT.




$$
