000
CDUS44 KLCH 282239
CLIAEX


CLIMATE REPORT
NATIONAL WEATHER SERVICE LAKE CHARLES, LA
538 PM CDT TUE JUL 28 2015


...................................

...THE ALEXANDRIA CLIMATE SUMMARY FOR JULY 28 2015...
VALID TODAY AS OF 0500 PM LOCAL TIME.

CLIMATE NORMAL PERIOD 1981 TO 2010
CLIMATE RECORD PERIOD 1892 TO 2015


WEATHER ITEM   OBSERVED TIME   RECORD YEAR NORMAL DEPARTURE LAST
                VALUE   (LST)  VALUE       VALUE  FROM      YEAR
                                                  NORMAL
..................................................................
TEMPERATURE (F)
 TODAY
  MAXIMUM         98    334 PM 103    2008  93      5       95
  MINIMUM         75    545 AM  64    1911  73      2       76
  AVERAGE         87                        83      4       86

PRECIPITATION (IN)
  TODAY            0.00          2.40 1908   0.08  -0.08     0.00
  MONTH TO DATE    2.80                      3.39  -0.59     5.15
  SINCE JUN 1      7.60                      8.49  -0.89     8.03
  SINCE JAN 1     32.85                     32.49   0.36    26.25

DEGREE DAYS
 COOLING
  TODAY           22                        18      4       21
  MONTH TO DATE  544                       486     58      453
  SINCE JUN 1   1029                       939     90      926
  SINCE JAN 1   1551                      1393    158     1337
..................................................................


WIND (MPH)
  HIGHEST WIND SPEED     8   HIGHEST WIND DIRECTION    SW (220)
  HIGHEST GUST SPEED    11   HIGHEST GUST DIRECTION     S (200)
  AVERAGE WIND SPEED     2.1


SKY COVER
  POSSIBLE SUNSHINE  MM
  AVERAGE SKY COVER 0.0


WEATHER CONDITIONS
 THE FOLLOWING WEATHER WAS RECORDED TODAY.
  FOG
  HAZE


RELATIVE HUMIDITY (PERCENT)
 HIGHEST   100           500 AM
 LOWEST     38           400 PM
 AVERAGE    69

..........................................................


THE ALEXANDRIA CLIMATE NORMALS FOR TOMORROW
                         NORMAL    RECORD    YEAR
 MAXIMUM TEMPERATURE (F)   93       103      1907
 MINIMUM TEMPERATURE (F)   73        64      1911


SUNRISE AND SUNSET
JULY 28 2015..........SUNRISE   624 AM CDT   SUNSET   809 PM CDT
JULY 29 2015..........SUNRISE   625 AM CDT   SUNSET   808 PM CDT


-  INDICATES NEGATIVE NUMBERS.
R  INDICATES RECORD WAS SET OR TIED.
MM INDICATES DATA IS MISSING.
T  INDICATES TRACE AMOUNT.




$$
