000
CDUS44 KLCH 180839
CLIAEX


CLIMATE REPORT
NATIONAL WEATHER SERVICE LAKE CHARLES, LA
338 AM CDT WED OCT 18 2017


...................................

...THE ALEXANDRIA CLIMATE SUMMARY FOR OCTOBER 17 2017...

CLIMATE NORMAL PERIOD 1981 TO 2010
CLIMATE RECORD PERIOD 1892 TO 2017


WEATHER ITEM   OBSERVED TIME   RECORD YEAR NORMAL DEPARTURE LAST
                VALUE   (LST)  VALUE       VALUE  FROM      YEAR
                                                  NORMAL
..................................................................
TEMPERATURE (F)
 YESTERDAY
  MAXIMUM         79    236 PM  93    1947  79      0       87
  MINIMUM         42    620 AM  36    1943  54    -12       65
  AVERAGE         61                        67     -6       76

PRECIPITATION (IN)
  YESTERDAY        0.00          3.60 1994   0.22  -0.22     0.00
  MONTH TO DATE    0.03                      3.45  -3.42      T
  SINCE SEP 1      0.12                      6.35  -6.23     3.46
  SINCE JAN 1     43.35                     42.58   0.77    44.20

SNOWFALL (IN)
  YESTERDAY        0.0           0.0    MM  MM     MM        0.0
  MONTH TO DATE    0.0                      MM     MM        0.0
  SINCE SEP 1      0.0                      MM     MM        0.0
  SINCE JUL 1      0.0                      MM     MM        0.0
  SNOW DEPTH       0

DEGREE DAYS
 HEATING
  YESTERDAY        4                         2      2        0
  MONTH TO DATE    7                        22    -15        0
  SINCE SEP 1      7                        25    -18        0
  SINCE JUL 1      7                        25    -18        0

 COOLING
  YESTERDAY        0                         4     -4       11
  MONTH TO DATE  196                        93    103      149
  SINCE SEP 1    571                       456    115      621
  SINCE JAN 1   2600                      2443    157     2724
..................................................................


WIND (MPH)
  HIGHEST WIND SPEED    13   HIGHEST WIND DIRECTION     N (20)
  HIGHEST GUST SPEED    16   HIGHEST GUST DIRECTION     N (10)
  AVERAGE WIND SPEED     4.3


SKY COVER
  POSSIBLE SUNSHINE  MM
  AVERAGE SKY COVER 0.0


WEATHER CONDITIONS
 THE FOLLOWING WEATHER WAS RECORDED YESTERDAY.
  NO SIGNIFICANT WEATHER WAS OBSERVED.


RELATIVE HUMIDITY (PERCENT)
 HIGHEST    92           700 AM
 LOWEST     25           300 PM
 AVERAGE    59

..........................................................


THE ALEXANDRIA CLIMATE NORMALS FOR TODAY
                         NORMAL    RECORD    YEAR
 MAXIMUM TEMPERATURE (F)   79        91      2016
                                             2007
                                             1947
 MINIMUM TEMPERATURE (F)   54        34      1948


SUNRISE AND SUNSET
OCTOBER 18 2017.......SUNRISE   715 AM CDT   SUNSET   635 PM CDT
OCTOBER 19 2017.......SUNRISE   716 AM CDT   SUNSET   634 PM CDT


-  INDICATES NEGATIVE NUMBERS.
R  INDICATES RECORD WAS SET OR TIED.
MM INDICATES DATA IS MISSING.
T  INDICATES TRACE AMOUNT.




$$
