000
CDUS44 KLCH 281245
CLIAEX


CLIMATE REPORT
NATIONAL WEATHER SERVICE LAKE CHARLES, LA
745 AM CDT FRI AUG 28 2015


...................................

...THE ALEXANDRIA CLIMATE SUMMARY FOR AUGUST 27 2015...

CLIMATE NORMAL PERIOD 1981 TO 2010
CLIMATE RECORD PERIOD 1892 TO 2015


WEATHER ITEM   OBSERVED TIME   RECORD YEAR NORMAL DEPARTURE LAST
                VALUE   (LST)  VALUE       VALUE  FROM      YEAR
                                                  NORMAL
..................................................................
TEMPERATURE (F)
 YESTERDAY
  MAXIMUM         92    349 PM 104    1999  93     -1       93
                                      1943
                                      1902
  MINIMUM         60R   607 AM  60    2015  71    -11       68
  AVERAGE         76                        82     -6       81

PRECIPITATION (IN)
  YESTERDAY        0.00          3.10 1900   0.12  -0.12     0.00
  MONTH TO DATE    0.97                      3.05  -2.08     2.54
  SINCE JUN 1      9.31                     11.78  -2.47    10.57
  SINCE JAN 1     34.56                     35.78  -1.22    28.79

DEGREE DAYS
 COOLING
  YESTERDAY       11                        17     -6       16
  MONTH TO DATE  507                       479     28      466
  SINCE JUN 1   1600                      1471    129     1434
  SINCE JAN 1   2122                      1925    197     1845
..................................................................


WIND (MPH)
  HIGHEST WIND SPEED    16   HIGHEST WIND DIRECTION     N (350)
  HIGHEST GUST SPEED    21   HIGHEST GUST DIRECTION     N (360)
  AVERAGE WIND SPEED     4.0


SKY COVER
  POSSIBLE SUNSHINE  MM
  AVERAGE SKY COVER 0.0


WEATHER CONDITIONS
 THE FOLLOWING WEATHER WAS RECORDED YESTERDAY.
  NO SIGNIFICANT WEATHER WAS OBSERVED.


RELATIVE HUMIDITY (PERCENT)
 HIGHEST    97           500 AM
 LOWEST     30           200 PM
 AVERAGE    64

..........................................................


THE ALEXANDRIA CLIMATE NORMALS FOR TODAY
                         NORMAL    RECORD    YEAR
 MAXIMUM TEMPERATURE (F)   93       105      1943
 MINIMUM TEMPERATURE (F)   71        56      1896


SUNRISE AND SUNSET
AUGUST 28 2015........SUNRISE   644 AM CDT   SUNSET   739 PM CDT
AUGUST 29 2015........SUNRISE   644 AM CDT   SUNSET   738 PM CDT


-  INDICATES NEGATIVE NUMBERS.
R  INDICATES RECORD WAS SET OR TIED.
MM INDICATES DATA IS MISSING.
T  INDICATES TRACE AMOUNT.




$$
