000
CDUS44 KLCH 220816
CLIAEX


CLIMATE REPORT
NATIONAL WEATHER SERVICE LAKE CHARLES, LA
315 AM CDT WED OCT 22 2014


...................................

...THE ALEXANDRIA CLIMATE SUMMARY FOR OCTOBER 21 2014...

CLIMATE NORMAL PERIOD 1981 TO 2010
CLIMATE RECORD PERIOD 1892 TO 2014


WEATHER ITEM   OBSERVED TIME   RECORD YEAR NORMAL DEPARTURE LAST
                VALUE   (LST)  VALUE       VALUE  FROM      YEAR
                                                  NORMAL
..................................................................
TEMPERATURE (F)
 YESTERDAY
  MAXIMUM         82    244 PM  91    1899  78      4       72
  MINIMUM         52    622 AM  31    1989  53     -1       49
  AVERAGE         67                        66      1       61

PRECIPITATION (IN)
  YESTERDAY        0.00          5.55 1984   0.17  -0.17     0.00
  MONTH TO DATE    4.54                      4.16   0.38     2.57
  SINCE SEP 1      5.41                      7.06  -1.65     7.96
  SINCE JAN 1     36.76                     43.29  -6.53    45.55

SNOWFALL (IN)
  YESTERDAY        0.0           0.0    MM  MM     MM        0.0
  MONTH TO DATE    0.0                      MM     MM        0.0
  SINCE SEP 1      0.0                      MM     MM        0.0
  SINCE JUL 1      0.0                      MM     MM        0.0
  SNOW DEPTH       0

DEGREE DAYS
 HEATING
  YESTERDAY        0                         3     -3        4
  MONTH TO DATE    6                        33    -27       25
  SINCE SEP 1      6                        36    -30       25
  SINCE JUL 1      6                        36    -30       25

 COOLING
  YESTERDAY        2                         4     -2        0
  MONTH TO DATE  144                       109     35      141
  SINCE SEP 1    545                       472     73      602
  SINCE JAN 1   2453                      2459     -6     2567
..................................................................


WIND (MPH)
  HIGHEST WIND SPEED    12   HIGHEST WIND DIRECTION    NE (30)
  HIGHEST GUST SPEED    16   HIGHEST GUST DIRECTION     E (90)
  AVERAGE WIND SPEED     3.1


SKY COVER
  POSSIBLE SUNSHINE  MM
  AVERAGE SKY COVER 0.0


WEATHER CONDITIONS
 THE FOLLOWING WEATHER WAS RECORDED YESTERDAY.
  FOG


RELATIVE HUMIDITY (PERCENT)
 HIGHEST   100          1200 AM
 LOWEST     48          1200 PM
 AVERAGE    74

..........................................................


THE ALEXANDRIA CLIMATE NORMALS FOR TODAY
                         NORMAL    RECORD    YEAR
 MAXIMUM TEMPERATURE (F)   78        93      1939
 MINIMUM TEMPERATURE (F)   53        34      1976
                                             1898


SUNRISE AND SUNSET
OCTOBER 22 2014.......SUNRISE   718 AM CDT   SUNSET   631 PM CDT
OCTOBER 23 2014.......SUNRISE   719 AM CDT   SUNSET   630 PM CDT


-  INDICATES NEGATIVE NUMBERS.
R  INDICATES RECORD WAS SET OR TIED.
MM INDICATES DATA IS MISSING.
T  INDICATES TRACE AMOUNT.




$$
