000
CDUS44 KLCH 030901
CLIAEX


CLIMATE REPORT
NATIONAL WEATHER SERVICE LAKE CHARLES, LA
259 AM CST TUE MAR 3 2015


...................................

...THE ALEXANDRIA CLIMATE SUMMARY FOR MARCH 2 2015...

CLIMATE NORMAL PERIOD 1981 TO 2010
CLIMATE RECORD PERIOD 1892 TO 2015


WEATHER ITEM   OBSERVED TIME   RECORD YEAR NORMAL DEPARTURE LAST
                VALUE   (LST)  VALUE       VALUE  FROM      YEAR
                                                  NORMAL
..................................................................
TEMPERATURE (F)
 YESTERDAY
  MAXIMUM         50   1218 AM  84    1955  67    -17       76
                                      1940
                                      1904
  MINIMUM         44   1159 PM  23    1980  45     -1       40
  AVERAGE         47                        56     -9       58

PRECIPITATION (IN)
  YESTERDAY        0.19          3.42 1964   0.17   0.02     0.30
  MONTH TO DATE    2.51                      0.34   2.17     0.30
  SINCE MAR 1      2.51                      0.34   2.17     0.30
  SINCE JAN 1      7.61                     10.02  -2.41     6.68

SNOWFALL (IN)
  YESTERDAY       MM             T    1950  MM     MM       MM
  MONTH TO DATE    0.0                      MM     MM        0.0
  SINCE MAR 1      0.0                      MM     MM        0.0
  SINCE JUL 1      0.0                      MM     MM        4.8
  SNOW DEPTH       0

DEGREE DAYS
 HEATING
  YESTERDAY       18                        10      8        7
  MONTH TO DATE   27                        20      7        7
  SINCE MAR 1     27                        20      7        7
  SINCE JUL 1   1878                      1685    193     2023

 COOLING
  YESTERDAY        0                         1     -1        0
  MONTH TO DATE    0                         2     -2        1
  SINCE MAR 1      0                         2     -2        1
  SINCE JAN 1      1                        19    -18       12
..................................................................


WIND (MPH)
  HIGHEST WIND SPEED    10   HIGHEST WIND DIRECTION    NE (50)
  HIGHEST GUST SPEED    13   HIGHEST GUST DIRECTION    NE (60)
  AVERAGE WIND SPEED     5.1


SKY COVER
  POSSIBLE SUNSHINE  MM
  AVERAGE SKY COVER 1.0


WEATHER CONDITIONS
 THE FOLLOWING WEATHER WAS RECORDED YESTERDAY.
  HEAVY RAIN
  RAIN
  LIGHT RAIN
  FOG


RELATIVE HUMIDITY (PERCENT)
 HIGHEST   100          1200 AM
 LOWEST     93          1100 AM
 AVERAGE    97

..........................................................


THE ALEXANDRIA CLIMATE NORMALS FOR TODAY
                         NORMAL    RECORD    YEAR
 MAXIMUM TEMPERATURE (F)   67        86      1905
 MINIMUM TEMPERATURE (F)   45        23      1980


SUNRISE AND SUNSET
MARCH  3 2015.........SUNRISE   635 AM CST   SUNSET   610 PM CST
MARCH  4 2015.........SUNRISE   634 AM CST   SUNSET   610 PM CST


-  INDICATES NEGATIVE NUMBERS.
R  INDICATES RECORD WAS SET OR TIED.
MM INDICATES DATA IS MISSING.
T  INDICATES TRACE AMOUNT.




$$
