000
CDUS44 KLCH 072206
CLIAEX


CLIMATE REPORT
NATIONAL WEATHER SERVICE LAKE CHARLES, LA
505 PM CDT TUE JUL 7 2015


...................................

...THE ALEXANDRIA CLIMATE SUMMARY FOR JULY 7 2015...
VALID TODAY AS OF 0500 PM LOCAL TIME.

CLIMATE NORMAL PERIOD 1981 TO 2010
CLIMATE RECORD PERIOD 1892 TO 2015


WEATHER ITEM   OBSERVED TIME   RECORD YEAR NORMAL DEPARTURE LAST
                VALUE   (LST)  VALUE       VALUE  FROM      YEAR
                                                  NORMAL
..................................................................
TEMPERATURE (F)
 TODAY
  MAXIMUM         91    313 PM 102    1907  92     -1       92
  MINIMUM         75    322 AM  62    1924  73      2       70
                                      1905
  AVERAGE         83                        82      1       81

PRECIPITATION (IN)
  TODAY            0.00          1.73 1911   0.15  -0.15     0.00
  MONTH TO DATE    2.08                      1.13   0.95      T
  SINCE JUN 1      6.88                      6.23   0.65     2.88
  SINCE JAN 1     32.13                     30.23   1.90    21.10

DEGREE DAYS
 COOLING
  TODAY           18                        17      1       16
  MONTH TO DATE  113                       119     -6      107
  SINCE JUN 1    598                       572     26      580
  SINCE JAN 1   1120                      1026     94      991
..................................................................


WIND (MPH)
  HIGHEST WIND SPEED    16   HIGHEST WIND DIRECTION     S (190)
  HIGHEST GUST SPEED    25   HIGHEST GUST DIRECTION     S (190)
  AVERAGE WIND SPEED     8.1


SKY COVER
  POSSIBLE SUNSHINE  MM
  AVERAGE SKY COVER 0.2


WEATHER CONDITIONS
 THE FOLLOWING WEATHER WAS RECORDED TODAY.
  FOG


RELATIVE HUMIDITY (PERCENT)
 HIGHEST   100           100 AM
 LOWEST     52           200 PM
 AVERAGE    76

..........................................................


THE ALEXANDRIA CLIMATE NORMALS FOR TOMORROW
                         NORMAL    RECORD    YEAR
 MAXIMUM TEMPERATURE (F)   92       103      1932
 MINIMUM TEMPERATURE (F)   73        63      1983


SUNRISE AND SUNSET
JULY  7 2015..........SUNRISE   612 AM CDT   SUNSET   818 PM CDT
JULY  8 2015..........SUNRISE   613 AM CDT   SUNSET   818 PM CDT


-  INDICATES NEGATIVE NUMBERS.
R  INDICATES RECORD WAS SET OR TIED.
MM INDICATES DATA IS MISSING.
T  INDICATES TRACE AMOUNT.




$$
