000
CDUS42 KCAE 242134
CLIAGS


CLIMATE REPORT
NATIONAL WEATHER SERVICE COLUMBIA SC
533 PM EDT SUN JUL 24 2016


...................................

...THE AUGUSTA BUSH FIELD GA CLIMATE SUMMARY FOR JULY 24 2016...
VALID TODAY AS OF 0500 PM LOCAL TIME.

CLIMATE NORMAL PERIOD 1981 TO 2010
CLIMATE RECORD PERIOD 1873 TO 2016


WEATHER ITEM   OBSERVED TIME   RECORD YEAR NORMAL DEPARTURE LAST
                VALUE   (LST)  VALUE       VALUE  FROM      YEAR
                                                  NORMAL
..................................................................
TEMPERATURE (F)
 TODAY
  MAXIMUM         99    345 PM 106    1952  94      5       92
  MINIMUM         71    611 AM  60    2007  70      1       74
  AVERAGE         85                        82      3       83

PRECIPITATION (IN)
  TODAY            0.00          3.64 1986   0.15  -0.15     0.06
  MONTH TO DATE    1.05                      3.31  -2.26     1.81
  SINCE JUN 1      3.92                      8.03  -4.11     5.31
  SINCE JAN 1     22.65                     25.53  -2.88    20.94

SNOWFALL (IN)
  TODAY            0.0          MM      MM   0.0             0.0
  MONTH TO DATE    0.0                       0.0             0.0
  SINCE JUN 1      0.0                       0.0             0.0
  SINCE JUL 1      0.0                       0.0             0.0

DEGREE DAYS
 HEATING
  TODAY            0                         0      0        0
  MONTH TO DATE    0                         0      0        0
  SINCE JUN 1      0                         0      0        0
  SINCE JUL 1      0                         0      0        0

 COOLING
  TODAY           20                        17      3       18
  MONTH TO DATE  464                       400     64      451
  SINCE JUN 1    935                       808    127      930
  SINCE JAN 1   1250                      1091    159     1291
..................................................................


WIND (MPH)
  HIGHEST WIND SPEED    10   HIGHEST WIND DIRECTION    NW (300)
  HIGHEST GUST SPEED    14   HIGHEST GUST DIRECTION    NW (300)
  AVERAGE WIND SPEED     2.4


SKY COVER
  AVERAGE SKY COVER 0.2


WEATHER CONDITIONS
 THE FOLLOWING WEATHER WAS RECORDED TODAY.
  NO SIGNIFICANT WEATHER WAS OBSERVED.


RELATIVE HUMIDITY (PERCENT)
 HIGHEST   100           200 AM
 LOWEST     35           300 PM
 AVERAGE    68

..........................................................


THE AUGUSTA BUSH FIELD GA CLIMATE NORMALS FOR TOMORROW
                         NORMAL    RECORD    YEAR
 MAXIMUM TEMPERATURE (F)   94       101      1993
                                             1934
 MINIMUM TEMPERATURE (F)   70        61      1904


SUNRISE AND SUNSET
JULY 24 2016..........SUNRISE   635 AM EDT   SUNSET   833 PM EDT
JULY 25 2016..........SUNRISE   636 AM EDT   SUNSET   832 PM EDT


-  INDICATES NEGATIVE NUMBERS.
R  INDICATES RECORD WAS SET OR TIED.
MM INDICATES DATA IS MISSING.
T  INDICATES TRACE AMOUNT.




$$
