000
CDUS42 KCAE 231149
CLIAGS


CLIMATE REPORT
NATIONAL WEATHER SERVICE COLUMBIA SC
747 AM EDT THU MAR 23 2017


...................................

...THE AUGUSTA REGIONAL BUSH FIELD GA CLIMATE SUMMARY FOR MARCH 22 2017...

CLIMATE NORMAL PERIOD 1981 TO 2010
CLIMATE RECORD PERIOD 1873 TO 2017


WEATHER ITEM   OBSERVED TIME   RECORD YEAR NORMAL DEPARTURE LAST
                VALUE   (LST)  VALUE       VALUE  FROM      YEAR
                                                  NORMAL
..................................................................
TEMPERATURE (F)
 YESTERDAY
  MAXIMUM         77    332 PM  92    1907  72      5       70
  MINIMUM         53    654 AM  23    1996  43     10       31
  AVERAGE         65                        57      8       51

PRECIPITATION (IN)
  YESTERDAY        0.00          2.33 1903   0.12  -0.12     0.00
  MONTH TO DATE    1.48                      3.05  -1.57     1.48
  SINCE MAR 1      1.48                      3.05  -1.57     1.48
  SINCE JAN 1     13.72                     10.88   2.84     6.90

SNOWFALL (IN)
  YESTERDAY        0.0          MM      MM   0.0             0.0
  MONTH TO DATE    0.0                       0.0             0.0
  SINCE MAR 1      0.0                       0.0             0.0
  SINCE JUL 1      T                         0.9             0.5

DEGREE DAYS
 HEATING
  YESTERDAY        0                         8     -8       14
  MONTH TO DATE  229                       231     -2      145
  SINCE MAR 1    229                       231     -2      145
  SINCE JUL 1   1364                      2263   -899     1722

 COOLING
  YESTERDAY        0                         1     -1        0
  MONTH TO DATE   12                         8      4       39
  SINCE MAR 1     12                         8      4       39
  SINCE JAN 1     42                        11     31       42
..................................................................


WIND (MPH)
  HIGHEST WIND SPEED    16   HIGHEST WIND DIRECTION     N (20)
  HIGHEST GUST SPEED    20   HIGHEST GUST DIRECTION     N (10)
  AVERAGE WIND SPEED     7.7


SKY COVER
  AVERAGE SKY COVER 0.1


WEATHER CONDITIONS
 THE FOLLOWING WEATHER WAS RECORDED YESTERDAY.
  FOG
  FOG W/VISIBILITY <= 1/4 MILE


RELATIVE HUMIDITY (PERCENT)
 HIGHEST   100           700 AM
 LOWEST     28          1000 PM
 AVERAGE    64

..........................................................


THE AUGUSTA REGIONAL BUSH FIELD GA CLIMATE NORMALS FOR TODAY
                         NORMAL    RECORD    YEAR
 MAXIMUM TEMPERATURE (F)   72        93      1907
 MINIMUM TEMPERATURE (F)   43        26      1996
                                             1986


SUNRISE AND SUNSET
MARCH 23 2017.........SUNRISE   727 AM EDT   SUNSET   742 PM EDT
MARCH 24 2017.........SUNRISE   726 AM EDT   SUNSET   743 PM EDT


-  INDICATES NEGATIVE NUMBERS.
R  INDICATES RECORD WAS SET OR TIED.
MM INDICATES DATA IS MISSING.
T  INDICATES TRACE AMOUNT.




$$
