000
CDUS42 KCAE 240628
CLIAGS


CLIMATE REPORT
NATIONAL WEATHER SERVICE COLUMBIA SC
127 AM EST TUE JAN 24 2017


...................................

...THE AUGUSTA REGIONAL BUSH FIELD GA CLIMATE SUMMARY FOR JANUARY 23 2017...

CLIMATE NORMAL PERIOD 1981 TO 2010
CLIMATE RECORD PERIOD 1873 TO 2017


WEATHER ITEM   OBSERVED TIME   RECORD YEAR NORMAL DEPARTURE LAST
                VALUE   (LST)  VALUE       VALUE  FROM      YEAR
                                                  NORMAL
..................................................................
TEMPERATURE (F)
 YESTERDAY
  MAXIMUM         66        MM  78    1932  58      8       41
                                      1927
                                      1920
  MINIMUM         51    500 AM  16    1985  33     18       31
                                      1960
  AVERAGE         59                        46     13       36

PRECIPITATION (IN)
  YESTERDAY        0.03          1.67 1885   0.13  -0.10     0.04
  MONTH TO DATE    9.84                      2.86   6.98     1.38
  SINCE DEC 1     14.25                      6.25   8.00     8.30
  SINCE JAN 1      9.84                      2.86   6.98     1.38

SNOWFALL (IN)
  YESTERDAY        0.0           1.5  1970   0.0             0.5
  MONTH TO DATE    T                         0.3             0.5
  SINCE DEC 1      T                         0.4             0.5
  SINCE JUL 1      T                         0.4             0.5

DEGREE DAYS
 HEATING
  YESTERDAY        6                        19    -13       29
  MONTH TO DATE  195                       458   -263      491
  SINCE DEC 1    561                      1011   -450      708
  SINCE JUL 1    832                      1433   -601      995

 COOLING
  YESTERDAY        0                         0      0        0
  MONTH TO DATE   14                         0     14        0
  SINCE DEC 1     21                         3     18       47
  SINCE JAN 1     14                         0     14        0
..................................................................


WIND (MPH)
  HIGHEST WIND SPEED    17   HIGHEST WIND DIRECTION     W (290)
  HIGHEST GUST SPEED    31   HIGHEST GUST DIRECTION     W (290)
  AVERAGE WIND SPEED     9.2


SKY COVER
  AVERAGE SKY COVER 0.5


WEATHER CONDITIONS
 THE FOLLOWING WEATHER WAS RECORDED YESTERDAY.
  LIGHT RAIN


RELATIVE HUMIDITY (PERCENT)
 HIGHEST    83           200 AM
 LOWEST     52           500 PM
 AVERAGE    68

..........................................................


THE AUGUSTA REGIONAL BUSH FIELD GA CLIMATE NORMALS FOR TODAY
                         NORMAL    RECORD    YEAR
 MAXIMUM TEMPERATURE (F)   59        80      1950
 MINIMUM TEMPERATURE (F)   33        12      2005


SUNRISE AND SUNSET
JANUARY 24 2017.......SUNRISE   728 AM EST   SUNSET   552 PM EST
JANUARY 25 2017.......SUNRISE   728 AM EST   SUNSET   553 PM EST


-  INDICATES NEGATIVE NUMBERS.
R  INDICATES RECORD WAS SET OR TIED.
MM INDICATES DATA IS MISSING.
T  INDICATES TRACE AMOUNT.




$$
