000
CDUS42 KCAE 222120
CLIAGS


CLIMATE REPORT
NATIONAL WEATHER SERVICE COLUMBIA SC
519 PM EDT FRI MAY 22 2015


...................................

...THE AUGUSTA BUSH FIELD GA CLIMATE SUMMARY FOR MAY 22 2015...
VALID TODAY AS OF 0500 PM LOCAL TIME.

CLIMATE NORMAL PERIOD 1981 TO 2010
CLIMATE RECORD PERIOD 1873 TO 2015


WEATHER ITEM   OBSERVED TIME   RECORD YEAR NORMAL DEPARTURE LAST
                VALUE   (LST)  VALUE       VALUE  FROM      YEAR
                                                  NORMAL
..................................................................
TEMPERATURE (F)
 TODAY
  MAXIMUM         80    345 PM  97    1941  87     -7       93
                                      1933
  MINIMUM         59    520 AM  42    1954  59      0       61
  AVERAGE         70                        73     -3       77

PRECIPITATION (IN)
  TODAY            0.00          3.39 1967   0.09  -0.09     0.00
  MONTH TO DATE    0.49                      1.68  -1.19     3.83
  SINCE MAR 1      8.39                      8.70  -0.31    10.98
  SINCE JAN 1     15.19                     16.53  -1.34    17.19

SNOWFALL (IN)
  TODAY            0.0          MM      MM   0.0             0.0
  MONTH TO DATE    0.0                       0.0             0.0
  SINCE MAR 1      0.0                       0.0             0.0
  SINCE JUL 1      T                         0.9             3.3

DEGREE DAYS
 HEATING
  TODAY            0                         0      0        0
  MONTH TO DATE   10                        18     -8       13
  SINCE MAR 1    277                       438   -161      514
  SINCE JUL 1   2563                      2470     93     2676

 COOLING
  TODAY            5                         8     -3       12
  MONTH TO DATE  157                       124     33      124
  SINCE MAR 1    271                       194     77      177
  SINCE JAN 1    271                       197     74      179
..................................................................


WIND (MPH)
  HIGHEST WIND SPEED    18   HIGHEST WIND DIRECTION    NW (310)
  HIGHEST GUST SPEED    23   HIGHEST GUST DIRECTION    NW (310)
  AVERAGE WIND SPEED     7.8


SKY COVER
  AVERAGE SKY COVER 0.4


WEATHER CONDITIONS
 THE FOLLOWING WEATHER WAS RECORDED TODAY.
  NO SIGNIFICANT WEATHER WAS OBSERVED.


RELATIVE HUMIDITY (PERCENT)
 HIGHEST    72           500 AM
 LOWEST     35           400 PM
 AVERAGE    54

..........................................................


THE AUGUSTA BUSH FIELD GA CLIMATE NORMALS FOR TOMORROW
                         NORMAL    RECORD    YEAR
 MAXIMUM TEMPERATURE (F)   87        99      2011
                                             1941
 MINIMUM TEMPERATURE (F)   60        41      2002


SUNRISE AND SUNSET
MAY 22 2015...........SUNRISE   624 AM EDT   SUNSET   826 PM EDT
MAY 23 2015...........SUNRISE   623 AM EDT   SUNSET   827 PM EDT


-  INDICATES NEGATIVE NUMBERS.
R  INDICATES RECORD WAS SET OR TIED.
MM INDICATES DATA IS MISSING.
T  INDICATES TRACE AMOUNT.




$$
