627
CDUS42 KCAE 240539
CLIAGS


CLIMATE REPORT
NATIONAL WEATHER SERVICE COLUMBIA SC
139 AM EDT TUE MAY 24 2016


...................................

...THE AUGUSTA REGIONAL BUSH FIELD GA CLIMATE SUMMARY FOR MAY 23 2016...

CLIMATE NORMAL PERIOD 1981 TO 2010
CLIMATE RECORD PERIOD 1873 TO 2016


WEATHER ITEM   OBSERVED TIME   RECORD YEAR NORMAL DEPARTURE LAST
                VALUE   (LST)  VALUE       VALUE  FROM      YEAR
                                                  NORMAL
..................................................................
TEMPERATURE (F)
 YESTERDAY
  MAXIMUM         81    432 PM  99    2011  87     -6       85
                                      1941
  MINIMUM         51    506 AM  41    2002  60     -9       50
  AVERAGE         66                        73     -7       68

PRECIPITATION (IN)
  YESTERDAY        0.00          2.27 1915   0.09  -0.09     0.00
  MONTH TO DATE    3.02                      1.77   1.25     0.49
  SINCE MAR 1     10.62                      8.79   1.83     8.39
  SINCE JAN 1     16.04                     16.62  -0.58    15.19

SNOWFALL (IN)
  YESTERDAY        0.0          MM      MM   0.0             0.0
  MONTH TO DATE    0.0                       0.0             0.0
  SINCE MAR 1      0.0                       0.0             0.0
  SINCE JUL 1      0.5                       0.9              T

DEGREE DAYS
 HEATING
  YESTERDAY        0                         0      0        0
  MONTH TO DATE   13                        18     -5       10
  SINCE MAR 1    279                       438   -159      277
  SINCE JUL 1   1856                      2470   -614     2563

 COOLING
  YESTERDAY        1                         9     -8        3
  MONTH TO DATE  129                       133     -4      159
  SINCE MAR 1    244                       203     41      273
  SINCE JAN 1    247                       206     41      273
..................................................................


WIND (MPH)
  HIGHEST WIND SPEED    15   HIGHEST WIND DIRECTION     N (350)
  HIGHEST GUST SPEED    18   HIGHEST GUST DIRECTION     N (350)
  AVERAGE WIND SPEED     3.2


SKY COVER
  AVERAGE SKY COVER 0.1


WEATHER CONDITIONS
 THE FOLLOWING WEATHER WAS RECORDED YESTERDAY.
  NO SIGNIFICANT WEATHER WAS OBSERVED.


RELATIVE HUMIDITY (PERCENT)
 HIGHEST   100           100 AM
 LOWEST     35          1200 PM
 AVERAGE    68

..........................................................


THE AUGUSTA REGIONAL BUSH FIELD GA CLIMATE NORMALS FOR TODAY
                         NORMAL    RECORD    YEAR
 MAXIMUM TEMPERATURE (F)   87        98      1878
 MINIMUM TEMPERATURE (F)   60        45      2002
                                             1954


SUNRISE AND SUNSET
MAY 24 2016...........SUNRISE   622 AM EDT   SUNSET   828 PM EDT
MAY 25 2016...........SUNRISE   622 AM EDT   SUNSET   828 PM EDT


-  INDICATES NEGATIVE NUMBERS.
R  INDICATES RECORD WAS SET OR TIED.
MM INDICATES DATA IS MISSING.
T  INDICATES TRACE AMOUNT.




$$
