000
CDUS42 KCAE 190539
CLIAGS


CLIMATE REPORT
NATIONAL WEATHER SERVICE COLUMBIA SC
1239 AM EST FRI JAN 19 2018


...................................

...THE AUGUSTA REGIONAL BUSH FIELD GA CLIMATE SUMMARY FOR JANUARY 18 2018...

CLIMATE NORMAL PERIOD 1981 TO 2010
CLIMATE RECORD PERIOD 1873 TO 2018


WEATHER ITEM   OBSERVED TIME   RECORD YEAR NORMAL DEPARTURE LAST
                VALUE   (LST)  VALUE       VALUE  FROM      YEAR
                                                  NORMAL
..................................................................
TEMPERATURE (F)
 YESTERDAY
  MAXIMUM         51        MM  81    2017  58     -7       81
  MINIMUM         20        MM  14    2003  33    -13       54
  AVERAGE         36                        45     -9       68

PRECIPITATION (IN)
  YESTERDAY        0.00          2.33 1925   0.12  -0.12     0.00
  MONTH TO DATE    0.75                      2.22  -1.47     6.43
  SINCE DEC 1      4.86                      5.61  -0.75    10.84
  SINCE JAN 1      0.75                      2.22  -1.47     6.43

SNOWFALL (IN)
  YESTERDAY        0.0          MM      MM   0.0             0.0
  MONTH TO DATE    T                         0.3              T
  SINCE DEC 1      T                         0.4              T
  SINCE JUL 1      T                         0.4              T

DEGREE DAYS
 HEATING
  YESTERDAY       29                        20      9        0
  MONTH TO DATE  460                       360    100      181
  SINCE DEC 1    931                       913     18      547
  SINCE JUL 1   1296                      1335    -39      818

 COOLING
  YESTERDAY        0                         0      0        3
  MONTH TO DATE    2                         0      2       11
  SINCE DEC 1      2                         3     -1       18
  SINCE JAN 1      2                         0      2       11
..................................................................


WIND (MPH)
  HIGHEST WIND SPEED    14   HIGHEST WIND DIRECTION     N (350)
  HIGHEST GUST SPEED    MM   HIGHEST GUST DIRECTION    MM
  AVERAGE WIND SPEED     5.2


SKY COVER
  AVERAGE SKY COVER 0.0


WEATHER CONDITIONS
 THE FOLLOWING WEATHER WAS RECORDED YESTERDAY.
  HAZE


RELATIVE HUMIDITY (PERCENT)
 HIGHEST    68          1100 PM
 LOWEST     16           400 PM
 AVERAGE    42

..........................................................


THE AUGUSTA REGIONAL BUSH FIELD GA CLIMATE NORMALS FOR TODAY
                         NORMAL    RECORD    YEAR
 MAXIMUM TEMPERATURE (F)   58        78      2001
 MINIMUM TEMPERATURE (F)   33        12      1977
                                             1976


SUNRISE AND SUNSET
JANUARY 19 2018.......SUNRISE   731 AM EST   SUNSET   547 PM EST
JANUARY 20 2018.......SUNRISE   730 AM EST   SUNSET   548 PM EST


-  INDICATES NEGATIVE NUMBERS.
R  INDICATES RECORD WAS SET OR TIED.
MM INDICATES DATA IS MISSING.
T  INDICATES TRACE AMOUNT.




$$
