000
CDUS42 KFFC 070025
CLIAHN


CLIMATE REPORT
NATIONAL WEATHER SERVICE PEACHTREE CITY GA
725 PM EST FRI MAR 6 2015


...................................

...THE ATHENS CLIMATE SUMMARY FOR MARCH 6 2015...
VALID AS OF 0700 PM LOCAL TIME.

CLIMATE NORMAL PERIOD 1981 TO 2010
CLIMATE RECORD PERIOD 1898 TO 2015


WEATHER ITEM   OBSERVED TIME   RECORD YEAR NORMAL DEPARTURE LAST
                VALUE   (LST)  VALUE       VALUE  FROM      YEAR
                                                  NORMAL
..................................................................
TEMPERATURE (F)
 TODAY
  MAXIMUM         52    436 PM  82    1974  63    -11       41
  MINIMUM         36    813 AM  17    1960  40     -4       34
  AVERAGE         44                        52     -8       38

PRECIPITATION (IN)
  TODAY            0.01          1.96 1996   0.15  -0.14     0.62
  MONTH TO DATE    0.62                      0.91  -0.29     0.79
  SINCE MAR 1      0.62                      0.91  -0.29     0.79
  SINCE JAN 1      7.59                      9.44  -1.85     9.43

SNOWFALL (IN)
  TODAY           MM             0.0  2002   0.0   MM        0.0
                                      2000
                                      2001
  MONTH TO DATE   MM                         0.1   MM        0.0
  SINCE MAR 1     MM                         0.1   MM        0.0
  SINCE JUL 1      T                         2.2   -2.2      2.8
  SNOW DEPTH       0

DEGREE DAYS
 HEATING
  TODAY           21                        13      8       27
  MONTH TO DATE   82                        84     -2      109
  SINCE MAR 1     82                        84     -2      109
  SINCE JUL 1   2588                      2339    249     2571

 COOLING
  TODAY            0                         0      0        0
  MONTH TO DATE    0                         0      0        0
  SINCE MAR 1      0                         0      0        0
  SINCE JAN 1      0                         1     -1        1
..................................................................


WIND (MPH)
  HIGHEST WIND SPEED    14   HIGHEST WIND DIRECTION    NE (60)
  HIGHEST GUST SPEED    18   HIGHEST GUST DIRECTION    NE (50)
  AVERAGE WIND SPEED     7.1


SKY COVER
  AVERAGE SKY COVER 0.7


WEATHER CONDITIONS
 THE FOLLOWING WEATHER WAS RECORDED TODAY.
  FOG
  HAZE


RELATIVE HUMIDITY (PERCENT)
 HIGHEST    92           200 AM
 LOWEST     31           200 PM

..........................................................


THE ATHENS CLIMATE NORMALS FOR TOMORROW
                         NORMAL    RECORD    YEAR
 MAXIMUM TEMPERATURE (F)   64        82      1974
 MINIMUM TEMPERATURE (F)   41        22      1920


SUNRISE AND SUNSET
MARCH  6 2015.........SUNRISE   656 AM EST   SUNSET   634 PM EST
MARCH  7 2015.........SUNRISE   655 AM EST   SUNSET   634 PM EST


-  INDICATES NEGATIVE NUMBERS.
R  INDICATES RECORD WAS SET OR TIED.
MM INDICATES DATA IS MISSING.
T  INDICATES TRACE AMOUNT.




$$
