720
CDUS42 KFFC 100920
CLIAHN


CLIMATE REPORT
NATIONAL WEATHER SERVICE PEACHTREE CITY GA
419 AM EST WED FEB 10 2016


...................................

...THE ATHENS CLIMATE SUMMARY FOR FEBRUARY 9 2016...

CLIMATE NORMAL PERIOD 1981 TO 2010
CLIMATE RECORD PERIOD 1898 TO 2016


WEATHER ITEM   OBSERVED TIME   RECORD YEAR NORMAL DEPARTURE LAST
                VALUE   (LST)  VALUE       VALUE  FROM      YEAR
                                                  NORMAL
..................................................................
TEMPERATURE (F)
 YESTERDAY
  MAXIMUM         37   1210 AM  79    1994  57    -20       63
  MINIMUM         27   1159 PM  11    1995  35     -8       50
                                      1933
  AVERAGE         32                        46    -14       57

PRECIPITATION (IN)
  YESTERDAY        0.04          2.34 1949   0.15  -0.11     0.52
  MONTH TO DATE    1.87                      1.40   0.47     1.19
  SINCE DEC 1     17.92                      9.18   8.74     8.86
  SINCE JAN 1      5.55                      5.45   0.10     4.17

SNOWFALL (IN)
  YESTERDAY        T   R         0.0  2002   0.0    0.0      0.0
  MONTH TO DATE    T                         0.2   -0.2      0.0
  SINCE DEC 1      0.1                       1.7   -1.6      0.0
  SINCE JUL 1      0.1                       1.7   -1.6      0.0
  SNOW DEPTH       0

DEGREE DAYS
 HEATING
  YESTERDAY       33                        19     14        8
  MONTH TO DATE  149                       177    -28      183
  SINCE DEC 1   1134                      1454   -320     1393
  SINCE JUL 1   1494                      1934   -440     2006
..................................................................


WIND (MPH)
  RESULTANT WIND SPEED  10   RESULTANT WIND DIRECTION   W (290)
  HIGHEST WIND SPEED    21   HIGHEST WIND DIRECTION    NW (300)
  HIGHEST GUST SPEED    32   HIGHEST GUST DIRECTION    NW (300)
  AVERAGE WIND SPEED    10.0


SKY COVER
  POSSIBLE SUNSHINE  MM
  AVERAGE SKY COVER 0.8


WEATHER CONDITIONS
 THE FOLLOWING WEATHER WAS RECORDED YESTERDAY.
  SNOW
  LIGHT SNOW
  FOG
  HAZE


RELATIVE HUMIDITY (PERCENT)
 HIGHEST    69           700 PM
 LOWEST     48          1200 AM
 AVERAGE    59

..........................................................


THE ATHENS CLIMATE NORMALS FOR TODAY
                         NORMAL    RECORD    YEAR
 MAXIMUM TEMPERATURE (F)   57        79      1938
 MINIMUM TEMPERATURE (F)   35        12      1971


SUNRISE AND SUNSET
FEBRUARY 10 2016......SUNRISE   723 AM EST   SUNSET   612 PM EST
FEBRUARY 11 2016......SUNRISE   722 AM EST   SUNSET   613 PM EST


-  INDICATES NEGATIVE NUMBERS.
R  INDICATES RECORD WAS SET OR TIED.
MM INDICATES DATA IS MISSING.
T  INDICATES TRACE AMOUNT.




$$
