000
CDUS42 KFFC 270816
CLIAHN


CLIMATE REPORT
NATIONAL WEATHER SERVICE PEACHTREE CITY GA
416 AM EDT THU JUL 27 2017


...................................

...THE ATHENS CLIMATE SUMMARY FOR JULY 26 2017...

CLIMATE NORMAL PERIOD 1981 TO 2010
CLIMATE RECORD PERIOD 1898 TO 2017


WEATHER ITEM   OBSERVED TIME   RECORD YEAR NORMAL DEPARTURE LAST
                VALUE   (LST)  VALUE       VALUE  FROM      YEAR
                                                  NORMAL
..................................................................
TEMPERATURE (F)
 YESTERDAY
  MAXIMUM         94    200 PM 103    2010  91      3      101
  MINIMUM         71   1129 PM  56    1911  70      1       74
  AVERAGE         83                        81      2       88

PRECIPITATION (IN)
  YESTERDAY        0.15          2.05 1984   0.14   0.01     0.00
  MONTH TO DATE    2.77                      3.77  -1.00     0.35
  SINCE JUN 1     11.10                      7.95   3.15     4.44
  SINCE JAN 1     36.21                     27.06   9.15    19.62

DEGREE DAYS
 COOLING
  YESTERDAY       18                        16      2       23
  MONTH TO DATE  432                       409     23      496
  SINCE JUN 1    775                       787    -12      976
  SINCE JAN 1   1140                      1027    113     1277
..................................................................


WIND (MPH)
  RESULTANT WIND SPEED   1   RESULTANT WIND DIRECTION   E (90)
  HIGHEST WIND SPEED    15   HIGHEST WIND DIRECTION     E (110)
  HIGHEST GUST SPEED    25   HIGHEST GUST DIRECTION     E (100)
  AVERAGE WIND SPEED     2.6


SKY COVER
  POSSIBLE SUNSHINE  MM
  AVERAGE SKY COVER 0.4


WEATHER CONDITIONS
 THE FOLLOWING WEATHER WAS RECORDED YESTERDAY.
  THUNDERSTORM
  RAIN
  LIGHT RAIN
  FOG
  HAZE


RELATIVE HUMIDITY (PERCENT)
 HIGHEST   100          1200 AM
 LOWEST     49           200 PM
 AVERAGE    75

..........................................................


THE ATHENS CLIMATE NORMALS FOR TODAY
                         NORMAL    RECORD    YEAR
 MAXIMUM TEMPERATURE (F)   91       101      1993
                                             1936
                                             1925
 MINIMUM TEMPERATURE (F)   70        58      1911


SUNRISE AND SUNSET
JULY 27 2017..........SUNRISE   641 AM EDT   SUNSET   838 PM EDT
JULY 28 2017..........SUNRISE   642 AM EDT   SUNSET   837 PM EDT


-  INDICATES NEGATIVE NUMBERS.
R  INDICATES RECORD WAS SET OR TIED.
MM INDICATES DATA IS MISSING.
T  INDICATES TRACE AMOUNT.




$$
