000
CDUS42 KFFC 260032
CLIAHN


CLIMATE REPORT
NATIONAL WEATHER SERVICE PEACHTREE CITY GA
732 PM EST SAT FEB 25 2017


...................................

...THE ATHENS CLIMATE SUMMARY FOR FEBRUARY 25 2017...
VALID AS OF 0700 PM LOCAL TIME.

CLIMATE NORMAL PERIOD 1981 TO 2010
CLIMATE RECORD PERIOD 1898 TO 2017


WEATHER ITEM   OBSERVED TIME   RECORD YEAR NORMAL DEPARTURE LAST
                VALUE   (LST)  VALUE       VALUE  FROM      YEAR
                                                  NORMAL
..................................................................
TEMPERATURE (F)
 TODAY
  MAXIMUM         71    111 PM  80    1930  61     10       52
  MINIMUM         55    705 PM   8    1967  38     17       39
  AVERAGE         63                        50     13       46

PRECIPITATION (IN)
  TODAY            0.00          1.78 1931   0.16  -0.16      T
  MONTH TO DATE    1.15                      4.01  -2.86     4.49
  SINCE DEC 1     10.08                     11.79  -1.71    20.54
  SINCE JAN 1      7.66                      8.06  -0.40     8.17

SNOWFALL (IN)
  TODAY            0.0           0.0  2002   0.0    0.0      0.0
  MONTH TO DATE    0.0                       0.5   -0.5       T
  SINCE DEC 1      0.0                       2.0   -2.0      0.1
  SINCE JUL 1      0.0                       2.0   -2.0      0.1
  SNOW DEPTH       0

DEGREE DAYS
 HEATING
  TODAY            2                        15    -13       19
  MONTH TO DATE  239                       452   -213      442
  SINCE DEC 1   1200                      1729   -529     1427
  SINCE JUL 1   1486                      2209   -723     1787

 COOLING
  TODAY            0                         0      0        0
  MONTH TO DATE    4                         0      4        0
  SINCE DEC 1      9                         1      8       19
  SINCE JAN 1      9                         0      9        0
..................................................................


WIND (MPH)
  HIGHEST WIND SPEED    23   HIGHEST WIND DIRECTION    NW (300)
  HIGHEST GUST SPEED    36   HIGHEST GUST DIRECTION     W (280)
  AVERAGE WIND SPEED     9.6


SKY COVER
  AVERAGE SKY COVER 0.2


WEATHER CONDITIONS
 THE FOLLOWING WEATHER WAS RECORDED TODAY.
  NO SIGNIFICANT WEATHER WAS OBSERVED.


RELATIVE HUMIDITY (PERCENT)
 HIGHEST    93           600 AM
 LOWEST     12           300 PM

..........................................................


THE ATHENS CLIMATE NORMALS FOR TOMORROW
                         NORMAL    RECORD    YEAR
 MAXIMUM TEMPERATURE (F)   61        81      1996
 MINIMUM TEMPERATURE (F)   39        10      1967


SUNRISE AND SUNSET
FEBRUARY 25 2017......SUNRISE   706 AM EST   SUNSET   627 PM EST
FEBRUARY 26 2017......SUNRISE   705 AM EST   SUNSET   627 PM EST


-  INDICATES NEGATIVE NUMBERS.
R  INDICATES RECORD WAS SET OR TIED.
MM INDICATES DATA IS MISSING.
T  INDICATES TRACE AMOUNT.




$$
