000
CDUS42 KFFC 290816
CLIAHN


CLIMATE REPORT
NATIONAL WEATHER SERVICE PEACHTREE CITY GA
416 AM EDT SUN MAR 29 2015


...................................

...THE ATHENS CLIMATE SUMMARY FOR MARCH 28 2015...

CLIMATE NORMAL PERIOD 1981 TO 2010
CLIMATE RECORD PERIOD 1898 TO 2015


WEATHER ITEM   OBSERVED TIME   RECORD YEAR NORMAL DEPARTURE LAST
                VALUE   (LST)  VALUE       VALUE  FROM      YEAR
                                                  NORMAL
..................................................................
TEMPERATURE (F)
 YESTERDAY
  MAXIMUM         56    309 PM  85    2007  70    -14       60
                                      1921
  MINIMUM         34   1156 PM  27    2013  45    -11       51
  AVERAGE         45                        57    -12       56

PRECIPITATION (IN)
  YESTERDAY        0.00          2.41 1946   0.14  -0.14     0.24
  MONTH TO DATE    2.65                      4.03  -1.38     3.26
  SINCE MAR 1      2.65                      4.03  -1.38     3.26
  SINCE JAN 1      9.62                     12.56  -2.94    11.90

SNOWFALL (IN)
  YESTERDAY        0.0           0.0  2002   0.0    0.0      0.0
                                      2001
                                      2000
  MONTH TO DATE    0.0                       0.7   -0.7      0.0
  SINCE MAR 1      0.0                       0.7   -0.7      0.0
  SINCE JUL 1      T                         2.8   -2.8      2.8
  SNOW DEPTH       0

DEGREE DAYS
 HEATING
  YESTERDAY       20                         8     12        9
  MONTH TO DATE  220                       316    -96      387
  SINCE MAR 1    220                       316    -96      387
  SINCE JUL 1   2726                      2571    155     2849

 COOLING
  YESTERDAY        0                         0      0        0
  MONTH TO DATE    7                         0      7        0
  SINCE MAR 1      7                         0      7        0
  SINCE JAN 1      7                         1      6        1
..................................................................


WIND (MPH)
  RESULTANT WIND SPEED   8   RESULTANT WIND DIRECTION  NW (300)
  HIGHEST WIND SPEED    17   HIGHEST WIND DIRECTION    NW (310)
  HIGHEST GUST SPEED    25   HIGHEST GUST DIRECTION    NW (300)
  AVERAGE WIND SPEED     7.8


SKY COVER
  POSSIBLE SUNSHINE  MM
  AVERAGE SKY COVER 0.0


WEATHER CONDITIONS
 THE FOLLOWING WEATHER WAS RECORDED YESTERDAY.
  NO SIGNIFICANT WEATHER WAS OBSERVED.


RELATIVE HUMIDITY (PERCENT)
 HIGHEST    64           200 AM
 LOWEST     18           400 PM
 AVERAGE    41

..........................................................


THE ATHENS CLIMATE NORMALS FOR TODAY
                         NORMAL    RECORD    YEAR
 MAXIMUM TEMPERATURE (F)   70        85      1928
 MINIMUM TEMPERATURE (F)   45        25      1887


SUNRISE AND SUNSET
MARCH 29 2015.........SUNRISE   725 AM EDT   SUNSET   752 PM EDT
MARCH 30 2015.........SUNRISE   724 AM EDT   SUNSET   752 PM EDT


-  INDICATES NEGATIVE NUMBERS.
R  INDICATES RECORD WAS SET OR TIED.
MM INDICATES DATA IS MISSING.
T  INDICATES TRACE AMOUNT.




$$
