000
CDUS42 KFFC 220918
CLIAHN


CLIMATE REPORT
NATIONAL WEATHER SERVICE PEACHTREE CITY GA
417 AM EST SAT NOV 22 2014


...................................

...THE ATHENS CLIMATE SUMMARY FOR NOVEMBER 21 2014...

CLIMATE NORMAL PERIOD 1981 TO 2010
CLIMATE RECORD PERIOD 1898 TO 2014


WEATHER ITEM   OBSERVED TIME   RECORD YEAR NORMAL DEPARTURE LAST
                VALUE   (LST)  VALUE       VALUE  FROM      YEAR
                                                  NORMAL
..................................................................
TEMPERATURE (F)
 YESTERDAY
  MAXIMUM         65    310 PM  79    1942  63      2       54
  MINIMUM         38   1101 PM  16    1887  41     -3       46
  AVERAGE         52                        52      0       50

PRECIPITATION (IN)
  YESTERDAY        0.00          2.55 1962   0.14  -0.14      T
  MONTH TO DATE    0.98                      2.60  -1.62     0.81
  SINCE SEP 1      9.21                     10.09  -0.88     4.50
  SINCE JAN 1     38.70                     41.38  -2.68    50.66

SNOWFALL (IN)
  YESTERDAY        0.0           0.0  2001   0.0    0.0      0.0
  MONTH TO DATE    0.0                       0.0    0.0      0.0
  SINCE SEP 1      0.0                       0.0    0.0      0.0
  SINCE JUL 1      0.0                       0.0    0.0      0.0
  SNOW DEPTH       0

DEGREE DAYS
 HEATING
  YESTERDAY       13                        13      0       15
  MONTH TO DATE  361                       213    148      252
  SINCE SEP 1    470                       348    122      361
  SINCE JUL 1    470                       348    122      364
..................................................................


WIND (MPH)
  RESULTANT WIND SPEED   2   RESULTANT WIND DIRECTION   E (80)
  HIGHEST WIND SPEED     9   HIGHEST WIND DIRECTION     N (340)
  HIGHEST GUST SPEED    13   HIGHEST GUST DIRECTION     N (350)
  AVERAGE WIND SPEED     2.8


SKY COVER
  POSSIBLE SUNSHINE  MM
  AVERAGE SKY COVER 0.0


WEATHER CONDITIONS
 THE FOLLOWING WEATHER WAS RECORDED YESTERDAY.
  HAZE


RELATIVE HUMIDITY (PERCENT)
 HIGHEST    92           500 AM
 LOWEST     24           300 PM
 AVERAGE    58

..........................................................


THE ATHENS CLIMATE NORMALS FOR TODAY
                         NORMAL    RECORD    YEAR
 MAXIMUM TEMPERATURE (F)   63        79      2011
                                             1983
 MINIMUM TEMPERATURE (F)   41        16      2008
                                             1937


SUNRISE AND SUNSET
NOVEMBER 22 2014......SUNRISE   712 AM EST   SUNSET   526 PM EST
NOVEMBER 23 2014......SUNRISE   713 AM EST   SUNSET   526 PM EST


-  INDICATES NEGATIVE NUMBERS.
R  INDICATES RECORD WAS SET OR TIED.
MM INDICATES DATA IS MISSING.
T  INDICATES TRACE AMOUNT.




$$
