000
CDUS42 KFFC 230926
CLIAHN


CLIMATE REPORT
NATIONAL WEATHER SERVICE PEACHTREE CITY GA
419 AM EST FRI FEB 23 2018


...................................

...THE ATHENS CLIMATE SUMMARY FOR FEBRUARY 22 2018...

CLIMATE NORMAL PERIOD 1981 TO 2010
CLIMATE RECORD PERIOD 1898 TO 2018


WEATHER ITEM   OBSERVED TIME   RECORD YEAR NORMAL DEPARTURE LAST
                VALUE   (LST)  VALUE       VALUE  FROM      YEAR
                                                  NORMAL
..................................................................
TEMPERATURE (F)
 YESTERDAY
  MAXIMUM         83R   322 PM  78    1922  60     23       67
  MINIMUM         62   1159 PM  11    1963  38     24       57
  AVERAGE         73                        49     24       62

PRECIPITATION (IN)
  YESTERDAY        0.00          2.35 1962   0.16  -0.16     0.00
  MONTH TO DATE    4.87                      3.52   1.35     1.15
  SINCE DEC 1     12.25                     11.30   0.95    10.08
  SINCE JAN 1      9.50                      7.57   1.93     7.66

SNOWFALL (IN)
  YESTERDAY        0.0           0.0  2002   0.0    0.0      0.0
  MONTH TO DATE    0.0                       0.5   -0.5      0.0
  SINCE DEC 1      1.1                       2.0   -0.9      0.0
  SINCE JUL 1      1.1                       2.0   -0.9      0.0
  SNOW DEPTH       0

DEGREE DAYS
 HEATING
  YESTERDAY        0                        16    -16        3
  MONTH TO DATE  211                       405   -194      237
  SINCE DEC 1   1519                      1682   -163     1198
  SINCE JUL 1   1977                      2162   -185     1484
..................................................................


WIND (MPH)
  RESULTANT WIND SPEED   3   RESULTANT WIND DIRECTION  SE (140)
  HIGHEST WIND SPEED     8   HIGHEST WIND DIRECTION    SW (240)
  HIGHEST GUST SPEED    13   HIGHEST GUST DIRECTION    SW (210)
  AVERAGE WIND SPEED     3.6


SKY COVER
  POSSIBLE SUNSHINE  MM
  AVERAGE SKY COVER 0.5


WEATHER CONDITIONS
 THE FOLLOWING WEATHER WAS RECORDED YESTERDAY.
  NO SIGNIFICANT WEATHER WAS OBSERVED.


RELATIVE HUMIDITY (PERCENT)
 HIGHEST   100           600 AM
 LOWEST     51           400 PM
 AVERAGE    76

..........................................................


THE ATHENS CLIMATE NORMALS FOR TODAY
                         NORMAL    RECORD    YEAR
 MAXIMUM TEMPERATURE (F)   60        79      2017
                                             2012
                                             1980
 MINIMUM TEMPERATURE (F)   38        18      1939


SUNRISE AND SUNSET
FEBRUARY 23 2018......SUNRISE   709 AM EST   SUNSET   625 PM EST
FEBRUARY 24 2018......SUNRISE   708 AM EST   SUNSET   625 PM EST


-  INDICATES NEGATIVE NUMBERS.
R  INDICATES RECORD WAS SET OR TIED.
MM INDICATES DATA IS MISSING.
T  INDICATES TRACE AMOUNT.




$$
