040
CDUS42 KFFC 180027
CLIAHN


CLIMATE REPORT
NATIONAL WEATHER SERVICE PEACHTREE CITY GA
726 PM EST TUE JAN 17 2017


...................................

...THE ATHENS CLIMATE SUMMARY FOR JANUARY 17 2017...
VALID AS OF 0700 PM LOCAL TIME.

CLIMATE NORMAL PERIOD 1981 TO 2010
CLIMATE RECORD PERIOD 1898 TO 2017


WEATHER ITEM   OBSERVED TIME   RECORD YEAR NORMAL DEPARTURE LAST
                VALUE   (LST)  VALUE       VALUE  FROM      YEAR
                                                  NORMAL
..................................................................
TEMPERATURE (F)
 TODAY
  MAXIMUM         76    205 PM  79    1928  54     22       53
  MINIMUM         55    554 AM   6    1977  33     22       33
  AVERAGE         66                        43     23       43

PRECIPITATION (IN)
  TODAY            0.00          1.97 1980   0.12  -0.12      T
  MONTH TO DATE    2.85                      2.11   0.74     1.57
  SINCE DEC 1      5.27                      5.84  -0.57    13.94
  SINCE JAN 1      2.85                      2.11   0.74     1.57

SNOWFALL (IN)
  TODAY            0.0           0.0  2002   0.0    0.0      0.0
  MONTH TO DATE    0.0                       0.7   -0.7      0.0
  SINCE DEC 1      0.0                       0.8   -0.8      0.0
  SINCE JUL 1      0.0                       0.8   -0.8      0.0
  SNOW DEPTH       0

DEGREE DAYS
 HEATING
  TODAY            0                        22    -22       22
  MONTH TO DATE  254                       374   -120      376
  SINCE DEC 1    800                       984   -184      655
  SINCE JUL 1   1086                      1464   -378     1015

 COOLING
  TODAY            1                         0      1        0
  MONTH TO DATE    1                         0      1        0
  SINCE DEC 1      1                         1      0       19
  SINCE JAN 1      1                         0      1        0
..................................................................


WIND (MPH)
  HIGHEST WIND SPEED    14   HIGHEST WIND DIRECTION    SW (240)
  HIGHEST GUST SPEED    22   HIGHEST GUST DIRECTION    SW (220)
  AVERAGE WIND SPEED     4.4


SKY COVER
  AVERAGE SKY COVER 0.6


WEATHER CONDITIONS
 THE FOLLOWING WEATHER WAS RECORDED TODAY.
  FOG


RELATIVE HUMIDITY (PERCENT)
 HIGHEST   100          1200 AM
 LOWEST     49           300 PM

..........................................................


THE ATHENS CLIMATE NORMALS FOR TOMORROW
                         NORMAL    RECORD    YEAR
 MAXIMUM TEMPERATURE (F)   54        76      1928
 MINIMUM TEMPERATURE (F)   33        13      2003
                                             1994
                                             1976


SUNRISE AND SUNSET
JANUARY 17 2017.......SUNRISE   738 AM EST   SUNSET   549 PM EST
JANUARY 18 2017.......SUNRISE   737 AM EST   SUNSET   550 PM EST


-  INDICATES NEGATIVE NUMBERS.
R  INDICATES RECORD WAS SET OR TIED.
MM INDICATES DATA IS MISSING.
T  INDICATES TRACE AMOUNT.




$$
