000
CDUS42 KFFC 190025
CLIAHN


CLIMATE REPORT
NATIONAL WEATHER SERVICE PEACHTREE CITY GA
825 PM EDT FRI APR 18 2014


...................................

...THE ATHENS CLIMATE SUMMARY FOR APRIL 18 2014...
VALID AS OF 0800 PM LOCAL TIME.

CLIMATE NORMAL PERIOD 1981 TO 2010
CLIMATE RECORD PERIOD 1898 TO 2014


WEATHER ITEM   OBSERVED TIME   RECORD YEAR NORMAL DEPARTURE LAST
                VALUE   (LST)  VALUE       VALUE  FROM      YEAR
                                                  NORMAL
..................................................................
TEMPERATURE (F)
 TODAY
  MAXIMUM         56    100 PM  90    1942  75    -19       83
                                      1927
  MINIMUM         49    705 PM  32    1936  50     -1       57
  AVERAGE         53                        62     -9       70

PRECIPITATION (IN)
  TODAY            0.31          1.50 1924   0.10   0.21     0.00
  MONTH TO DATE    3.35                      1.92   1.43     1.57
  SINCE MAR 1      6.72                      6.35   0.37     5.92
  SINCE JAN 1     15.36                     14.88   0.48    17.25

SNOWFALL (IN)
  TODAY            0.0           0.0  2002   0.0    0.0      0.0
                                      2001
                                      2000
  MONTH TO DATE    0.0                       0.1   -0.1      0.0
  SINCE MAR 1      0.0                       0.9   -0.9      0.0
  SINCE JUL 1      2.8                       3.0   -0.2      0.0
  SNOW DEPTH       0

DEGREE DAYS
 HEATING
  TODAY           12                         4      8        0
  MONTH TO DATE  103                       107     -4       80
  SINCE MAR 1    512                       447     65      572
  SINCE JUL 1   2974                      2702    272     2587

 COOLING
  TODAY            0                         2     -2        5
  MONTH TO DATE   21                        20      1       37
  SINCE MAR 1     21                        30     -9       39
  SINCE JAN 1     22                        31     -9       42
..................................................................


WIND (MPH)
  HIGHEST WIND SPEED    15   HIGHEST WIND DIRECTION    NE (50)
  HIGHEST GUST SPEED    23   HIGHEST GUST DIRECTION    NE (40)
  AVERAGE WIND SPEED     9.1


SKY COVER
  AVERAGE SKY COVER 0.9


WEATHER CONDITIONS
 THE FOLLOWING WEATHER WAS RECORDED TODAY.
  RAIN
  LIGHT RAIN
  FOG


RELATIVE HUMIDITY (PERCENT)
 HIGHEST    93           600 PM
 LOWEST     47          1200 AM

..........................................................


THE ATHENS CLIMATE NORMALS FOR TOMORROW
                         NORMAL    RECORD    YEAR
 MAXIMUM TEMPERATURE (F)   75        91      1917
 MINIMUM TEMPERATURE (F)   50        30      1983


SUNRISE AND SUNSET
APRIL 18 2014.........SUNRISE   659 AM EDT   SUNSET   807 PM EDT
APRIL 19 2014.........SUNRISE   658 AM EDT   SUNSET   808 PM EDT


-  INDICATES NEGATIVE NUMBERS.
R  INDICATES RECORD WAS SET OR TIED.
MM INDICATES DATA IS MISSING.
T  INDICATES TRACE AMOUNT.




$$
