000
CDUS42 KFFC 040820
CLIAHN


CLIMATE REPORT
NATIONAL WEATHER SERVICE PEACHTREE CITY GA
419 AM EDT FRI SEP 4 2015


...................................

...THE ATHENS CLIMATE SUMMARY FOR SEPTEMBER 3 2015...

CLIMATE NORMAL PERIOD 1981 TO 2010
CLIMATE RECORD PERIOD 1898 TO 2015


WEATHER ITEM   OBSERVED TIME   RECORD YEAR NORMAL DEPARTURE LAST
                VALUE   (LST)  VALUE       VALUE  FROM      YEAR
                                                  NORMAL
..................................................................
TEMPERATURE (F)
 YESTERDAY
  MAXIMUM         91    255 PM 102    1925  88      3       96
  MINIMUM         72    624 AM  55    1967  67      5       71
                                      1952
  AVERAGE         82                        77      5       84

PRECIPITATION (IN)
  YESTERDAY        0.00          4.10 1928   0.12  -0.12     0.03
  MONTH TO DATE    0.00                      0.34  -0.34     0.03
  SINCE SEP 1      0.00                      0.34  -0.34     0.03
  SINCE JAN 1     35.02                     31.63   3.39    29.52

DEGREE DAYS
 HEATING
  YESTERDAY        0                         0      0        0
  MONTH TO DATE    0                         0      0        0
  SINCE SEP 1      0                         0      0        0
  SINCE JUL 1      0                         0      0        0

 COOLING
  YESTERDAY       17                        12      5       19
  MONTH TO DATE   45                        37      8       57
  SINCE SEP 1     45                        37      8       57
  SINCE JAN 1   1842                      1592    250     1642
..................................................................


WIND (MPH)
  RESULTANT WIND SPEED   1   RESULTANT WIND DIRECTION   E (90)
  HIGHEST WIND SPEED     8   HIGHEST WIND DIRECTION    NE (40)
  HIGHEST GUST SPEED    11   HIGHEST GUST DIRECTION    NE (30)
  AVERAGE WIND SPEED     1.9


SKY COVER
  POSSIBLE SUNSHINE  MM
  AVERAGE SKY COVER 0.2


WEATHER CONDITIONS
 THE FOLLOWING WEATHER WAS RECORDED YESTERDAY.
  NO SIGNIFICANT WEATHER WAS OBSERVED.


RELATIVE HUMIDITY (PERCENT)
 HIGHEST    93          1200 AM
 LOWEST     55           400 PM
 AVERAGE    74

..........................................................


THE ATHENS CLIMATE NORMALS FOR TODAY
                         NORMAL    RECORD    YEAR
 MAXIMUM TEMPERATURE (F)   87       107      1925
 MINIMUM TEMPERATURE (F)   67        55      1994
                                             1952


SUNRISE AND SUNSET
SEPTEMBER  4 2015.....SUNRISE   709 AM EDT   SUNSET   755 PM EDT
SEPTEMBER  5 2015.....SUNRISE   709 AM EDT   SUNSET   754 PM EDT


-  INDICATES NEGATIVE NUMBERS.
R  INDICATES RECORD WAS SET OR TIED.
MM INDICATES DATA IS MISSING.
T  INDICATES TRACE AMOUNT.




$$
