000
CDUS45 KCYS 060748
CLIAIA


CLIMATE REPORT
NATIONAL WEATHER SERVICE CHEYENNE WY
148 AM MDT MON JUL 6 2015


...................................

...THE ALLIANCE NE AIRPORT CLIMATE SUMMARY FOR JULY 5 2015...

CLIMATE NORMAL PERIOD 1981 TO 2010
CLIMATE RECORD PERIOD 1896 TO 2015


WEATHER ITEM   OBSERVED TIME   RECORD YEAR NORMAL DEPARTURE LAST
                VALUE   (LST)  VALUE       VALUE  FROM      YEAR
                                                  NORMAL
..................................................................
TEMPERATURE (F)
 YESTERDAY
  MAXIMUM         93    215 PM 106    1936  87      6       98
  MINIMUM         62   1159 PM  41    1908  55      7       53
  AVERAGE         78                        71      7       76

PRECIPITATION (IN)
  YESTERDAY        0.27          1.70 1919   0.07   0.20     0.00
  MONTH TO DATE    0.98                      0.39   0.59     0.01
  SINCE JAN 1     16.18                      8.78   7.40    12.19

DEGREE DAYS
 HEATING
  YESTERDAY        0                         1     -1        0
  MONTH TO DATE    0                         5     -5       10
  SINCE JUN 1      9                        98    -89      109
  SINCE JUL 1      0                         5     -5       10

 COOLING
  YESTERDAY       13                         6      7       11
  MONTH TO DATE   42                        30     12       25
  SINCE JUN 1    146                       118     28       61
  SINCE JAN 1    146                       128     18       75
..................................................................


WIND (MPH)
  HIGHEST WIND SPEED    30   HIGHEST WIND DIRECTION    NW (300)
  HIGHEST GUST SPEED    36   HIGHEST GUST DIRECTION    NW (300)
  AVERAGE WIND SPEED    11.1


SKY COVER
  AVERAGE SKY COVER 0.3


WEATHER CONDITIONS
 THE FOLLOWING WEATHER WAS RECORDED YESTERDAY.
  THUNDERSTORM
  RAIN
  LIGHT RAIN
  FOG


RELATIVE HUMIDITY (PERCENT)
 HIGHEST   100           900 PM
 LOWEST     30           200 PM
 AVERAGE    65

..........................................................


THE ALLIANCE NE AIRPORT CLIMATE NORMALS FOR TODAY
                         NORMAL    RECORD    YEAR
 MAXIMUM TEMPERATURE (F)   87       106      1989
                                             1973
 MINIMUM TEMPERATURE (F)   55        36      1904


SUNRISE AND SUNSET
JULY  6 2015..........SUNRISE   522 AM MDT   SUNSET   830 PM MDT
JULY  7 2015..........SUNRISE   523 AM MDT   SUNSET   829 PM MDT


-  INDICATES NEGATIVE NUMBERS.
R  INDICATES RECORD WAS SET OR TIED.
MM INDICATES DATA IS MISSING.
T  INDICATES TRACE AMOUNT.




$$
