000
CDUS45 KCYS 280729
CLIAIA


CLIMATE REPORT
NATIONAL WEATHER SERVICE CHEYENNE WY
128 AM MDT THU APR 28 2016


...................................

...THE ALLIANCE NE AIRPORT CLIMATE SUMMARY FOR APRIL 27 2016...

CLIMATE NORMAL PERIOD 1981 TO 2010
CLIMATE RECORD PERIOD 1896 TO 2016


WEATHER ITEM   OBSERVED TIME   RECORD YEAR NORMAL DEPARTURE LAST
                VALUE   (LST)  VALUE       VALUE  FROM      YEAR
                                                  NORMAL
..................................................................
TEMPERATURE (F)
 YESTERDAY
  MAXIMUM         49    101 PM  89    1910  64    -15       62
  MINIMUM         31   1159 PM  15    1994  33     -2       39
  AVERAGE         40                        48     -8       51

PRECIPITATION (IN)
  YESTERDAY        0.08          0.86 2012   0.05   0.03     0.00
  MONTH TO DATE    1.86                      1.29   0.57     2.45
  SINCE JAN 1      3.74                      2.70   1.04     3.43

DEGREE DAYS
 HEATING
  YESTERDAY       25                        17      8       14
  MONTH TO DATE  490                       554    -64      517
  SINCE MAR 1   1294                      1436   -142     1237
  SINCE JUL 1   6369                      6840   -471     6464

 COOLING
  YESTERDAY        0                         0      0        0
  MONTH TO DATE    0                         0      0        0
  SINCE MAR 1      0                         0      0        0
  SINCE JAN 1      0                         0      0        0
..................................................................


WIND (MPH)
  HIGHEST WIND SPEED    30   HIGHEST WIND DIRECTION     N (340)
  HIGHEST GUST SPEED    39   HIGHEST GUST DIRECTION     N (340)
  AVERAGE WIND SPEED    17.5


SKY COVER
  AVERAGE SKY COVER 1.0


WEATHER CONDITIONS
 THE FOLLOWING WEATHER WAS RECORDED YESTERDAY.
  LIGHT RAIN
  FOG


RELATIVE HUMIDITY (PERCENT)
 HIGHEST    96          1200 AM
 LOWEST     76           200 PM
 AVERAGE    86

..........................................................


THE ALLIANCE NE AIRPORT CLIMATE NORMALS FOR TODAY
                         NORMAL    RECORD    YEAR
 MAXIMUM TEMPERATURE (F)   64        91      1910
 MINIMUM TEMPERATURE (F)   33        17      1998


SUNRISE AND SUNSET
APRIL 28 2016.........SUNRISE   550 AM MDT   SUNSET   747 PM MDT
APRIL 29 2016.........SUNRISE   549 AM MDT   SUNSET   749 PM MDT


-  INDICATES NEGATIVE NUMBERS.
R  INDICATES RECORD WAS SET OR TIED.
MM INDICATES DATA IS MISSING.
T  INDICATES TRACE AMOUNT.




$$
