000
CDAK48 PAKN 240924
CLIAKN

CLIMATE REPORT
NATIONAL WEATHER SERVICE KING SALMON, AK
125 AM AKDT SUN JUL 24 2016

...................................
...THE KING SALMON AP CLIMATE SUMMARY FOR JULY 23 2016...

CLIMATE NORMAL PERIOD  1981 TO  2010
CLIMATE RECORD PERIOD  1917 TO  2016

WEATHER ITEM   OBSERVED TIME    RECORD YEAR NORMAL DEPARTURE LAST
               VALUE    (LST)   VALUE       VALUE  FROM      YEAR
                                                   NORMAL
...................................................................
TEMPERATURE
YESTERDAY
 MAXIMUM            64  0222 PM    81  1980     64       0     64
 MINIMUM            53  0656 AM    39  1970     48       5     51
 AVERAGE            59                          56       3     58

PRECIPITATION
(INCHES)
 YESTERDAY        0.17           0.82  2003   0.09    0.08      T
 MONTH TO DATE    2.30                        1.63    0.67   2.23
 SINCE JUN 1      4.58                        3.28    1.30   3.07
 SINCE JAN 1     11.99                        7.98    4.01  10.31

SNOWFALL
(INCHES)
 YESTERDAY         0.0            0.0  2016    0.0     0.0    0.0
 MONTH TO DATE     0.0                         0.0     0.0    0.0
 SINCE JUN 1       0.0                         0.0     0.0    0.0
 SINCE JUL 1       0.0                         0.0     0.0    0.0
 SNOW DEPTH (IN)     0                                          0

DEGREE DAYS
 HEATING
  YESTERDAY          6                           9      -3      7
  MONTH TO DATE    144                         218     -74    174
  SINCE JUN 1      415                         625    -210    423
  SINCE JUL 1      144                         218     -74    174

 COOLING
  YESTERDAY          0                           0       0      0
  MONTH TO DATE      0                           0       0      0
  SINCE JUN 1        0                           0       0      2
  SINCE JAN 1        0                           0       0      2
...................................................................

WIND (MPH)
 HIGHEST WIND SPEED    21     HIGHEST WIND DIRECTION    260
 HIGHEST GUST SPEED    27     HIGHEST GUST DIRECTION    250
 AVERAGE WIND SPEED  10.7

SKY COVER
  POSSIBLE SUNSHINE    MM          AVERAGE SKY COVER     MM

WEATHER CONDITIONS
 THE FOLLOWING WEATHER WAS RECORDED YESTERDAY.
  FOG
RAIN


RELATIVE HUMIDITY
 HIGHEST RH     MM PERCENT       MM
 LOWEST  RH     MM PERCENT       MM
 AVERAGE RH     MM PERCENT       MM
...................................................................

THE KING SALMON CLIMATE NORMALS FOR TODAY
                           NORMAL    RECORD   YEAR
 MAXIMUM TEMPERATURE (F)     64        80     1953
 MINIMUM TEMPERATURE (F)     48        38     1964

SUNRISE AND SUNSET
 JUL 24 2016..........SUNRISE  6:01 AM      SUNSET 11:05 PM
 JUL 25 2016..........SUNRISE  6:03 AM      SUNSET 11:03 PM

-  INDICATES NEGATIVE NUMBERS.
R  INDICATES RECORD HAS BEEN SET OR TIED.
MM INDICATES DATA IS MISSING.
T  INDICATES TRACE OF PRECIPITATION.

&&
-------------------------------------------------------------------

AMOUNT OF DAYLIGHT TODAY  (HOUR:MIN)........17 HOURS 4 MINUTES
GAIN/LOSS SINCE YESTERDAY (HOUR:MIN:SEC)....-0:04:03

$$
DJH JUL 16
