000
CDAK48 PAFC 181301
CLIAKN


CLIMATE REPORT
NATIONAL WEATHER SERVICE ANCHORAGE, AK
500 AM AKDT WED OCT 18 2017


...................................

...THE KING SALMON CLIMATE SUMMARY FOR OCTOBER 17 2017...

CLIMATE NORMAL PERIOD 1981 TO 2010
CLIMATE RECORD PERIOD 1917 TO 2017


WEATHER ITEM   OBSERVED TIME   RECORD YEAR NORMAL DEPARTURE LAST
                VALUE   (LST)  VALUE       VALUE  FROM      YEAR
                                                  NORMAL
..................................................................
TEMPERATURE (F)
 YESTERDAY
  MAXIMUM         44    324 PM  56    2002  41      3       32
  MINIMUM         30   1159 PM   8    1965  25      5       19
  AVERAGE         37                        33      4       26

PRECIPITATION (IN)
  YESTERDAY        T             0.72 2013   0.07  -0.07     0.00
  MONTH TO DATE    2.26                      1.31   0.95     0.66
  SINCE SEP 1      6.20                      4.50   1.70     5.49
  SINCE JAN 1     16.89                     16.10   0.79    23.46

SNOWFALL (IN)
  YESTERDAY        0.0          MM      MM   0.1   -0.1      0.0
  MONTH TO DATE    0.0                       0.9   -0.9       T
  SINCE SEP 1      T                         1.0   -1.0       T
  SINCE JUL 1      T                         1.0   -1.0       T
  SNOW DEPTH       0

DEGREE DAYS
 HEATING
  YESTERDAY       28                        32     -4       39
  MONTH TO DATE  371                       480   -109      337
  SINCE SEP 1    865                      1002   -137      740
  SINCE JUL 1   1362                      1618   -256     1057

 COOLING
  YESTERDAY        0                         0      0        0
  MONTH TO DATE    0                         0      0        0
  SINCE SEP 1      0                         0      0        0
  SINCE JAN 1      1                         1      0        0
..................................................................


WIND (MPH)
  RESULTANT WIND SPEED  11   RESULTANT WIND DIRECTION   N (20)
  HIGHEST WIND SPEED    20   HIGHEST WIND DIRECTION     N (360)
  HIGHEST GUST SPEED    27   HIGHEST GUST DIRECTION     N (10)
  AVERAGE WIND SPEED    11.5



WEATHER CONDITIONS
 THE FOLLOWING WEATHER WAS RECORDED YESTERDAY.
  LIGHT RAIN


RELATIVE HUMIDITY (PERCENT)
 HIGHEST   100
 LOWEST     62
 AVERAGE    81

..........................................................


THE KING SALMON CLIMATE NORMALS FOR TODAY
                         NORMAL    RECORD    YEAR
 MAXIMUM TEMPERATURE (F)   40        53      2013
                                             2004
                                             1988
 MINIMUM TEMPERATURE (F)   25         4      1996


SUNRISE AND SUNSET
OCTOBER 18 2017.......SUNRISE   911 AM AKDT  SUNSET   711 PM AKDT
OCTOBER 19 2017.......SUNRISE   914 AM AKDT  SUNSET   708 PM AKDT


-  INDICATES NEGATIVE NUMBERS.
R  INDICATES RECORD WAS SET OR TIED.
MM INDICATES DATA IS MISSING.
T  INDICATES TRACE AMOUNT.




$$
