000
CDAK48 PAKN 231023
CLIAKN

CLIMATE REPORT
NATIONAL WEATHER SERVICE KING SALMON, AK
123 AM AKST SUN NOV 23 2014

...................................
...THE KING SALMON AP CLIMATE SUMMARY FOR NOVEMBER 22 2014...

CLIMATE NORMAL PERIOD  1981 TO  2010
CLIMATE RECORD PERIOD  1949 TO  2014

WEATHER ITEM   OBSERVED TIME    RECORD YEAR NORMAL DEPARTURE LAST
               VALUE    (LST)   VALUE       VALUE  FROM      YEAR
                                                   NORMAL
...................................................................
TEMPERATURE
YESTERDAY
 MAXIMUM            43  0259 PM    52  2010     29      14     25
 MINIMUM            26  0644 PM   -28  1988     14      12     10
 AVERAGE            35                          21      14     18

PRECIPITATION
(INCHES)
 YESTERDAY        0.01           0.66  1967   0.05   -0.04   0.03
 MONTH TO DATE    1.94                        1.04    0.90   2.43
 SINCE SEP 1      5.69                        6.31   -0.62   9.14
 SINCE JAN 1     19.96                       17.91    2.05  23.23

SNOWFALL
(INCHES)
 YESTERDAY         0.0            3.5  1993    0.2    -0.2    1.4
 MONTH TO DATE       T                         4.5    -4.5    7.7
 SINCE SEP 1       3.5                         7.4    -3.9    7.7
 SINCE JUL 1       3.5                         7.4    -3.9    7.7
 SNOW DEPTH (IN)     0                                          5

DEGREE DAYS
 HEATING
  YESTERDAY         30                          44     -14     47
  MONTH TO DATE    584                         909    -325    792
  SINCE SEP 1     2014                        2409    -395   2002
  SINCE JUL 1     2488                        3021    -533   2505

 COOLING
  YESTERDAY          0                           0       0      0
  MONTH TO DATE      0                           0       0      0
  SINCE SEP 1        0                           0       0      0
  SINCE JAN 1        0                           0       0      4
...................................................................

WIND (MPH)
 HIGHEST WIND SPEED    12     HIGHEST WIND DIRECTION     80
 HIGHEST GUST SPEED    15     HIGHEST GUST DIRECTION     90
 AVERAGE WIND SPEED   4.0

SKY COVER
  POSSIBLE SUNSHINE    MM          AVERAGE SKY COVER     MM

WEATHER CONDITIONS
 THE FOLLOWING WEATHER WAS RECORDED YESTERDAY.
  FOG
GLAZE
RAIN


RELATIVE HUMIDITY
 HIGHEST RH     MM PERCENT       MM
 LOWEST  RH     MM PERCENT       MM
 AVERAGE RH     MM PERCENT       MM
...................................................................

THE KING SALMON CLIMATE NORMALS FOR TODAY
                           NORMAL    RECORD   YEAR
 MAXIMUM TEMPERATURE (F)     29        51     2010
 MINIMUM TEMPERATURE (F)     14       -19     2011

SUNRISE AND SUNSET
 NOV 23 2014..........SUNRISE  9:36 AM      SUNSET  4:51 PM
 NOV 24 2014..........SUNRISE  9:38 AM      SUNSET  4:49 PM

-  INDICATES NEGATIVE NUMBERS.
R  INDICATES RECORD HAS BEEN SET OR TIED.
MM INDICATES DATA IS MISSING.
T  INDICATES TRACE OF PRECIPITATION.

&&
-------------------------------------------------------------------

AMOUNT OF DAYLIGHT TODAY  (HOUR:MIN)........7 HOURS 15 MINUTES
GAIN/LOSS SINCE YESTERDAY (HOUR:MIN:SEC)....-0:03:47

$$
DJH NOV 14
