000
CDAK48 PAKN 290049
CLIAKN


CLIMATE REPORT
NATIONAL WEATHER SERVICE ANCHORAGE, AK
449 PM AKDT WED JUN 28 2017


...................................

...THE KING SALMON CLIMATE SUMMARY FOR JUNE 28 2017...
VALID TODAY AS OF 0400 PM LOCAL TIME.

CLIMATE NORMAL PERIOD 1981 TO 2010
CLIMATE RECORD PERIOD 1917 TO 2017


WEATHER ITEM   OBSERVED TIME   RECORD YEAR NORMAL DEPARTURE LAST
                VALUE   (LST)  VALUE       VALUE  FROM      YEAR
                                                  NORMAL
..................................................................
TEMPERATURE (F)
 TODAY
  MAXIMUM         62        MM  83    1997  63     -1       72
  MINIMUM         49        MM  35    1965  45      4       50
  AVERAGE         56                        54      2       61

PRECIPITATION (IN)
  TODAY            0.04          0.35 1992   0.07  -0.03     0.00
  MONTH TO DATE    2.38                      1.53   0.85     2.28
  SINCE JUN 1      2.38                      1.53   0.85     2.28
  SINCE JAN 1      5.45                      6.23  -0.78     9.69

SNOWFALL (IN)
  TODAY            0.0          MM      MM   0.0    0.0      0.0
  MONTH TO DATE    0.0                       0.0    0.0      0.0
  SINCE JUN 1      0.0                       0.0    0.0      0.0
  SINCE JUL 1     26.0                      46.6  -20.6     13.1
  SNOW DEPTH       0

DEGREE DAYS
 HEATING
  TODAY            9                        11     -2        4
  MONTH TO DATE  313                       385    -72      244
  SINCE JUN 1    313                       385    -72      244
  SINCE JUL 1  10454                     10856   -402     7983

 COOLING
  TODAY            0                         0      0        0
  MONTH TO DATE    0                         0      0        0
  SINCE JUN 1      0                         0      0        0
  SINCE JAN 1      0                         0      0        0
..................................................................


WIND (MPH)
  RESULTANT WIND SPEED   4   RESULTANT WIND DIRECTION  SE (150)
  HIGHEST WIND SPEED    15   HIGHEST WIND DIRECTION     E (100)
  HIGHEST GUST SPEED    MM   HIGHEST GUST DIRECTION    MM
  AVERAGE WIND SPEED     6.2



WEATHER CONDITIONS
 THE FOLLOWING WEATHER WAS RECORDED TODAY.
  LIGHT RAIN
  FOG


RELATIVE HUMIDITY (PERCENT)
 HIGHEST    93
 LOWEST     60
 AVERAGE    77

..........................................................


THE KING SALMON CLIMATE NORMALS FOR TOMORROW
                         NORMAL    RECORD    YEAR
 MAXIMUM TEMPERATURE (F)   63        81      1997
 MINIMUM TEMPERATURE (F)   45        34      1952


SUNRISE AND SUNSET
JUNE 28 2017..........SUNRISE   520 AM AKDT  SUNSET  1139 PM AKDT
JUNE 29 2017..........SUNRISE   521 AM AKDT  SUNSET  1139 PM AKDT


-  INDICATES NEGATIVE NUMBERS.
R  INDICATES RECORD WAS SET OR TIED.
MM INDICATES DATA IS MISSING.
T  INDICATES TRACE AMOUNT.




$$
