000
CDAK48 PAKN 050014
CLIAKN

CLIMATE REPORT
NATIONAL WEATHER SERVICE KING SALMON, AK
414 PM AKDT TUE AUG 4 2015

...................................
...THE KING SALMON AP CLIMATE SUMMARY FOR AUGUST 4 2015...
VALID TODAY AS OF 2:00 PM LOCAL TIME

CLIMATE NORMAL PERIOD  1981 TO  2010
CLIMATE RECORD PERIOD  1917 TO  2015

WEATHER ITEM   OBSERVED TIME    RECORD YEAR NORMAL DEPARTURE LAST
               VALUE    (LST)   VALUE       VALUE  FROM      YEAR
                                                   NORMAL
...................................................................
TEMPERATURE
TODAY
 MAXIMUM            71  1121 AM    78  1997     64       7     69
 MINIMUM            48  0459 AM    37  2003     48       0     45
 AVERAGE            60                          56       4     57

PRECIPITATION
(INCHES)
 TODAY            0.00           1.15  1987   0.09   -0.09   0.00
 MONTH TO DATE       T                        0.36   -0.36   0.05
 SINCE JUN 1      3.95                        4.31   -0.36   5.68
 SINCE JAN 1     11.19                        9.01    2.18  10.81

SNOWFALL
(INCHES)
 TODAY             0.0            0.0  2015    0.0     0.0    0.0
 MONTH TO DATE     0.0                         0.0     0.0    0.0
 SINCE JUN 1       0.0                         0.0     0.0    0.0
 SINCE JUL 1       0.0                         0.0     0.0    0.0
 SNOW DEPTH (IN)     0                                          0

DEGREE DAYS
 HEATING
  TODAY              5                           9      -4      8
  MONTH TO DATE      7                          36     -29     20
  SINCE JUN 1      486                         733    -247    689
  SINCE JUL 1      237                         326     -89    258

 COOLING
  TODAY              0                           0       0      0
  MONTH TO DATE      0                           0       0      0
  SINCE JUN 1        2                           0       2      0
  SINCE JAN 1        2                           0       2      0
...................................................................

WIND (MPH)
 HIGHEST WIND SPEED    15     HIGHEST WIND DIRECTION    100
 HIGHEST GUST SPEED    21     HIGHEST GUST DIRECTION     70
 AVERAGE WIND SPEED    MM

SKY COVER
  POSSIBLE SUNSHINE  MM            AVERAGE SKY COVER MM

WEATHER CONDITIONS
 THE FOLLOWING WEATHER WAS RECORDED TODAY.
 NO SIGNIFICANT WEATHER WAS OBSERVED.

RELATIVE HUMIDITY
 HIGHEST RH     MM PERCENT       MM
 LOWEST  RH     MM PERCENT       MM
 AVERAGE RH     MM PERCENT       MM
...................................................................

THE KING SALMON CLIMATE NORMALS FOR TOMORROW
                        NORMAL    RECORD   YEAR
 MAXIMUM TEMPERATURE      64        84     1968
 MINIMUM TEMPERATURE      48        35     1982

SUNRISE AND SUNSET
 AUG 4 2015..........SUNRISE  6:23 AM      SUNSET 10:42 PM
 AUG 5 2015..........SUNRISE  6:25 AM      SUNSET 10:40 PM

-  INDICATES NEGATIVE NUMBERS.
R  INDICATES RECORD HAS BEEN SET OR TIED.
MM INDICATES DATA IS MISSING.
T  INDICATES TRACE OF PRECIPITATION.

&&
-------------------------------------------------------------------

AMOUNT OF DAYLIGHT TODAY  (HOUR:MIN)........16 HOURS 19 MINUTES
LOSS SINCE YESTERDAY (HOUR:MIN:SEC)....-0:04:34

$$
JML AUG 15
