817
CDAK48 PAFC 281258
CLIAKN

CLIMATE REPORT
NATIONAL WEATHER SERVICE ANCHORAGE, AK
355 AM AKST TUE FEB 28 2017


...................................

...THE KING SALMON CLIMATE SUMMARY FOR FEBRUARY 27 2017...

CLIMATE NORMAL PERIOD 1981 TO 2010
CLIMATE RECORD PERIOD 1917 TO 2017


WEATHER ITEM   OBSERVED TIME   RECORD YEAR NORMAL DEPARTURE LAST
                VALUE   (LST)  VALUE       VALUE  FROM      YEAR
                                                  NORMAL
..................................................................
TEMPERATURE (F)
 YESTERDAY
  MAXIMUM         34    107 AM  57    1991  29      5       42
  MINIMUM         19    855 PM -40    1954  13      6       34
  AVERAGE         27                        21      6       38

PRECIPITATION (IN)
  YESTERDAY        T             0.31 2009   0.03  -0.03      T
  MONTH TO DATE    1.05                      0.74   0.31     0.94
  SINCE DEC 1      2.29                      2.99  -0.70     2.92
  SINCE JAN 1      1.20                      1.76  -0.56     1.42

SNOWFALL (IN)
  YESTERDAY        T            MM      MM   0.2   -0.2     MM
  MONTH TO DATE    9.2                       5.8    3.4      0.0
  SINCE DEC 1     17.7                      25.5   -7.8      0.0
  SINCE JUL 1     22.3                      35.3  -13.0     13.1
  SNOW DEPTH       T

DEGREE DAYS
 HEATING
  YESTERDAY       38                        44     -6       27
  MONTH TO DATE 1318                      1248     70      813
  SINCE DEC 1   4356                      4199    157     3041
  SINCE JUL 1   7082                      7576   -494     5638

 COOLING
  YESTERDAY        0                         0      0        0
  MONTH TO DATE    0                         0      0        0
  SINCE DEC 1      0                         0      0        0
  SINCE JAN 1      0                         0      0        0
..................................................................


WIND (MPH)
  RESULTANT WIND SPEED  11   RESULTANT WIND DIRECTION   W (270)
  HIGHEST WIND SPEED    31   HIGHEST WIND DIRECTION     N (350)
  HIGHEST GUST SPEED    40   HIGHEST GUST DIRECTION     N (340)
  AVERAGE WIND SPEED    12.1



WEATHER CONDITIONS
 THE FOLLOWING WEATHER WAS RECORDED YESTERDAY.
  LIGHT SNOW
  FOG
  HAZE


RELATIVE HUMIDITY (PERCENT)
 HIGHEST   100
 LOWEST     55
 AVERAGE    78

..........................................................


THE KING SALMON CLIMATE NORMALS FOR TODAY
                         NORMAL    RECORD    YEAR
 MAXIMUM TEMPERATURE (F)   30        51      1991
                                             1943
 MINIMUM TEMPERATURE (F)   13       -31      1956


SUNRISE AND SUNSET
FEBRUARY 28 2017......SUNRISE   824 AM AKST  SUNSET   655 PM AKST
MARCH  1 2017.........SUNRISE   821 AM AKST  SUNSET   658 PM AKST

CIVIL TWILIGHT
FEBRUARY 28 2017        START    744 AM GMT     END    736 PM GMT
MARCH 1 2017            START    741 AM GMT     END    739 PM GMT



-  INDICATES NEGATIVE NUMBERS.
R  INDICATES RECORD WAS SET OR TIED.
MM INDICATES DATA IS MISSING.
T  INDICATES TRACE AMOUNT.




$$
&&
------------------------------------------------------
AMOUNT OF DAYLIGHT TODAY  (HOUR:MIN)........10:31
GAIN/LOSS SINCE YESTERDAY (HOUR:MIN:SEC)....+0:05:09

$$
