000
CDUS45 KBOU 210725
CLIAKO


CLIMATE REPORT
NATIONAL WEATHER SERVICE BOULDER, CO
1225 AM MST SUN DEC 21 2014


...................................

...THE AKRON CO CLIMATE SUMMARY FOR DECEMBER 20 2014...

CLIMATE NORMAL PERIOD 1981 TO 2010
CLIMATE RECORD PERIOD 9999 TO 9999


WEATHER ITEM   OBSERVED TIME   RECORD YEAR NORMAL DEPARTURE LAST
                VALUE   (LST)  VALUE       VALUE  FROM      YEAR
                                                  NORMAL
..................................................................
TEMPERATURE (F)
 YESTERDAY
  MAXIMUM         47    232 PM  66    1941  39      8
  MINIMUM         24    717 AM -16    1983  16      8
  AVERAGE         36                        28      8

PRECIPITATION (IN)
  YESTERDAY        0.00          0.02 1983   0.01  -0.01     0.00
  MONTH TO DATE    0.20                      0.29  -0.09     0.02
  SINCE DEC 1      0.20                      0.29  -0.09     0.02
  SINCE JAN 1     18.31                     16.63   1.68    16.98

DEGREE DAYS
 HEATING
  YESTERDAY       29
  MONTH TO DATE  606

 COOLING
  YESTERDAY        0
  MONTH TO DATE    0
..................................................................


WIND (MPH)
  HIGHEST WIND SPEED    17   HIGHEST WIND DIRECTION     W (260)
  HIGHEST GUST SPEED    20   HIGHEST GUST DIRECTION    SW (230)




RELATIVE HUMIDITY (PERCENT)
 HIGHEST    75
 LOWEST     37
 AVERAGE    56

..........................................................


THE AKRON CO CLIMATE NORMALS FOR TODAY
                         NORMAL    RECORD    YEAR
 MAXIMUM TEMPERATURE (F)   39        63      1982
 MINIMUM TEMPERATURE (F)   16       -23      1983


SUNRISE AND SUNSET
DECEMBER 21 2014......SUNRISE   712 AM MST   SUNSET   430 PM MST
DECEMBER 22 2014......SUNRISE   712 AM MST   SUNSET   431 PM MST


-  INDICATES NEGATIVE NUMBERS.
R  INDICATES RECORD WAS SET OR TIED.
MM INDICATES DATA IS MISSING.
T  INDICATES TRACE AMOUNT.




$$
