000
CDUS45 KBOU 260725
CLIAKO


CLIMATE REPORT
NATIONAL WEATHER SERVICE DENVER/BOULDER CO
125 AM MDT MON JUN 26 2017


...................................

...THE AKRON CO CLIMATE SUMMARY FOR JUNE 25 2017...

CLIMATE NORMAL PERIOD 1981 TO 2010
CLIMATE RECORD PERIOD 9999 TO 9999


WEATHER ITEM   OBSERVED TIME   RECORD YEAR NORMAL DEPARTURE LAST
                VALUE   (LST)  VALUE       VALUE  FROM      YEAR
                                                  NORMAL
..................................................................
TEMPERATURE (F)
 YESTERDAY
  MAXIMUM         70    355 PM 106    2012  85    -15
  MINIMUM         53   1019 AM  37    1958  56     -3
  AVERAGE         62                        71     -9

PRECIPITATION (IN)
  YESTERDAY        T             1.73   MM   0.06  -0.06     0.00
  MONTH TO DATE    0.60                      2.13  -1.53     2.59
  SINCE JUN 1      0.60                      2.13  -1.53     2.59
  SINCE JAN 1      7.25                      8.31  -1.06     9.10

DEGREE DAYS
 HEATING
  YESTERDAY        3
  MONTH TO DATE   15

 COOLING
  YESTERDAY        0
  MONTH TO DATE  121
..................................................................


WIND (MPH)
  HIGHEST WIND SPEED    20   HIGHEST WIND DIRECTION    SE (150)
  HIGHEST GUST SPEED    24   HIGHEST GUST DIRECTION    SE (130)




RELATIVE HUMIDITY (PERCENT)
 HIGHEST    93
 LOWEST     53
 AVERAGE    73

..........................................................


THE AKRON CO CLIMATE NORMALS FOR TODAY
                         NORMAL    RECORD    YEAR
 MAXIMUM TEMPERATURE (F)   85       107      2012
 MINIMUM TEMPERATURE (F)   57        37      1968


SUNRISE AND SUNSET
JUNE 26 2017..........SUNRISE   525 AM MDT   SUNSET   826 PM MDT
JUNE 27 2017..........SUNRISE   526 AM MDT   SUNSET   826 PM MDT


-  INDICATES NEGATIVE NUMBERS.
R  INDICATES RECORD WAS SET OR TIED.
MM INDICATES DATA IS MISSING.
T  INDICATES TRACE AMOUNT.




$$
