000
CDUS45 KBOU 170725
CLIAKO


CLIMATE REPORT
NATIONAL WEATHER SERVICE BOULDER, CO
125 AM MDT THU APR 17 2014


...................................

...THE AKRON CO CLIMATE SUMMARY FOR APRIL 16 2014...

CLIMATE NORMAL PERIOD 1981 TO 2010
CLIMATE RECORD PERIOD 9999 TO 9999


WEATHER ITEM   OBSERVED TIME   RECORD YEAR NORMAL DEPARTURE LAST
                VALUE   (LST)  VALUE       VALUE  FROM      YEAR
                                                  NORMAL
..................................................................
TEMPERATURE (F)
 YESTERDAY
  MAXIMUM         54    132 PM  83    1985  61     -7
  MINIMUM         34   1159 PM  19    1999  33      1
  AVERAGE         44                        47     -3

PRECIPITATION (IN)
  YESTERDAY        0.00          0.83 1976   0.06  -0.06     0.00
  MONTH TO DATE    0.54                      0.73  -0.19     0.70
  SINCE MAR 1      0.97                      1.60  -0.63     2.19
  SINCE JAN 1      1.40                      2.34  -0.94     2.31

DEGREE DAYS
 HEATING
  YESTERDAY       21
  MONTH TO DATE  322

 COOLING
  YESTERDAY        0
  MONTH TO DATE    0
..................................................................


WIND (MPH)
  HIGHEST WIND SPEED    37   HIGHEST WIND DIRECTION     N (350)
  HIGHEST GUST SPEED    45   HIGHEST GUST DIRECTION     N (350)




RELATIVE HUMIDITY (PERCENT)
 HIGHEST    89
 LOWEST     30
 AVERAGE    60

..........................................................


THE AKRON CO CLIMATE NORMALS FOR TODAY
                         NORMAL    RECORD    YEAR
 MAXIMUM TEMPERATURE (F)   61        87      1948
 MINIMUM TEMPERATURE (F)   34        13      1944


SUNRISE AND SUNSET
APRIL 17 2014.........SUNRISE   612 AM MDT   SUNSET   734 PM MDT
APRIL 18 2014.........SUNRISE   610 AM MDT   SUNSET   735 PM MDT


-  INDICATES NEGATIVE NUMBERS.
R  INDICATES RECORD WAS SET OR TIED.
MM INDICATES DATA IS MISSING.
T  INDICATES TRACE AMOUNT.




$$
