000
CDUS45 KBOU 210725
CLIAKO


CLIMATE REPORT
NATIONAL WEATHER SERVICE DENVER/BOULDER CO
1225 AM MST SAT JAN 21 2017


...................................

...THE AKRON CO CLIMATE SUMMARY FOR JANUARY 20 2017...

CLIMATE NORMAL PERIOD 1981 TO 2010
CLIMATE RECORD PERIOD 9999 TO 9999


WEATHER ITEM   OBSERVED TIME   RECORD YEAR NORMAL DEPARTURE LAST
                VALUE   (LST)  VALUE       VALUE  FROM      YEAR
                                                  NORMAL
..................................................................
TEMPERATURE (F)
 YESTERDAY
  MAXIMUM         39    356 PM  68    1950  40     -1
  MINIMUM         26   1154 PM -12    1984  17      9
  AVERAGE         33                        29      4

PRECIPITATION (IN)
  YESTERDAY        T             0.21 1945   0.01  -0.01     0.00
  MONTH TO DATE    0.11                      0.17  -0.06     0.09
  SINCE DEC 1      0.25                      0.57  -0.32     0.11
  SINCE JAN 1      0.11                      0.17  -0.06     0.09

DEGREE DAYS
 HEATING
  YESTERDAY       32
  MONTH TO DATE  822

 COOLING
  YESTERDAY        0
  MONTH TO DATE    0
..................................................................


WIND (MPH)
  HIGHEST WIND SPEED    16   HIGHEST WIND DIRECTION     W (270)
  HIGHEST GUST SPEED    19   HIGHEST GUST DIRECTION     W (270)




RELATIVE HUMIDITY (PERCENT)
 HIGHEST    81
 LOWEST     61
 AVERAGE    71

..........................................................


THE AKRON CO CLIMATE NORMALS FOR TODAY
                         NORMAL    RECORD    YEAR
 MAXIMUM TEMPERATURE (F)   40        67      1950
 MINIMUM TEMPERATURE (F)   17       -14      1966


SUNRISE AND SUNSET
JANUARY 21 2017.......SUNRISE   710 AM MST   SUNSET   459 PM MST
JANUARY 22 2017.......SUNRISE   709 AM MST   SUNSET   500 PM MST


-  INDICATES NEGATIVE NUMBERS.
R  INDICATES RECORD WAS SET OR TIED.
MM INDICATES DATA IS MISSING.
T  INDICATES TRACE AMOUNT.




$$
