000
CDUS45 KBOU 051226
CLIAKO


CLIMATE REPORT
NATIONAL WEATHER SERVICE BOULDER, CO
626 AM MDT SUN JUL 5 2015


...................................

...THE AKRON CO CLIMATE SUMMARY FOR JULY 4 2015...

CLIMATE NORMAL PERIOD 1981 TO 2010
CLIMATE RECORD PERIOD 9999 TO 9999


WEATHER ITEM   OBSERVED TIME   RECORD YEAR NORMAL DEPARTURE LAST
                VALUE   (LST)  VALUE       VALUE  FROM      YEAR
                                                  NORMAL
..................................................................
TEMPERATURE (F)
 YESTERDAY
  MAXIMUM         93    331 PM 102    1937  88      5
  MINIMUM         62    617 AM  43    1972  59      3
  AVERAGE         78                        73      5

PRECIPITATION (IN)
  YESTERDAY        0.00          1.38 1996   0.07  -0.07     0.04
  MONTH TO DATE    0.48                      0.28   0.20     0.04
  SINCE JUN 1      1.53                      2.74  -1.21     3.86
  SINCE JAN 1      9.54                      8.92   0.62     8.56

DEGREE DAYS
 HEATING
  YESTERDAY        0
  MONTH TO DATE    0

 COOLING
  YESTERDAY       13
  MONTH TO DATE   38
..................................................................


WIND (MPH)
  HIGHEST WIND SPEED    24   HIGHEST WIND DIRECTION    SE (130)
  HIGHEST GUST SPEED    30   HIGHEST GUST DIRECTION    SW (220)




RELATIVE HUMIDITY (PERCENT)
 HIGHEST    93
 LOWEST     27
 AVERAGE    60

..........................................................


THE AKRON CO CLIMATE NORMALS FOR TODAY
                         NORMAL    RECORD    YEAR
 MAXIMUM TEMPERATURE (F)   88       103      1989
 MINIMUM TEMPERATURE (F)   59        46      1972


SUNRISE AND SUNSET
JULY  5 2015..........SUNRISE   529 AM MDT   SUNSET   825 PM MDT
JULY  6 2015..........SUNRISE   530 AM MDT   SUNSET   825 PM MDT


-  INDICATES NEGATIVE NUMBERS.
R  INDICATES RECORD WAS SET OR TIED.
MM INDICATES DATA IS MISSING.
T  INDICATES TRACE AMOUNT.




$$
