000
CDUS45 KBOU 300725
CLIAKO


CLIMATE REPORT
NATIONAL WEATHER SERVICE BOULDER, CO
1225 AM MST FRI JAN 30 2015


...................................

...THE AKRON CO CLIMATE SUMMARY FOR JANUARY 29 2015...

CLIMATE NORMAL PERIOD 1981 TO 2010
CLIMATE RECORD PERIOD 9999 TO 9999


WEATHER ITEM   OBSERVED TIME   RECORD YEAR NORMAL DEPARTURE LAST
                VALUE   (LST)  VALUE       VALUE  FROM      YEAR
                                                  NORMAL
..................................................................
TEMPERATURE (F)
 YESTERDAY
  MAXIMUM         47    337 PM  63    1976  40      7
  MINIMUM         32   1010 PM -15    1949  17     15
  AVERAGE         40                        29     11

PRECIPITATION (IN)
  YESTERDAY        0.00          0.65 1942   0.01  -0.01     0.00
  MONTH TO DATE    0.16                      0.27  -0.11     0.12
  SINCE DEC 1      0.40                      0.67  -0.27     0.14
  SINCE JAN 1      0.16                      0.27  -0.11     0.12

DEGREE DAYS
 HEATING
  YESTERDAY       25
  MONTH TO DATE 1056

 COOLING
  YESTERDAY        0
  MONTH TO DATE    0
..................................................................


WIND (MPH)
  HIGHEST WIND SPEED    20   HIGHEST WIND DIRECTION     N (360)
  HIGHEST GUST SPEED    24   HIGHEST GUST DIRECTION     N (350)




RELATIVE HUMIDITY (PERCENT)
 HIGHEST    75
 LOWEST     28
 AVERAGE    52

..........................................................


THE AKRON CO CLIMATE NORMALS FOR TODAY
                         NORMAL    RECORD    YEAR
 MAXIMUM TEMPERATURE (F)   40        65      1986
 MINIMUM TEMPERATURE (F)   17       -10      1945


SUNRISE AND SUNSET
JANUARY 30 2015.......SUNRISE   704 AM MST   SUNSET   509 PM MST
JANUARY 31 2015.......SUNRISE   703 AM MST   SUNSET   510 PM MST


-  INDICATES NEGATIVE NUMBERS.
R  INDICATES RECORD WAS SET OR TIED.
MM INDICATES DATA IS MISSING.
T  INDICATES TRACE AMOUNT.




$$
