000
CDUS45 KBOU 300725
CLIAKO


CLIMATE REPORT
NATIONAL WEATHER SERVICE DENVER/BOULDER CO
125 AM MDT MON MAY 30 2016


...................................

...THE AKRON CO CLIMATE SUMMARY FOR MAY 29 2016...

CLIMATE NORMAL PERIOD 1981 TO 2010
CLIMATE RECORD PERIOD 9999 TO 9999


WEATHER ITEM   OBSERVED TIME   RECORD YEAR NORMAL DEPARTURE LAST
                VALUE   (LST)  VALUE       VALUE  FROM      YEAR
                                                  NORMAL
..................................................................
TEMPERATURE (F)
 YESTERDAY
  MAXIMUM         79    354 PM  96    2003  75      4
  MINIMUM         44    356 AM  29    1947  48     -4
  AVERAGE         62                        61      1

PRECIPITATION (IN)
  YESTERDAY        0.00          1.68 1938   0.10  -0.10     0.08
  MONTH TO DATE    3.02                      2.71   0.31     6.02
  SINCE MAR 1      6.30                      5.23   1.07     7.73
  SINCE JAN 1      6.41                      5.97   0.44     8.01

DEGREE DAYS
 HEATING
  YESTERDAY        3
  MONTH TO DATE  313

 COOLING
  YESTERDAY        0
  MONTH TO DATE    5
..................................................................


WIND (MPH)
  HIGHEST WIND SPEED    20   HIGHEST WIND DIRECTION    NW (300)
  HIGHEST GUST SPEED    26   HIGHEST GUST DIRECTION     W (290)




RELATIVE HUMIDITY (PERCENT)
 HIGHEST    89
 LOWEST     28
 AVERAGE    59

..........................................................


THE AKRON CO CLIMATE NORMALS FOR TODAY
                         NORMAL    RECORD    YEAR
 MAXIMUM TEMPERATURE (F)   75        94      2002
 MINIMUM TEMPERATURE (F)   48        38      1975


SUNRISE AND SUNSET
MAY 30 2016...........SUNRISE   526 AM MDT   SUNSET   815 PM MDT
MAY 31 2016...........SUNRISE   526 AM MDT   SUNSET   816 PM MDT


-  INDICATES NEGATIVE NUMBERS.
R  INDICATES RECORD WAS SET OR TIED.
MM INDICATES DATA IS MISSING.
T  INDICATES TRACE AMOUNT.




$$
