000
CDUS45 KBOU 130735
CLIAKO


CLIMATE REPORT
NATIONAL WEATHER SERVICE DENVER/BOULDER CO
1233 AM MST WED DEC 13 2017


...................................

...THE AKRON CO CLIMATE SUMMARY FOR DECEMBER 12 2017...

CLIMATE NORMAL PERIOD 1981 TO 2010
CLIMATE RECORD PERIOD 9999 TO 9999


WEATHER ITEM   OBSERVED TIME   RECORD YEAR NORMAL DEPARTURE LAST
                VALUE   (LST)  VALUE       VALUE  FROM      YEAR
                                                  NORMAL
..................................................................
TEMPERATURE (F)
 YESTERDAY
  MAXIMUM         64    229 PM  69    2014  40     24
  MINIMUM         24    228 AM -12    1961  17      7
  AVERAGE         44                        28     16

PRECIPITATION (IN)
  YESTERDAY        0.00          0.26 1952   0.01  -0.01     0.00
  MONTH TO DATE    T                         0.20  -0.20     0.01
  SINCE DEC 1      T                         0.20  -0.20     0.01
  SINCE JAN 1     13.67                     16.54  -2.87    16.66

SNOWFALL (IN)
  YESTERDAY        0.0
  SNOW DEPTH       0

DEGREE DAYS
 HEATING
  YESTERDAY       21
  MONTH TO DATE  318

 COOLING
  YESTERDAY        0
  MONTH TO DATE    0
..................................................................


WIND (MPH)
  HIGHEST WIND SPEED    20   HIGHEST WIND DIRECTION     W (250)
  HIGHEST GUST SPEED    24   HIGHEST GUST DIRECTION     W (260)




RELATIVE HUMIDITY (PERCENT)
 HIGHEST    50
 LOWEST     13
 AVERAGE    32

..........................................................


THE AKRON CO CLIMATE NORMALS FOR TODAY
                         NORMAL    RECORD    YEAR
 MAXIMUM TEMPERATURE (F)   39        62      1988
 MINIMUM TEMPERATURE (F)   16       -11      1963


SUNRISE AND SUNSET
DECEMBER 13 2017......SUNRISE   707 AM MST   SUNSET   428 PM MST
DECEMBER 14 2017......SUNRISE   708 AM MST   SUNSET   428 PM MST


-  INDICATES NEGATIVE NUMBERS.
R  INDICATES RECORD WAS SET OR TIED.
MM INDICATES DATA IS MISSING.
T  INDICATES TRACE AMOUNT.




$$
