000
CDUS45 KBOU 160804
CLIAKO


CLIMATE REPORT
NATIONAL WEATHER SERVICE DENVER/BOULDER CO
203 AM MDT MON OCT 16 2017


...................................

...THE AKRON CO CLIMATE SUMMARY FOR OCTOBER 15 2017...

CLIMATE NORMAL PERIOD 1981 TO 2010
CLIMATE RECORD PERIOD 9999 TO 9999


WEATHER ITEM   OBSERVED TIME   RECORD YEAR NORMAL DEPARTURE LAST
                VALUE   (LST)  VALUE       VALUE  FROM      YEAR
                                                  NORMAL
..................................................................
TEMPERATURE (F)
 YESTERDAY
  MAXIMUM         61    412 PM  87    1938  64     -3
  MINIMUM         26   1234 AM  13    1966  37    -11
  AVERAGE         44                        50     -6

PRECIPITATION (IN)
  YESTERDAY        0.00          0.97 1942   0.04  -0.04     0.00
  MONTH TO DATE    0.47                      0.63  -0.16     0.46
  SINCE SEP 1      1.76                      1.79  -0.03     1.83
  SINCE JAN 1     13.55                     15.28  -1.73    16.56

DEGREE DAYS
 HEATING
  YESTERDAY       21
  MONTH TO DATE  219

 COOLING
  YESTERDAY        0
  MONTH TO DATE    0
..................................................................


WIND (MPH)
  HIGHEST WIND SPEED    14   HIGHEST WIND DIRECTION     S (200)
  HIGHEST GUST SPEED    19   HIGHEST GUST DIRECTION     S (200)




RELATIVE HUMIDITY (PERCENT)
 HIGHEST    78
 LOWEST     20
 AVERAGE    49

..........................................................


THE AKRON CO CLIMATE NORMALS FOR TODAY
                         NORMAL    RECORD    YEAR
 MAXIMUM TEMPERATURE (F)   64        88      1991
 MINIMUM TEMPERATURE (F)   37        14      1969


SUNRISE AND SUNSET
OCTOBER 16 2017.......SUNRISE   705 AM MDT   SUNSET   611 PM MDT
OCTOBER 17 2017.......SUNRISE   706 AM MDT   SUNSET   610 PM MDT


-  INDICATES NEGATIVE NUMBERS.
R  INDICATES RECORD WAS SET OR TIED.
MM INDICATES DATA IS MISSING.
T  INDICATES TRACE AMOUNT.




$$
