000
CDUS41 KALY 290630
CLIALB


CLIMATE REPORT
NATIONAL WEATHER SERVICE ALBANY NY
228 AM EDT WED MAR 29 2017


...................................

...THE ALBANY NY CLIMATE SUMMARY FOR MARCH 28 2017...

CLIMATE NORMAL PERIOD 1981 TO 2010
CLIMATE RECORD PERIOD 1874 TO 2017


WEATHER ITEM   OBSERVED TIME   RECORD YEAR NORMAL DEPARTURE LAST
                VALUE   (LST)  VALUE       VALUE  FROM      YEAR
                                                  NORMAL
..................................................................
TEMPERATURE (F)
 YESTERDAY
  MAXIMUM         51   1107 AM  85    1945  50      1       50
  MINIMUM         38    456 AM   3    1923  30      8       41
  AVERAGE         45                        40      5       46

PRECIPITATION (IN)
  YESTERDAY        0.22          1.73 1932   0.10   0.12     0.36
  MONTH TO DATE    2.74                      2.89  -0.15     1.18
  SINCE MAR 1      2.74                      2.89  -0.15     1.18
  SINCE JAN 1      8.72                      7.68   1.04     6.49

SNOWFALL (IN)
  YESTERDAY        0.0          14.2  1932   0.2   -0.2      0.0
  MONTH TO DATE   17.6                      10.4    7.2      0.2
  SINCE MAR 1     17.6                      10.4    7.2      0.2
  SINCE JUL 1     58.8                      57.3    1.5     10.5
  SNOW DEPTH       0

DEGREE DAYS
 HEATING
  YESTERDAY       20                        25     -5       19
  MONTH TO DATE  945                       855     90      631
  SINCE MAR 1    945                       855     90      631
  SINCE JUL 1   5108                      5799   -691     4560

 COOLING
  YESTERDAY        0                         0      0        0
  MONTH TO DATE    0                         0      0        0
  SINCE MAR 1      0                         0      0        0
  SINCE JAN 1      0                         0      0        0
..................................................................


WIND (MPH)
  HIGHEST WIND SPEED    18   HIGHEST WIND DIRECTION    NE (30)
  HIGHEST GUST SPEED    23   HIGHEST GUST DIRECTION     N (20)
  AVERAGE WIND SPEED     4.5


SKY COVER
  AVERAGE SKY COVER 1.0



RELATIVE HUMIDITY (PERCENT)
 HIGHEST    93
 LOWEST     80
 AVERAGE    87

..........................................................


THE ALBANY NY CLIMATE NORMALS FOR TODAY
                         NORMAL    RECORD    YEAR
 MAXIMUM TEMPERATURE (F)   50        85      1946
 MINIMUM TEMPERATURE (F)   31         0      1923


SUNRISE AND SUNSET
MARCH 29 2017.........SUNRISE   642 AM EDT   SUNSET   718 PM EDT
MARCH 30 2017.........SUNRISE   641 AM EDT   SUNSET   719 PM EDT


-  INDICATES NEGATIVE NUMBERS.
R  INDICATES RECORD WAS SET OR TIED.
MM INDICATES DATA IS MISSING.
T  INDICATES TRACE AMOUNT.




$$
