000
CDUS41 KALY 010623
CLIALB


CLIMATE REPORT
NATIONAL WEATHER SERVICE ALBANY NY
122 AM EST SUN FEB 1 2015


...................................

...THE ALBANY NY CLIMATE SUMMARY FOR JANUARY 31 2015...

CLIMATE NORMAL PERIOD 1981 TO 2010
CLIMATE RECORD PERIOD 1874 TO 2015


WEATHER ITEM   OBSERVED TIME   RECORD YEAR NORMAL DEPARTURE LAST
                VALUE   (LST)  VALUE       VALUE  FROM      YEAR
                                                  NORMAL
..................................................................
TEMPERATURE (F)
 YESTERDAY
  MAXIMUM         14    902 PM  57    1913  32    -18       33
  MINIMUM         -1    755 AM -26    1948  15    -16       22
  AVERAGE          7                        23    -16       28

PRECIPITATION (IN)
  YESTERDAY        T             0.73 2002   0.08  -0.08     0.00
  MONTH TO DATE    2.17                      2.59  -0.42     2.31
  SINCE DEC 1      7.54                      5.52   2.02     5.69
  SINCE JAN 1      2.17                      2.59  -0.42     2.31

SNOWFALL (IN)
  YESTERDAY        T             6.9  2000   0.5   -0.5      0.0
  MONTH TO DATE   15.5                      17.6   -2.1     15.0
  SINCE DEC 1     27.7                      31.3   -3.6     35.0
  SINCE JUL 1     40.0                      34.1    5.9     37.1
  SNOW DEPTH       4

DEGREE DAYS
 HEATING
  YESTERDAY       58                        42     16       37
  MONTH TO DATE 1398                      1318     80     1393
  SINCE DEC 1   2396                      2447    -51     2547
  SINCE JUL 1   3671                      3851   -180     3917

 COOLING
  YESTERDAY        0                         0      0        0
  MONTH TO DATE    0                         0      0        0
  SINCE DEC 1      0                         0      0        0
  SINCE JAN 1      0                         0      0        0
..................................................................


WIND (MPH)
  HIGHEST WIND SPEED    31   HIGHEST WIND DIRECTION     W (280)
  HIGHEST GUST SPEED    39   HIGHEST GUST DIRECTION     W (280)
  AVERAGE WIND SPEED    14.2


SKY COVER
  AVERAGE SKY COVER 0.2



RELATIVE HUMIDITY (PERCENT)
 HIGHEST    66
 LOWEST     38
 AVERAGE    52

..........................................................


THE ALBANY NY CLIMATE NORMALS FOR TODAY
                         NORMAL    RECORD    YEAR
 MAXIMUM TEMPERATURE (F)   32        65      1989
 MINIMUM TEMPERATURE (F)   15       -20      1920


SUNRISE AND SUNSET
FEBRUARY  1 2015......SUNRISE   710 AM EST   SUNSET   508 PM EST
FEBRUARY  2 2015......SUNRISE   709 AM EST   SUNSET   509 PM EST


-  INDICATES NEGATIVE NUMBERS.
R  INDICATES RECORD WAS SET OR TIED.
MM INDICATES DATA IS MISSING.
T  INDICATES TRACE AMOUNT.




$$
