000
CDUS41 KALY 030624
CLIALB


CLIMATE REPORT
NATIONAL WEATHER SERVICE ALBANY NY
123 AM EST SAT DEC 3 2016


...................................

...THE ALBANY NY CLIMATE SUMMARY FOR DECEMBER 2 2016...

CLIMATE NORMAL PERIOD 1981 TO 2010
CLIMATE RECORD PERIOD 1874 TO 2016


WEATHER ITEM   OBSERVED TIME   RECORD YEAR NORMAL DEPARTURE LAST
                VALUE   (LST)  VALUE       VALUE  FROM      YEAR
                                                  NORMAL
..................................................................
TEMPERATURE (F)
 YESTERDAY
  MAXIMUM         49   1219 PM  66    1998  41      8       50
  MINIMUM         36    204 AM  -2    1875  27      9       41
  AVERAGE         43                        34      9       46

PRECIPITATION (IN)
  YESTERDAY        T             1.62 1878   0.11  -0.11     0.47
  MONTH TO DATE    0.26                      0.21   0.05     0.61
  SINCE DEC 1      0.26                      0.21   0.05     0.61
  SINCE JAN 1     31.89                     36.63  -4.74    35.59

SNOWFALL (IN)
  YESTERDAY        0.0           6.2  1949   0.3   -0.3      0.0
  MONTH TO DATE    0.0                       0.6   -0.6      0.0
  SINCE DEC 1      0.0                       0.6   -0.6      0.0
  SINCE JUL 1      2.3                       3.7   -1.4       T
  SNOW DEPTH       0

DEGREE DAYS
 HEATING
  YESTERDAY       22                        31     -9       19
  MONTH TO DATE   43                        62    -19       50
  SINCE DEC 1     43                        62    -19       50
  SINCE JUL 1   1199                      1466   -267     1133

 COOLING
  YESTERDAY        0                         0      0        0
  MONTH TO DATE    0                         0      0        0
  SINCE DEC 1      0                         0      0        0
  SINCE JAN 1    902                       598    304      906
..................................................................


WIND (MPH)
  HIGHEST WIND SPEED    25   HIGHEST WIND DIRECTION     W (290)
  HIGHEST GUST SPEED    32   HIGHEST GUST DIRECTION     W (290)
  AVERAGE WIND SPEED    10.7


SKY COVER
  AVERAGE SKY COVER 0.7



RELATIVE HUMIDITY (PERCENT)
 HIGHEST    76
 LOWEST     45
 AVERAGE    61

..........................................................


THE ALBANY NY CLIMATE NORMALS FOR TODAY
                         NORMAL    RECORD    YEAR
 MAXIMUM TEMPERATURE (F)   41        63      2009
 MINIMUM TEMPERATURE (F)   26        -1      1976


SUNRISE AND SUNSET
DECEMBER  3 2016......SUNRISE   708 AM EST   SUNSET   422 PM EST
DECEMBER  4 2016......SUNRISE   709 AM EST   SUNSET   422 PM EST


-  INDICATES NEGATIVE NUMBERS.
R  INDICATES RECORD WAS SET OR TIED.
MM INDICATES DATA IS MISSING.
T  INDICATES TRACE AMOUNT.




$$
