000
CDUS41 KALY 050626
CLIALB


CLIMATE REPORT
NATIONAL WEATHER SERVICE ALBANY NY
226 AM EDT SUN JUL 5 2015


...................................

...THE ALBANY NY CLIMATE SUMMARY FOR JULY 4 2015...

CLIMATE NORMAL PERIOD 1981 TO 2010
CLIMATE RECORD PERIOD 1874 TO 2015


WEATHER ITEM   OBSERVED TIME   RECORD YEAR NORMAL DEPARTURE LAST
                VALUE   (LST)  VALUE       VALUE  FROM      YEAR
                                                  NORMAL
..................................................................
TEMPERATURE (F)
 YESTERDAY
  MAXIMUM         70    533 PM 104    1911  82    -12       73
  MINIMUM         58   1159 PM  44    1971  61     -3       63
  AVERAGE         64                        71     -7       68

PRECIPITATION (IN)
  YESTERDAY        0.30          1.15 1999   0.13   0.17     0.44
  MONTH TO DATE    0.39                      0.51  -0.12     1.92
  SINCE JUN 1      7.09                      4.30   2.79     6.69
  SINCE JAN 1     15.81                     19.08  -3.27    20.25

DEGREE DAYS
 HEATING
  YESTERDAY        1                         0      1        0
  MONTH TO DATE    1                         0      1        0
  SINCE JUN 1     52                        52      0       12
  SINCE JUL 1      1                         0      1        0

 COOLING
  YESTERDAY        0                         7     -7        3
  MONTH TO DATE   10                        25    -15       47
  SINCE JUN 1    121                       143    -22      195
  SINCE JAN 1    244                       173     71      230
..................................................................


WIND (MPH)
  HIGHEST WIND SPEED     8   HIGHEST WIND DIRECTION     S (160)
  HIGHEST GUST SPEED    14   HIGHEST GUST DIRECTION    SE (130)
  AVERAGE WIND SPEED     1.9


SKY COVER
  AVERAGE SKY COVER 0.9



RELATIVE HUMIDITY (PERCENT)
 HIGHEST    93
 LOWEST     72
 AVERAGE    83

..........................................................


THE ALBANY NY CLIMATE NORMALS FOR TODAY
                         NORMAL    RECORD    YEAR
 MAXIMUM TEMPERATURE (F)   82        99      1919
 MINIMUM TEMPERATURE (F)   61        44      1982


SUNRISE AND SUNSET
JULY  5 2015..........SUNRISE   523 AM EDT   SUNSET   836 PM EDT
JULY  6 2015..........SUNRISE   524 AM EDT   SUNSET   836 PM EDT


-  INDICATES NEGATIVE NUMBERS.
R  INDICATES RECORD WAS SET OR TIED.
MM INDICATES DATA IS MISSING.
T  INDICATES TRACE AMOUNT.




$$
