764
CDUS43 KDMX 240650 RRA
CLIALO

CLIMATE REPORT
NATIONAL WEATHER SERVICE DES MOINES IA
1248 AM CST TUE JAN 24 2017


...................................

...THE WATERLOO IA CLIMATE SUMMARY FOR JANUARY 23 2017...

CLIMATE NORMAL PERIOD 1981 TO 2010
CLIMATE RECORD PERIOD 1895 TO 2017


WEATHER ITEM   OBSERVED TIME   RECORD YEAR NORMAL DEPARTURE LAST
                VALUE   (LST)  VALUE       VALUE  FROM      YEAR
                                                  NORMAL
..................................................................
TEMPERATURE (F)
 YESTERDAY
  MAXIMUM         35    210 AM  52    1981  28      7       25
  MINIMUM         32   1159 PM -27    1936   9     23       20
  AVERAGE         34                        18     16       23

PRECIPITATION (IN)
  YESTERDAY        T             0.38 2010   0.03  -0.03     0.00
  MONTH TO DATE    2.38                      0.60   1.78     0.56
  SINCE DEC 1      4.25                      1.80   2.45     6.48
  SINCE JAN 1      2.38                      0.60   1.78     0.56

SNOWFALL (IN)
  YESTERDAY        T             3.5  1996   0.3   -0.3      0.0
  MONTH TO DATE    0.6                       5.9   -5.3      1.0
  SINCE DEC 1     11.1                      15.8   -4.7     15.0
  SINCE JUL 1     11.1                      19.2   -8.1     27.7
  SNOW DEPTH       T

DEGREE DAYS
 HEATING
  YESTERDAY       31                        47    -16       42
  MONTH TO DATE  977                      1077   -100     1132
  SINCE DEC 1   2300                      2405   -105     2088
  SINCE JUL 1   3289                      3888   -599     3303

 COOLING
  YESTERDAY        0                         0      0        0
  MONTH TO DATE    0                         0      0        0
  SINCE DEC 1      0                         0      0        0
  SINCE JAN 1      0                         0      0        0
..................................................................


WIND (MPH)
  HIGHEST WIND SPEED    12   HIGHEST WIND DIRECTION    NW (310)
  HIGHEST GUST SPEED    18   HIGHEST GUST DIRECTION    SW (240)
  AVERAGE WIND SPEED     4.9


SKY COVER
  POSSIBLE SUNSHINE  MM
  AVERAGE SKY COVER 1.0


WEATHER CONDITIONS
 THE FOLLOWING WEATHER WAS RECORDED YESTERDAY.
  LIGHT SNOW
  FOG


RELATIVE HUMIDITY (PERCENT)
 HIGHEST   100           200 AM
 LOWEST     75          1100 PM
 AVERAGE    88

..........................................................


THE WATERLOO IA CLIMATE NORMALS FOR TODAY
                         NORMAL    RECORD    YEAR
 MAXIMUM TEMPERATURE (F)   28        58      1981
 MINIMUM TEMPERATURE (F)    9       -29      2008


SUNRISE AND SUNSET
JANUARY 24 2017.......SUNRISE   731 AM CST   SUNSET   513 PM CST
JANUARY 25 2017.......SUNRISE   730 AM CST   SUNSET   515 PM CST


-  INDICATES NEGATIVE NUMBERS.
R  INDICATES RECORD WAS SET OR TIED.
MM INDICATES DATA IS MISSING.
T  INDICATES TRACE AMOUNT.




$$
