000
CDUS43 KDMX 260655
CLIALO

CLIMATE REPORT
NATIONAL WEATHER SERVICE DES MOINES IA
154 AM CDT WED APR 26 2017

...................................

...THE WATERLOO IA CLIMATE SUMMARY FOR APRIL 25 2017...

CLIMATE NORMAL PERIOD 1981 TO 2010
CLIMATE RECORD PERIOD 1895 TO 2017


WEATHER ITEM   OBSERVED TIME   RECORD YEAR NORMAL DEPARTURE LAST
                VALUE   (LST)  VALUE       VALUE  FROM      YEAR
                                                  NORMAL
..................................................................
TEMPERATURE (F)
 YESTERDAY
  MAXIMUM         73    356 PM  90    1949  65      8       76
  MINIMUM         53    515 AM  21    1934  41     12       55
  AVERAGE         63                        53     10       66

PRECIPITATION (IN)
  YESTERDAY        0.03          3.05 2008   0.14  -0.11     0.00
  MONTH TO DATE    2.47                      2.99  -0.52     1.18
  SINCE MAR 1      4.53                      5.05  -0.52     4.06
  SINCE JAN 1      8.46                      6.87   1.59     5.83

SNOWFALL (IN)
  YESTERDAY        0.0           T    1976   0.0    0.0      0.0
  MONTH TO DATE    0.0                       1.7   -1.7       T
  SINCE MAR 1     10.6                       6.3    4.3      2.9
  SINCE JUL 1     26.2                      35.2   -9.0     46.0
  SNOW DEPTH       0

DEGREE DAYS
 HEATING
  YESTERDAY        2                        13    -11        0
  MONTH TO DATE  295                       435   -140      385
  SINCE MAR 1   1212                      1341   -129     1131
  SINCE JUL 1   5674                      6760  -1086     5831

 COOLING
  YESTERDAY        0                         0      0        1
  MONTH TO DATE    6                         0      6        3
  SINCE MAR 1      6                         0      6        3
  SINCE JAN 1      6                         0      6        3
..................................................................


WIND (MPH)
  HIGHEST WIND SPEED    17   HIGHEST WIND DIRECTION    SE (130)
  HIGHEST GUST SPEED    24   HIGHEST GUST DIRECTION     S (160)
  AVERAGE WIND SPEED     7.6


SKY COVER
  POSSIBLE SUNSHINE  MM
  AVERAGE SKY COVER 0.6


WEATHER CONDITIONS
 THE FOLLOWING WEATHER WAS RECORDED YESTERDAY.
  LIGHT RAIN


RELATIVE HUMIDITY (PERCENT)
 HIGHEST    72          1100 PM
 LOWEST     30           100 AM
 AVERAGE    51

..........................................................


THE WATERLOO IA CLIMATE NORMALS FOR TODAY
                         NORMAL    RECORD    YEAR
 MAXIMUM TEMPERATURE (F)   65        85      1986
 MINIMUM TEMPERATURE (F)   42        23      1907


SUNRISE AND SUNSET
APRIL 26 2017.........SUNRISE   611 AM CDT   SUNSET   804 PM CDT
APRIL 27 2017.........SUNRISE   610 AM CDT   SUNSET   805 PM CDT


-  INDICATES NEGATIVE NUMBERS.
R  INDICATES RECORD WAS SET OR TIED.
MM INDICATES DATA IS MISSING.
T  INDICATES TRACE AMOUNT.




$$
