000
CDUS45 KPUB 181133
CLIALS


CLIMATE REPORT
NATIONAL WEATHER SERVICE PUEBLO
431 AM MST MON DEC 18 2017


...................................

...THE ALAMOSA CO CLIMATE SUMMARY FOR DECEMBER 17 2017...

CLIMATE NORMAL PERIOD 1981 TO 2010
CLIMATE RECORD PERIOD 1932 TO 2017


WEATHER ITEM   OBSERVED TIME   RECORD YEAR NORMAL DEPARTURE LAST
                VALUE   (LST)  VALUE       VALUE  FROM      YEAR
                                                  NORMAL
..................................................................
TEMPERATURE (F)
 YESTERDAY
  MAXIMUM         44    254 PM  56    1946  34     10       39
  MINIMUM          8   1114 PM -24    1943   0      8        2
  AVERAGE         26                        17      9       21

PRECIPITATION (IN)
  YESTERDAY        0.00          0.21 2016   0.01  -0.01     0.21
  MONTH TO DATE    0.14                      0.20  -0.06     0.41
  SINCE DEC 1      0.14                      0.20  -0.06     0.41
  SINCE JAN 1     10.69                      7.16   3.53     8.50

SNOWFALL (IN)
  YESTERDAY        0.0           3.3  1990   0.2   -0.2      1.0
  MONTH TO DATE    1.3                       2.6   -1.3      2.4
  SINCE DEC 1      1.3                       2.6   -1.3      2.4
  SINCE JUL 1      1.7                       8.4   -6.7      3.4
  SNOW DEPTH       0

DEGREE DAYS
 HEATING
  YESTERDAY       39                        48     -9       44
  MONTH TO DATE  678                       779   -101      696
  SINCE DEC 1    678                       779   -101      696
  SINCE JUL 1   2444                      2954   -510     2560

 COOLING
  YESTERDAY        0                         0      0        0
  MONTH TO DATE    0                         0      0        0
  SINCE DEC 1      0                         0      0        0
  SINCE JAN 1     76                        51     25      115
..................................................................


WIND (MPH)
  HIGHEST WIND SPEED    14   HIGHEST WIND DIRECTION    NW (300)
  HIGHEST GUST SPEED    16   HIGHEST GUST DIRECTION    NW (300)
  AVERAGE WIND SPEED     3.6


SKY COVER
  POSSIBLE SUNSHINE  MM
  AVERAGE SKY COVER 0.1


WEATHER CONDITIONS
 THE FOLLOWING WEATHER WAS RECORDED YESTERDAY.
  NO SIGNIFICANT WEATHER WAS OBSERVED.


RELATIVE HUMIDITY (PERCENT)
 HIGHEST    84           100 AM
 LOWEST     25           300 PM
 AVERAGE    55

..........................................................


THE ALAMOSA CO CLIMATE NORMALS FOR TODAY
                         NORMAL    RECORD    YEAR
 MAXIMUM TEMPERATURE (F)   34        53      1980
 MINIMUM TEMPERATURE (F)    0       -25      1964
                                             1943


SUNRISE AND SUNSET
DECEMBER 18 2017......SUNRISE   713 AM MST   SUNSET   448 PM MST
DECEMBER 19 2017......SUNRISE   713 AM MST   SUNSET   448 PM MST


-  INDICATES NEGATIVE NUMBERS.
R  INDICATES RECORD WAS SET OR TIED.
MM INDICATES DATA IS MISSING.
T  INDICATES TRACE AMOUNT.




$$
