182
CDUS45 KPUB 261709
CLIALS


CLIMATE REPORT
NATIONAL WEATHER SERVICE PUEBLO
1108 AM MDT FRI AUG 26 2016


...................................

...THE ALAMOSA CO CLIMATE SUMMARY FOR AUGUST 25 2016...

CLIMATE NORMAL PERIOD 1981 TO 2010
CLIMATE RECORD PERIOD 1932 TO 2016


WEATHER ITEM   OBSERVED TIME   RECORD YEAR NORMAL DEPARTURE LAST
                VALUE   (LST)  VALUE       VALUE  FROM      YEAR
                                                  NORMAL
..................................................................
TEMPERATURE (F)
 YESTERDAY
  MAXIMUM         71    142 PM  87    2002  78     -7       86
                                      1936
  MINIMUM         35    601 AM  30    2002  45    -10       44
                                      1962
  AVERAGE         53                        62     -9       65

PRECIPITATION (IN)
  YESTERDAY        T             0.33 1949   0.04  -0.04     0.05
  MONTH TO DATE    2.09                      1.02   1.07     0.24
  SINCE JUN 1      2.91                      2.48   0.43     2.77
  SINCE JAN 1      7.28                      4.70   2.58     6.71

SNOWFALL (IN)
  YESTERDAY        0.0           0.0  2002   0.0    0.0      0.0
  MONTH TO DATE    0.0                       0.0    0.0      0.0
  SINCE JUN 1      0.0                       0.0    0.0      0.0
  SINCE JUL 1      0.0                       0.0    0.0      0.0
  SNOW DEPTH       0

DEGREE DAYS
 HEATING
  YESTERDAY       12                         4      8        0
  MONTH TO DATE   83                        58     25       37
  SINCE JUN 1    152                       271   -119      157
  SINCE JUL 1     96                       103     -7       81

 COOLING
  YESTERDAY        0                         0      0        0
  MONTH TO DATE    9                        12     -3       24
  SINCE JUN 1    115                        50     65       73
  SINCE JAN 1    115                        50     65       73
..................................................................


WIND (MPH)
  HIGHEST WIND SPEED    23   HIGHEST WIND DIRECTION     W (250)
  HIGHEST GUST SPEED    33   HIGHEST GUST DIRECTION    SW (230)
  AVERAGE WIND SPEED     5.6


SKY COVER
  POSSIBLE SUNSHINE  MM
  AVERAGE SKY COVER 0.2


WEATHER CONDITIONS
 THE FOLLOWING WEATHER WAS RECORDED YESTERDAY.
  LIGHT RAIN
  FOG
  FOG W/VISIBILITY <= 1/4 MILE


RELATIVE HUMIDITY (PERCENT)
 HIGHEST   100           200 AM
 LOWEST     26           200 PM
 AVERAGE    63

..........................................................


THE ALAMOSA CO CLIMATE NORMALS FOR TODAY
                         NORMAL    RECORD    YEAR
 MAXIMUM TEMPERATURE (F)   78        88      2002
                                             1985
                                             1907
 MINIMUM TEMPERATURE (F)   44        31      2002


SUNRISE AND SUNSET
AUGUST 26 2016........SUNRISE   629 AM MDT   SUNSET   740 PM MDT
AUGUST 27 2016........SUNRISE   630 AM MDT   SUNSET   739 PM MDT


-  INDICATES NEGATIVE NUMBERS.
R  INDICATES RECORD WAS SET OR TIED.
MM INDICATES DATA IS MISSING.
T  INDICATES TRACE AMOUNT.




$$
