000
CDUS45 KPUB 271034
CLIALS


CLIMATE REPORT
NATIONAL WEATHER SERVICE PUEBLO
433 AM MDT THU JUL 27 2017


...................................

...THE ALAMOSA CO CLIMATE SUMMARY FOR JULY 26 2017...

CLIMATE NORMAL PERIOD 1981 TO 2010
CLIMATE RECORD PERIOD 1932 TO 2017


WEATHER ITEM   OBSERVED TIME   RECORD YEAR NORMAL DEPARTURE LAST
                VALUE   (LST)  VALUE       VALUE  FROM      YEAR
                                                  NORMAL
..................................................................
TEMPERATURE (F)
 YESTERDAY
  MAXIMUM         84    325 PM  88    2014  82      2       80
                                      2011
                                      2003
  MINIMUM         53    507 AM  39    1944  48      5       54
  AVERAGE         69                        65      4       67

PRECIPITATION (IN)
  YESTERDAY        0.42          0.99 1968   0.03   0.39      T
  MONTH TO DATE    2.87                      0.79   2.08     0.31
  SINCE JUN 1      3.06                      1.28   1.78     0.82
  SINCE JAN 1      7.31                      3.50   3.81     5.19

SNOWFALL (IN)
  YESTERDAY        0.0           0.0  2002   0.0    0.0      0.0
                                      2001
  MONTH TO DATE    T                         0.0    0.0      0.0
  SINCE JUN 1      T                         0.0    0.0      0.0
  SINCE JUL 1      T                         0.0    0.0      0.0
  SNOW DEPTH       0

DEGREE DAYS
 HEATING
  YESTERDAY        0                         1     -1        0
  MONTH TO DATE    8                        35    -27       13
  SINCE JUN 1     99                       203   -104       69
  SINCE JUL 1      8                        35    -27       13

 COOLING
  YESTERDAY        4                         1      3        2
  MONTH TO DATE   49                        26     23       52
  SINCE JUN 1     67                        32     35       81
  SINCE JAN 1     67                        32     35       81
..................................................................


WIND (MPH)
  HIGHEST WIND SPEED    32   HIGHEST WIND DIRECTION     W (280)
  HIGHEST GUST SPEED    41   HIGHEST GUST DIRECTION     W (270)
  AVERAGE WIND SPEED     4.6


SKY COVER
  POSSIBLE SUNSHINE  MM
  AVERAGE SKY COVER 0.2


WEATHER CONDITIONS
 THE FOLLOWING WEATHER WAS RECORDED YESTERDAY.
  THUNDERSTORM
  HEAVY RAIN
  RAIN
  LIGHT RAIN
  FOG
  FOG W/VISIBILITY <= 1/4 MILE


RELATIVE HUMIDITY (PERCENT)
 HIGHEST   100          1200 AM
 LOWEST     34           300 PM
 AVERAGE    67

..........................................................


THE ALAMOSA CO CLIMATE NORMALS FOR TODAY
                         NORMAL    RECORD    YEAR
 MAXIMUM TEMPERATURE (F)   82        90      1960
 MINIMUM TEMPERATURE (F)   48        33      1993


SUNRISE AND SUNSET
JULY 27 2017..........SUNRISE   604 AM MDT   SUNSET   816 PM MDT
JULY 28 2017..........SUNRISE   605 AM MDT   SUNSET   815 PM MDT


-  INDICATES NEGATIVE NUMBERS.
R  INDICATES RECORD WAS SET OR TIED.
MM INDICATES DATA IS MISSING.
T  INDICATES TRACE AMOUNT.




$$
