000
CDUS45 KPUB 301050
CLIALS


CLIMATE REPORT
NATIONAL WEATHER SERVICE PUEBLO
449 AM MDT THU MAR 30 2017


...................................

...THE ALAMOSA CO CLIMATE SUMMARY FOR MARCH 29 2017...

CLIMATE NORMAL PERIOD 1981 TO 2010
CLIMATE RECORD PERIOD 1932 TO 2017


WEATHER ITEM   OBSERVED TIME   RECORD YEAR NORMAL DEPARTURE LAST
                VALUE   (LST)  VALUE       VALUE  FROM      YEAR
                                                  NORMAL
..................................................................
TEMPERATURE (F)
 YESTERDAY
  MAXIMUM         56    344 PM  69    2015  54      2       58
                                      1986
                                      1943
  MINIMUM         29   1159 PM  -4    1951  20      9       23
  AVERAGE         43                        37      6       41

PRECIPITATION (IN)
  YESTERDAY        0.00          0.26 1985   0.02  -0.02      T
  MONTH TO DATE    0.54                      0.49   0.05     0.48
  SINCE MAR 1      0.54                      0.49   0.05     0.48
  SINCE JAN 1      2.19                      1.01   1.18     1.46

SNOWFALL (IN)
  YESTERDAY        0.0           5.9  1985   0.2   -0.2      0.0
  MONTH TO DATE    0.3                       4.6   -4.3      7.0
  SINCE MAR 1      0.3                       4.6   -4.3      7.0
  SINCE JUL 1     35.8                      22.7   13.1     25.8
  SNOW DEPTH       0

DEGREE DAYS
 HEATING
  YESTERDAY       22                        28     -6       24
  MONTH TO DATE  694                       921   -227      843
  SINCE MAR 1    694                       921   -227      843
  SINCE JUL 1   6483                      7250   -767     6609

 COOLING
  YESTERDAY        0                         0      0        0
  MONTH TO DATE    0                         0      0        0
  SINCE MAR 1      0                         0      0        0
  SINCE JAN 1      0                         0      0        0
..................................................................


WIND (MPH)
  HIGHEST WIND SPEED    29   HIGHEST WIND DIRECTION     N (340)
  HIGHEST GUST SPEED    37   HIGHEST GUST DIRECTION     N (360)
  AVERAGE WIND SPEED    12.1


SKY COVER
  POSSIBLE SUNSHINE  MM
  AVERAGE SKY COVER 0.6


WEATHER CONDITIONS
 THE FOLLOWING WEATHER WAS RECORDED YESTERDAY.
  NO SIGNIFICANT WEATHER WAS OBSERVED.


RELATIVE HUMIDITY (PERCENT)
 HIGHEST    85          1200 AM
 LOWEST     24           600 PM
 AVERAGE    55

..........................................................


THE ALAMOSA CO CLIMATE NORMALS FOR TODAY
                         NORMAL    RECORD    YEAR
 MAXIMUM TEMPERATURE (F)   54        71      2015
 MINIMUM TEMPERATURE (F)   20        -2      1937


SUNRISE AND SUNSET
MARCH 30 2017.........SUNRISE   651 AM MDT   SUNSET   725 PM MDT
MARCH 31 2017.........SUNRISE   650 AM MDT   SUNSET   726 PM MDT


-  INDICATES NEGATIVE NUMBERS.
R  INDICATES RECORD WAS SET OR TIED.
MM INDICATES DATA IS MISSING.
T  INDICATES TRACE AMOUNT.




$$
