000
CDUS45 KPUB 281137
CLIALS


CLIMATE REPORT
NATIONAL WEATHER SERVICE PUEBLO
437 AM MST FRI NOV 28 2014


...................................

...THE ALAMOSA CO CLIMATE SUMMARY FOR NOVEMBER 27 2014...

CLIMATE NORMAL PERIOD 1981 TO 2010
CLIMATE RECORD PERIOD 1932 TO 2014


WEATHER ITEM   OBSERVED TIME   RECORD YEAR NORMAL DEPARTURE LAST
                VALUE   (LST)  VALUE       VALUE  FROM      YEAR
                                                  NORMAL
..................................................................
TEMPERATURE (F)
 YESTERDAY
  MAXIMUM         53    330 PM  62    1949  41     12       18
  MINIMUM          7    549 AM -30    1952   7      0       -8
  AVERAGE         30                        24      6        5

PRECIPITATION (IN)
  YESTERDAY        0.00          0.18 1976   0.02  -0.02     0.00
  MONTH TO DATE    0.34                      0.39  -0.05     1.63
  SINCE SEP 1      1.45                      1.98  -0.53     5.14
  SINCE JAN 1      5.33                      6.93  -1.60    10.01

SNOWFALL (IN)
  YESTERDAY        0.0           3.4  1957   0.1   -0.1      0.0
  MONTH TO DATE    1.6                       3.3   -1.7     18.1
  SINCE SEP 1      1.6                       5.4   -3.8     21.6
  SINCE JUL 1      1.6                       5.4   -3.8     21.6
  SNOW DEPTH       0

DEGREE DAYS
 HEATING
  YESTERDAY       35                        41     -6       60
  MONTH TO DATE  902                       938    -36      912
  SINCE SEP 1   1637                      1919   -282     1836
  SINCE JUL 1   1758                      2048   -290     1911

 COOLING
  YESTERDAY        0                         0      0        0
  MONTH TO DATE    0                         0      0        0
  SINCE SEP 1      0                         0      0       14
  SINCE JAN 1     60                        51      9      113
..................................................................


WIND (MPH)
  HIGHEST WIND SPEED     9   HIGHEST WIND DIRECTION    NE (50)
  HIGHEST GUST SPEED    10   HIGHEST GUST DIRECTION     S (160)
  AVERAGE WIND SPEED     3.4


SKY COVER
  POSSIBLE SUNSHINE  MM
  AVERAGE SKY COVER 0.0


WEATHER CONDITIONS
 THE FOLLOWING WEATHER WAS RECORDED YESTERDAY.
  NO SIGNIFICANT WEATHER WAS OBSERVED.


RELATIVE HUMIDITY (PERCENT)
 HIGHEST    88           200 AM
 LOWEST     26           200 PM
 AVERAGE    57

..........................................................


THE ALAMOSA CO CLIMATE NORMALS FOR TODAY
                         NORMAL    RECORD    YEAR
 MAXIMUM TEMPERATURE (F)   40        65      1949
 MINIMUM TEMPERATURE (F)    6       -23      1976


SUNRISE AND SUNSET
NOVEMBER 28 2014......SUNRISE   656 AM MST   SUNSET   446 PM MST
NOVEMBER 29 2014......SUNRISE   657 AM MST   SUNSET   446 PM MST


-  INDICATES NEGATIVE NUMBERS.
R  INDICATES RECORD WAS SET OR TIED.
MM INDICATES DATA IS MISSING.
T  INDICATES TRACE AMOUNT.




$$
