000
CDUS44 KAMA 230731
CLIAMA


CLIMATE REPORT
NATIONAL WEATHER SERVICE AMARILLO TX
131 AM CST TUE JAN 23 2018


...................................

...THE AMARILLO CLIMATE SUMMARY FOR JANUARY 22 2018...

CLIMATE NORMAL PERIOD 1981 TO 2010
CLIMATE RECORD PERIOD 1892 TO 2018


WEATHER ITEM   OBSERVED TIME   RECORD YEAR NORMAL DEPARTURE LAST
                VALUE   (LST)  VALUE       VALUE  FROM      YEAR
                                                  NORMAL
..................................................................
TEMPERATURE (F)
 YESTERDAY
  MAXIMUM         50    437 PM  79    1967  51     -1       56
  MINIMUM         21   1107 PM  -6    1966  24     -3       31
  AVERAGE         36                        37     -1       44

PRECIPITATION (IN)
  YESTERDAY        0.00          1.10 1921   0.03  -0.03     0.10
  MONTH TO DATE    T                         0.47  -0.47     3.17
  SINCE DEC 1      T                         1.18  -1.18     3.44
  SINCE JAN 1      T                         0.47  -0.47     3.17

SNOWFALL (IN)
  YESTERDAY        0.0           6.4  1953   0.2   -0.2      0.0
  MONTH TO DATE    T                         3.0   -3.0      6.4
  SINCE DEC 1      T                         6.7   -6.7      6.9
  SINCE JUL 1      T                         9.4   -9.4      6.9
  SNOW DEPTH       0

DEGREE DAYS
 HEATING
  YESTERDAY       29                        28      1       21
  MONTH TO DATE  614                       622     -8      570
  SINCE DEC 1   1423                      1495    -72     1396
  SINCE JUL 1   2055                      2339   -284     1861

 COOLING
  YESTERDAY        0                         0      0        0
  MONTH TO DATE    0                         0      0        0
  SINCE DEC 1      0                         0      0        0
  SINCE JAN 1      0                         0      0        0
..................................................................


WIND (MPH)
  RESULTANT WIND SPEED  17   RESULTANT WIND DIRECTION  NW (310)
  HIGHEST WIND SPEED    36   HIGHEST WIND DIRECTION    NW (330)
  HIGHEST GUST SPEED    47   HIGHEST GUST DIRECTION    NW (320)
  AVERAGE WIND SPEED    17.1


SKY COVER
  AVERAGE SKY COVER 0.0


WEATHER CONDITIONS
 THE FOLLOWING WEATHER WAS RECORDED YESTERDAY.
  HAZE


RELATIVE HUMIDITY (PERCENT)
 HIGHEST    63           300 AM
 LOWEST     12           300 PM
 AVERAGE    38

..........................................................


THE AMARILLO CLIMATE NORMALS FOR TODAY
                         NORMAL    RECORD    YEAR
 MAXIMUM TEMPERATURE (F)   51        77      1972
 MINIMUM TEMPERATURE (F)   24        -4      1966


SUNRISE AND SUNSET
JANUARY 23 2018.......SUNRISE   752 AM CST   SUNSET   606 PM CST
JANUARY 24 2018.......SUNRISE   751 AM CST   SUNSET   607 PM CST


-  INDICATES NEGATIVE NUMBERS.
R  INDICATES RECORD WAS SET OR TIED.
MM INDICATES DATA IS MISSING.
T  INDICATES TRACE AMOUNT.




$$
