000
CDUS44 KAMA 252137
CLIAMA


CLIMATE REPORT
NATIONAL WEATHER SERVICE AMARILLO TX
437 PM CDT TUE APR 25 2017


...................................

...THE AMARILLO CLIMATE SUMMARY FOR APRIL 25 2017...
VALID TODAY AS OF 0400 PM LOCAL TIME.

CLIMATE NORMAL PERIOD 1981 TO 2010
CLIMATE RECORD PERIOD 1892 TO 2017


WEATHER ITEM   OBSERVED TIME   RECORD YEAR NORMAL DEPARTURE LAST
                VALUE   (LST)  VALUE       VALUE  FROM      YEAR
                                                  NORMAL
..................................................................
TEMPERATURE (F)
 TODAY
  MAXIMUM         75    246 PM  99    2012  74      1       85
  MINIMUM         62   1229 PM  32    1997  45     17       44
                                      1907
  AVERAGE         69                        59     10       65

PRECIPITATION (IN)
  TODAY            0.00          1.56 1997   0.05  -0.05     0.00
  MONTH TO DATE    0.32                      1.14  -0.82     2.16
  SINCE MAR 1      2.30                      2.53  -0.23     2.43
  SINCE JAN 1      5.98                      3.81   2.17     3.12

SNOWFALL (IN)
  TODAY            0.0           6.5  1997   0.0    0.0      0.0
  MONTH TO DATE    0.0                       0.6   -0.6      0.0
  SINCE MAR 1      0.0                       3.5   -3.5      1.3
  SINCE JUL 1      8.0                      17.5   -9.5     13.4
  SNOW DEPTH       0

DEGREE DAYS
 HEATING
  TODAY            0                         7     -7        0
  MONTH TO DATE  165                       250    -85      177
  SINCE MAR 1    512                       782   -270      547
  SINCE JUL 1   3070                      4059   -989     3288

 COOLING
  TODAY            4                         1      3        0
  MONTH TO DATE   41                        11     30        8
  SINCE MAR 1     53                        13     40       10
  SINCE JAN 1     58                        13     45       11
..................................................................


WIND (MPH)
  RESULTANT WIND SPEED  13   RESULTANT WIND DIRECTION   W (250)
  HIGHEST WIND SPEED    26   HIGHEST WIND DIRECTION     N (20)
  HIGHEST GUST SPEED    31   HIGHEST GUST DIRECTION     N (10)
  AVERAGE WIND SPEED    15.4


SKY COVER
  AVERAGE SKY COVER 0.3


WEATHER CONDITIONS
 THE FOLLOWING WEATHER WAS RECORDED TODAY.
  NO SIGNIFICANT WEATHER WAS OBSERVED.


RELATIVE HUMIDITY (PERCENT)
 HIGHEST    43          1200 PM
 LOWEST     15           200 AM
 AVERAGE    29

..........................................................


THE AMARILLO CLIMATE NORMALS FOR TOMORROW
                         NORMAL    RECORD    YEAR
 MAXIMUM TEMPERATURE (F)   74        92      1927
 MINIMUM TEMPERATURE (F)   45        29      1924


SUNRISE AND SUNSET
APRIL 25 2017.........SUNRISE   702 AM CDT   SUNSET   828 PM CDT
APRIL 26 2017.........SUNRISE   701 AM CDT   SUNSET   829 PM CDT


-  INDICATES NEGATIVE NUMBERS.
R  INDICATES RECORD WAS SET OR TIED.
MM INDICATES DATA IS MISSING.
T  INDICATES TRACE AMOUNT.




$$
