000
CDUS44 KAMA 250637
CLIAMA


CLIMATE REPORT
NATIONAL WEATHER SERVICE AMARILLO TX
135 AM CDT SAT MAR 25 2017


...................................

...THE AMARILLO CLIMATE SUMMARY FOR MARCH 24 2017...

CLIMATE NORMAL PERIOD 1981 TO 2010
CLIMATE RECORD PERIOD 1892 TO 2017


WEATHER ITEM   OBSERVED TIME   RECORD YEAR NORMAL DEPARTURE LAST
                VALUE   (LST)  VALUE       VALUE  FROM      YEAR
                                                  NORMAL
..................................................................
TEMPERATURE (F)
 YESTERDAY
  MAXIMUM         56    240 PM  86    2012  65     -9       61
  MINIMUM         40   1159 PM  17    1965  35      5       31
  AVERAGE         48                        50     -2       46

PRECIPITATION (IN)
  YESTERDAY        0.01          1.34 1960   0.05  -0.04     0.00
  MONTH TO DATE    0.11                      1.04  -0.93     0.02
  SINCE MAR 1      0.11                      1.04  -0.93     0.02
  SINCE JAN 1      3.79                      2.32   1.47     0.71

SNOWFALL (IN)
  YESTERDAY        0.0           8.4  1957   0.1   -0.1      0.0
  MONTH TO DATE    0.0                       2.3   -2.3      0.0
  SINCE MAR 1      0.0                       2.3   -2.3      0.0
  SINCE JUL 1      8.0                      16.3   -8.3     12.1
  SNOW DEPTH       0

DEGREE DAYS
 HEATING
  YESTERDAY       17                        15      2       19
  MONTH TO DATE  260                       434   -174      289
  SINCE MAR 1    260                       434   -174      289
  SINCE JUL 1   2818                      3711   -893     3030

 COOLING
  YESTERDAY        0                         0      0        0
  MONTH TO DATE   12                         0     12        2
  SINCE MAR 1     12                         0     12        2
  SINCE JAN 1     17                         0     17        3
..................................................................


WIND (MPH)
  RESULTANT WIND SPEED  17   RESULTANT WIND DIRECTION   W (270)
  HIGHEST WIND SPEED    41   HIGHEST WIND DIRECTION    SW (240)
  HIGHEST GUST SPEED    51   HIGHEST GUST DIRECTION    NW (310)
  AVERAGE WIND SPEED    27.2


SKY COVER
  AVERAGE SKY COVER 0.7


WEATHER CONDITIONS
 THE FOLLOWING WEATHER WAS RECORDED YESTERDAY.
  LIGHT RAIN
  FOG


RELATIVE HUMIDITY (PERCENT)
 HIGHEST    76          1000 PM
 LOWEST     44          1200 AM
 AVERAGE    60

..........................................................


THE AMARILLO CLIMATE NORMALS FOR TODAY
                         NORMAL    RECORD    YEAR
 MAXIMUM TEMPERATURE (F)   65        87      1998
                                             1910
 MINIMUM TEMPERATURE (F)   35        13      1996


SUNRISE AND SUNSET
MARCH 25 2017.........SUNRISE   743 AM CDT   SUNSET   803 PM CDT
MARCH 26 2017.........SUNRISE   742 AM CDT   SUNSET   804 PM CDT


-  INDICATES NEGATIVE NUMBERS.
R  INDICATES RECORD WAS SET OR TIED.
MM INDICATES DATA IS MISSING.
T  INDICATES TRACE AMOUNT.




$$
