000
CDUS44 KAMA 240642
CLIAMA


CLIMATE REPORT
NATIONAL WEATHER SERVICE AMARILLO TX
141 AM CDT TUE OCT 24 2017


...................................

...THE AMARILLO CLIMATE SUMMARY FOR OCTOBER 23 2017...

CLIMATE NORMAL PERIOD 1981 TO 2010
CLIMATE RECORD PERIOD 1892 TO 2017


WEATHER ITEM   OBSERVED TIME   RECORD YEAR NORMAL DEPARTURE LAST
                VALUE   (LST)  VALUE       VALUE  FROM      YEAR
                                                  NORMAL
..................................................................
TEMPERATURE (F)
 YESTERDAY
  MAXIMUM         69    156 PM  90    2012  70     -1       82
                                      2003
  MINIMUM         43   1051 PM  23    1906  42      1       49
  AVERAGE         56                        56      0       66

PRECIPITATION (IN)
  YESTERDAY        0.00          1.34 1941   0.04  -0.04     0.00
  MONTH TO DATE    2.20                      1.32   0.88     0.13
  SINCE SEP 1      5.60                      3.24   2.36     0.95
  SINCE JAN 1     26.48                     18.51   7.97    15.83

SNOWFALL (IN)
  YESTERDAY        0.0           0.3  1908   0.0    0.0      0.0
                                      1936
  MONTH TO DATE    0.0                       0.1   -0.1      0.0
  SINCE SEP 1      0.0                       0.1   -0.1      0.0
  SINCE JUL 1      T                         0.1   -0.1       T
  SNOW DEPTH       0

DEGREE DAYS
 HEATING
  YESTERDAY        9                         9      0        0
  MONTH TO DATE  105                       147    -42       69
  SINCE SEP 1    149                       190    -41       78
  SINCE JUL 1    149                       191    -42       78

 COOLING
  YESTERDAY        0                         0      0        1
  MONTH TO DATE   41                        25     16       78
  SINCE SEP 1    232                       203     29      290
  SINCE JAN 1   1479                      1395     84     1664
..................................................................


WIND (MPH)
  RESULTANT WIND SPEED   8   RESULTANT WIND DIRECTION   N (350)
  HIGHEST WIND SPEED    29   HIGHEST WIND DIRECTION     N (20)
  HIGHEST GUST SPEED    35   HIGHEST GUST DIRECTION     N (20)
  AVERAGE WIND SPEED    13.6


SKY COVER
  AVERAGE SKY COVER 0.0


WEATHER CONDITIONS
 THE FOLLOWING WEATHER WAS RECORDED YESTERDAY.
  NO SIGNIFICANT WEATHER WAS OBSERVED.


RELATIVE HUMIDITY (PERCENT)
 HIGHEST    65          1200 AM
 LOWEST     32           100 PM
 AVERAGE    49

..........................................................


THE AMARILLO CLIMATE NORMALS FOR TODAY
                         NORMAL    RECORD    YEAR
 MAXIMUM TEMPERATURE (F)   69        88      2012
                                             1927
 MINIMUM TEMPERATURE (F)   42        26      2005
                                             1980


SUNRISE AND SUNSET
OCTOBER 24 2017.......SUNRISE   801 AM CDT   SUNSET   700 PM CDT
OCTOBER 25 2017.......SUNRISE   802 AM CDT   SUNSET   659 PM CDT


-  INDICATES NEGATIVE NUMBERS.
R  INDICATES RECORD WAS SET OR TIED.
MM INDICATES DATA IS MISSING.
T  INDICATES TRACE AMOUNT.




$$
