462
CDUS44 KAMA 230728
CLIAMA


CLIMATE REPORT
NATIONAL WEATHER SERVICE AMARILLO TX
128 AM CST THU FEB 23 2017


...................................

...THE AMARILLO CLIMATE SUMMARY FOR FEBRUARY 22 2017...

CLIMATE NORMAL PERIOD 1981 TO 2010
CLIMATE RECORD PERIOD 1892 TO 2017


WEATHER ITEM   OBSERVED TIME   RECORD YEAR NORMAL DEPARTURE LAST
                VALUE   (LST)  VALUE       VALUE  FROM      YEAR
                                                  NORMAL
..................................................................
TEMPERATURE (F)
 YESTERDAY
  MAXIMUM         82    151 PM  84    1996  56     26       53
  MINIMUM         41    156 AM   5    1914  28     13       33
  AVERAGE         62                        42     20       43

PRECIPITATION (IN)
  YESTERDAY        0.00          0.64 1922   0.02  -0.02     0.00
  MONTH TO DATE    0.51                      0.44   0.07     0.11
  SINCE DEC 1      3.95                      1.87   2.08     1.08
  SINCE JAN 1      3.68                      1.16   2.52     0.30

SNOWFALL (IN)
  YESTERDAY        0.0           5.2  1975   0.1   -0.1      0.0
  MONTH TO DATE    1.1                       2.6   -1.5       T
  SINCE DEC 1      8.0                      11.0   -3.0      7.6
  SINCE JUL 1      8.0                      13.7   -5.7      8.9
  SNOW DEPTH       0

DEGREE DAYS
 HEATING
  YESTERDAY        3                        23    -20       22
  MONTH TO DATE  371                       558   -187      414
  SINCE DEC 1   1984                      2299   -315     1956
  SINCE JUL 1   2449                      3143   -694     2615

 COOLING
  YESTERDAY        0                         0      0        0
  MONTH TO DATE    5                         0      5        1
  SINCE DEC 1      5                         0      5        1
  SINCE JAN 1      5                         0      5        1
..................................................................


WIND (MPH)
  RESULTANT WIND SPEED  12   RESULTANT WIND DIRECTION   W (260)
  HIGHEST WIND SPEED    22   HIGHEST WIND DIRECTION     W (290)
  HIGHEST GUST SPEED    28   HIGHEST GUST DIRECTION     W (280)
  AVERAGE WIND SPEED    12.2


SKY COVER
  AVERAGE SKY COVER 0.0


WEATHER CONDITIONS
 THE FOLLOWING WEATHER WAS RECORDED YESTERDAY.
  NO SIGNIFICANT WEATHER WAS OBSERVED.


RELATIVE HUMIDITY (PERCENT)
 HIGHEST    57           100 AM
 LOWEST      9           200 PM
 AVERAGE    33

..........................................................


THE AMARILLO CLIMATE NORMALS FOR TODAY
                         NORMAL    RECORD    YEAR
 MAXIMUM TEMPERATURE (F)   56        82      1918
 MINIMUM TEMPERATURE (F)   28         4      1914


SUNRISE AND SUNSET
FEBRUARY 23 2017......SUNRISE   723 AM CST   SUNSET   637 PM CST
FEBRUARY 24 2017......SUNRISE   722 AM CST   SUNSET   638 PM CST


-  INDICATES NEGATIVE NUMBERS.
R  INDICATES RECORD WAS SET OR TIED.
MM INDICATES DATA IS MISSING.
T  INDICATES TRACE AMOUNT.




$$
