000
CDUS44 KAMA 280629
CLIAMA


CLIMATE REPORT
NATIONAL WEATHER SERVICE AMARILLO TX
128 AM CDT TUE JUL 28 2015


...................................

...THE AMARILLO CLIMATE SUMMARY FOR JULY 27 2015...

CLIMATE NORMAL PERIOD 1981 TO 2010
CLIMATE RECORD PERIOD 1892 TO 2015


WEATHER ITEM   OBSERVED TIME   RECORD YEAR NORMAL DEPARTURE LAST
                VALUE   (LST)  VALUE       VALUE  FROM      YEAR
                                                  NORMAL
..................................................................
TEMPERATURE (F)
 YESTERDAY
  MAXIMUM         95    356 PM 104    1995  91      4       95
  MINIMUM         71    618 AM  57    2005  65      6       69
                                      1994
  AVERAGE         83                        78      5       82

PRECIPITATION (IN)
  YESTERDAY        0.00          2.02 1988   0.10  -0.10     0.00
  MONTH TO DATE    5.20                      2.43   2.77     1.48
  SINCE JUN 1      9.09                      5.59   3.50     6.88
  SINCE JAN 1     23.64                     11.95  11.69    11.59

SNOWFALL (IN)
  YESTERDAY        0.0           0.0    MM   0.0    0.0      0.0
  MONTH TO DATE    0.0                       0.0    0.0      0.0
  SINCE JUN 1      0.0                       0.0    0.0      0.0
  SINCE JUL 1      0.0                       0.0    0.0      0.0
  SNOW DEPTH       0

DEGREE DAYS
 HEATING
  YESTERDAY        0                         0      0        0
  MONTH TO DATE    0                         0      0        0
  SINCE JUN 1      0                         7     -7        4
  SINCE JUL 1      0                         0      0        0

 COOLING
  YESTERDAY       18                        13      5       17
  MONTH TO DATE  368                       359      9      338
  SINCE JUN 1    677                       647     30      656
  SINCE JAN 1    726                       772    -46      853
..................................................................


WIND (MPH)
  RESULTANT WIND SPEED  14   RESULTANT WIND DIRECTION   S (160)
  HIGHEST WIND SPEED    25   HIGHEST WIND DIRECTION     S (170)
  HIGHEST GUST SPEED    32   HIGHEST GUST DIRECTION     S (160)
  AVERAGE WIND SPEED    15.0


SKY COVER
  AVERAGE SKY COVER 0.0


WEATHER CONDITIONS
 THE FOLLOWING WEATHER WAS RECORDED YESTERDAY.
  NO SIGNIFICANT WEATHER WAS OBSERVED.


RELATIVE HUMIDITY (PERCENT)
 HIGHEST    79           500 AM
 LOWEST     36           300 PM
 AVERAGE    58

..........................................................


THE AMARILLO CLIMATE NORMALS FOR TODAY
                         NORMAL    RECORD    YEAR
 MAXIMUM TEMPERATURE (F)   91       102      2011
                                             1995
                                             1986
 MINIMUM TEMPERATURE (F)   65        53      2005


SUNRISE AND SUNSET
JULY 28 2015..........SUNRISE   653 AM CDT   SUNSET   854 PM CDT
JULY 29 2015..........SUNRISE   653 AM CDT   SUNSET   853 PM CDT


-  INDICATES NEGATIVE NUMBERS.
R  INDICATES RECORD WAS SET OR TIED.
MM INDICATES DATA IS MISSING.
T  INDICATES TRACE AMOUNT.




$$
