000
CDUS44 KAMA 082241
CLIAMA


CLIMATE REPORT
NATIONAL WEATHER SERVICE AMARILLO TX
441 PM CST THU DEC 8 2016


...................................

...THE AMARILLO CLIMATE SUMMARY FOR DECEMBER 8 2016...
VALID TODAY AS OF 0400 PM LOCAL TIME.

CLIMATE NORMAL PERIOD 1981 TO 2010
CLIMATE RECORD PERIOD 1892 TO 2016


WEATHER ITEM   OBSERVED TIME   RECORD YEAR NORMAL DEPARTURE LAST
                VALUE   (LST)  VALUE       VALUE  FROM      YEAR
                                                  NORMAL
..................................................................
TEMPERATURE (F)
 TODAY
  MAXIMUM         25    259 PM  77    1984  50    -25       71
  MINIMUM         13    839 AM  -3    2005  25    -12       30
  AVERAGE         19                        38    -19       51

PRECIPITATION (IN)
  TODAY            0.00          0.57 1899   0.02  -0.02     0.00
  MONTH TO DATE    0.15                      0.16  -0.01     0.00
  SINCE DEC 1      0.15                      0.16  -0.01     0.00
  SINCE JAN 1     17.08                     19.81  -2.73    33.85

SNOWFALL (IN)
  TODAY            0.0           3.0  1951   0.2   -0.2      0.0
  MONTH TO DATE    T                         1.0   -1.0      0.0
  SINCE DEC 1      T                         1.0   -1.0      0.0
  SINCE JUL 1      T                         3.7   -3.7      1.3
  SNOW DEPTH       0

DEGREE DAYS
 HEATING
  TODAY           46                        27     19       14
  MONTH TO DATE  243                       211     32      158
  SINCE DEC 1    243                       211     32      158
  SINCE JUL 1    708                      1055   -347      817

 COOLING
  TODAY            0                         0      0        0
  MONTH TO DATE    0                         0      0        0
  SINCE DEC 1      0                         0      0        0
  SINCE JAN 1   1694                      1399    295     1493
..................................................................


WIND (MPH)
  RESULTANT WIND SPEED  10   RESULTANT WIND DIRECTION   N (20)
  HIGHEST WIND SPEED    20   HIGHEST WIND DIRECTION     N (20)
  HIGHEST GUST SPEED    23   HIGHEST GUST DIRECTION     N (20)
  AVERAGE WIND SPEED    11.5


SKY COVER
  AVERAGE SKY COVER 0.9


WEATHER CONDITIONS
 THE FOLLOWING WEATHER WAS RECORDED TODAY.
  NO SIGNIFICANT WEATHER WAS OBSERVED.


RELATIVE HUMIDITY (PERCENT)
 HIGHEST    84          1200 AM
 LOWEST     46           100 PM
 AVERAGE    65

..........................................................


THE AMARILLO CLIMATE NORMALS FOR TOMORROW
                         NORMAL    RECORD    YEAR
 MAXIMUM TEMPERATURE (F)   50        80      1996
 MINIMUM TEMPERATURE (F)   25        -4      1978


SUNRISE AND SUNSET
DECEMBER  8 2016......SUNRISE   743 AM CST   SUNSET   535 PM CST
DECEMBER  9 2016......SUNRISE   744 AM CST   SUNSET   535 PM CST


-  INDICATES NEGATIVE NUMBERS.
R  INDICATES RECORD WAS SET OR TIED.
MM INDICATES DATA IS MISSING.
T  INDICATES TRACE AMOUNT.




$$
