000
CDUS44 KAMA 262239
CLIAMA


CLIMATE REPORT
NATIONAL WEATHER SERVICE AMARILLO TX
438 PM CST MON JAN 26 2015


...................................

...THE AMARILLO CLIMATE SUMMARY FOR JANUARY 26 2015...
VALID TODAY AS OF 0400 PM LOCAL TIME.

CLIMATE NORMAL PERIOD 1981 TO 2010
CLIMATE RECORD PERIOD 1892 TO 2015


WEATHER ITEM   OBSERVED TIME   RECORD YEAR NORMAL DEPARTURE LAST
                VALUE   (LST)  VALUE       VALUE  FROM      YEAR
                                                  NORMAL
..................................................................
TEMPERATURE (F)
 TODAY
  MAXIMUM         70    348 PM  78    1975  51     19       62
  MINIMUM         35   1218 AM  -5    1966  24     11       30
  AVERAGE         53                        38     15       46

PRECIPITATION (IN)
  TODAY            0.00          0.67 1944   0.03  -0.03     0.00
  MONTH TO DATE    1.21                      0.58   0.63     0.03
  SINCE DEC 1      1.34                      1.29   0.05     0.35
  SINCE JAN 1      1.21                      0.58   0.63     0.03

SNOWFALL (IN)
  TODAY            0.0           2.0  2004   0.2   -0.2      0.0
  MONTH TO DATE   14.1                       3.7   10.4      0.9
  SINCE DEC 1     14.5                       7.4    7.1      3.1
  SINCE JUL 1     17.0                      10.1    6.9      7.4
  SNOW DEPTH       0

DEGREE DAYS
 HEATING
  TODAY           12                        27    -15       19
  MONTH TO DATE  778                       733     45      688
  SINCE DEC 1   1553                      1606    -53     1591
  SINCE JUL 1   2347                      2450   -103     2429

 COOLING
  TODAY            0                         0      0        0
  MONTH TO DATE    0                         0      0        0
  SINCE DEC 1      0                         0      0        0
  SINCE JAN 1      0                         0      0        0
..................................................................


WIND (MPH)
  RESULTANT WIND SPEED  11   RESULTANT WIND DIRECTION  NW (300)
  HIGHEST WIND SPEED    18   HIGHEST WIND DIRECTION     W (290)
  HIGHEST GUST SPEED    23   HIGHEST GUST DIRECTION    NW (300)
  AVERAGE WIND SPEED    12.2


SKY COVER
  AVERAGE SKY COVER 0.0


WEATHER CONDITIONS
 THE FOLLOWING WEATHER WAS RECORDED TODAY.
  NO SIGNIFICANT WEATHER WAS OBSERVED.


RELATIVE HUMIDITY (PERCENT)
 HIGHEST    76           100 AM
 LOWEST     22           400 PM
 AVERAGE    49

..........................................................


THE AMARILLO CLIMATE NORMALS FOR TOMORROW
                         NORMAL    RECORD    YEAR
 MAXIMUM TEMPERATURE (F)   52        75      1970
 MINIMUM TEMPERATURE (F)   24        -1      1897


SUNRISE AND SUNSET
JANUARY 26 2015.......SUNRISE   750 AM CST   SUNSET   609 PM CST
JANUARY 27 2015.......SUNRISE   750 AM CST   SUNSET   610 PM CST


-  INDICATES NEGATIVE NUMBERS.
R  INDICATES RECORD WAS SET OR TIED.
MM INDICATES DATA IS MISSING.
T  INDICATES TRACE AMOUNT.




$$
