000
CDUS44 KAMA 210634
CLIAMA


CLIMATE REPORT
NATIONAL WEATHER SERVICE AMARILLO TX
134 AM CDT TUE OCT 21 2014


...................................

...THE AMARILLO CLIMATE SUMMARY FOR OCTOBER 20 2014...

CLIMATE NORMAL PERIOD 1981 TO 2010
CLIMATE RECORD PERIOD 1892 TO 2014


WEATHER ITEM   OBSERVED TIME   RECORD YEAR NORMAL DEPARTURE LAST
                VALUE   (LST)  VALUE       VALUE  FROM      YEAR
                                                  NORMAL
..................................................................
TEMPERATURE (F)
 YESTERDAY
  MAXIMUM         79    340 PM  90    2003  71      8       77
  MINIMUM         52    723 AM  26    1982  43      9       36
                                      1976
  AVERAGE         66                        57      9       57

PRECIPITATION (IN)
  YESTERDAY        0.00          1.27 1953   0.05  -0.05     0.00
  MONTH TO DATE    0.53                      1.17  -0.64     0.13
  SINCE SEP 1      4.69                      3.09   1.60     1.96
  SINCE JAN 1     18.38                     18.36   0.02    14.33

SNOWFALL (IN)
  YESTERDAY        0.0           1.6  1910   0.0    0.0      0.0
  MONTH TO DATE    0.0                       0.0    0.0      0.0
  SINCE SEP 1      T                         T      0.0      0.0
  SINCE JUL 1      T                         T      0.0      0.0
  SNOW DEPTH       0

DEGREE DAYS
 HEATING
  YESTERDAY        0                         8     -8        8
  MONTH TO DATE   87                       120    -33      139
  SINCE SEP 1    111                       163    -52      148
  SINCE JUL 1    111                       164    -53      148

 COOLING
  YESTERDAY        1                         0      1        0
  MONTH TO DATE   24                        25     -1       31
  SINCE SEP 1    186                       203    -17      307
  SINCE JAN 1   1516                      1395    121     1803
..................................................................


WIND (MPH)
  RESULTANT WIND SPEED   2   RESULTANT WIND DIRECTION  SW (210)
  HIGHEST WIND SPEED    13   HIGHEST WIND DIRECTION     S (200)
  HIGHEST GUST SPEED    17   HIGHEST GUST DIRECTION     S (200)
  AVERAGE WIND SPEED     5.7


SKY COVER
  AVERAGE SKY COVER 0.1


WEATHER CONDITIONS
 THE FOLLOWING WEATHER WAS RECORDED YESTERDAY.
  FOG


RELATIVE HUMIDITY (PERCENT)
 HIGHEST   100          1200 AM
 LOWEST     40           200 PM
 AVERAGE    70

..........................................................


THE AMARILLO CLIMATE NORMALS FOR TODAY
                         NORMAL    RECORD    YEAR
 MAXIMUM TEMPERATURE (F)   70        90      1961
                                             1921
 MINIMUM TEMPERATURE (F)   43        26      1898


SUNRISE AND SUNSET
OCTOBER 21 2014.......SUNRISE   758 AM CDT   SUNSET   704 PM CDT
OCTOBER 22 2014.......SUNRISE   759 AM CDT   SUNSET   703 PM CDT


-  INDICATES NEGATIVE NUMBERS.
R  INDICATES RECORD WAS SET OR TIED.
MM INDICATES DATA IS MISSING.
T  INDICATES TRACE AMOUNT.




$$
