000
CDUS44 KAMA 040732
CLIAMA


CLIMATE REPORT
NATIONAL WEATHER SERVICE AMARILLO TX
131 AM CST WED MAR 4 2015


...................................

...THE AMARILLO CLIMATE SUMMARY FOR MARCH 3 2015...

CLIMATE NORMAL PERIOD 1981 TO 2010
CLIMATE RECORD PERIOD 1892 TO 2015


WEATHER ITEM   OBSERVED TIME   RECORD YEAR NORMAL DEPARTURE LAST
                VALUE   (LST)  VALUE       VALUE  FROM      YEAR
                                                  NORMAL
..................................................................
TEMPERATURE (F)
 YESTERDAY
  MAXIMUM         59   1255 PM  80    1972  59      0       44
  MINIMUM         34    408 AM   0    1960  30      4        3
  AVERAGE         47                        44      3       24

PRECIPITATION (IN)
  YESTERDAY        0.01          0.40 1934   0.03  -0.02     0.00
  MONTH TO DATE    0.01                      0.09  -0.08     0.07
  SINCE MAR 1      0.01                      0.09  -0.08     0.07
  SINCE JAN 1      2.09                      1.37   0.72     0.46

SNOWFALL (IN)
  YESTERDAY        0.0           2.5  1917   0.0    0.0      0.0
  MONTH TO DATE    0.0                       0.2   -0.2      0.3
  SINCE MAR 1      0.0                       0.2   -0.2      0.3
  SINCE JUL 1     23.8                      14.2    9.6     12.4
  SNOW DEPTH       0

DEGREE DAYS
 HEATING
  YESTERDAY       18                        21     -3       41
  MONTH TO DATE   89                        63     26      123
  SINCE MAR 1     89                        63     26      123
  SINCE JUL 1   3214                      3340   -126     3476

 COOLING
  YESTERDAY        0                         0      0        0
  MONTH TO DATE    0                         0      0        0
  SINCE MAR 1      0                         0      0        0
  SINCE JAN 1      0                         0      0        0
..................................................................


WIND (MPH)
  RESULTANT WIND SPEED   8   RESULTANT WIND DIRECTION  SW (210)
  HIGHEST WIND SPEED    29   HIGHEST WIND DIRECTION     S (200)
  HIGHEST GUST SPEED    36   HIGHEST GUST DIRECTION     S (190)
  AVERAGE WIND SPEED    12.8


SKY COVER
  AVERAGE SKY COVER 0.6


WEATHER CONDITIONS
 THE FOLLOWING WEATHER WAS RECORDED YESTERDAY.
  LIGHT RAIN
  FOG


RELATIVE HUMIDITY (PERCENT)
 HIGHEST   100           300 AM
 LOWEST     31           100 PM
 AVERAGE    66

..........................................................


THE AMARILLO CLIMATE NORMALS FOR TODAY
                         NORMAL    RECORD    YEAR
 MAXIMUM TEMPERATURE (F)   59        85      2009
 MINIMUM TEMPERATURE (F)   30         6      1917


SUNRISE AND SUNSET
MARCH  4 2015.........SUNRISE   713 AM CST   SUNSET   645 PM CST
MARCH  5 2015.........SUNRISE   711 AM CST   SUNSET   646 PM CST


-  INDICATES NEGATIVE NUMBERS.
R  INDICATES RECORD WAS SET OR TIED.
MM INDICATES DATA IS MISSING.
T  INDICATES TRACE AMOUNT.




$$
