000
CDUS42 KJAX 220626
CLIAMG


CLIMATE REPORT
NATIONAL WEATHER SERVICE JACKSONVILLE FL
125 AM EST WED NOV 22 2017


...................................

...THE ALMA CLIMATE SUMMARY FOR NOVEMBER 21 2017...

CLIMATE NORMAL PERIOD 1981 TO 2010
CLIMATE RECORD PERIOD 1948 TO 2017


WEATHER ITEM   OBSERVED TIME   RECORD YEAR NORMAL DEPARTURE LAST
                VALUE   (LST)  VALUE       VALUE  FROM      YEAR
                                                  NORMAL
..................................................................
TEMPERATURE (F)
 YESTERDAY
  MAXIMUM         73    142 PM  83    2011  70      3       66
  MINIMUM         53    733 AM  26    1968  47      6       33
  AVERAGE         63                        58      5       50

PRECIPITATION (IN)
  YESTERDAY        0.02          2.16 2005   0.08  -0.06     0.00
  MONTH TO DATE    0.70                      1.70  -1.00     0.00
  SINCE SEP 1     10.38                      8.37   2.01     7.49
  SINCE JAN 1     38.78                     42.58  -3.80    39.49

SNOWFALL (IN)
  YESTERDAY        0.0           0.0    MM   0.0    0.0      0.0
  MONTH TO DATE    0.0                       0.0    0.0      0.0
  SINCE SEP 1      0.0                       0.0    0.0      0.0
  SINCE JUL 1      0.0                       0.0    0.0      0.0
  SNOW DEPTH       0

DEGREE DAYS
 HEATING
  YESTERDAY        2                         8     -6       15
  MONTH TO DATE  106                       116    -10      126
  SINCE SEP 1    157                       166     -9      142
  SINCE JUL 1    157                       166     -9      142

 COOLING
  YESTERDAY        0                         1     -1        0
  MONTH TO DATE   32                        33     -1       22
  SINCE SEP 1    682                       551    131      603
  SINCE JAN 1   2853                      2458    395     2684
..................................................................


WIND (MPH)
  HIGHEST WIND SPEED     7   HIGHEST WIND DIRECTION     E (90)
  HIGHEST GUST SPEED    11   HIGHEST GUST DIRECTION    NE (60)
  AVERAGE WIND SPEED     2.3


SKY COVER
  POSSIBLE SUNSHINE  MM
  AVERAGE SKY COVER 0.6


WEATHER CONDITIONS
 THE FOLLOWING WEATHER WAS RECORDED YESTERDAY.
  LIGHT RAIN
  FOG
  FOG W/VISIBILITY <= 1/4 MILE


RELATIVE HUMIDITY (PERCENT)
 HIGHEST    97          1100 PM
 LOWEST     66          1200 PM
 AVERAGE    82

..........................................................


THE ALMA CLIMATE NORMALS FOR TODAY
                         NORMAL    RECORD    YEAR
 MAXIMUM TEMPERATURE (F)   70        83      2011
 MINIMUM TEMPERATURE (F)   47        26      1981


SUNRISE AND SUNSET
NOVEMBER 22 2017......SUNRISE   704 AM EST   SUNSET   528 PM EST
NOVEMBER 23 2017......SUNRISE   705 AM EST   SUNSET   528 PM EST


-  INDICATES NEGATIVE NUMBERS.
R  INDICATES RECORD WAS SET OR TIED.
MM INDICATES DATA IS MISSING.
T  INDICATES TRACE AMOUNT.




$$
