000
CDUS42 KJAX 062226
CLIAMG


CLIMATE REPORT
NATIONAL WEATHER SERVICE JACKSONVILLE FL
525 PM EST FRI MAR 6 2015


...................................

...THE ALMA CLIMATE SUMMARY FOR MARCH 6 2015...
VALID TODAY AS OF 0500 PM LOCAL TIME.

CLIMATE NORMAL PERIOD 1981 TO 2010
CLIMATE RECORD PERIOD 1948 TO 2015


WEATHER ITEM   OBSERVED TIME   RECORD YEAR NORMAL DEPARTURE LAST
                VALUE   (LST)  VALUE       VALUE  FROM      YEAR
                                                  NORMAL
..................................................................
TEMPERATURE (F)
 TODAY
  MAXIMUM         49   1201 AM  86    1961  70    -21       45
  MINIMUM         44    204 PM  23    1960  46     -2       38
  AVERAGE         47                        58    -11       42

PRECIPITATION (IN)
  TODAY            0.00          4.34 1984   0.16  -0.16     0.72
  MONTH TO DATE    0.37                      0.99  -0.62     0.83
  SINCE MAR 1      0.37                      0.99  -0.62     0.83
  SINCE JAN 1      6.20                      9.05  -2.85     4.35

SNOWFALL (IN)
  TODAY            0.0           0.0    MM   0.0    0.0      0.0
  MONTH TO DATE    0.0                       0.0    0.0      0.0
  SINCE MAR 1      0.0                       0.0    0.0      0.0
  SINCE JUL 1      0.0                       0.1   -0.1       T
  SNOW DEPTH       0

DEGREE DAYS
 HEATING
  TODAY           18                         8     10       23
  MONTH TO DATE   39                        49    -10       87
  SINCE MAR 1     39                        49    -10       87
  SINCE JUL 1   1714                      1450    264     1554

 COOLING
  TODAY            0                         1     -1        0
  MONTH TO DATE   10                         6      4        0
  SINCE MAR 1     10                         6      4        0
  SINCE JAN 1     13                        22     -9        8
..................................................................


WIND (MPH)
  HIGHEST WIND SPEED    13   HIGHEST WIND DIRECTION     N (350)
  HIGHEST GUST SPEED    18   HIGHEST GUST DIRECTION     N (350)
  AVERAGE WIND SPEED     8.2


SKY COVER
  POSSIBLE SUNSHINE  MM
  AVERAGE SKY COVER 0.9


WEATHER CONDITIONS
 THE FOLLOWING WEATHER WAS RECORDED TODAY.
  FOG


RELATIVE HUMIDITY (PERCENT)
 HIGHEST    89           700 AM
 LOWEST     71           400 PM
 AVERAGE    80

..........................................................


THE ALMA CLIMATE NORMALS FOR TOMORROW
                         NORMAL    RECORD    YEAR
 MAXIMUM TEMPERATURE (F)   70        86      1956
 MINIMUM TEMPERATURE (F)   47        23      1954


SUNRISE AND SUNSET
MARCH  6 2015.........SUNRISE   651 AM EST   SUNSET   632 PM EST
MARCH  7 2015.........SUNRISE   650 AM EST   SUNSET   632 PM EST


-  INDICATES NEGATIVE NUMBERS.
R  INDICATES RECORD WAS SET OR TIED.
MM INDICATES DATA IS MISSING.
T  INDICATES TRACE AMOUNT.




$$
