000
CDUS42 KJAX 242228
CLIAMG


CLIMATE REPORT
NATIONAL WEATHER SERVICE JACKSONVILLE FL
527 PM EST SAT FEB 24 2018


...................................

...THE ALMA CLIMATE SUMMARY FOR FEBRUARY 24 2018...
VALID TODAY AS OF 0500 PM LOCAL TIME.

CLIMATE NORMAL PERIOD 1981 TO 2010
CLIMATE RECORD PERIOD 1948 TO 2018


WEATHER ITEM   OBSERVED TIME   RECORD YEAR NORMAL DEPARTURE LAST
                VALUE   (LST)  VALUE       VALUE  FROM      YEAR
                                                  NORMAL
..................................................................
TEMPERATURE (F)
 TODAY
  MAXIMUM         85R   413 PM  85    2012  68     17       83
  MINIMUM         62    509 AM  24    1964  45     17       57
  AVERAGE         74                        56     18       70

PRECIPITATION (IN)
  TODAY            0.00          1.23 1979   0.14  -0.14     0.00
  MONTH TO DATE    1.73                      3.25  -1.52     1.01
  SINCE DEC 1      5.14                     10.80  -5.66    12.82
  SINCE JAN 1      3.28                      7.51  -4.23     8.10

SNOWFALL (IN)
  TODAY            0.0           0.0    MM   0.0    0.0      0.0
  MONTH TO DATE    0.0                       0.0    0.0      0.0
  SINCE DEC 1      3.0                       0.1    2.9      0.0
  SINCE JUL 1      3.0                       0.1    2.9      0.0
  SNOW DEPTH       0

DEGREE DAYS
 HEATING
  TODAY            0                         9     -9        0
  MONTH TO DATE   99                       275   -176      129
  SINCE DEC 1   1021                      1120    -99      650
  SINCE JUL 1   1232                      1364   -132      838

 COOLING
  TODAY            9                         0      9        5
  MONTH TO DATE   81                         0     81       19
  SINCE DEC 1     99                        16     83       58
  SINCE JAN 1     86                         5     81       45
..................................................................


WIND (MPH)
  HIGHEST WIND SPEED    13   HIGHEST WIND DIRECTION     S (180)
  HIGHEST GUST SPEED    18   HIGHEST GUST DIRECTION     S (180)
  AVERAGE WIND SPEED     6.5


SKY COVER
  POSSIBLE SUNSHINE  MM
  AVERAGE SKY COVER 0.4


WEATHER CONDITIONS
 THE FOLLOWING WEATHER WAS RECORDED TODAY.
  FOG
  FOG W/VISIBILITY <= 1/4 MILE


RELATIVE HUMIDITY (PERCENT)
 HIGHEST   100           800 AM
 LOWEST     37           400 PM
 AVERAGE    69

..........................................................


THE ALMA CLIMATE NORMALS FOR TOMORROW
                         NORMAL    RECORD    YEAR
 MAXIMUM TEMPERATURE (F)   68        83      2001
 MINIMUM TEMPERATURE (F)   45        22      1967


SUNRISE AND SUNSET
FEBRUARY 24 2018......SUNRISE   702 AM EST   SUNSET   624 PM EST
FEBRUARY 25 2018......SUNRISE   701 AM EST   SUNSET   625 PM EST


-  INDICATES NEGATIVE NUMBERS.
R  INDICATES RECORD WAS SET OR TIED.
MM INDICATES DATA IS MISSING.
T  INDICATES TRACE AMOUNT.




$$
