000
CDUS42 KJAX 272126
CLIAMG


CLIMATE REPORT
NATIONAL WEATHER SERVICE JACKSONVILLE FL
526 PM EDT FRI MAY 27 2016


...................................

...THE ALMA CLIMATE SUMMARY FOR MAY 27 2016...
VALID TODAY AS OF 0500 PM LOCAL TIME.

CLIMATE NORMAL PERIOD 1981 TO 2010
CLIMATE RECORD PERIOD 1948 TO 2016


WEATHER ITEM   OBSERVED TIME   RECORD YEAR NORMAL DEPARTURE LAST
                VALUE   (LST)  VALUE       VALUE  FROM      YEAR
                                                  NORMAL
..................................................................
TEMPERATURE (F)
 TODAY
  MAXIMUM         87    246 PM  99    1967  88     -1       89
  MINIMUM         59    541 AM  49    1979  65     -6       67
  AVERAGE         73                        76     -3       78

PRECIPITATION (IN)
  TODAY            0.00          1.65 1973   0.10  -0.10     0.00
  MONTH TO DATE    3.34                      2.04   1.30     1.28
  SINCE MAR 1      9.53                      9.60  -0.07     7.44
  SINCE JAN 1     18.78                     17.66   1.12    13.27

SNOWFALL (IN)
  TODAY            0.0           0.0    MM   0.0    0.0      0.0
  MONTH TO DATE    0.0                       0.0    0.0      0.0
  SINCE MAR 1      0.0                       0.0    0.0      0.0
  SINCE JUL 1      0.0                       0.1   -0.1      0.0
  SNOW DEPTH       0

DEGREE DAYS
 HEATING
  TODAY            0                         0      0        0
  MONTH TO DATE    7                         3      4        4
  SINCE MAR 1    176                       255    -79      145
  SINCE JUL 1   1274                      1656   -382     1820

 COOLING
  TODAY            8                        12     -4       13
  MONTH TO DATE  215                       227    -12      254
  SINCE MAR 1    388                       365     23      478
  SINCE JAN 1    401                       381     20      481
..................................................................


WIND (MPH)
  HIGHEST WIND SPEED    14   HIGHEST WIND DIRECTION    SE (130)
  HIGHEST GUST SPEED    19   HIGHEST GUST DIRECTION     E (110)
  AVERAGE WIND SPEED     4.1


SKY COVER
  POSSIBLE SUNSHINE  MM
  AVERAGE SKY COVER 0.2


WEATHER CONDITIONS
 THE FOLLOWING WEATHER WAS RECORDED TODAY.
  FOG


RELATIVE HUMIDITY (PERCENT)
 HIGHEST   100           300 AM
 LOWEST     44           300 PM
 AVERAGE    72

..........................................................


THE ALMA CLIMATE NORMALS FOR TOMORROW
                         NORMAL    RECORD    YEAR
 MAXIMUM TEMPERATURE (F)   88       100      1967
 MINIMUM TEMPERATURE (F)   65        46      1961


SUNRISE AND SUNSET
MAY 27 2016...........SUNRISE   627 AM EDT   SUNSET   828 PM EDT
MAY 28 2016...........SUNRISE   627 AM EDT   SUNSET   828 PM EDT


-  INDICATES NEGATIVE NUMBERS.
R  INDICATES RECORD WAS SET OR TIED.
MM INDICATES DATA IS MISSING.
T  INDICATES TRACE AMOUNT.




$$
