000
CDUS42 KJAX 210528
CLIAMG


CLIMATE REPORT
NATIONAL WEATHER SERVICE JACKSONVILLE FL
127 AM EDT THU SEP 21 2017


...................................

...THE ALMA CLIMATE SUMMARY FOR SEPTEMBER 20 2017...

CLIMATE NORMAL PERIOD 1981 TO 2010
CLIMATE RECORD PERIOD 1948 TO 2017


WEATHER ITEM   OBSERVED TIME   RECORD YEAR NORMAL DEPARTURE LAST
                VALUE   (LST)  VALUE       VALUE  FROM      YEAR
                                                  NORMAL
..................................................................
TEMPERATURE (F)
 YESTERDAY
  MAXIMUM         93    228 PM  97    2010  86      7       91
  MINIMUM         69    645 AM  42    1981  66      3       70
  AVERAGE         81                        76      5       81

PRECIPITATION (IN)
  YESTERDAY        0.01          0.83 1982   0.11  -0.10     0.00
  MONTH TO DATE    7.29                      2.56   4.73     4.26
  SINCE SEP 1      7.29                      2.56   4.73     4.26
  SINCE JAN 1     35.69                     36.77  -1.08    36.26

SNOWFALL (IN)
  YESTERDAY        0.0           0.0    MM   0.0    0.0      0.0
  MONTH TO DATE    0.0                       0.0    0.0      0.0
  SINCE SEP 1      0.0                       0.0    0.0      0.0
  SINCE JUL 1      0.0                       0.0    0.0      0.0
  SNOW DEPTH       0

DEGREE DAYS
 HEATING
  YESTERDAY        0                         0      0        0
  MONTH TO DATE    0                         0      0        0
  SINCE SEP 1      0                         0      0        0
  SINCE JUL 1      0                         0      0        0

 COOLING
  YESTERDAY       16                        11      5       16
  MONTH TO DATE  247                       264    -17      282
  SINCE SEP 1    247                       264    -17      282
  SINCE JAN 1   2418                      2171    247     2363
..................................................................


WIND (MPH)
  HIGHEST WIND SPEED    10   HIGHEST WIND DIRECTION     W (280)
  HIGHEST GUST SPEED    17   HIGHEST GUST DIRECTION     W (290)
  AVERAGE WIND SPEED     2.6


SKY COVER
  POSSIBLE SUNSHINE  MM
  AVERAGE SKY COVER 0.0


WEATHER CONDITIONS
 THE FOLLOWING WEATHER WAS RECORDED YESTERDAY.
  THUNDERSTORM
  LIGHT RAIN
  FOG
  HAZE


RELATIVE HUMIDITY (PERCENT)
 HIGHEST   100           700 AM
 LOWEST     49           200 PM
 AVERAGE    75

..........................................................


THE ALMA CLIMATE NORMALS FOR TODAY
                         NORMAL    RECORD    YEAR
 MAXIMUM TEMPERATURE (F)   86        96      2010
                                             1990
 MINIMUM TEMPERATURE (F)   66        51      1981


SUNRISE AND SUNSET
SEPTEMBER 21 2017.....SUNRISE   718 AM EDT   SUNSET   728 PM EDT
SEPTEMBER 22 2017.....SUNRISE   718 AM EDT   SUNSET   726 PM EDT


-  INDICATES NEGATIVE NUMBERS.
R  INDICATES RECORD WAS SET OR TIED.
MM INDICATES DATA IS MISSING.
T  INDICATES TRACE AMOUNT.




$$
