000
CDUS44 KBMX 220736
CLIANB


CLIMATE REPORT
NATIONAL WEATHER SERVICE BIRMINGHAM, AL
236 AM CDT MON MAY 22 2017


...................................

...THE ANNISTON CLIMATE SUMMARY FOR MAY 21 2017...

CLIMATE NORMAL PERIOD 1981 TO 2010
CLIMATE RECORD PERIOD 1903 TO 2017


WEATHER ITEM   OBSERVED TIME   RECORD YEAR NORMAL DEPARTURE LAST
                VALUE   (LST)  VALUE       VALUE  FROM      YEAR
                                                  NORMAL
..................................................................
TEMPERATURE (F)
 YESTERDAY
  MAXIMUM         80    412 PM  95    1962  82     -2       81
                                      2004
  MINIMUM         63    454 AM  40    1954  60      3       64
  AVERAGE         72                        71      1       73

PRECIPITATION (IN)
  YESTERDAY        0.15          2.12 2000   0.14   0.01      T
  MONTH TO DATE    3.67                      2.97   0.70     4.49
  SINCE MAR 1     13.91                     12.04   1.87    10.88
  SINCE JAN 1     24.43                     21.64   2.79    19.72

..................................................................


WIND (MPH)
  HIGHEST WIND SPEED    15   HIGHEST WIND DIRECTION    NE (50)
  HIGHEST GUST SPEED    19   HIGHEST GUST DIRECTION    NE (50)
  AVERAGE WIND SPEED     3.9


SKY COVER
  AVERAGE SKY COVER 0.6


WEATHER CONDITIONS
 THE FOLLOWING WEATHER WAS RECORDED YESTERDAY.
  THUNDERSTORM
  RAIN
  LIGHT RAIN
  FOG


RELATIVE HUMIDITY (PERCENT)
 HIGHEST   100
 LOWEST     67
 AVERAGE    84

..........................................................


THE ANNISTON CLIMATE NORMALS FOR TODAY
                         NORMAL    RECORD    YEAR
 MAXIMUM TEMPERATURE (F)   82        94      2006
                                             1970
 MINIMUM TEMPERATURE (F)   61        42      2002


SUNRISE AND SUNSET
MAY 22 2017...........SUNRISE   538 AM CDT   SUNSET   742 PM CDT
MAY 23 2017...........SUNRISE   538 AM CDT   SUNSET   743 PM CDT


-  INDICATES NEGATIVE NUMBERS.
R  INDICATES RECORD WAS SET OR TIED.
MM INDICATES DATA IS MISSING.
T  INDICATES TRACE AMOUNT.




$$
