369
CDUS44 KBMX 172220
CLIANB


CLIMATE REPORT
NATIONAL WEATHER SERVICE BIRMINGHAM, AL
420 PM CST SUN DEC 17 2017


...................................

...THE ANNISTON CLIMATE SUMMARY FOR DECEMBER 17 2017...
VALID TODAY AS OF 0400 PM LOCAL TIME.

CLIMATE NORMAL PERIOD 1981 TO 2010
CLIMATE RECORD PERIOD 1903 TO 2017


WEATHER ITEM   OBSERVED RECORD YEAR NORMAL DEPARTURE LAST
                VALUE   VALUE       VALUE  FROM      YEAR
                                           NORMAL
...........................................................
TEMPERATURE (F)
 TODAY
  MAXIMUM         48     75    1990  55     -7       71
                               1984
  MINIMUM         32     14    1945  35     -3       48
  AVERAGE         40

PRECIPITATION (IN)
  TODAY            0.16   2.68 1961   0.13   0.03     0.04
  MONTH TO DATE    1.70               2.40  -0.70     1.53
  SINCE DEC 1      1.70               2.40  -0.70     1.53
  SINCE JAN 1     58.15              47.95  10.20    31.02

SNOWFALL (IN)
  TODAY           MM                  0.0             0.0
  MONTH TO DATE    0.0                0.0             0.0
  SINCE DEC 1      0.0                0.0             0.0
  SINCE JUL 1      0.0                0.0             0.0

...........................................................


WIND (MPH)
  HIGHEST WIND SPEED    13   HIGHEST WIND DIRECTION    NE (30)
  HIGHEST GUST SPEED    16   HIGHEST GUST DIRECTION    NE (30)
  AVERAGE WIND SPEED     4.9


SKY COVER
  AVERAGE SKY COVER 0.6


WEATHER CONDITIONS
 THE FOLLOWING WEATHER WAS RECORDED TODAY.
  RAIN
  LIGHT RAIN
  FOG


RELATIVE HUMIDITY (PERCENT)
 HIGHEST    93
 LOWEST     57
 AVERAGE    75

..........................................................


THE ANNISTON CLIMATE NORMALS FOR TOMORROW
                         NORMAL    RECORD    YEAR
 MAXIMUM TEMPERATURE (F)   55        76      1984
 MINIMUM TEMPERATURE (F)   35        16      1953


SUNRISE AND SUNSET
DECEMBER 17 2017......SUNRISE   642 AM CST   SUNSET   438 PM CST
DECEMBER 18 2017......SUNRISE   642 AM CST   SUNSET   438 PM CST


-  INDICATES NEGATIVE NUMBERS.
R  INDICATES RECORD WAS SET OR TIED.
MM INDICATES DATA IS MISSING.
T  INDICATES TRACE AMOUNT.




$$
