000
CDUS44 KBMX 020937
CLIANB


CLIMATE REPORT
NATIONAL WEATHER SERVICE BIRMINGHAM, AL
437 AM CDT THU OCT 2 2014


...................................

...THE ANNISTON CLIMATE SUMMARY FOR OCTOBER 1 2014...

CLIMATE NORMAL PERIOD 1981 TO 2010
CLIMATE RECORD PERIOD 1903 TO 2014


WEATHER ITEM   OBSERVED TIME   RECORD YEAR NORMAL DEPARTURE LAST
                VALUE   (LST)  VALUE       VALUE  FROM      YEAR
                                                  NORMAL
..................................................................
TEMPERATURE (F)
 YESTERDAY
  MAXIMUM         87    209 PM  93    1954  79      8       84
  MINIMUM         59    616 AM  39    1972  57      2       64
  AVERAGE         73                        68      5       74

PRECIPITATION (IN)
  YESTERDAY        0.00          2.56 1958   0.10  -0.10     0.00
  MONTH TO DATE    0.00                      0.10  -0.10     0.00
  SINCE SEP 1      1.50                      3.03  -1.53     2.71
  SINCE JAN 1     34.14                     37.95  -3.81    60.49

DEGREE DAYS
 HEATING
  YESTERDAY        0
  MONTH TO DATE    0
  SINCE SEP 1      0
  SINCE JUL 1      0
..................................................................


WIND (MPH)
  HIGHEST WIND SPEED     9   HIGHEST WIND DIRECTION     S (170)
  HIGHEST GUST SPEED    13   HIGHEST GUST DIRECTION     S (160)
  AVERAGE WIND SPEED     1.4


SKY COVER
  AVERAGE SKY COVER 0.0


WEATHER CONDITIONS
 THE FOLLOWING WEATHER WAS RECORDED YESTERDAY.
  NO SIGNIFICANT WEATHER WAS OBSERVED.


RELATIVE HUMIDITY (PERCENT)
 HIGHEST   100
 LOWEST     31
 AVERAGE    66

..........................................................


THE ANNISTON CLIMATE NORMALS FOR TODAY
                         NORMAL    RECORD    YEAR
 MAXIMUM TEMPERATURE (F)   79        93      1954
 MINIMUM TEMPERATURE (F)   57        36      1984


SUNRISE AND SUNSET
OCTOBER  2 2014.......SUNRISE   638 AM CDT   SUNSET   626 PM CDT
OCTOBER  3 2014.......SUNRISE   639 AM CDT   SUNSET   625 PM CDT


-  INDICATES NEGATIVE NUMBERS.
R  INDICATES RECORD WAS SET OR TIED.
MM INDICATES DATA IS MISSING.
T  INDICATES TRACE AMOUNT.




$$
