000
CDUS44 KBMX 251131
CLIANB


CLIMATE REPORT
NATIONAL WEATHER SERVICE BIRMINGHAM, AL
530 AM CST THU DEC 25 2014


...................................

...THE ANNISTON CLIMATE SUMMARY FOR DECEMBER 24 2014...

CLIMATE NORMAL PERIOD 1981 TO 2010
CLIMATE RECORD PERIOD 1903 TO 2014


WEATHER ITEM   OBSERVED TIME   RECORD YEAR NORMAL DEPARTURE LAST
                VALUE   (LST)  VALUE       VALUE  FROM      YEAR
                                                  NORMAL
..................................................................
TEMPERATURE (F)
 YESTERDAY
  MAXIMUM         64   1107 AM  78    1964  54     10       41
  MINIMUM         43   1136 PM   4    1989  34      9       27
  AVERAGE         54                        44     10       34

PRECIPITATION (IN)
  YESTERDAY        0.45          1.73 2002   0.13   0.32     0.00
  MONTH TO DATE    3.43                      3.27   0.16     7.72
  SINCE DEC 1      3.43                      3.27   0.16     7.72
  SINCE JAN 1     46.70                     48.82  -2.12    73.78

SNOWFALL (IN)
  YESTERDAY        0.0                       0.0             0.0
  MONTH TO DATE    0.0                       0.0             0.0
  SINCE DEC 1      0.0                       0.0             0.0
  SINCE JUL 1      0.0                       0.0             0.0

DEGREE DAYS
 HEATING
  YESTERDAY       11
  MONTH TO DATE  384
  SINCE DEC 1    384
  SINCE JUL 1   1012
..................................................................


WIND (MPH)
  HIGHEST WIND SPEED    28   HIGHEST WIND DIRECTION     W (270)
  HIGHEST GUST SPEED    33   HIGHEST GUST DIRECTION     W (270)
  AVERAGE WIND SPEED     8.9


SKY COVER
  AVERAGE SKY COVER 0.8


WEATHER CONDITIONS
 THE FOLLOWING WEATHER WAS RECORDED YESTERDAY.
  LIGHT RAIN
  FOG


RELATIVE HUMIDITY (PERCENT)
 HIGHEST    93
 LOWEST     65
 AVERAGE    79

..........................................................


THE ANNISTON CLIMATE NORMALS FOR TODAY
                         NORMAL    RECORD    YEAR
 MAXIMUM TEMPERATURE (F)   54        73      1982
 MINIMUM TEMPERATURE (F)   34         3      1983


SUNRISE AND SUNSET
DECEMBER 25 2014......SUNRISE   646 AM CST   SUNSET   441 PM CST
DECEMBER 26 2014......SUNRISE   646 AM CST   SUNSET   442 PM CST


-  INDICATES NEGATIVE NUMBERS.
R  INDICATES RECORD WAS SET OR TIED.
MM INDICATES DATA IS MISSING.
T  INDICATES TRACE AMOUNT.




$$
