000
CDUS44 KBMX 310054
CLIANB


CLIMATE REPORT
NATIONAL WEATHER SERVICE BIRMINGHAM, AL
754 PM CDT SAT JUL 30 2016


...................................

...THE ANNISTON CLIMATE SUMMARY FOR JULY 30 2016...
VALID TODAY AS OF 0700 PM LOCAL TIME.

CLIMATE NORMAL PERIOD 1981 TO 2010
CLIMATE RECORD PERIOD 1903 TO 2016


WEATHER ITEM   OBSERVED RECORD YEAR NORMAL DEPARTURE LAST
                VALUE   VALUE       VALUE  FROM      YEAR
                                           NORMAL
...........................................................
TEMPERATURE (F)
 TODAY
  MAXIMUM         88    100    1986  90     -2       96
                               1952
  MINIMUM         71     54    2014  70      1       75
  AVERAGE         80

PRECIPITATION (IN)
  TODAY           MM      2.23 1997   0.15  MM        0.00
  MONTH TO DATE    3.01               4.48  -1.47     4.85
  SINCE JUN 1      4.57               8.56  -3.99     7.48
  SINCE JAN 1     24.29              31.49  -7.20    32.00

DEGREE DAYS
 COOLING
  TODAY           15                 15      0       21
  MONTH TO DATE  537                447     90      503
  SINCE JUN 1    973                806    167      927
  SINCE JAN 1   1253               1046    207     1244
...........................................................


WIND (MPH)
  HIGHEST WIND SPEED    21   HIGHEST WIND DIRECTION     W (260)
  HIGHEST GUST SPEED    28   HIGHEST GUST DIRECTION     W (270)
  AVERAGE WIND SPEED     2.7


SKY COVER
  AVERAGE SKY COVER 0.2


WEATHER CONDITIONS
 THE FOLLOWING WEATHER WAS RECORDED TODAY.
  THUNDERSTORM
  RAIN
  LIGHT RAIN
  FOG


RELATIVE HUMIDITY (PERCENT)
 HIGHEST    93
 LOWEST     59
 AVERAGE    76

..........................................................


THE ANNISTON CLIMATE NORMALS FOR TOMORROW
                         NORMAL    RECORD    YEAR
 MAXIMUM TEMPERATURE (F)   90       100      1986
 MINIMUM TEMPERATURE (F)   70        60      1965


SUNRISE AND SUNSET
JULY 30 2016..........SUNRISE   555 AM CDT   SUNSET   745 PM CDT
JULY 31 2016..........SUNRISE   555 AM CDT   SUNSET   744 PM CDT


-  INDICATES NEGATIVE NUMBERS.
R  INDICATES RECORD WAS SET OR TIED.
MM INDICATES DATA IS MISSING.
T  INDICATES TRACE AMOUNT.




$$
