281
CDUS44 KBMX 230745
CLIANB


CLIMATE REPORT
NATIONAL WEATHER SERVICE BIRMINGHAM, AL
244 AM CDT SUN APR 23 2017


...................................

...THE ANNISTON CLIMATE SUMMARY FOR APRIL 22 2017...

CLIMATE NORMAL PERIOD 1981 TO 2010
CLIMATE RECORD PERIOD 1903 TO 2017


WEATHER ITEM   OBSERVED TIME   RECORD YEAR NORMAL DEPARTURE LAST
                VALUE   (LST)  VALUE       VALUE  FROM      YEAR
                                                  NORMAL
..................................................................
TEMPERATURE (F)
 YESTERDAY
  MAXIMUM         83    213 PM  88    1987  76      7       78
  MINIMUM         57    530 AM  34    1993  51      6       59
  AVERAGE         70                        63      7       69

PRECIPITATION (IN)
  YESTERDAY        0.04          0.97 1997   0.13  -0.09     0.03
  MONTH TO DATE    4.53                      3.03   1.50     3.01
  SINCE MAR 1      8.78                      7.99   0.79     6.30
  SINCE JAN 1     19.30                     17.59   1.71    15.14

SNOWFALL (IN)
  YESTERDAY        0.0                       0.0             0.0
  MONTH TO DATE    0.0                       0.2             0.0
  SINCE MAR 1      0.0                       0.9             0.0
  SINCE JUL 1      0.0                       2.0              T

DEGREE DAYS
 HEATING
  YESTERDAY        0
  MONTH TO DATE   44
  SINCE MAR 1    319
  SINCE JUL 1   1792
..................................................................


WIND (MPH)
  HIGHEST WIND SPEED    17   HIGHEST WIND DIRECTION    SW (240)
  HIGHEST GUST SPEED    22   HIGHEST GUST DIRECTION    SW (240)
  AVERAGE WIND SPEED     5.5


SKY COVER
  AVERAGE SKY COVER 0.2


WEATHER CONDITIONS
 THE FOLLOWING WEATHER WAS RECORDED YESTERDAY.
  LIGHT RAIN


RELATIVE HUMIDITY (PERCENT)
 HIGHEST   100
 LOWEST     43
 AVERAGE    72

..........................................................


THE ANNISTON CLIMATE NORMALS FOR TODAY
                         NORMAL    RECORD    YEAR
 MAXIMUM TEMPERATURE (F)   76        92      1980
 MINIMUM TEMPERATURE (F)   52        30      1986


SUNRISE AND SUNSET
APRIL 23 2017.........SUNRISE   603 AM CDT   SUNSET   721 PM CDT
APRIL 24 2017.........SUNRISE   602 AM CDT   SUNSET   721 PM CDT


-  INDICATES NEGATIVE NUMBERS.
R  INDICATES RECORD WAS SET OR TIED.
MM INDICATES DATA IS MISSING.
T  INDICATES TRACE AMOUNT.




$$
