000
CDUS44 KBMX 010801
CLIANB


CLIMATE REPORT
NATIONAL WEATHER SERVICE BIRMINGHAM, AL
251 AM CDT SUN MAY 1 2016


...................................

...THE ANNISTON CLIMATE SUMMARY FOR APRIL 30 2016...

CLIMATE NORMAL PERIOD 1981 TO 2010
CLIMATE RECORD PERIOD 1903 TO 2016


WEATHER ITEM   OBSERVED TIME   RECORD YEAR NORMAL DEPARTURE LAST
                VALUE   (LST)  VALUE       VALUE  FROM      YEAR
                                                  NORMAL
..................................................................
TEMPERATURE (F)
 YESTERDAY
  MAXIMUM         87    145 PM  92    1970  77     10       75
  MINIMUM         63    209 AM  39    1965  54      9       48
  AVERAGE         75                        66      9       62

PRECIPITATION (IN)
  YESTERDAY        0.00          2.49 1953   0.13  -0.13     0.00
  MONTH TO DATE    3.10                      4.11  -1.01     8.25
  SINCE MAR 1      6.39                      9.07  -2.68    13.83
  SINCE JAN 1     15.23                     18.67  -3.44    21.99

SNOWFALL (IN)
  YESTERDAY        0.0                       0.0             0.0
  MONTH TO DATE    0.0                       0.2             0.0
  SINCE MAR 1      0.0                       0.9              T
  SINCE JUL 1      T                         2.0              T

DEGREE DAYS
 HEATING
  YESTERDAY        0
  MONTH TO DATE   98
  SINCE MAR 1    296
  SINCE JUL 1   2030
..................................................................


WIND (MPH)
  HIGHEST WIND SPEED    17   HIGHEST WIND DIRECTION    SW (210)
  HIGHEST GUST SPEED    23   HIGHEST GUST DIRECTION    SW (210)
  AVERAGE WIND SPEED     5.7


SKY COVER
  AVERAGE SKY COVER 0.0


WEATHER CONDITIONS
 THE FOLLOWING WEATHER WAS RECORDED YESTERDAY.
  NO SIGNIFICANT WEATHER WAS OBSERVED.


RELATIVE HUMIDITY (PERCENT)
 HIGHEST    93
 LOWEST     44
 AVERAGE    69

..........................................................


THE ANNISTON CLIMATE NORMALS FOR TODAY
                         NORMAL    RECORD    YEAR
 MAXIMUM TEMPERATURE (F)   78        90      1987
                                             1959
 MINIMUM TEMPERATURE (F)   54        41      1999
                                             1996


SUNRISE AND SUNSET
MAY  1 2016...........SUNRISE   554 AM CDT   SUNSET   727 PM CDT
MAY  2 2016...........SUNRISE   553 AM CDT   SUNSET   728 PM CDT


-  INDICATES NEGATIVE NUMBERS.
R  INDICATES RECORD WAS SET OR TIED.
MM INDICATES DATA IS MISSING.
T  INDICATES TRACE AMOUNT.




$$
