953
CDUS44 KBMX 080917
CLIANB


CLIMATE REPORT
NATIONAL WEATHER SERVICE BIRMINGHAM, AL
317 AM CST MON FEB 8 2016


...................................

...THE ANNISTON CLIMATE SUMMARY FOR FEBRUARY 7 2016...

CLIMATE NORMAL PERIOD 1981 TO 2010
CLIMATE RECORD PERIOD 1903 TO 2016


WEATHER ITEM   OBSERVED TIME   RECORD YEAR NORMAL DEPARTURE LAST
                VALUE   (LST)  VALUE       VALUE  FROM      YEAR
                                                  NORMAL
..................................................................
TEMPERATURE (F)
 YESTERDAY
  MAXIMUM         57    346 PM  78    1957  56      1       67
  MINIMUM         25    609 AM  14    1988  35    -10       27
  AVERAGE         41                        45     -4       47

PRECIPITATION (IN)
  YESTERDAY        0.00          1.77 1948   0.18  -0.18     0.00
  MONTH TO DATE    0.94                      1.23  -0.29     0.59
  SINCE DEC 1     13.42                      9.87   3.55    12.31
  SINCE JAN 1      4.13                      5.75  -1.62     6.09

SNOWFALL (IN)
  YESTERDAY        0.0                       0.0             0.0
  MONTH TO DATE    0.0                       0.2             0.0
  SINCE DEC 1      T                         0.9             0.0
  SINCE JUL 1      T                         0.9             0.0

DEGREE DAYS
 HEATING
  YESTERDAY       24
  MONTH TO DATE  102
  SINCE DEC 1   1081
  SINCE JUL 1   1372
..................................................................


WIND (MPH)
  HIGHEST WIND SPEED    15   HIGHEST WIND DIRECTION    SW (240)
  HIGHEST GUST SPEED    22   HIGHEST GUST DIRECTION    SW (230)
  AVERAGE WIND SPEED     3.0


SKY COVER
  AVERAGE SKY COVER 0.0


WEATHER CONDITIONS
 THE FOLLOWING WEATHER WAS RECORDED YESTERDAY.
  NO SIGNIFICANT WEATHER WAS OBSERVED.


RELATIVE HUMIDITY (PERCENT)
 HIGHEST    88
 LOWEST     21
 AVERAGE    55

..........................................................


THE ANNISTON CLIMATE NORMALS FOR TODAY
                         NORMAL    RECORD    YEAR
 MAXIMUM TEMPERATURE (F)   56        80      1957
 MINIMUM TEMPERATURE (F)   35        16      1947


SUNRISE AND SUNSET
FEBRUARY  8 2016......SUNRISE   635 AM CST   SUNSET   521 PM CST
FEBRUARY  9 2016......SUNRISE   634 AM CST   SUNSET   522 PM CST


-  INDICATES NEGATIVE NUMBERS.
R  INDICATES RECORD WAS SET OR TIED.
MM INDICATES DATA IS MISSING.
T  INDICATES TRACE AMOUNT.




$$
