000
CDUS44 KBMX 220735
CLIANB


CLIMATE REPORT
NATIONAL WEATHER SERVICE BIRMINGHAM, AL
234 AM CDT TUE AUG 22 2017


...................................

...THE ANNISTON CLIMATE SUMMARY FOR AUGUST 21 2017...

CLIMATE NORMAL PERIOD 1981 TO 2010
CLIMATE RECORD PERIOD 1903 TO 2017


WEATHER ITEM   OBSERVED TIME   RECORD YEAR NORMAL DEPARTURE LAST
                VALUE   (LST)  VALUE       VALUE  FROM      YEAR
                                                  NORMAL
..................................................................
TEMPERATURE (F)
 YESTERDAY
  MAXIMUM         93    257 PM 106    1983  90      3       91
  MINIMUM         72    558 AM  58    1991  69      3       72
  AVERAGE         83                        80      3       82

PRECIPITATION (IN)
  YESTERDAY        0.00          1.64 1992   0.10  -0.10      T
  MONTH TO DATE    4.22                      2.29   1.93     1.56
  SINCE JUN 1     16.89                     10.99   5.90     6.14
  SINCE JAN 1     42.81                     33.92   8.89    25.86

..................................................................


WIND (MPH)
  HIGHEST WIND SPEED     8   HIGHEST WIND DIRECTION     E (110)
  HIGHEST GUST SPEED    11   HIGHEST GUST DIRECTION    SE (150)
  AVERAGE WIND SPEED     3.3


SKY COVER
  AVERAGE SKY COVER 0.0


WEATHER CONDITIONS
 THE FOLLOWING WEATHER WAS RECORDED YESTERDAY.
  NO SIGNIFICANT WEATHER WAS OBSERVED.


RELATIVE HUMIDITY (PERCENT)
 HIGHEST    94
 LOWEST     44
 AVERAGE    69

..........................................................


THE ANNISTON CLIMATE NORMALS FOR TODAY
                         NORMAL    RECORD    YEAR
 MAXIMUM TEMPERATURE (F)   89       104      2007
 MINIMUM TEMPERATURE (F)   69        55      1997


SUNRISE AND SUNSET
AUGUST 22 2017........SUNRISE   611 AM CDT   SUNSET   721 PM CDT
AUGUST 23 2017........SUNRISE   611 AM CDT   SUNSET   720 PM CDT


-  INDICATES NEGATIVE NUMBERS.
R  INDICATES RECORD WAS SET OR TIED.
MM INDICATES DATA IS MISSING.
T  INDICATES TRACE AMOUNT.




$$
