000
CDUS44 KBMX 150937
CLIANB


CLIMATE REPORT
NATIONAL WEATHER SERVICE BIRMINGHAM, AL
437 AM CDT MON SEP 15 2014


...................................

...THE ANNISTON CLIMATE SUMMARY FOR SEPTEMBER 14 2014...

CLIMATE NORMAL PERIOD 1981 TO 2010
CLIMATE RECORD PERIOD 1903 TO 2014


WEATHER ITEM   OBSERVED TIME   RECORD YEAR NORMAL DEPARTURE LAST
                VALUE   (LST)  VALUE       VALUE  FROM      YEAR
                                                  NORMAL
..................................................................
TEMPERATURE (F)
 YESTERDAY
  MAXIMUM         89    326 PM  96    1972  85      4       82
  MINIMUM         65    527 AM  48    1953  64      1       55
  AVERAGE         77                        74      3       69

PRECIPITATION (IN)
  YESTERDAY        0.00          0.58 1961   0.10  -0.10     0.00
  MONTH TO DATE    1.07                      1.41  -0.34     1.77
  SINCE SEP 1      1.07                      1.41  -0.34     1.77
  SINCE JAN 1     33.71                     36.33  -2.62    59.55

DEGREE DAYS
 HEATING
  YESTERDAY        0
  MONTH TO DATE    0
  SINCE SEP 1      0
  SINCE JUL 1      0
..................................................................


WIND (MPH)
  HIGHEST WIND SPEED    10   HIGHEST WIND DIRECTION     E (70)
  HIGHEST GUST SPEED    15   HIGHEST GUST DIRECTION     E (80)
  AVERAGE WIND SPEED     4.8


SKY COVER
  AVERAGE SKY COVER 0.5


WEATHER CONDITIONS
 THE FOLLOWING WEATHER WAS RECORDED YESTERDAY.
  NO SIGNIFICANT WEATHER WAS OBSERVED.


RELATIVE HUMIDITY (PERCENT)
 HIGHEST    87
 LOWEST     50
 AVERAGE    69

..........................................................


THE ANNISTON CLIMATE NORMALS FOR TODAY
                         NORMAL    RECORD    YEAR
 MAXIMUM TEMPERATURE (F)   84        96      1980
                                             1956
 MINIMUM TEMPERATURE (F)   63        49      1985


SUNRISE AND SUNSET
SEPTEMBER 15 2014.....SUNRISE   627 AM CDT   SUNSET   650 PM CDT
SEPTEMBER 16 2014.....SUNRISE   627 AM CDT   SUNSET   648 PM CDT


-  INDICATES NEGATIVE NUMBERS.
R  INDICATES RECORD WAS SET OR TIED.
MM INDICATES DATA IS MISSING.
T  INDICATES TRACE AMOUNT.




$$
