000
CDAK48 PAFC 260041
CLIANC

CLIMATE REPORT
NATIONAL WEATHER SERVICE ANCHORAGE, AK
440 PM AKDT MON JUL 25 2016


...................................

...THE ANCHORAGE AK CLIMATE SUMMARY FOR JULY 25 2016...
VALID TODAY AS OF 0400 PM LOCAL TIME.

CLIMATE NORMAL PERIOD 1981 TO 2010
CLIMATE RECORD PERIOD 1952 TO 2016


WEATHER ITEM   OBSERVED TIME   RECORD YEAR NORMAL DEPARTURE LAST
                VALUE   (LST)  VALUE       VALUE  FROM      YEAR
                                                  NORMAL
..................................................................
TEMPERATURE (F)
 TODAY
  MAXIMUM         61        MM  74    2013  66     -5       70
  MINIMUM         57        MM  44    2000  53      4       56
                                      1991
  AVERAGE         59                        59      0       63

PRECIPITATION (IN)
  TODAY            0.14          0.74 1995   0.07   0.07     0.66
  MONTH TO DATE    2.19                      1.39   0.80     1.64
  SINCE JUN 1      3.90                      2.36   1.54     2.57
  SINCE JAN 1      6.06                      5.60   0.46     5.63

SNOWFALL (IN)
  TODAY            0.0           0.0    MM   0.0    0.0      0.0
  MONTH TO DATE    0.0                       0.0    0.0      0.0
  SINCE JUN 1      0.0                       0.0    0.0      0.0
  SINCE JUL 1      0.0                       0.0    0.0      0.0
  SNOW DEPTH       0

DEGREE DAYS
 HEATING
  TODAY            6                         6      0        2
  MONTH TO DATE   60                       159    -99       75
  SINCE JUN 1    232                       452   -220      248
  SINCE JUL 1     60                       159    -99       75

 COOLING
  TODAY            0                         0      0        0
  MONTH TO DATE   13                         0     13       10
  SINCE JUN 1     13                         0     13       26
  SINCE JAN 1     13                         0     13       26
..................................................................


WIND (MPH)
  RESULTANT WIND SPEED   2   RESULTANT WIND DIRECTION  NE (40)
  HIGHEST WIND SPEED     6   HIGHEST WIND DIRECTION    NE (30)
  HIGHEST GUST SPEED    MM   HIGHEST GUST DIRECTION    MM
  AVERAGE WIND SPEED     2.6


SKY COVER
  POSSIBLE SUNSHINE  MM
  AVERAGE SKY COVER 0.8


WEATHER CONDITIONS
 THE FOLLOWING WEATHER WAS RECORDED TODAY.
  LIGHT RAIN


RELATIVE HUMIDITY (PERCENT)
 HIGHEST    93           200 AM
 LOWEST     84           100 PM
 AVERAGE    89

..........................................................


THE ANCHORAGE AK CLIMATE NORMALS FOR TOMORROW
                         NORMAL    RECORD    YEAR
 MAXIMUM TEMPERATURE (F)   66        76      1987
                                             1965
 MINIMUM TEMPERATURE (F)   53        43      1956


SUNRISE AND SUNSET
JULY 25 2016..........SUNRISE   517 AM AKDT  SUNSET  1054 PM AKDT
JULY 26 2016..........SUNRISE   519 AM AKDT  SUNSET  1052 PM AKDT

CIVIL TWILIGHT
JULY 25 2016            START   404 AM AKDT     END  1207 AM AKDT
JULY 26 2016            START   408 AM AKDT     END  1203 AM AKDT



-  INDICATES NEGATIVE NUMBERS.
R  INDICATES RECORD WAS SET OR TIED.
MM INDICATES DATA IS MISSING.
T  INDICATES TRACE AMOUNT.




$$
&&
------------------------------------------------------
AMOUNT OF DAYLIGHT TODAY  (HOUR:MIN)........17:38
GAIN/LOSS SINCE YESTERDAY (HOUR:MIN:SEC)....-0:04:53
