056
CDAK48 PAFC 111647
CLIANC


CLIMATE REPORT
NATIONAL WEATHER SERVICE ANCHORAGE, AK
737 AM AKST THU FEB 11 2016


...................................

...THE ANCHORAGE AK CLIMATE SUMMARY FOR FEBRUARY 10 2016...

CLIMATE NORMAL PERIOD 1981 TO 2010
CLIMATE RECORD PERIOD 1952 TO 2016


WEATHER ITEM   OBSERVED RECORD YEAR NORMAL DEPARTURE LAST
                VALUE   VALUE       VALUE  FROM      YEAR
                                           NORMAL
...........................................................
TEMPERATURE (F)
 YESTERDAY
  MAXIMUM         34     45    2004  26      8       28
  MINIMUM         18    -17    1999  13      5       16
  AVERAGE         26                 19      7       22

PRECIPITATION (IN)
  YESTERDAY        0.00   0.47 1996   0.02  -0.02
  MONTH TO DATE    0.08               0.27  -0.19
  SINCE DEC 1      0.59               2.11  -1.52
  SINCE JAN 1      0.36               1.00  -0.64

SNOWFALL (IN)
  YESTERDAY        0.0    9.4  1996   0.4   -0.4
  MONTH TO DATE    T                  4.1   -4.1
  SINCE DEC 1      6.1               32.1  -26.0
  SINCE JUL 1     25.8               53.5  -27.7
  SNOW DEPTH       1

DEGREE DAYS
 HEATING
  YESTERDAY       39                        -7
  MONTH TO DATE  381                       -84
  SINCE DEC 1   2892                      -484
  SINCE JUL 1   5706                      -834

 COOLING
  YESTERDAY        0                         0
  MONTH TO DATE    0                         0
  SINCE DEC 1      0                         0
  SINCE JAN 1      0                         0
...........................................................


WIND (MPH)
  HIGHEST WIND SPEED    14   HIGHEST WIND DIRECTION     N (360)
  HIGHEST GUST SPEED    MM   HIGHEST GUST DIRECTION    MM
  AVERAGE WIND SPEED     5.0




RELATIVE HUMIDITY (PERCENT)
 HIGHEST    77
 LOWEST     49
 AVERAGE    63

..........................................................


THE ANCHORAGE AK CLIMATE NORMALS FOR TODAY
                         NORMAL    RECORD    YEAR
 MAXIMUM TEMPERATURE (F)   26        45      1980
 MINIMUM TEMPERATURE (F)   13       -26      1956


SUNRISE AND SUNSET
FEBRUARY 11 2016......SUNRISE   854 AM AKST  SUNSET   535 PM AKST
FEBRUARY 12 2016......SUNRISE   852 AM AKST  SUNSET   538 PM AKST


-  INDICATES NEGATIVE NUMBERS.
R  INDICATES RECORD WAS SET OR TIED.
MM INDICATES DATA IS MISSING.
T  INDICATES TRACE AMOUNT.




$$
