000
CDAK48 PAFC 240930
CLIANC


CLIMATE REPORT
NATIONAL WEATHER SERVICE ANCHORAGE, AK
129 AM AKDT MON JUL 24 2017


...................................

...THE ANCHORAGE AK CLIMATE SUMMARY FOR JULY 23 2017...

CLIMATE NORMAL PERIOD 1981 TO 2010
CLIMATE RECORD PERIOD 1952 TO 2017


WEATHER ITEM   OBSERVED TIME   RECORD YEAR NORMAL DEPARTURE LAST
                VALUE   (LST)  VALUE       VALUE  FROM      YEAR
                                                  NORMAL
..................................................................
TEMPERATURE (F)
 YESTERDAY
  MAXIMUM         76        MM  77    2013  66     10       71
  MINIMUM         57        MM  46    1975  53      4       57
                                      1974
  AVERAGE         67                        59      8       64

PRECIPITATION (IN)
  YESTERDAY        0.00          0.90 1982   0.06  -0.06
  MONTH TO DATE    1.88                      1.25   0.63
  SINCE JUN 1      2.75                      2.22   0.53
  SINCE JAN 1      7.58                      5.46   2.12

SNOWFALL (IN)
  YESTERDAY        0.0           0.0    MM   0.0    0.0      0.0
  MONTH TO DATE    0.0                       0.0    0.0      0.0
  SINCE JUN 1      0.0                       0.0    0.0      0.0
  SINCE JUL 1      0.0                       0.0    0.0      0.0
  SNOW DEPTH       0

DEGREE DAYS
 HEATING
  YESTERDAY        0                               -6
  MONTH TO DATE  113                              -34
  SINCE JUN 1    396                              -44
  SINCE JUL 1    113                              -34

 COOLING
  YESTERDAY        2                                2
  MONTH TO DATE    3                                3
  SINCE JUN 1      3                                3
  SINCE JAN 1      3                                3
..................................................................


WIND (MPH)
  HIGHEST WIND SPEED    17   HIGHEST WIND DIRECTION    SE (150)
  HIGHEST GUST SPEED    31   HIGHEST GUST DIRECTION     S (180)
  AVERAGE WIND SPEED     8.4




RELATIVE HUMIDITY (PERCENT)
 HIGHEST    87
 LOWEST     50
 AVERAGE    69

..........................................................


THE ANCHORAGE AK CLIMATE NORMALS FOR TODAY
                         NORMAL    RECORD    YEAR
 MAXIMUM TEMPERATURE (F)   66        79      2013
 MINIMUM TEMPERATURE (F)   53        42      1976


SUNRISE AND SUNSET
JULY 24 2017..........SUNRISE   514 AM AKDT  SUNSET  1058 PM AKDT
JULY 25 2017..........SUNRISE   516 AM AKDT  SUNSET  1055 PM AKDT


-  INDICATES NEGATIVE NUMBERS.
R  INDICATES RECORD WAS SET OR TIED.
MM INDICATES DATA IS MISSING.
T  INDICATES TRACE AMOUNT.




$$
