000
CDAK48 PAFC 231246
CLIANC

CLIMATE REPORT
NATIONAL WEATHER SERVICE ANCHORAGE, AK
445 AM AKDT WED APR 23 2014


...................................

...THE ANCHORAGE AK CLIMATE SUMMARY FOR APRIL 22 2014...

CLIMATE NORMAL PERIOD 1981 TO 2010
CLIMATE RECORD PERIOD 1915 TO 2014


WEATHER ITEM   OBSERVED RECORD YEAR NORMAL DEPARTURE LAST
                VALUE   VALUE       VALUE  FROM      YEAR
                                           NORMAL
...........................................................
TEMPERATURE (F)
 YESTERDAY
  MAXIMUM         58R    58    1936  47     11       51
  MINIMUM         31      6    1924  32     -1       26
  AVERAGE         45                 39      6       39

PRECIPITATION (IN)
  YESTERDAY        0.00   0.22 2010   0.01  -0.01
  MONTH TO DATE    0.04               0.33  -0.29
  SINCE MAR 1      0.74               0.93  -0.19
  SINCE JAN 1      2.76               2.38   0.38

SNOWFALL (IN)
  YESTERDAY        0.0    1.7  2010   0.1   -0.1
  MONTH TO DATE    0.4                3.4   -3.0
  SINCE MAR 1     11.3               13.3   -2.0
  SINCE JUL 1     64.7               73.6   -8.9
  SNOW DEPTH       0

DEGREE DAYS
 HEATING
  YESTERDAY       20                        -6
  MONTH TO DATE  632                       -23
  SINCE MAR 1   1798                       -49
  SINCE JUL 1   8547                      -629

 COOLING
  YESTERDAY        0                         0
  MONTH TO DATE    0                         0
  SINCE MAR 1      0                         0
  SINCE JAN 1      0                         0
...........................................................


WIND (MPH)
  HIGHEST WIND SPEED    13   HIGHEST WIND DIRECTION     S (170)
  HIGHEST GUST SPEED    24   HIGHEST GUST DIRECTION     S (170)
  AVERAGE WIND SPEED     4.6




RELATIVE HUMIDITY (PERCENT)
 HIGHEST    78
 LOWEST     35
 AVERAGE    57

..........................................................


THE ANCHORAGE AK CLIMATE NORMALS FOR TODAY
                         NORMAL    RECORD    YEAR
 MAXIMUM TEMPERATURE (F)   48        59      1931
 MINIMUM TEMPERATURE (F)   32        13      1948
                                             1924


SUNRISE AND SUNSET
APRIL 23 2014.........SUNRISE   615 AM AKDT  SUNSET   944 PM AKDT
APRIL 24 2014.........SUNRISE   612 AM AKDT  SUNSET   947 PM AKDT

CIVIL TWILIGHT
APRIL 23 2014           START   523 AM AKDT     END  1037 PM AKDT
APRIL 24 2014           START   519 AM AKDT     END  1040 PM AKDT



-  INDICATES NEGATIVE NUMBERS.
R  INDICATES RECORD WAS SET OR TIED.
MM INDICATES DATA IS MISSING.
T  INDICATES TRACE AMOUNT.




$$
&&
------------------------------------------------------
AMOUNT OF DAYLIGHT TODAY  (HOUR:MIN)........15:30
GAIN/LOSS SINCE YESTERDAY (HOUR:MIN:SEC)....+0:05:39
