000
CDAK48 PAFC 230035
CLIANC


CLIMATE REPORT
NATIONAL WEATHER SERVICE ANCHORAGE, AK
435 PM AKDT FRI MAY 22 2015


...................................

...THE ANCHORAGE AK CLIMATE SUMMARY FOR MAY 22 2015...
VALID TODAY AS OF 0400 PM LOCAL TIME.

CLIMATE NORMAL PERIOD 1981 TO 2010
CLIMATE RECORD PERIOD 1952 TO 2015


WEATHER ITEM   OBSERVED RECORD YEAR NORMAL DEPARTURE LAST
                VALUE   VALUE       VALUE  FROM      YEAR
                                           NORMAL
...........................................................
TEMPERATURE (F)
 TODAY
  MAXIMUM         64     72    1960  58      6       66
  MINIMUM         43     32    1964  42      1       46
  AVERAGE         54                 50              56

PRECIPITATION (IN)
  TODAY            0.00   0.27 1968   0.03  -0.03     0.00
  MONTH TO DATE    0.31               0.48  -0.17     0.17
  SINCE MAR 1      1.74               1.55   0.19     0.91
  SINCE JAN 1      2.82               3.00  -0.18     2.93

SNOWFALL (IN)
  TODAY            0.0    0.2  1964   0.0    0.0      0.0
  MONTH TO DATE    0.0                0.3   -0.3      0.0
  SINCE MAR 1      4.6               14.2   -9.6     11.3
  SINCE JUL 1     25.1               74.5  -49.4     64.7
  SNOW DEPTH       0

DEGREE DAYS
 HEATING
  TODAY           11                 15     -4       10
  MONTH TO DATE  355                408    -53      269
  SINCE MAR 1   2167               2446   -279     2233
  SINCE JUL 1   8519               9775  -1256     8982

 COOLING
  TODAY            0                  0      0        0
  MONTH TO DATE    0                  0      0        0
  SINCE MAR 1      0                  0      0        0
  SINCE JAN 1      0                  0      0        0
...........................................................


WIND (MPH)
  RESULTANT WIND SPEED   1   RESULTANT WIND DIRECTION   W (270)
  HIGHEST WIND SPEED     8   HIGHEST WIND DIRECTION    NW (310)
  HIGHEST GUST SPEED    MM   HIGHEST GUST DIRECTION    MM
  AVERAGE WIND SPEED     3.5


SKY COVER
  POSSIBLE SUNSHINE  MM
  AVERAGE SKY COVER 0.7


WEATHER CONDITIONS
 THE FOLLOWING WEATHER WAS RECORDED TODAY.
  NO SIGNIFICANT WEATHER WAS OBSERVED.


RELATIVE HUMIDITY (PERCENT)
 HIGHEST    89           400 AM
 LOWEST     51           100 PM
 AVERAGE    70

..........................................................


THE ANCHORAGE AK CLIMATE NORMALS FOR TOMORROW
                         NORMAL    RECORD    YEAR
 MAXIMUM TEMPERATURE (F)   58        72      2006
 MINIMUM TEMPERATURE (F)   42        34      1996
                                             1975
                                             1973


SUNRISE AND SUNSET
MAY 22 2015...........SUNRISE   457 AM AKDT  SUNSET  1059 PM AKDT
MAY 23 2015...........SUNRISE   455 AM AKDT  SUNSET  1101 PM AKDT


-  INDICATES NEGATIVE NUMBERS.
R  INDICATES RECORD WAS SET OR TIED.
MM INDICATES DATA IS MISSING.
T  INDICATES TRACE AMOUNT.




$$
