000
CDUS43 KAPX 300541
CLIANJ


CLIMATE REPORT
NATIONAL WEATHER SERVICE GAYLORD MI
1241 AM EST FRI JAN 30 2015


...................................

...THE SAULT STE MARIE MI CLIMATE SUMMARY FOR JANUARY 29 2015...

CLIMATE NORMAL PERIOD 1981 TO 2010
CLIMATE RECORD PERIOD 1888 TO 2015


WEATHER ITEM   OBSERVED TIME   RECORD YEAR NORMAL DEPARTURE LAST
                VALUE   (LST)  VALUE       VALUE  FROM      YEAR
                                                  NORMAL
..................................................................
TEMPERATURE (F)
 YESTERDAY
  MAXIMUM         29    419 PM  48    1914  23      6       14
  MINIMUM          4   1159 PM -26    1899   7     -3        1
  AVERAGE         17                        15      2        8

PRECIPITATION (IN)
  YESTERDAY        0.11          0.95 1996   0.06   0.05     0.03
  MONTH TO DATE    1.97                      2.06  -0.09     2.35
  SINCE DEC 1      5.31                      4.85   0.46     5.15
  SINCE JAN 1      1.97                      2.06  -0.09     2.35

SNOWFALL (IN)
  YESTERDAY        2.0          11.7  1996   0.9    1.1      0.4
  MONTH TO DATE   26.4                      29.5   -3.1     32.5
  SINCE OCT 1    127.6                      79.7   47.9     87.2
  SINCE JUL 1    127.6                      79.7   47.9     87.2
  SNOW DEPTH      21

DEGREE DAYS
 HEATING
  YESTERDAY       48                        50     -2       57
  MONTH TO DATE 1546                      1438    108     1618
  SINCE DEC 1   2775                      2765     10     3240
  SINCE JUL 1   4937                      4697    240     5133
..................................................................


WIND (MPH)
  HIGHEST WIND SPEED    23   HIGHEST WIND DIRECTION    NW (310)
  HIGHEST GUST SPEED    34   HIGHEST GUST DIRECTION    NW (310)
  AVERAGE WIND SPEED     8.1




RELATIVE HUMIDITY (PERCENT)
 HIGHEST    88
 LOWEST     63
 AVERAGE    76

..........................................................


THE SAULT STE MARIE MI CLIMATE NORMALS FOR TODAY
                         NORMAL    RECORD    YEAR
 MAXIMUM TEMPERATURE (F)   23        40      1974
 MINIMUM TEMPERATURE (F)    7       -25      1994


SUNRISE AND SUNSET
JANUARY 30 2015.......SUNRISE   804 AM EST   SUNSET   538 PM EST
JANUARY 31 2015.......SUNRISE   802 AM EST   SUNSET   540 PM EST


-  INDICATES NEGATIVE NUMBERS.
R  INDICATES RECORD WAS SET OR TIED.
MM INDICATES DATA IS MISSING.
T  INDICATES TRACE AMOUNT.




$$
