000
CDUS43 KAPX 010751
CLIANJ


CLIMATE REPORT
NATIONAL WEATHER SERVICE GAYLORD MI
350 AM EDT SAT OCT 1 2016


...................................

...THE SAULT STE MARIE MI CLIMATE SUMMARY FOR SEPTEMBER 30 2016...

CLIMATE NORMAL PERIOD 1981 TO 2010
CLIMATE RECORD PERIOD 1888 TO 2016


WEATHER ITEM   OBSERVED TIME   RECORD YEAR NORMAL DEPARTURE LAST
                VALUE   (LST)  VALUE       VALUE  FROM      YEAR
                                                  NORMAL
..................................................................
TEMPERATURE (F)
 YESTERDAY
  MAXIMUM         73    353 PM  84    1897  60     13       59
  MINIMUM         53    644 AM  25    1993  43     10       39
  AVERAGE         63                        52     11       49

PRECIPITATION (IN)
  YESTERDAY        0.00          0.89 2008   0.13  -0.13     0.00
  MONTH TO DATE    4.82                      3.82   1.00     2.42
  SINCE SEP 1      4.82                      3.82   1.00     2.42
  SINCE JAN 1     24.90                     22.99   1.91    19.67

DEGREE DAYS
 HEATING
  YESTERDAY        2                        13    -11       16
  MONTH TO DATE   77                       254   -177      105
  SINCE SEP 1     77                       254   -177      105
  SINCE JUL 1    112                       401   -289      206

 COOLING
  YESTERDAY        0                         0      0        0
  MONTH TO DATE   35                        17     18       76
  SINCE SEP 1     35                        17     18       76
  SINCE JAN 1    361                       195    166      268
..................................................................


WIND (MPH)
  HIGHEST WIND SPEED    13   HIGHEST WIND DIRECTION     E (100)
  HIGHEST GUST SPEED    20   HIGHEST GUST DIRECTION     E (100)
  AVERAGE WIND SPEED     5.6




RELATIVE HUMIDITY (PERCENT)
 HIGHEST    83
 LOWEST     41
 AVERAGE    62

..........................................................


THE SAULT STE MARIE MI CLIMATE NORMALS FOR TODAY
                         NORMAL    RECORD    YEAR
 MAXIMUM TEMPERATURE (F)   60        80      1950
 MINIMUM TEMPERATURE (F)   43        28      1974
                                             1947


SUNRISE AND SUNSET
OCTOBER  1 2016.......SUNRISE   737 AM EDT   SUNSET   716 PM EDT
OCTOBER  2 2016.......SUNRISE   738 AM EDT   SUNSET   714 PM EDT


-  INDICATES NEGATIVE NUMBERS.
R  INDICATES RECORD WAS SET OR TIED.
MM INDICATES DATA IS MISSING.
T  INDICATES TRACE AMOUNT.




$$
