000
CDUS43 KAPX 250532
CLIANJ


CLIMATE REPORT
NATIONAL WEATHER SERVICE GAYLORD MI
131 AM EDT FRI APR 25 2014


...................................

...THE SAULT STE MARIE MI CLIMATE SUMMARY FOR APRIL 24 2014...

CLIMATE NORMAL PERIOD 1981 TO 2010
CLIMATE RECORD PERIOD 1888 TO 2014


WEATHER ITEM   OBSERVED TIME   RECORD YEAR NORMAL DEPARTURE LAST
                VALUE   (LST)  VALUE       VALUE  FROM      YEAR
                                                  NORMAL
..................................................................
TEMPERATURE (F)
 YESTERDAY
  MAXIMUM         51    128 PM  83    1915  54     -3       41
  MINIMUM         29    358 AM  13    1892  35     -6       31
  AVERAGE         40                        44     -4       36

PRECIPITATION (IN)
  YESTERDAY        T             0.74 1897   0.07  -0.07     0.00
  MONTH TO DATE    2.94                      1.94   1.00     2.84
  SINCE MAR 1      4.65                      3.89   0.76     5.44
  SINCE JAN 1      8.01                      7.42   0.59    11.53

SNOWFALL (IN)
  YESTERDAY        0.0           2.1  1996   0.1   -0.1      0.0
  MONTH TO DATE   10.3                       6.1    4.2     14.0
  SINCE OCT 1    134.6                     119.7   14.9    153.6
  SINCE JUL 1    134.6                     119.7   14.9    153.6
  SNOW DEPTH       2

DEGREE DAYS
 HEATING
  YESTERDAY       25                        21      4       29
  MONTH TO DATE  749                       626    123      791
  SINCE MAR 1   2247                      1826    421     2005
  SINCE JUL 1   9027                      7952   1075     7737

 COOLING
  YESTERDAY        0                         0      0        0
  MONTH TO DATE    0                         0      0        0
  SINCE MAR 1      0                         0      0        0
  SINCE JAN 1      0                         0      0        0
..................................................................


WIND (MPH)
  HIGHEST WIND SPEED    16   HIGHEST WIND DIRECTION    SE (120)
  HIGHEST GUST SPEED    25   HIGHEST GUST DIRECTION    SE (120)
  AVERAGE WIND SPEED     6.0




RELATIVE HUMIDITY (PERCENT)
 HIGHEST    85
 LOWEST     29
 AVERAGE    57

..........................................................


THE SAULT STE MARIE MI CLIMATE NORMALS FOR TODAY
                         NORMAL    RECORD    YEAR
 MAXIMUM TEMPERATURE (F)   55        85      1990
 MINIMUM TEMPERATURE (F)   35        18      1892


SUNRISE AND SUNSET
APRIL 25 2014.........SUNRISE   633 AM EDT   SUNSET   839 PM EDT
APRIL 26 2014.........SUNRISE   631 AM EDT   SUNSET   840 PM EDT


-  INDICATES NEGATIVE NUMBERS.
R  INDICATES RECORD WAS SET OR TIED.
MM INDICATES DATA IS MISSING.
T  INDICATES TRACE AMOUNT.




$$
