232
CDUS43 KAPX 260527
CLIANJ


CLIMATE REPORT
NATIONAL WEATHER SERVICE GAYLORD MI
127 AM EDT WED JUL 26 2017


...................................

...THE SAULT STE MARIE MI CLIMATE SUMMARY FOR JULY 25 2017...

CLIMATE NORMAL PERIOD 1981 TO 2010
CLIMATE RECORD PERIOD 1888 TO 2017


WEATHER ITEM   OBSERVED TIME   RECORD YEAR NORMAL DEPARTURE LAST
                VALUE   (LST)  VALUE       VALUE  FROM      YEAR
                                                  NORMAL
..................................................................
TEMPERATURE (F)
 YESTERDAY
  MAXIMUM         79    342 PM  91    1917  77      2       73
  MINIMUM         51    535 AM  41    1891  55     -4       62
  AVERAGE         65                        66     -1       68

PRECIPITATION (IN)
  YESTERDAY        0.00          1.54 1979   0.11  -0.11     0.00
  MONTH TO DATE    3.89                      2.25   1.64     3.15
  SINCE JUN 1      7.61                      4.95   2.66     5.03
  SINCE JAN 1     21.05                     15.39   5.66    15.58

DEGREE DAYS
 HEATING
  YESTERDAY        0                         2     -2        0
  MONTH TO DATE   31                        60    -29       23
  SINCE JUN 1    143                       240    -97      186
  SINCE JUL 1     31                        60    -29       23

 COOLING
  YESTERDAY        0                         3     -3        3
  MONTH TO DATE   44                        66    -22       98
  SINCE JUN 1     62                        96    -34      134
  SINCE JAN 1     63                       101    -38      145
..................................................................


WIND (MPH)
  HIGHEST WIND SPEED    15   HIGHEST WIND DIRECTION    SW (210)
  HIGHEST GUST SPEED    21   HIGHEST GUST DIRECTION    SW (220)
  AVERAGE WIND SPEED     5.1




RELATIVE HUMIDITY (PERCENT)
 HIGHEST    96
 LOWEST     39
 AVERAGE    68

..........................................................


THE SAULT STE MARIE MI CLIMATE NORMALS FOR TODAY
                         NORMAL    RECORD    YEAR
 MAXIMUM TEMPERATURE (F)   77        92      1955
 MINIMUM TEMPERATURE (F)   55        40      1975


SUNRISE AND SUNSET
JULY 26 2017..........SUNRISE   612 AM EDT   SUNSET   916 PM EDT
JULY 27 2017..........SUNRISE   613 AM EDT   SUNSET   914 PM EDT


-  INDICATES NEGATIVE NUMBERS.
R  INDICATES RECORD WAS SET OR TIED.
MM INDICATES DATA IS MISSING.
T  INDICATES TRACE AMOUNT.




$$
