000
CDUS43 KAPX 190527
CLIANJ


CLIMATE REPORT
NATIONAL WEATHER SERVICE GAYLORD MI
127 AM EDT FRI SEP 19 2014


...................................

...THE SAULT STE MARIE MI CLIMATE SUMMARY FOR SEPTEMBER 18 2014...

CLIMATE NORMAL PERIOD 1981 TO 2010
CLIMATE RECORD PERIOD 1888 TO 2014


WEATHER ITEM   OBSERVED TIME   RECORD YEAR NORMAL DEPARTURE LAST
                VALUE   (LST)  VALUE       VALUE  FROM      YEAR
                                                  NORMAL
..................................................................
TEMPERATURE (F)
 YESTERDAY
  MAXIMUM         52    456 PM  86    1955  66    -14       67
  MINIMUM         36    544 AM  30    1990  47    -11       47
                                      1974
  AVERAGE         44                        56    -12       57

PRECIPITATION (IN)
  YESTERDAY        0.00          1.21 1947   0.13  -0.13      T
  MONTH TO DATE    3.03                      2.24   0.79     5.83
  SINCE SEP 1      3.03                      2.24   0.79     5.83
  SINCE JAN 1     21.95                     21.41   0.54    34.12

DEGREE DAYS
 HEATING
  YESTERDAY       21                         9     12        8
  MONTH TO DATE  159                       118     41      145
  SINCE SEP 1    159                       118     41      145
  SINCE JUL 1    340                       265     75      261

 COOLING
  YESTERDAY        0                         0      0        0
  MONTH TO DATE    4                        15    -11       12
  SINCE SEP 1      4                        15    -11       12
  SINCE JAN 1    112                       193    -81      264
..................................................................


WIND (MPH)
  HIGHEST WIND SPEED    10   HIGHEST WIND DIRECTION    SE (150)
  HIGHEST GUST SPEED    15   HIGHEST GUST DIRECTION    SE (120)
  AVERAGE WIND SPEED     4.9




RELATIVE HUMIDITY (PERCENT)
 HIGHEST    85
 LOWEST     50
 AVERAGE    68

..........................................................


THE SAULT STE MARIE MI CLIMATE NORMALS FOR TODAY
                         NORMAL    RECORD    YEAR
 MAXIMUM TEMPERATURE (F)   65        84      1985
 MINIMUM TEMPERATURE (F)   47        28      1979


SUNRISE AND SUNSET
SEPTEMBER 19 2014.....SUNRISE   720 AM EDT   SUNSET   741 PM EDT
SEPTEMBER 20 2014.....SUNRISE   722 AM EDT   SUNSET   739 PM EDT


-  INDICATES NEGATIVE NUMBERS.
R  INDICATES RECORD WAS SET OR TIED.
MM INDICATES DATA IS MISSING.
T  INDICATES TRACE AMOUNT.




$$
