000
CDUS43 KAPX 220527
CLIANJ


CLIMATE REPORT
NATIONAL WEATHER SERVICE GAYLORD MI
127 AM EDT WED OCT 22 2014


...................................

...THE SAULT STE MARIE MI CLIMATE SUMMARY FOR OCTOBER 21 2014...

CLIMATE NORMAL PERIOD 1981 TO 2010
CLIMATE RECORD PERIOD 1888 TO 2014


WEATHER ITEM   OBSERVED TIME   RECORD YEAR NORMAL DEPARTURE LAST
                VALUE   (LST)  VALUE       VALUE  FROM      YEAR
                                                  NORMAL
..................................................................
TEMPERATURE (F)
 YESTERDAY
  MAXIMUM         48    423 PM  70    1978  51     -3       48
                                      1920
  MINIMUM         33   1159 PM  18    1895  36     -3       33
  AVERAGE         41                        44     -3       41

PRECIPITATION (IN)
  YESTERDAY        0.00          0.97 1993   0.12  -0.12     0.15
  MONTH TO DATE    6.47                      2.63   3.84     1.83
  SINCE SEP 1     10.44                      6.45   3.99     8.65
  SINCE JAN 1     29.36                     25.62   3.74    36.94

SNOWFALL (IN)
  YESTERDAY        0.0           3.0  1895   0.0    0.0      0.0
  MONTH TO DATE    0.0                       0.5   -0.5      0.0
  SINCE OCT 1      0.0                       0.5   -0.5      0.0
  SINCE JUL 1      0.0                       0.5   -0.5      0.0
  SNOW DEPTH       0

DEGREE DAYS
 HEATING
  YESTERDAY       24                        21      3       24
  MONTH TO DATE  350                       371    -21      278
  SINCE SEP 1    600                       625    -25      531
  SINCE JUL 1    781                       772      9      647

 COOLING
  YESTERDAY        0                         0      0        0
  MONTH TO DATE    0                         0      0        0
  SINCE SEP 1      5                        17    -12       14
  SINCE JAN 1    113                       195    -82      266
..................................................................


WIND (MPH)
  HIGHEST WIND SPEED    13   HIGHEST WIND DIRECTION     N (20)
  HIGHEST GUST SPEED    20   HIGHEST GUST DIRECTION     N (20)
  AVERAGE WIND SPEED     6.6




RELATIVE HUMIDITY (PERCENT)
 HIGHEST    76
 LOWEST     42
 AVERAGE    59

..........................................................


THE SAULT STE MARIE MI CLIMATE NORMALS FOR TODAY
                         NORMAL    RECORD    YEAR
 MAXIMUM TEMPERATURE (F)   51        76      1947
 MINIMUM TEMPERATURE (F)   36        20      1969


SUNRISE AND SUNSET
OCTOBER 22 2014.......SUNRISE   805 AM EDT   SUNSET   638 PM EDT
OCTOBER 23 2014.......SUNRISE   806 AM EDT   SUNSET   637 PM EDT


-  INDICATES NEGATIVE NUMBERS.
R  INDICATES RECORD WAS SET OR TIED.
MM INDICATES DATA IS MISSING.
T  INDICATES TRACE AMOUNT.




$$
