000
CDUS43 KAPX 260547
CLIANJ


CLIMATE REPORT
NATIONAL WEATHER SERVICE GAYLORD MI
147 AM EDT TUE JUL 26 2016


...................................

...THE SAULT STE MARIE MI CLIMATE SUMMARY FOR JULY 25 2016...

CLIMATE NORMAL PERIOD 1981 TO 2010
CLIMATE RECORD PERIOD 1888 TO 2016


WEATHER ITEM   OBSERVED TIME   RECORD YEAR NORMAL DEPARTURE LAST
                VALUE   (LST)  VALUE       VALUE  FROM      YEAR
                                                  NORMAL
..................................................................
TEMPERATURE (F)
 YESTERDAY
  MAXIMUM         73    946 AM  91    1917  77     -4       77
  MINIMUM         62   1159 PM  41    1891  55      7       59
  AVERAGE         68                        66      2       68

PRECIPITATION (IN)
  YESTERDAY        0.00          1.54 1979   0.11  -0.11     1.41
  MONTH TO DATE    3.15                      2.25   0.90     3.05
  SINCE JUN 1      5.03                      4.95   0.08     5.78
  SINCE JAN 1     15.58                     15.39   0.19    14.48

DEGREE DAYS
 HEATING
  YESTERDAY        0                         2     -2        0
  MONTH TO DATE   23                        60    -37       51
  SINCE JUN 1    186                       240    -54      239
  SINCE JUL 1     23                        60    -37       51

 COOLING
  YESTERDAY        3                         3      0        3
  MONTH TO DATE   98                        66     32       49
  SINCE JUN 1    134                        96     38       56
  SINCE JAN 1    145                       101     44       58
..................................................................


WIND (MPH)
  HIGHEST WIND SPEED    20   HIGHEST WIND DIRECTION    NW (310)
  HIGHEST GUST SPEED    28   HIGHEST GUST DIRECTION    NW (310)
  AVERAGE WIND SPEED     8.6




RELATIVE HUMIDITY (PERCENT)
 HIGHEST   100
 LOWEST     61
 AVERAGE    81

..........................................................


THE SAULT STE MARIE MI CLIMATE NORMALS FOR TODAY
                         NORMAL    RECORD    YEAR
 MAXIMUM TEMPERATURE (F)   77        92      1955
 MINIMUM TEMPERATURE (F)   55        40      1975


SUNRISE AND SUNSET
JULY 26 2016..........SUNRISE   612 AM EDT   SUNSET   915 PM EDT
JULY 27 2016..........SUNRISE   613 AM EDT   SUNSET   914 PM EDT


-  INDICATES NEGATIVE NUMBERS.
R  INDICATES RECORD WAS SET OR TIED.
MM INDICATES DATA IS MISSING.
T  INDICATES TRACE AMOUNT.




$$
