000
CDUS43 KAPX 242130
CLIANJ


CLIMATE REPORT
NATIONAL WEATHER SERVICE GAYLORD MI
529 PM EDT SUN SEP 24 2017


...................................

...THE SAULT STE MARIE MI CLIMATE SUMMARY FOR SEPTEMBER 24 2017...
VALID TODAY AS OF 0500 PM LOCAL TIME.

CLIMATE NORMAL PERIOD 1981 TO 2010
CLIMATE RECORD PERIOD 1888 TO 2017


WEATHER ITEM   OBSERVED TIME   RECORD YEAR NORMAL DEPARTURE LAST
                VALUE   (LST)  VALUE       VALUE  FROM      YEAR
                                                  NORMAL
..................................................................
TEMPERATURE (F)
 TODAY
  MAXIMUM         89R   326 PM  88    1892  63     26       67
  MINIMUM         64    701 AM  28    1980  45     19       46
  AVERAGE         77                        54     23       57

PRECIPITATION (IN)
  TODAY            0.00          1.37 1996   0.13  -0.13     0.00
  MONTH TO DATE    0.96                      3.04  -2.08     3.44
  SINCE SEP 1      0.96                      3.04  -2.08     3.44
  SINCE JAN 1     28.72                     22.21   6.51    23.52

DEGREE DAYS
 HEATING
  TODAY            0                        11    -11        8
  MONTH TO DATE   92                       179    -87       46
  SINCE SEP 1     92                       179    -87       46
  SINCE JUL 1    175                       326   -151       81

 COOLING
  TODAY           12                         0     12        0
  MONTH TO DATE   62                        15     47       35
  SINCE SEP 1     62                        15     47       35
  SINCE JAN 1    190                       193     -3      361
..................................................................


WIND (MPH)
  RESULTANT WIND SPEED   3   RESULTANT WIND DIRECTION   S (180)
  HIGHEST WIND SPEED    13   HIGHEST WIND DIRECTION    SW (210)
  HIGHEST GUST SPEED    17   HIGHEST GUST DIRECTION    SW (210)
  AVERAGE WIND SPEED     3.6


SKY COVER
  POSSIBLE SUNSHINE  MM
  AVERAGE SKY COVER 0.0


WEATHER CONDITIONS
 THE FOLLOWING WEATHER WAS RECORDED TODAY.
  FOG


RELATIVE HUMIDITY (PERCENT)
 HIGHEST    93           100 AM
 LOWEST     50           200 PM
 AVERAGE    72

..........................................................


THE SAULT STE MARIE MI CLIMATE NORMALS FOR TOMORROW
                         NORMAL    RECORD    YEAR
 MAXIMUM TEMPERATURE (F)   63        83      1908
 MINIMUM TEMPERATURE (F)   45        25      1947


SUNRISE AND SUNSET
SEPTEMBER 24 2017.....SUNRISE   727 AM EDT   SUNSET   731 PM EDT
SEPTEMBER 25 2017.....SUNRISE   728 AM EDT   SUNSET   729 PM EDT


-  INDICATES NEGATIVE NUMBERS.
R  INDICATES RECORD WAS SET OR TIED.
MM INDICATES DATA IS MISSING.
T  INDICATES TRACE AMOUNT.




$$
