911
CDAK47 PAJK 241149 CCA
CLIANN

CLIMATE REPORT...CORRECTED
NATIONAL WEATHER SERVICE JUNEAU, AK
349 AM AKDT WED MAY 24 2017


...................................

...THE ANNETTE ISLAND CLIMATE SUMMARY FOR MAY 23 2017...

CLIMATE NORMAL PERIOD 1981 TO 2010
CLIMATE RECORD PERIOD 1941 TO 2017


WEATHER ITEM   OBSERVED RECORD YEAR NORMAL DEPARTURE LAST
                VALUE   VALUE       VALUE  FROM      YEAR
                                           NORMAL
...........................................................
TEMPERATURE (F)
 YESTERDAY
  MAXIMUM         60     87    1969  58      2       66
  MINIMUM         49     34    1972  46      3       48
  AVERAGE         55                 52      3       57

PRECIPITATION (IN)
  YESTERDAY        0.38   2.54 1999   0.17   0.21     0.00
  MONTH TO DATE    9.31               4.22   5.09     6.16
  SINCE JAN 1     37.62              37.08   0.54    49.61

SNOWFALL (IN)
  YESTERDAY        0.0    0.0    MM   0.0    0.0      0.0
  MONTH TO DATE    0.0                0.1   -0.1      0.0
  SINCE JUL 1     46.4               34.9   11.5       T
  SNOW DEPTH       0

DEGREE DAYS
 HEATING
  YESTERDAY       10                 13     -3        8
  MONTH TO DATE  327                361    -34      219
...........................................................


WIND (MPH)
  HIGHEST WIND SPEED    14   HIGHEST WIND DIRECTION    NW (310)
  HIGHEST GUST SPEED    20   HIGHEST GUST DIRECTION    SE (150)
  AVERAGE WIND SPEED     5.7


SKY COVER
  AVERAGE SKY COVER 0.9


WEATHER CONDITIONS
 THE FOLLOWING WEATHER WAS RECORDED YESTERDAY.
  HEAVY RAIN
  LIGHT RAIN
  FOG
  FOG W/VISIBILITY <= 1/4 MILE


..........................................................


THE ANNETTE ISLAND CLIMATE NORMALS FOR TODAY
                         NORMAL    RECORD    YEAR
 MAXIMUM TEMPERATURE (F)   58        78      2008
                                             1953
                                             1947
 MINIMUM TEMPERATURE (F)   46        33      1941


SUNRISE AND SUNSET
MAY 24 2017...........SUNRISE   424 AM AKDT  SUNSET   904 PM AKDT
MAY 25 2017...........SUNRISE   422 AM AKDT  SUNSET   905 PM AKDT


-  INDICATES NEGATIVE NUMBERS.
R  INDICATES RECORD WAS SET OR TIED.
MM INDICATES DATA IS MISSING.
T  INDICATES TRACE AMOUNT.




$$
--------------------------------------------------------------

AMOUNT OF DAYLIGHT TODAY (HOUR:MIN)......... 16 HOURS 40 MINUTES
GAIN/LOSS SINCE YESTERDAY (HOUR:MIN:SEC).... +0:02:56

$$
