000
CDAK47 PAJK 231233 RRA
CLIANN

CLIMATE REPORT
NATIONAL WEATHER SERVICE JUNEAU, AK
330 AM AKDT MON OCT 23 2017


...................................

...THE ANNETTE ISLAND CLIMATE SUMMARY FOR OCTOBER 22 2017...

CLIMATE NORMAL PERIOD 1981 TO 2010
CLIMATE RECORD PERIOD 1941 TO 2017


WEATHER ITEM   OBSERVED RECORD YEAR NORMAL DEPARTURE LAST
                VALUE   VALUE       VALUE  FROM      YEAR
                                           NORMAL
...........................................................
TEMPERATURE (F)
 YESTERDAY
  MAXIMUM         54     61    1986  50      4       51
  MINIMUM         44     30    1955  40      4       43
  AVERAGE         49                 45      4       47

PRECIPITATION (IN)
  YESTERDAY        0.39   3.10 1960   0.47  -0.08     0.19
  MONTH TO DATE    7.23               9.63  -2.40     4.30
  SINCE JAN 1     77.56              74.33   3.23    76.08

SNOWFALL (IN)
  YESTERDAY        0.0    T    1951   0.0    0.0      0.0
  MONTH TO DATE    0.0                0.0    0.0      0.0
  SINCE JUL 1      0.0                0.0    0.0      0.0
  SNOW DEPTH       0

DEGREE DAYS
 HEATING
  YESTERDAY       16                 20     -4       18
  MONTH TO DATE  312                375    -63      322
...........................................................


WIND (MPH)
  HIGHEST WIND SPEED    15   HIGHEST WIND DIRECTION    SE (130)
  HIGHEST GUST SPEED    22   HIGHEST GUST DIRECTION     S (180)
  AVERAGE WIND SPEED     7.2


SKY COVER
  AVERAGE SKY COVER 0.7


WEATHER CONDITIONS
 THE FOLLOWING WEATHER WAS RECORDED YESTERDAY.
  HEAVY RAIN
  RAIN
  LIGHT RAIN
  FOG


..........................................................


THE ANNETTE ISLAND CLIMATE NORMALS FOR TODAY
                         NORMAL    RECORD    YEAR
 MAXIMUM TEMPERATURE (F)   50        63      1980
 MINIMUM TEMPERATURE (F)   40        32      2012
                                             2004


SUNRISE AND SUNSET
OCTOBER 23 2017.......SUNRISE   733 AM AKDT  SUNSET   527 PM AKDT
OCTOBER 24 2017.......SUNRISE   735 AM AKDT  SUNSET   525 PM AKDT


-  INDICATES NEGATIVE NUMBERS.
R  INDICATES RECORD WAS SET OR TIED.
MM INDICATES DATA IS MISSING.
T  INDICATES TRACE AMOUNT.




$$
--------------------------------------------------------------

AMOUNT OF DAYLIGHT TODAY (HOUR:MIN)......... 9 HOURS 55 MINUTES
GAIN/LOSS SINCE YESTERDAY (HOUR:MIN:SEC).... -0:04:18

$$
