000
CDAK47 PANT 300904
CLIANN

CLIMATE REPORT
NATIONAL WEATHER SERVICE ANNETTE, AK
104 AM AKDT SAT APR 30 2016

...................................
...THE ANNETTE WSO AP CLIMATE SUMMARY FOR APRIL 29 2016...

CLIMATE NORMAL PERIOD  1981 TO  2010
CLIMATE RECORD PERIOD  1948 TO  2016

WEATHER ITEM   OBSERVED TIME    RECORD YEAR NORMAL DEPARTURE LAST
               VALUE    (LST)   VALUE       VALUE  FROM      YEAR
                                                   NORMAL
...................................................................
TEMPERATURE
YESTERDAY
 MAXIMUM            53  0207 PM    82  1976     53       0     48
 MINIMUM            38  0400 AM    30  1972     41      -3     43
 AVERAGE            46                          47      -1     46

PRECIPITATION
(INCHES)
 YESTERDAY        0.00           1.72  2014   0.20   -0.20   0.73
 MONTH TO DATE   10.05                        6.58    3.47  11.53
 SINCE MAR 1     16.42                       14.63    1.79  21.61
 SINCE JAN 1     41.46                       32.67    8.79  42.67

SNOWFALL
(INCHES)
 YESTERDAY         0.0              T  2006    0.0     0.0    0.0
 MONTH TO DATE     0.0                         1.4    -1.4      T
 SINCE MAR 1       0.0                         8.3    -8.3    0.0
 SINCE JUL 1       5.0                        34.8   -29.8   10.2
 SNOW DEPTH (IN)     0                                          0

DEGREE DAYS
 HEATING
  YESTERDAY         19                          18       1     19
  MONTH TO DATE    556                         605     -49    567
  SINCE MAR 1     1244                        1389    -145   1216
  SINCE JUL 1     5322                        5927    -605     MM

 COOLING
  YESTERDAY          0                           0       0      0
  MONTH TO DATE      0                           0       0      0
  SINCE MAR 1        0                           0       0      0
  SINCE JAN 1        0                           0       0      0
...................................................................

WIND (MPH)
 HIGHEST WIND SPEED    13     HIGHEST WIND DIRECTION    170
 HIGHEST GUST SPEED    17     HIGHEST GUST DIRECTION    190
 AVERAGE WIND SPEED   4.5

SKY COVER
  POSSIBLE SUNSHINE    MM          AVERAGE SKY COVER     MM

WEATHER CONDITIONS
 THE FOLLOWING WEATHER WAS RECORDED YESTERDAY.
  NO SIGNIFICANT WEATHER WAS OBSERVED.

RELATIVE HUMIDITY
 HIGHEST RH     MM PERCENT       MM
 LOWEST  RH     MM PERCENT       MM
 AVERAGE RH     MM PERCENT       MM
...................................................................

THE ANNETTE CLIMATE NORMALS FOR TODAY
                           NORMAL    RECORD   YEAR
 MAXIMUM TEMPERATURE (F)     53        77     1989
 MINIMUM TEMPERATURE (F)     41        30     2013

SUNRISE AND SUNSET
 APR 30 2016..........SUNRISE  5:07 AM      SUNSET  8:22 PM
 MAY 1 2016..........SUNRISE  5:05 AM      SUNSET  8:24 PM

-  INDICATES NEGATIVE NUMBERS.
R  INDICATES RECORD HAS BEEN SET OR TIED.
MM INDICATES DATA IS MISSING.
T  INDICATES TRACE OF PRECIPITATION.

&&
-------------------------------------------------------------------

AMOUNT OF DAYLIGHT TODAY  (HOUR:MIN)........15 HOURS 15 MINUTES
GAIN/LOSS SINCE YESTERDAY (HOUR:MIN:SEC)....+0:04:06

$$
MM APR 16
