000
CDAK47 PANT 010920
CLIANN

CLIMATE REPORT
NATIONAL WEATHER SERVICE ANNETTE, AK
120 AM AKDT WED OCT 1 2014

...................................
...THE ANNETTE WSO AP CLIMATE SUMMARY FOR SEPTEMBER 30 2014...

CLIMATE NORMAL PERIOD  1981 TO  2010
CLIMATE RECORD PERIOD  1948 TO  2014

WEATHER ITEM   OBSERVED TIME    RECORD YEAR NORMAL DEPARTURE LAST
               VALUE    (LST)   VALUE       VALUE  FROM      YEAR
                                                   NORMAL
...................................................................
TEMPERATURE
YESTERDAY
 MAXIMUM            61  1205 PM    70  2008     56       5     50
 MINIMUM            45  0819 PM    33  1996     46      -1     40
 AVERAGE            53                          51       2     45

PRECIPITATION
(INCHES)
 YESTERDAY        0.01           2.48  1974   0.38   -0.37   0.09
 MONTH TO DATE    9.68                        9.79   -0.11   7.51
 SINCE SEP 1      9.68                        9.79   -0.11   7.51
 SINCE JAN 1     71.76                       64.70    7.06  59.11

SNOWFALL
(INCHES)
 YESTERDAY         0.0            0.0  2014    0.0     0.0    0.0
 MONTH TO DATE     0.0                         0.0     0.0    0.0
 SINCE SEP 1       0.0                         0.0     0.0    0.0
 SINCE JUL 1       0.0                         0.0     0.0    0.0
 SNOW DEPTH (IN)     0                                          0

DEGREE DAYS
 HEATING
  YESTERDAY         12                          14      -2     20
  MONTH TO DATE    231                         334    -103    260
  SINCE SEP 1      231                         334    -103    260
  SINCE JUL 1      800                         735      65    562

 COOLING
  YESTERDAY          0                           0       0      0
  MONTH TO DATE      0                           0       0      0
  SINCE SEP 1        0                           0       0      0
  SINCE JAN 1       MM                           0      MM     22
...................................................................

WIND (MPH)
 HIGHEST WIND SPEED    12     HIGHEST WIND DIRECTION    250
 HIGHEST GUST SPEED    17     HIGHEST GUST DIRECTION    260
 AVERAGE WIND SPEED   2.7

SKY COVER
  POSSIBLE SUNSHINE    MM          AVERAGE SKY COVER     MM

WEATHER CONDITIONS
 THE FOLLOWING WEATHER WAS RECORDED YESTERDAY.
  FOG
RAIN


RELATIVE HUMIDITY
 HIGHEST RH     MM PERCENT       MM
 LOWEST  RH     MM PERCENT       MM
 AVERAGE RH     MM PERCENT       MM
...................................................................

THE ANNETTE CLIMATE NORMALS FOR TODAY
                           NORMAL    RECORD   YEAR
 MAXIMUM TEMPERATURE (F)     56        67     2003
 MINIMUM TEMPERATURE (F)     46        32     1996

SUNRISE AND SUNSET
 OCT 1 2014..........SUNRISE  6:50 AM      SUNSET  6:22 PM
 OCT 2 2014..........SUNRISE  6:51 AM      SUNSET  6:19 PM

-  INDICATES NEGATIVE NUMBERS.
R  INDICATES RECORD HAS BEEN SET OR TIED.
MM INDICATES DATA IS MISSING.
T  INDICATES TRACE OF PRECIPITATION.

&&
-------------------------------------------------------------------

AMOUNT OF DAYLIGHT TODAY  (HOUR:MIN)........11 HOURS 32 MINUTES
GAIN/LOSS SINCE YESTERDAY (HOUR:MIN:SEC)....-0:04:26

$$
JZ OCT 14
