000
CDAK47 PANT 280906
CLIANN

CLIMATE REPORT
NATIONAL WEATHER SERVICE ANNETTE, AK
107 AM AKDT THU MAY 28 2015

...................................
...THE ANNETTE WSO AP CLIMATE SUMMARY FOR MAY 27 2015...

CLIMATE NORMAL PERIOD  1981 TO  2010
CLIMATE RECORD PERIOD  1948 TO  2015

WEATHER ITEM   OBSERVED TIME    RECORD YEAR NORMAL DEPARTURE LAST
               VALUE    (LST)   VALUE       VALUE  FROM      YEAR
                                                   NORMAL
...................................................................
TEMPERATURE
YESTERDAY
 MAXIMUM            70  0255 PM    84  1998     59      11     61
 MINIMUM            51  1159 PM    38  1966     46       5     45
 AVERAGE            61                          52       9     53

PRECIPITATION
(INCHES)
 YESTERDAY        0.00           1.46  1957   0.16   -0.16   0.00
 MONTH TO DATE    0.50                        4.89   -4.39   4.95
 SINCE MAR 1     22.42                       19.71    2.71  28.69
 SINCE JAN 1     43.48                       37.75    5.73  40.79

SNOWFALL
(INCHES)
 YESTERDAY         0.0            0.0  2015    0.0     0.0    0.0
 MONTH TO DATE     0.0                         0.1    -0.1    0.0
 SINCE MAR 1         T                         8.4    -8.4    0.3
 SINCE JUL 1      10.2                        34.9   -24.7   25.4
 SNOW DEPTH (IN)     0                                          0

DEGREE DAYS
 HEATING
  YESTERDAY          4                          13      -9     12
  MONTH TO DATE    271                         413    -142    367
  SINCE MAR 1     1507                        1820    -313   1873
  SINCE JUL 1     5591                        6358    -767   6362

 COOLING
  YESTERDAY          0                           0       0      0
  MONTH TO DATE      0                           0       0      0
  SINCE MAR 1        0                           0       0      0
  SINCE JAN 1        0                           0       0      0
...................................................................

WIND (MPH)
 HIGHEST WIND SPEED    17     HIGHEST WIND DIRECTION    330
 HIGHEST GUST SPEED    25     HIGHEST GUST DIRECTION    340
 AVERAGE WIND SPEED   9.7

SKY COVER
  POSSIBLE SUNSHINE    MM          AVERAGE SKY COVER     MM

WEATHER CONDITIONS
 THE FOLLOWING WEATHER WAS RECORDED YESTERDAY.
  NO SIGNIFICANT WEATHER WAS OBSERVED.

RELATIVE HUMIDITY
 HIGHEST RH     MM PERCENT       MM
 LOWEST  RH     MM PERCENT       MM
 AVERAGE RH     MM PERCENT       MM
...................................................................

THE ANNETTE CLIMATE NORMALS FOR TODAY
                           NORMAL    RECORD   YEAR
 MAXIMUM TEMPERATURE (F)     59        79     1964
 MINIMUM TEMPERATURE (F)     47        37     1977

SUNRISE AND SUNSET
 MAY 28 2015..........SUNRISE  4:20 AM      SUNSET  9:09 PM
 MAY 29 2015..........SUNRISE  4:18 AM      SUNSET  9:11 PM

-  INDICATES NEGATIVE NUMBERS.
R  INDICATES RECORD HAS BEEN SET OR TIED.
MM INDICATES DATA IS MISSING.
T  INDICATES TRACE OF PRECIPITATION.

&&
-------------------------------------------------------------------

AMOUNT OF DAYLIGHT TODAY  (HOUR:MIN)........16 HOURS 49 MINUTES
GAIN/LOSS SINCE YESTERDAY (HOUR:MIN:SEC)....+0:02:40

$$
JZ MAY 15
