226
CDAK47 PAJK 211234
CLIANN
CLIMATE REPORT
NATIONAL WEATHER SERVICE JUNEAU, AK
331 AM AKST SUN JAN 21 2018


...................................

...THE ANNETTE ISLAND CLIMATE SUMMARY FOR JANUARY 20 2018...

CLIMATE NORMAL PERIOD 1981 TO 2010
CLIMATE RECORD PERIOD 1941 TO 2018


WEATHER ITEM   OBSERVED RECORD YEAR NORMAL DEPARTURE LAST
                VALUE   VALUE       VALUE  FROM      YEAR
                                           NORMAL
...........................................................
TEMPERATURE (F)
 YESTERDAY
  MAXIMUM         45     56    1981  42      3       38
                               1942
  MINIMUM         37      6    1943  32      5       31
  AVERAGE         41                 37      4       35

PRECIPITATION (IN)
  YESTERDAY        0.20   2.59 1948   0.36  -0.16     0.00
  MONTH TO DATE    1.11               7.06  -5.95     4.76
  SINCE JAN 1      1.11               7.06  -5.95     4.76

SNOWFALL (IN)
  YESTERDAY       MM      5.4  1993   0.3   MM        0.0
  MONTH TO DATE    T                  5.1   -5.1      1.0
  SINCE JUL 1      T                 16.8  -16.8      6.8
  SNOW DEPTH       0

DEGREE DAYS
 HEATING
  YESTERDAY       24                 28     -4       30
  MONTH TO DATE  231                560   -329      551
...........................................................


WIND (MPH)
  HIGHEST WIND SPEED    13   HIGHEST WIND DIRECTION    SE (130)
  HIGHEST GUST SPEED    21   HIGHEST GUST DIRECTION    SE (130)
  AVERAGE WIND SPEED     8.8


SKY COVER
  AVERAGE SKY COVER 0.9


WEATHER CONDITIONS
 THE FOLLOWING WEATHER WAS RECORDED YESTERDAY.
  LIGHT RAIN


..........................................................


THE ANNETTE ISLAND CLIMATE NORMALS FOR TODAY
                         NORMAL    RECORD    YEAR
 MAXIMUM TEMPERATURE (F)   42        55      1995
                                             1981
 MINIMUM TEMPERATURE (F)   32         7      1969


SUNRISE AND SUNSET
JANUARY 21 2018.......SUNRISE   754 AM AKST  SUNSET   401 PM AKST
JANUARY 22 2018.......SUNRISE   753 AM AKST  SUNSET   403 PM AKST


-  INDICATES NEGATIVE NUMBERS.
R  INDICATES RECORD WAS SET OR TIED.
MM INDICATES DATA IS MISSING.
T  INDICATES TRACE AMOUNT.




$$
--------------------------------------------------------------

AMOUNT OF DAYLIGHT TODAY (HOUR:MIN)......... 8 HOURS 07 MINUTES
GAIN/LOSS SINCE YESTERDAY (HOUR:MIN:SEC).... +0:03:17

$$
