000
CDUS41 KCTP 230617
CLIAOO


CLIMATE REPORT
NATIONAL WEATHER SERVICE STATE COLLEGE PA
216 AM EDT THU OCT 23 2014


...................................

...THE ALTOONA CLIMATE SUMMARY FOR OCTOBER 22 2014...

CLIMATE NORMAL PERIOD 1981 TO 2010
CLIMATE RECORD PERIOD 1948 TO 2014


WEATHER ITEM   OBSERVED TIME   RECORD YEAR NORMAL DEPARTURE LAST
                VALUE   (LST)  VALUE       VALUE  FROM      YEAR
                                                  NORMAL
..................................................................
TEMPERATURE (F)
 YESTERDAY
  MAXIMUM         52    235 PM  77    1979  59     -7       54
  MINIMUM         46   1159 PM  29    1992  39      7       37
  AVERAGE         49                        49      0       46

PRECIPITATION (IN)
  YESTERDAY        T             1.56 1956   0.09  -0.09      T
  MONTH TO DATE    2.91                      1.81   1.10     3.67
  SINCE SEP 1      3.67                      5.27  -1.60     5.71
  SINCE JAN 1     32.29                     26.19   6.10    24.72

DEGREE DAYS
 HEATING
  YESTERDAY       16                        16      0       19
  MONTH TO DATE  227                       282    -55      166
  SINCE SEP 1    351                       430    -79      314
  SINCE JUL 1    385                       453    -68      335

 COOLING
  YESTERDAY        0                         0      0        0
  MONTH TO DATE    2                         0      2       32
  SINCE SEP 1     69                        47     22       87
  SINCE JAN 1    521                       522     -1      695
..................................................................


WIND (MPH)
  HIGHEST WIND SPEED    22   HIGHEST WIND DIRECTION     N (350)
  HIGHEST GUST SPEED    31   HIGHEST GUST DIRECTION     N (360)
  AVERAGE WIND SPEED    10.1


SKY COVER
  POSSIBLE SUNSHINE  MM
  AVERAGE SKY COVER 1.0


WEATHER CONDITIONS
 THE FOLLOWING WEATHER WAS RECORDED YESTERDAY.
  LIGHT RAIN


RELATIVE HUMIDITY (PERCENT)
 HIGHEST   100           100 AM
 LOWEST     71           200 PM
 AVERAGE    86

..........................................................


THE ALTOONA CLIMATE NORMALS FOR TODAY
                         NORMAL    RECORD    YEAR
 MAXIMUM TEMPERATURE (F)   59        75      1975
 MINIMUM TEMPERATURE (F)   39        26      1969


SUNRISE AND SUNSET
OCTOBER 23 2014.......SUNRISE   733 AM EDT   SUNSET   622 PM EDT
OCTOBER 24 2014.......SUNRISE   734 AM EDT   SUNSET   621 PM EDT


-  INDICATES NEGATIVE NUMBERS.
R  INDICATES RECORD WAS SET OR TIED.
MM INDICATES DATA IS MISSING.
T  INDICATES TRACE AMOUNT.




$$
