000
CDUS41 KCTP 210621
CLIAOO


CLIMATE REPORT
NATIONAL WEATHER SERVICE STATE COLLEGE PA
221 AM EDT THU AUG 21 2014


...................................

...THE ALTOONA CLIMATE SUMMARY FOR AUGUST 20 2014...

CLIMATE NORMAL PERIOD 1981 TO 2010
CLIMATE RECORD PERIOD 1948 TO 2014


WEATHER ITEM   OBSERVED TIME   RECORD YEAR NORMAL DEPARTURE LAST
                VALUE   (LST)  VALUE       VALUE  FROM      YEAR
                                                  NORMAL
..................................................................
TEMPERATURE (F)
 YESTERDAY
  MAXIMUM         80    429 PM  97    1962  80      0       82
  MINIMUM         64    207 AM  45    1949  58      6       58
  AVERAGE         72                        69      3       70

PRECIPITATION (IN)
  YESTERDAY        1.03          1.56 1997   0.09   0.94     0.00
  MONTH TO DATE    3.98                      1.90   2.08     2.38
  SINCE JUN 1     14.15                      8.64   5.51     7.78
  SINCE JAN 1     27.65                     22.82   4.83    18.63

DEGREE DAYS
 HEATING
  YESTERDAY        0                         1     -1        0
  MONTH TO DATE   16                        12      4       16
  SINCE JUN 1     45                        80    -35       41
  SINCE JUL 1     30                        22      8       21

 COOLING
  YESTERDAY        7                         5      2        5
  MONTH TO DATE   61                       111    -50       67
  SINCE JUN 1    365                       405    -40      455
  SINCE JAN 1    412                       438    -26      529
..................................................................


WIND (MPH)
  HIGHEST WIND SPEED    17   HIGHEST WIND DIRECTION     W (260)
  HIGHEST GUST SPEED    21   HIGHEST GUST DIRECTION     W (260)
  AVERAGE WIND SPEED     3.2


SKY COVER
  POSSIBLE SUNSHINE  MM
  AVERAGE SKY COVER 0.6


WEATHER CONDITIONS
 THE FOLLOWING WEATHER WAS RECORDED YESTERDAY.
  THUNDERSTORM
  HEAVY RAIN
  RAIN
  LIGHT RAIN
  FOG
  FOG W/VISIBILITY <= 1/4 MILE


RELATIVE HUMIDITY (PERCENT)
 HIGHEST   100          1200 AM
 LOWEST     67           300 PM
 AVERAGE    84

..........................................................


THE ALTOONA CLIMATE NORMALS FOR TODAY
                         NORMAL    RECORD    YEAR
 MAXIMUM TEMPERATURE (F)   80        91      1955
 MINIMUM TEMPERATURE (F)   58        44      2000


SUNRISE AND SUNSET
AUGUST 21 2014........SUNRISE   630 AM EDT   SUNSET   802 PM EDT
AUGUST 22 2014........SUNRISE   631 AM EDT   SUNSET   800 PM EDT


-  INDICATES NEGATIVE NUMBERS.
R  INDICATES RECORD WAS SET OR TIED.
MM INDICATES DATA IS MISSING.
T  INDICATES TRACE AMOUNT.




$$
