663
CDUS41 KCTP 060633
CLIAOO


CLIMATE REPORT
NATIONAL WEATHER SERVICE STATE COLLEGE PA
232 AM EDT FRI MAY 6 2016


...................................

...THE ALTOONA CLIMATE SUMMARY FOR MAY 5 2016...

CLIMATE NORMAL PERIOD 1981 TO 2010
CLIMATE RECORD PERIOD 1948 TO 2016


WEATHER ITEM   OBSERVED TIME   RECORD YEAR NORMAL DEPARTURE LAST
                VALUE   (LST)  VALUE       VALUE  FROM      YEAR
                                                  NORMAL
..................................................................
TEMPERATURE (F)
 YESTERDAY
  MAXIMUM         59    518 PM  86    1949  66     -7       75
  MINIMUM         47    531 AM  29    1966  44      3       60
  AVERAGE         53                        55     -2       68

PRECIPITATION (IN)
  YESTERDAY        T             1.03 1988   0.11  -0.11     0.06
  MONTH TO DATE    0.48                      0.56  -0.08     0.07
  SINCE MAR 1      3.39                      6.82  -3.43     5.89
  SINCE JAN 1      7.23                     11.03  -3.80     8.41

DEGREE DAYS
 HEATING
  YESTERDAY       12                        10      2        0
  MONTH TO DATE   44                        54    -10       20
  SINCE MAR 1   1139                      1402   -263     1377
  SINCE JUL 1   4963                      5958   -995     6170

 COOLING
  YESTERDAY        0                         0      0        3
  MONTH TO DATE    0                         0      0        3
  SINCE MAR 1      0                         6     -6        3
  SINCE JAN 1      0                         6     -6        3
..................................................................


WIND (MPH)
  HIGHEST WIND SPEED    17   HIGHEST WIND DIRECTION     N (10)
  HIGHEST GUST SPEED    22   HIGHEST GUST DIRECTION    NE (40)
  AVERAGE WIND SPEED     7.7


SKY COVER
  POSSIBLE SUNSHINE  MM
  AVERAGE SKY COVER 1.0


WEATHER CONDITIONS
 THE FOLLOWING WEATHER WAS RECORDED YESTERDAY.
  LIGHT RAIN
  FOG


RELATIVE HUMIDITY (PERCENT)
 HIGHEST    93           300 AM
 LOWEST     61           600 PM
 AVERAGE    77

..........................................................


THE ALTOONA CLIMATE NORMALS FOR TODAY
                         NORMAL    RECORD    YEAR
 MAXIMUM TEMPERATURE (F)   66        87      1949
 MINIMUM TEMPERATURE (F)   44        33      2004


SUNRISE AND SUNSET
MAY  6 2016...........SUNRISE   606 AM EDT   SUNSET   814 PM EDT
MAY  7 2016...........SUNRISE   605 AM EDT   SUNSET   815 PM EDT


-  INDICATES NEGATIVE NUMBERS.
R  INDICATES RECORD WAS SET OR TIED.
MM INDICATES DATA IS MISSING.
T  INDICATES TRACE AMOUNT.




$$
