000
CDUS41 KCTP 300623
CLIAOO


CLIMATE REPORT
NATIONAL WEATHER SERVICE STATE COLLEGE PA
223 AM EDT THU MAR 30 2017


...................................

...THE ALTOONA CLIMATE SUMMARY FOR MARCH 29 2017...

CLIMATE NORMAL PERIOD 1981 TO 2010
CLIMATE RECORD PERIOD 1948 TO 2017


WEATHER ITEM   OBSERVED TIME   RECORD YEAR NORMAL DEPARTURE LAST
                VALUE   (LST)  VALUE       VALUE  FROM      YEAR
                                                  NORMAL
..................................................................
TEMPERATURE (F)
 YESTERDAY
  MAXIMUM         60    458 PM  79    1977  52      8       52
  MINIMUM         43   1159 PM  14    2015  33     10       29
  AVERAGE         52                        42     10       41

PRECIPITATION (IN)
  YESTERDAY        0.00          1.35 1970   0.11  -0.11      T
  MONTH TO DATE    3.55                      2.85   0.70     1.25
  SINCE MAR 1      3.55                      2.85   0.70     1.25
  SINCE JAN 1      8.18                      7.06   1.12     5.09

DEGREE DAYS
 HEATING
  YESTERDAY       13                        23    -10       24
  MONTH TO DATE  794                       815    -21      572
  SINCE MAR 1    794                       815    -21      572
  SINCE JUL 1   4461                      5370   -909     4396

 COOLING
  YESTERDAY        0                         0      0        0
  MONTH TO DATE    0                         0      0        0
  SINCE MAR 1      0                         0      0        0
  SINCE JAN 1      0                         0      0        0
..................................................................


WIND (MPH)
  HIGHEST WIND SPEED    17   HIGHEST WIND DIRECTION     N (360)
  HIGHEST GUST SPEED    22   HIGHEST GUST DIRECTION     N (350)
  AVERAGE WIND SPEED     8.1


SKY COVER
  POSSIBLE SUNSHINE  MM
  AVERAGE SKY COVER 0.4


WEATHER CONDITIONS
 THE FOLLOWING WEATHER WAS RECORDED YESTERDAY.
  HAZE


RELATIVE HUMIDITY (PERCENT)
 HIGHEST    83           100 AM
 LOWEST     35           500 PM
 AVERAGE    59

..........................................................


THE ALTOONA CLIMATE NORMALS FOR TODAY
                         NORMAL    RECORD    YEAR
 MAXIMUM TEMPERATURE (F)   53        85      1998
 MINIMUM TEMPERATURE (F)   33        12      1970


SUNRISE AND SUNSET
MARCH 30 2017.........SUNRISE   700 AM EDT   SUNSET   736 PM EDT
MARCH 31 2017.........SUNRISE   658 AM EDT   SUNSET   737 PM EDT


-  INDICATES NEGATIVE NUMBERS.
R  INDICATES RECORD WAS SET OR TIED.
MM INDICATES DATA IS MISSING.
T  INDICATES TRACE AMOUNT.




$$
