000
CDUS41 KCTP 231542
CLIAOO


CLIMATE REPORT
NATIONAL WEATHER SERVICE STATE COLLEGE PA
1042 AM EST THU FEB 23 2017


...................................

...THE ALTOONA CLIMATE SUMMARY FOR FEBRUARY 22 2017...

CLIMATE NORMAL PERIOD 1981 TO 2010
CLIMATE RECORD PERIOD 1948 TO 2017


WEATHER ITEM   OBSERVED TIME   RECORD YEAR NORMAL DEPARTURE LAST
                VALUE   (LST)  VALUE       VALUE  FROM      YEAR
                                                  NORMAL
..................................................................
TEMPERATURE (F)
 YESTERDAY
  MAXIMUM         67R   322 PM  62    1974  39     28       48
  MINIMUM         43    607 AM  -3    1963  22     21       28
  AVERAGE         55                        30     25       38

PRECIPITATION (IN)
  YESTERDAY        0.00          1.05 1971   0.07  -0.07     0.00
  MONTH TO DATE    1.15                      1.58  -0.43     1.60
  SINCE DEC 1      6.66                      6.17   0.49     6.98
  SINCE JAN 1      4.34                      3.75   0.59     3.24

DEGREE DAYS
 HEATING
  YESTERDAY       10                        35    -25       27
  MONTH TO DATE  602                       800   -198      785
  SINCE DEC 1   2570                      3047   -477     2640
  SINCE JUL 1   3561                      4353   -792     3633

 COOLING
  YESTERDAY        0                         0      0        0
  MONTH TO DATE    0                         0      0        0
  SINCE DEC 1      0                         0      0        0
  SINCE JAN 1      0                         0      0        0
..................................................................


WIND (MPH)
  HIGHEST WIND SPEED    10   HIGHEST WIND DIRECTION     N (20)
  HIGHEST GUST SPEED    12   HIGHEST GUST DIRECTION     N (10)
  AVERAGE WIND SPEED     2.6


SKY COVER
  POSSIBLE SUNSHINE  MM
  AVERAGE SKY COVER 0.8


WEATHER CONDITIONS
 THE FOLLOWING WEATHER WAS RECORDED YESTERDAY.
  NO SIGNIFICANT WEATHER WAS OBSERVED.


RELATIVE HUMIDITY (PERCENT)
 HIGHEST    76           900 AM
 LOWEST     45           300 PM
 AVERAGE    61

..........................................................


THE ALTOONA CLIMATE NORMALS FOR TODAY
                         NORMAL    RECORD    YEAR
 MAXIMUM TEMPERATURE (F)   39        66      1977
 MINIMUM TEMPERATURE (F)   22        -3      2015


SUNRISE AND SUNSET
FEBRUARY 23 2017......SUNRISE   655 AM EST   SUNSET   558 PM EST
FEBRUARY 24 2017......SUNRISE   654 AM EST   SUNSET   600 PM EST


-  INDICATES NEGATIVE NUMBERS.
R  INDICATES RECORD WAS SET OR TIED.
MM INDICATES DATA IS MISSING.
T  INDICATES TRACE AMOUNT.




$$
