000
CDUS41 KCTP 010607
CLIAOO


CLIMATE REPORT
NATIONAL WEATHER SERVICE STATE COLLEGE PA
207 AM EDT WED OCT 1 2014


...................................

...THE ALTOONA CLIMATE SUMMARY FOR SEPTEMBER 30 2014...

CLIMATE NORMAL PERIOD 1981 TO 2010
CLIMATE RECORD PERIOD 1948 TO 2014


WEATHER ITEM   OBSERVED TIME   RECORD YEAR NORMAL DEPARTURE LAST
                VALUE   (LST)  VALUE       VALUE  FROM      YEAR
                                                  NORMAL
..................................................................
TEMPERATURE (F)
 YESTERDAY
  MAXIMUM         76   1145 AM  91    1953  67      9       75
  MINIMUM         54    538 AM  31    1951  46      8       47
  AVERAGE         65                        56      9       61

PRECIPITATION (IN)
  YESTERDAY        0.45          2.77 2010   0.11   0.34     0.00
  MONTH TO DATE    0.76                      3.46  -2.70     2.04
  SINCE SEP 1      0.76                      3.46  -2.70     2.04
  SINCE JAN 1     29.38                     24.38   5.00    21.05

DEGREE DAYS
 HEATING
  YESTERDAY        0                         9     -9        4
  MONTH TO DATE  124                       147    -23      148
  SINCE SEP 1    124                       148    -24      148
  SINCE JUL 1    158                       171    -13      169

 COOLING
  YESTERDAY        0                         1     -1        0
  MONTH TO DATE   67                        47     20       55
  SINCE SEP 1     67                        47     20       55
  SINCE JAN 1    519                       522     -3      663
..................................................................


WIND (MPH)
  HIGHEST WIND SPEED    15   HIGHEST WIND DIRECTION     S (160)
  HIGHEST GUST SPEED    18   HIGHEST GUST DIRECTION     S (160)
  AVERAGE WIND SPEED     2.2


SKY COVER
  POSSIBLE SUNSHINE  MM
  AVERAGE SKY COVER 0.5


WEATHER CONDITIONS
 THE FOLLOWING WEATHER WAS RECORDED YESTERDAY.
  THUNDERSTORM
  HEAVY RAIN
  RAIN
  LIGHT RAIN
  FOG
  FOG W/VISIBILITY <= 1/4 MILE
  HAZE


RELATIVE HUMIDITY (PERCENT)
 HIGHEST   100           500 AM
 LOWEST     57          1200 PM
 AVERAGE    79

..........................................................


THE ALTOONA CLIMATE NORMALS FOR TODAY
                         NORMAL    RECORD    YEAR
 MAXIMUM TEMPERATURE (F)   66        80      1952
 MINIMUM TEMPERATURE (F)   45        29      1993


SUNRISE AND SUNSET
OCTOBER  1 2014.......SUNRISE   710 AM EDT   SUNSET   656 PM EDT
OCTOBER  2 2014.......SUNRISE   711 AM EDT   SUNSET   654 PM EDT


-  INDICATES NEGATIVE NUMBERS.
R  INDICATES RECORD WAS SET OR TIED.
MM INDICATES DATA IS MISSING.
T  INDICATES TRACE AMOUNT.




$$
