841
CDUS41 KCTP 230611
CLIAOO


CLIMATE REPORT
NATIONAL WEATHER SERVICE STATE COLLEGE PA
210 AM EDT SAT JUL 23 2016


...................................

...THE ALTOONA CLIMATE SUMMARY FOR JULY 22 2016...

CLIMATE NORMAL PERIOD 1981 TO 2010
CLIMATE RECORD PERIOD 1948 TO 2016


WEATHER ITEM   OBSERVED TIME   RECORD YEAR NORMAL DEPARTURE LAST
                VALUE   (LST)  VALUE       VALUE  FROM      YEAR
                                                  NORMAL
..................................................................
TEMPERATURE (F)
 YESTERDAY
  MAXIMUM         91    408 PM 103    2011  82      9       76
  MINIMUM         66    242 AM  48    1966  60      6       55
  AVERAGE         79                        71      8       66

PRECIPITATION (IN)
  YESTERDAY        T             1.82 1958   0.11  -0.11     0.00
  MONTH TO DATE    0.82                      2.34  -1.52     5.28
  SINCE JUN 1      3.33                      5.82  -2.49    12.89
  SINCE JAN 1     13.31                     20.00  -6.69    22.39

DEGREE DAYS
 HEATING
  YESTERDAY        0                         0      0        0
  MONTH TO DATE    4                         1      3        3
  SINCE JUN 1     27                        59    -32       42
  SINCE JUL 1      4                         1      3        3

 COOLING
  YESTERDAY       14                         6      8        1
  MONTH TO DATE  182                       131     51      122
  SINCE JUN 1    315                       240     75      270
  SINCE JAN 1    366                       273     93      374
..................................................................


WIND (MPH)
  HIGHEST WIND SPEED    21   HIGHEST WIND DIRECTION     W (290)
  HIGHEST GUST SPEED    27   HIGHEST GUST DIRECTION     W (290)
  AVERAGE WIND SPEED     7.8


SKY COVER
  POSSIBLE SUNSHINE  MM
  AVERAGE SKY COVER 0.1


WEATHER CONDITIONS
 THE FOLLOWING WEATHER WAS RECORDED YESTERDAY.
  LIGHT RAIN


RELATIVE HUMIDITY (PERCENT)
 HIGHEST    78           300 AM
 LOWEST     38           400 PM
 AVERAGE    58

..........................................................


THE ALTOONA CLIMATE NORMALS FOR TODAY
                         NORMAL    RECORD    YEAR
 MAXIMUM TEMPERATURE (F)   82        97      2011
 MINIMUM TEMPERATURE (F)   60        50      1981


SUNRISE AND SUNSET
JULY 23 2016..........SUNRISE   603 AM EDT   SUNSET   836 PM EDT
JULY 24 2016..........SUNRISE   604 AM EDT   SUNSET   835 PM EDT


-  INDICATES NEGATIVE NUMBERS.
R  INDICATES RECORD WAS SET OR TIED.
MM INDICATES DATA IS MISSING.
T  INDICATES TRACE AMOUNT.




$$
