000
CDUS41 KCTP 071319
CLIAOO


CLIMATE REPORT
NATIONAL WEATHER SERVICE STATE COLLEGE PA
819 AM EST WED DEC 7 2016


...................................

...THE ALTOONA CLIMATE SUMMARY FOR DECEMBER 6 2016...

CLIMATE NORMAL PERIOD 1981 TO 2010
CLIMATE RECORD PERIOD 1948 TO 2016


WEATHER ITEM   OBSERVED TIME   RECORD YEAR NORMAL DEPARTURE LAST
                VALUE   (LST)  VALUE       VALUE  FROM      YEAR
                                                  NORMAL
..................................................................
TEMPERATURE (F)
 YESTERDAY
  MAXIMUM         36   1159 PM  74    1998  41     -5       48
  MINIMUM         28    351 AM   4    2007  27      1       24
  AVERAGE         32                        34     -2       36

PRECIPITATION (IN)
  YESTERDAY        0.45          1.54 1971   0.09   0.36     0.00
  MONTH TO DATE    0.68                      0.55   0.13     1.09
  SINCE DEC 1      0.68                      0.55   0.13     1.09
  SINCE JAN 1     24.82                     30.76  -5.94    32.17

DEGREE DAYS
 HEATING
  YESTERDAY       33                        31      2       29
  MONTH TO DATE  165                       183    -18      154
  SINCE DEC 1    165                       183    -18      154
  SINCE JUL 1   1156                      1493   -337     1147

 COOLING
  YESTERDAY        0                         0      0        0
  MONTH TO DATE    0                         0      0        0
  SINCE DEC 1      0                         0      0        0
  SINCE JAN 1    873                       522    351      696
..................................................................


WIND (MPH)
  HIGHEST WIND SPEED    15   HIGHEST WIND DIRECTION    SE (140)
  HIGHEST GUST SPEED    24   HIGHEST GUST DIRECTION     S (180)
  AVERAGE WIND SPEED     4.5


SKY COVER
  POSSIBLE SUNSHINE  MM
  AVERAGE SKY COVER 0.5


WEATHER CONDITIONS
 THE FOLLOWING WEATHER WAS RECORDED YESTERDAY.
  LIGHT RAIN
  FOG


RELATIVE HUMIDITY (PERCENT)
 HIGHEST   100           900 PM
 LOWEST     75           700 AM
 AVERAGE    88

..........................................................


THE ALTOONA CLIMATE NORMALS FOR TODAY
                         NORMAL    RECORD    YEAR
 MAXIMUM TEMPERATURE (F)   40        69      1951
 MINIMUM TEMPERATURE (F)   26        -1      1958


SUNRISE AND SUNSET
DECEMBER  7 2016......SUNRISE   723 AM EST   SUNSET   447 PM EST
DECEMBER  8 2016......SUNRISE   724 AM EST   SUNSET   447 PM EST


-  INDICATES NEGATIVE NUMBERS.
R  INDICATES RECORD WAS SET OR TIED.
MM INDICATES DATA IS MISSING.
T  INDICATES TRACE AMOUNT.




$$
