000
CDUS41 KCTP 222116
CLIAOO


CLIMATE REPORT
NATIONAL WEATHER SERVICE STATE COLLEGE PA
516 PM EDT TUE JUL 22 2014


...................................

...THE ALTOONA CLIMATE SUMMARY FOR JULY 22 2014...
VALID TODAY AS OF 0500 PM LOCAL TIME.

CLIMATE NORMAL PERIOD 1981 TO 2010
CLIMATE RECORD PERIOD 1948 TO 2014


WEATHER ITEM   OBSERVED TIME   RECORD YEAR NORMAL DEPARTURE LAST
                VALUE   (LST)  VALUE       VALUE  FROM      YEAR
                                                  NORMAL
..................................................................
TEMPERATURE (F)
 TODAY
  MAXIMUM         86    335 PM 103    2011  82      4       81
  MINIMUM         64    514 AM  48    1966  60      4       67
  AVERAGE         75                        71      4       74

PRECIPITATION (IN)
  TODAY            0.00          1.82 1958   0.11  -0.11     0.40
  MONTH TO DATE    2.65                      2.34   0.31     1.83
  SINCE JUN 1      9.42                      5.82   3.60     5.12
  SINCE JAN 1     22.92                     20.00   2.92    15.97

DEGREE DAYS
 HEATING
  TODAY            0                         0      0        0
  MONTH TO DATE    4                         1      3        0
  SINCE JUN 1     19                        59    -40       20
  SINCE JUL 1      4                         1      3        0

 COOLING
  TODAY           10                         6      4        9
  MONTH TO DATE  135                       131      4      242
  SINCE JUN 1    272                       240     32      370
  SINCE JAN 1    319                       273     46      444
..................................................................


WIND (MPH)
  HIGHEST WIND SPEED    12   HIGHEST WIND DIRECTION     S (160)
  HIGHEST GUST SPEED    16   HIGHEST GUST DIRECTION     S (170)
  AVERAGE WIND SPEED     4.1


SKY COVER
  POSSIBLE SUNSHINE  MM
  AVERAGE SKY COVER 0.5


WEATHER CONDITIONS
 THE FOLLOWING WEATHER WAS RECORDED TODAY.
  FOG
  FOG W/VISIBILITY <= 1/4 MILE


RELATIVE HUMIDITY (PERCENT)
 HIGHEST   100          1200 AM
 LOWEST     59           200 PM
 AVERAGE    80

..........................................................


THE ALTOONA CLIMATE NORMALS FOR TOMORROW
                         NORMAL    RECORD    YEAR
 MAXIMUM TEMPERATURE (F)   82        97      2011
 MINIMUM TEMPERATURE (F)   60        50      1981


SUNRISE AND SUNSET
JULY 22 2014..........SUNRISE   602 AM EDT   SUNSET   837 PM EDT
JULY 23 2014..........SUNRISE   603 AM EDT   SUNSET   836 PM EDT


-  INDICATES NEGATIVE NUMBERS.
R  INDICATES RECORD WAS SET OR TIED.
MM INDICATES DATA IS MISSING.
T  INDICATES TRACE AMOUNT.




$$
