000
CDUS41 KCTP 252216
CLIAOO


CLIMATE REPORT
NATIONAL WEATHER SERVICE STATE COLLEGE PA
516 PM EST SUN FEB 25 2018


...................................

...THE ALTOONA CLIMATE SUMMARY FOR FEBRUARY 25 2018...
VALID TODAY AS OF 0500 PM LOCAL TIME.

CLIMATE NORMAL PERIOD 1981 TO 2010
CLIMATE RECORD PERIOD 1948 TO 2018


WEATHER ITEM   OBSERVED TIME   RECORD YEAR NORMAL DEPARTURE LAST
                VALUE   (LST)  VALUE       VALUE  FROM      YEAR
                                                  NORMAL
..................................................................
TEMPERATURE (F)
 TODAY
  MAXIMUM         56    413 PM  70    2000  40     16       62
  MINIMUM         43    659 AM   2    1964  23     20       31
  AVERAGE         50                        31     19       47

PRECIPITATION (IN)
  TODAY            0.50          0.91 1961   0.08   0.42     0.26
  MONTH TO DATE    4.93                      1.81   3.12     1.41
  SINCE DEC 1      7.18                      6.40   0.78     6.92
  SINCE JAN 1      6.23                      3.98   2.25     4.60

DEGREE DAYS
 HEATING
  TODAY           15                        34    -19       18
  MONTH TO DATE  713                       902   -189      628
  SINCE DEC 1   2959                      3149   -190     2596
  SINCE JUL 1   4024                      4468   -444     3587

 COOLING
  TODAY            0                         0      0        0
  MONTH TO DATE    0                         0      0        0
  SINCE DEC 1      0                         0      0        0
  SINCE JAN 1      0                         0      0        0
..................................................................


WIND (MPH)
  HIGHEST WIND SPEED    21   HIGHEST WIND DIRECTION     W (250)
  HIGHEST GUST SPEED    27   HIGHEST GUST DIRECTION    SW (240)
  AVERAGE WIND SPEED     7.5


SKY COVER
  POSSIBLE SUNSHINE  MM
  AVERAGE SKY COVER 0.9


WEATHER CONDITIONS
 THE FOLLOWING WEATHER WAS RECORDED TODAY.
  HEAVY RAIN
  RAIN
  LIGHT RAIN
  FOG


RELATIVE HUMIDITY (PERCENT)
 HIGHEST   100           700 AM
 LOWEST     61           400 PM
 AVERAGE    81

..........................................................


THE ALTOONA CLIMATE NORMALS FOR TOMORROW
                         NORMAL    RECORD    YEAR
 MAXIMUM TEMPERATURE (F)   40        66      1951
 MINIMUM TEMPERATURE (F)   23        -2      1963


SUNRISE AND SUNSET
FEBRUARY 25 2018......SUNRISE   653 AM EST   SUNSET   600 PM EST
FEBRUARY 26 2018......SUNRISE   651 AM EST   SUNSET   602 PM EST


-  INDICATES NEGATIVE NUMBERS.
R  INDICATES RECORD WAS SET OR TIED.
MM INDICATES DATA IS MISSING.
T  INDICATES TRACE AMOUNT.




$$
