000
CDUS41 KCTP 262128
CLIAOO


CLIMATE REPORT
NATIONAL WEATHER SERVICE STATE COLLEGE PA
528 PM EDT WED JUL 26 2017


...................................

...THE ALTOONA CLIMATE SUMMARY FOR JULY 26 2017...
VALID TODAY AS OF 0500 PM LOCAL TIME.

CLIMATE NORMAL PERIOD 1981 TO 2010
CLIMATE RECORD PERIOD 1948 TO 2017


WEATHER ITEM   OBSERVED TIME   RECORD YEAR NORMAL DEPARTURE LAST
                VALUE   (LST)  VALUE       VALUE  FROM      YEAR
                                                  NORMAL
..................................................................
TEMPERATURE (F)
 TODAY
  MAXIMUM         76    354 PM  95    1952  82     -6       90
  MINIMUM         52    307 AM  49    2013  60     -8       66
  AVERAGE         64                        71     -7       78

PRECIPITATION (IN)
  TODAY            0.00          1.32 2012   0.11  -0.11     0.00
  MONTH TO DATE    3.62                      2.76   0.86     0.91
  SINCE JUN 1      7.74                      6.24   1.50     3.42
  SINCE JAN 1     25.03                     20.42   4.61    13.40

DEGREE DAYS
 HEATING
  TODAY            1                         0      1        0
  MONTH TO DATE    2                         1      1        4
  SINCE JUN 1     33                        59    -26       27
  SINCE JUL 1      2                         1      1        4

 COOLING
  TODAY            0                         6     -6       13
  MONTH TO DATE  202                       155     47      241
  SINCE JUN 1    358                       264     94      374
  SINCE JAN 1    431                       297    134      425
..................................................................


WIND (MPH)
  HIGHEST WIND SPEED    10   HIGHEST WIND DIRECTION     S (170)
  HIGHEST GUST SPEED    16   HIGHEST GUST DIRECTION    SE (150)
  AVERAGE WIND SPEED     2.8


SKY COVER
  POSSIBLE SUNSHINE  MM
  AVERAGE SKY COVER 0.6


WEATHER CONDITIONS
 THE FOLLOWING WEATHER WAS RECORDED TODAY.
  FOG
  FOG W/VISIBILITY <= 1/4 MILE


RELATIVE HUMIDITY (PERCENT)
 HIGHEST   100          1200 AM
 LOWEST     64           200 PM
 AVERAGE    82

..........................................................


THE ALTOONA CLIMATE NORMALS FOR TOMORROW
                         NORMAL    RECORD    YEAR
 MAXIMUM TEMPERATURE (F)   82        93      1955
 MINIMUM TEMPERATURE (F)   60        49      1977


SUNRISE AND SUNSET
JULY 26 2017..........SUNRISE   606 AM EDT   SUNSET   833 PM EDT
JULY 27 2017..........SUNRISE   607 AM EDT   SUNSET   832 PM EDT


-  INDICATES NEGATIVE NUMBERS.
R  INDICATES RECORD WAS SET OR TIED.
MM INDICATES DATA IS MISSING.
T  INDICATES TRACE AMOUNT.




$$
