000
CDUS45 KBOU 270725
CLIAPA


CLIMATE REPORT
NATIONAL WEATHER SERVICE BOULDER, CO
1225 AM MST FRI FEB 27 2015


...................................

...THE CENTENNIAL CO CLIMATE SUMMARY FOR FEBRUARY 26 2015...

CLIMATE NORMAL PERIOD 1981 TO 2010
CLIMATE RECORD PERIOD 9999 TO 9999


WEATHER ITEM   OBSERVED RECORD YEAR NORMAL DEPARTURE LAST
                VALUE   VALUE       VALUE  FROM      YEAR
                                           NORMAL
...........................................................
TEMPERATURE (F)
 YESTERDAY
  MAXIMUM         17     MM      MM  48    -31       50
  MINIMUM          4     MM      MM  22    -18        9
  AVERAGE         11                 35    -24       30

PRECIPITATION (IN)
  YESTERDAY        0.01  MM      MM   0.01   0.00     0.00
  MONTH TO DATE    1.24               0.44   0.80     0.09
  SINCE DEC 1      2.10               1.50   0.60     1.05
  SINCE JAN 1      1.62               0.89   0.73     0.85

DEGREE DAYS
 HEATING
  YESTERDAY       54
  MONTH TO DATE  767

 COOLING
  YESTERDAY        0
  MONTH TO DATE    0
...........................................................


WIND (MPH)
  RESULTANT WIND SPEED   3   RESULTANT WIND DIRECTION  NE (60)
  HIGHEST WIND SPEED    17   HIGHEST WIND DIRECTION    NE (40)
  HIGHEST GUST SPEED    20   HIGHEST GUST DIRECTION    NE (40)


SKY COVER
  POSSIBLE SUNSHINE  MM
  AVERAGE SKY COVER 0.9


WEATHER CONDITIONS
 THE FOLLOWING WEATHER WAS RECORDED YESTERDAY.
  SNOW
  LIGHT SNOW
  FOG
  HAZE


RELATIVE HUMIDITY (PERCENT)
 HIGHEST    96
 LOWEST     76
 AVERAGE    86

..........................................................


THE CENTENNIAL CO CLIMATE NORMALS FOR TODAY
                         NORMAL    RECORD    YEAR
 MAXIMUM TEMPERATURE (F)   48        MM        MM
 MINIMUM TEMPERATURE (F)   23        MM        MM


SUNRISE AND SUNSET
FEBRUARY 27 2015......SUNRISE   636 AM MST   SUNSET   549 PM MST
FEBRUARY 28 2015......SUNRISE   634 AM MST   SUNSET   550 PM MST


-  INDICATES NEGATIVE NUMBERS.
R  INDICATES RECORD WAS SET OR TIED.
MM INDICATES DATA IS MISSING.
T  INDICATES TRACE AMOUNT.




$$
