000
CDUS45 KBOU 220725
CLIAPA


CLIMATE REPORT
NATIONAL WEATHER SERVICE DENVER/BOULDER CO
125 AM MDT MON MAY 22 2017


...................................

...THE CENTENNIAL CO CLIMATE SUMMARY FOR MAY 21 2017...

CLIMATE NORMAL PERIOD 1981 TO 2010
CLIMATE RECORD PERIOD 9999 TO 9999


WEATHER ITEM   OBSERVED RECORD YEAR NORMAL DEPARTURE LAST
                VALUE   VALUE       VALUE  FROM      YEAR
                                           NORMAL
...........................................................
TEMPERATURE (F)
 YESTERDAY
  MAXIMUM         65     MM      MM  71     -6       82
  MINIMUM         36     MM      MM  44     -8       53
  AVERAGE         51                 57     -6       68

PRECIPITATION (IN)
  YESTERDAY        0.02  MM      MM   0.07  -0.05     0.00
  MONTH TO DATE    3.13               1.62   1.51     0.81
  SINCE MAR 1      5.66               4.88   0.78     4.40
  SINCE JAN 1      5.87               5.81   0.06     4.88

DEGREE DAYS
 HEATING
  YESTERDAY       14
  MONTH TO DATE  238

 COOLING
  YESTERDAY        0
  MONTH TO DATE    3
...........................................................


WIND (MPH)
  RESULTANT WIND SPEED   3   RESULTANT WIND DIRECTION  NE (50)
  HIGHEST WIND SPEED    29   HIGHEST WIND DIRECTION     N (360)
  HIGHEST GUST SPEED    33   HIGHEST GUST DIRECTION     N (360)


SKY COVER
  POSSIBLE SUNSHINE  MM
  AVERAGE SKY COVER 0.5


WEATHER CONDITIONS
 THE FOLLOWING WEATHER WAS RECORDED YESTERDAY.
  LIGHT RAIN


RELATIVE HUMIDITY (PERCENT)
 HIGHEST    86
 LOWEST     27
 AVERAGE    57

..........................................................


THE CENTENNIAL CO CLIMATE NORMALS FOR TODAY
                         NORMAL    RECORD    YEAR
 MAXIMUM TEMPERATURE (F)   71        MM        MM
 MINIMUM TEMPERATURE (F)   44        MM        MM


SUNRISE AND SUNSET
MAY 22 2017...........SUNRISE   539 AM MDT   SUNSET   813 PM MDT
MAY 23 2017...........SUNRISE   539 AM MDT   SUNSET   814 PM MDT


-  INDICATES NEGATIVE NUMBERS.
R  INDICATES RECORD WAS SET OR TIED.
MM INDICATES DATA IS MISSING.
T  INDICATES TRACE AMOUNT.




$$
