000
CDUS45 KBOU 170725
CLIAPA


CLIMATE REPORT
NATIONAL WEATHER SERVICE DENVER/BOULDER CO
125 AM MDT THU AUG 17 2017


...................................

...THE CENTENNIAL CO CLIMATE SUMMARY FOR AUGUST 16 2017...

CLIMATE NORMAL PERIOD 1981 TO 2010
CLIMATE RECORD PERIOD 9999 TO 9999


WEATHER ITEM   OBSERVED RECORD YEAR NORMAL DEPARTURE LAST
                VALUE   VALUE       VALUE  FROM      YEAR
                                           NORMAL
...........................................................
TEMPERATURE (F)
 YESTERDAY
  MAXIMUM         75     MM      MM  83     -8       87
  MINIMUM         55     MM      MM  57     -2       54
  AVERAGE         65                 70     -5       71

PRECIPITATION (IN)
  YESTERDAY        0.01  MM      MM   0.10  -0.09      T
  MONTH TO DATE    0.78               1.51  -0.73     0.10
  SINCE JUN 1      3.54               5.67  -2.13     3.37
  SINCE JAN 1     10.25              12.25  -2.00     9.01

DEGREE DAYS
 HEATING
  YESTERDAY        0
  MONTH TO DATE    9

 COOLING
  YESTERDAY        0
  MONTH TO DATE   50
...........................................................


WIND (MPH)
  RESULTANT WIND SPEED   3   RESULTANT WIND DIRECTION   E (70)
  HIGHEST WIND SPEED    15   HIGHEST WIND DIRECTION     N (20)
  HIGHEST GUST SPEED    19   HIGHEST GUST DIRECTION    NE (30)


SKY COVER
  POSSIBLE SUNSHINE  MM
  AVERAGE SKY COVER 0.5


WEATHER CONDITIONS
 THE FOLLOWING WEATHER WAS RECORDED YESTERDAY.
  LIGHT RAIN


RELATIVE HUMIDITY (PERCENT)
 HIGHEST    86
 LOWEST     33
 AVERAGE    60

..........................................................


THE CENTENNIAL CO CLIMATE NORMALS FOR TODAY
                         NORMAL    RECORD    YEAR
 MAXIMUM TEMPERATURE (F)   83        MM        MM
 MINIMUM TEMPERATURE (F)   57        MM        MM


SUNRISE AND SUNSET
AUGUST 17 2017........SUNRISE   614 AM MDT   SUNSET   752 PM MDT
AUGUST 18 2017........SUNRISE   615 AM MDT   SUNSET   751 PM MDT


-  INDICATES NEGATIVE NUMBERS.
R  INDICATES RECORD WAS SET OR TIED.
MM INDICATES DATA IS MISSING.
T  INDICATES TRACE AMOUNT.




$$
