000
CDUS45 KBOU 111226
CLIAPA


CLIMATE REPORT
NATIONAL WEATHER SERVICE BOULDER, CO
626 AM MDT FRI JUL 11 2014


...................................

...THE CENTENNIAL CO CLIMATE SUMMARY FOR JULY 10 2014...

CLIMATE NORMAL PERIOD 1981 TO 2010
CLIMATE RECORD PERIOD 9999 TO 9999


WEATHER ITEM   OBSERVED RECORD YEAR NORMAL DEPARTURE LAST
                VALUE   VALUE       VALUE  FROM      YEAR
                                           NORMAL
...........................................................
TEMPERATURE (F)
 YESTERDAY
  MAXIMUM         93     MM      MM  86      7       89
  MINIMUM         59     MM      MM  58      1       59
  AVERAGE         76                 72      4       74

PRECIPITATION (IN)
  YESTERDAY        T     MM      MM   0.05  -0.05     0.01
  MONTH TO DATE    0.02               0.60  -0.58     0.08
  SINCE JUN 1      1.14               2.72  -1.58     1.29
  SINCE JAN 1      5.62               9.30  -3.68     6.05

DEGREE DAYS
 HEATING
  YESTERDAY        0
  MONTH TO DATE    0

 COOLING
  YESTERDAY       11
  MONTH TO DATE   89
...........................................................


WIND (MPH)
  RESULTANT WIND SPEED   2   RESULTANT WIND DIRECTION  NE (60)
  HIGHEST WIND SPEED    21   HIGHEST WIND DIRECTION     N (340)
  HIGHEST GUST SPEED    25   HIGHEST GUST DIRECTION     N (340)


SKY COVER
  POSSIBLE SUNSHINE  MM
  AVERAGE SKY COVER 0.4


WEATHER CONDITIONS
 THE FOLLOWING WEATHER WAS RECORDED YESTERDAY.
  LIGHT RAIN


RELATIVE HUMIDITY (PERCENT)
 HIGHEST    53
 LOWEST     15
 AVERAGE    34

..........................................................


THE CENTENNIAL CO CLIMATE NORMALS FOR TODAY
                         NORMAL    RECORD    YEAR
 MAXIMUM TEMPERATURE (F)   86        MM        MM
 MINIMUM TEMPERATURE (F)   59        MM        MM


SUNRISE AND SUNSET
JULY 11 2014..........SUNRISE   542 AM MDT   SUNSET   828 PM MDT
JULY 12 2014..........SUNRISE   542 AM MDT   SUNSET   827 PM MDT


-  INDICATES NEGATIVE NUMBERS.
R  INDICATES RECORD WAS SET OR TIED.
MM INDICATES DATA IS MISSING.
T  INDICATES TRACE AMOUNT.




$$
