000
CDUS45 KBOU 300725
CLIAPA


CLIMATE REPORT
NATIONAL WEATHER SERVICE DENVER/BOULDER CO
125 AM MDT MON MAY 30 2016


...................................

...THE CENTENNIAL CO CLIMATE SUMMARY FOR MAY 29 2016...

CLIMATE NORMAL PERIOD 1981 TO 2010
CLIMATE RECORD PERIOD 9999 TO 9999


WEATHER ITEM   OBSERVED RECORD YEAR NORMAL DEPARTURE LAST
                VALUE   VALUE       VALUE  FROM      YEAR
                                           NORMAL
...........................................................
TEMPERATURE (F)
 YESTERDAY
  MAXIMUM         77     MM      MM  74      3       67
  MINIMUM         44     MM      MM  46     -2       43
  AVERAGE         61                 60      1       55

PRECIPITATION (IN)
  YESTERDAY        T     MM      MM   0.09  -0.09      T
  MONTH TO DATE    1.38               2.23  -0.85     4.37
  SINCE MAR 1      4.97               5.49  -0.52     7.91
  SINCE JAN 1      5.45               6.42  -0.97     9.53

DEGREE DAYS
 HEATING
  YESTERDAY        4
  MONTH TO DATE  342

 COOLING
  YESTERDAY        0
  MONTH TO DATE    3
...........................................................


WIND (MPH)
  RESULTANT WIND SPEED   5   RESULTANT WIND DIRECTION   S (160)
  HIGHEST WIND SPEED    22   HIGHEST WIND DIRECTION     N (340)
  HIGHEST GUST SPEED    39   HIGHEST GUST DIRECTION     W (260)


SKY COVER
  POSSIBLE SUNSHINE  MM
  AVERAGE SKY COVER 0.4


WEATHER CONDITIONS
 THE FOLLOWING WEATHER WAS RECORDED YESTERDAY.
  THUNDERSTORM


RELATIVE HUMIDITY (PERCENT)
 HIGHEST    76
 LOWEST     19
 AVERAGE    48

..........................................................


THE CENTENNIAL CO CLIMATE NORMALS FOR TODAY
                         NORMAL    RECORD    YEAR
 MAXIMUM TEMPERATURE (F)   74        MM        MM
 MINIMUM TEMPERATURE (F)   46        MM        MM


SUNRISE AND SUNSET
MAY 30 2016...........SUNRISE   535 AM MDT   SUNSET   820 PM MDT
MAY 31 2016...........SUNRISE   534 AM MDT   SUNSET   821 PM MDT


-  INDICATES NEGATIVE NUMBERS.
R  INDICATES RECORD WAS SET OR TIED.
MM INDICATES DATA IS MISSING.
T  INDICATES TRACE AMOUNT.




$$
