000
CDUS45 KBOU 220725
CLIAPA


CLIMATE REPORT
NATIONAL WEATHER SERVICE DENVER/BOULDER CO
125 AM MDT THU JUN 22 2017


...................................

...THE CENTENNIAL CO CLIMATE SUMMARY FOR JUNE 21 2017...

CLIMATE NORMAL PERIOD 1981 TO 2010
CLIMATE RECORD PERIOD 9999 TO 9999


WEATHER ITEM   OBSERVED RECORD YEAR NORMAL DEPARTURE LAST
                VALUE   VALUE       VALUE  FROM      YEAR
                                           NORMAL
...........................................................
TEMPERATURE (F)
 YESTERDAY
  MAXIMUM         94     MM      MM  82     12       96
  MINIMUM         65     MM      MM  53     12       59
  AVERAGE         80                 67     13       78

PRECIPITATION (IN)
  YESTERDAY        0.00  MM      MM   0.07  -0.07     0.01
  MONTH TO DATE    0.84               1.57  -0.73     2.13
  SINCE JUN 1      0.84               1.57  -0.73     2.13
  SINCE JAN 1      7.55               8.15  -0.60     7.77

DEGREE DAYS
 HEATING
  YESTERDAY        0
  MONTH TO DATE    8

 COOLING
  YESTERDAY       15
  MONTH TO DATE   98
...........................................................


WIND (MPH)
  RESULTANT WIND SPEED   4   RESULTANT WIND DIRECTION  SW (230)
  HIGHEST WIND SPEED    39   HIGHEST WIND DIRECTION     W (260)
  HIGHEST GUST SPEED    50   HIGHEST GUST DIRECTION     W (250)


SKY COVER
  POSSIBLE SUNSHINE  MM
  AVERAGE SKY COVER 0.5


WEATHER CONDITIONS
 THE FOLLOWING WEATHER WAS RECORDED YESTERDAY.
  NO SIGNIFICANT WEATHER WAS OBSERVED.


RELATIVE HUMIDITY (PERCENT)
 HIGHEST    48
 LOWEST      9
 AVERAGE    29

..........................................................


THE CENTENNIAL CO CLIMATE NORMALS FOR TODAY
                         NORMAL    RECORD    YEAR
 MAXIMUM TEMPERATURE (F)   82        MM        MM
 MINIMUM TEMPERATURE (F)   53        MM        MM


SUNRISE AND SUNSET
JUNE 22 2017..........SUNRISE   532 AM MDT   SUNSET   830 PM MDT
JUNE 23 2017..........SUNRISE   533 AM MDT   SUNSET   831 PM MDT


-  INDICATES NEGATIVE NUMBERS.
R  INDICATES RECORD WAS SET OR TIED.
MM INDICATES DATA IS MISSING.
T  INDICATES TRACE AMOUNT.




$$
