000
CDUS45 KBOU 140725
CLIAPA


CLIMATE REPORT
NATIONAL WEATHER SERVICE BOULDER, CO
125 AM MDT SUN SEP 14 2014


...................................

...THE CENTENNIAL CO CLIMATE SUMMARY FOR SEPTEMBER 13 2014...

CLIMATE NORMAL PERIOD 1981 TO 2010
CLIMATE RECORD PERIOD 9999 TO 9999


WEATHER ITEM   OBSERVED RECORD YEAR NORMAL DEPARTURE LAST
                VALUE   VALUE       VALUE  FROM      YEAR
                                           NORMAL
...........................................................
TEMPERATURE (F)
 YESTERDAY
  MAXIMUM         78     MM      MM  77      1       72
  MINIMUM         35     MM      MM  49    -14       56
  AVERAGE         57                 63     -6       64

PRECIPITATION (IN)
  YESTERDAY        0.00  MM      MM   0.03  -0.03     0.56
  MONTH TO DATE    0.94               0.55   0.39     4.57
  SINCE SEP 1      0.94               0.55   0.39     4.57
  SINCE JAN 1     12.24              13.88  -1.64    14.38

DEGREE DAYS
 HEATING
  YESTERDAY        8
  MONTH TO DATE   70

 COOLING
  YESTERDAY        0
  MONTH TO DATE   19
...........................................................


WIND (MPH)
  RESULTANT WIND SPEED   3   RESULTANT WIND DIRECTION  SE (130)
  HIGHEST WIND SPEED    14   HIGHEST WIND DIRECTION    SW (240)
  HIGHEST GUST SPEED    16   HIGHEST GUST DIRECTION     E (90)


SKY COVER
  POSSIBLE SUNSHINE  MM
  AVERAGE SKY COVER 0.2


WEATHER CONDITIONS
 THE FOLLOWING WEATHER WAS RECORDED YESTERDAY.
  NO SIGNIFICANT WEATHER WAS OBSERVED.


RELATIVE HUMIDITY (PERCENT)
 HIGHEST    92
 LOWEST     15
 AVERAGE    54

..........................................................


THE CENTENNIAL CO CLIMATE NORMALS FOR TODAY
                         NORMAL    RECORD    YEAR
 MAXIMUM TEMPERATURE (F)   77        MM        MM
 MINIMUM TEMPERATURE (F)   49        MM        MM


SUNRISE AND SUNSET
SEPTEMBER 14 2014.....SUNRISE   640 AM MDT   SUNSET   709 PM MDT
SEPTEMBER 15 2014.....SUNRISE   641 AM MDT   SUNSET   708 PM MDT


-  INDICATES NEGATIVE NUMBERS.
R  INDICATES RECORD WAS SET OR TIED.
MM INDICATES DATA IS MISSING.
T  INDICATES TRACE AMOUNT.




$$
