000
CDUS45 KBOU 011226
CLIAPA


CLIMATE REPORT
NATIONAL WEATHER SERVICE BOULDER, CO
626 AM MDT WED JUL 1 2015


...................................

...THE CENTENNIAL CO CLIMATE SUMMARY FOR JUNE 30 2015...

CLIMATE NORMAL PERIOD 1981 TO 2010
CLIMATE RECORD PERIOD 9999 TO 9999


WEATHER ITEM   OBSERVED RECORD YEAR NORMAL DEPARTURE LAST
                VALUE   VALUE       VALUE  FROM      YEAR
                                           NORMAL
...........................................................
TEMPERATURE (F)
 YESTERDAY
  MAXIMUM         91     MM      MM  84      7       91
  MINIMUM         58     MM      MM  56      2       55
  AVERAGE         75                 70      5       73

PRECIPITATION (IN)
  YESTERDAY        T     MM      MM   0.06  -0.06     0.00
  MONTH TO DATE    5.27               2.12   3.15     1.12
  SINCE JUN 1      5.27               2.12   3.15     1.12
  SINCE JAN 1     14.80               8.70   6.10     5.60

DEGREE DAYS
 HEATING
  YESTERDAY        0
  MONTH TO DATE   19

 COOLING
  YESTERDAY       10
  MONTH TO DATE  126
...........................................................


WIND (MPH)
  RESULTANT WIND SPEED   1   RESULTANT WIND DIRECTION   S (160)
  HIGHEST WIND SPEED    26   HIGHEST WIND DIRECTION     N (350)
  HIGHEST GUST SPEED    36   HIGHEST GUST DIRECTION     N (350)


SKY COVER
  POSSIBLE SUNSHINE  MM
  AVERAGE SKY COVER 0.6


WEATHER CONDITIONS
 THE FOLLOWING WEATHER WAS RECORDED YESTERDAY.
  HAZE


RELATIVE HUMIDITY (PERCENT)
 HIGHEST    78
 LOWEST     18
 AVERAGE    48

..........................................................


THE CENTENNIAL CO CLIMATE NORMALS FOR TODAY
                         NORMAL    RECORD    YEAR
 MAXIMUM TEMPERATURE (F)   85        MM        MM
 MINIMUM TEMPERATURE (F)   56        MM        MM


SUNRISE AND SUNSET
JULY  1 2015..........SUNRISE   536 AM MDT   SUNSET   831 PM MDT
JULY  2 2015..........SUNRISE   536 AM MDT   SUNSET   831 PM MDT


-  INDICATES NEGATIVE NUMBERS.
R  INDICATES RECORD WAS SET OR TIED.
MM INDICATES DATA IS MISSING.
T  INDICATES TRACE AMOUNT.




$$
