303
CDUS42 KMFL 240824
CLIAPF


CLIMATE REPORT
NATIONAL WEATHER SERVICE MIAMI, FL
424 AM EDT FRI MAR 24 2017


...................................

...THE NAPLES CLIMATE SUMMARY FOR MARCH 23 2017...

CLIMATE NORMAL PERIOD 1981 TO 2010
CLIMATE RECORD PERIOD 1942 TO 2017


WEATHER ITEM   OBSERVED TIME   RECORD YEAR NORMAL DEPARTURE LAST
                VALUE   (LST)  VALUE       VALUE  FROM      YEAR
                                                  NORMAL
..................................................................
TEMPERATURE (F)
 YESTERDAY
  MAXIMUM         87   1208 PM  89    2007  80      7       83
  MINIMUM         65    645 AM  40    1963  61      4       57
  AVERAGE         76                        70      6       70

PRECIPITATION (IN)
  YESTERDAY        0.01          2.20 1984   0.08  -0.07     0.00
  MONTH TO DATE    0.11                      1.65  -1.54     0.07
  SINCE NOV 1      2.38                      9.09  -6.71    13.39
  SINCE JAN 1      2.03                      5.60  -3.57     8.77

SNOWFALL (IN)
  YESTERDAY        0.0
  MONTH TO DATE    0.0
  SINCE MAR 1      0.0
  SINCE JUL 1      0.0
  SNOW DEPTH       0

DEGREE DAYS
 HEATING
  YESTERDAY        0                         0      0        0
  MONTH TO DATE   11                        19     -8        4
  SINCE MAR 1     11                        19     -8        4
  SINCE JUL 1     67                       252   -185      142

 COOLING
  YESTERDAY       11                         6      5        5
  MONTH TO DATE  123                       123      0      163
  SINCE MAR 1    123                       123      0      163
  SINCE JAN 1    446                       314    132      325
..................................................................


WIND (MPH)
  HIGHEST WIND SPEED    21   HIGHEST WIND DIRECTION     E (70)
  HIGHEST GUST SPEED    27   HIGHEST GUST DIRECTION    NE (60)
  AVERAGE WIND SPEED     8.7


SKY COVER
  AVERAGE SKY COVER 0.4


WEATHER CONDITIONS
 THE FOLLOWING WEATHER WAS RECORDED YESTERDAY.
  THUNDERSTORM
  LIGHT RAIN
  FOG
  HAZE


RELATIVE HUMIDITY (PERCENT)
 HIGHEST    93
 LOWEST     48
 AVERAGE    71

..........................................................


THE NAPLES CLIMATE NORMALS FOR TODAY
                         NORMAL    RECORD    YEAR
 MAXIMUM TEMPERATURE (F)   81        89      2007
 MINIMUM TEMPERATURE (F)   61        41      1963


SUNRISE AND SUNSET
MARCH 24 2017.........SUNRISE   726 AM EDT   SUNSET   740 PM EDT
MARCH 25 2017.........SUNRISE   725 AM EDT   SUNSET   741 PM EDT


-  INDICATES NEGATIVE NUMBERS.
R  INDICATES RECORD WAS SET OR TIED.
MM INDICATES DATA IS MISSING.
T  INDICATES TRACE AMOUNT.




$$
