000
CDUS42 KMFL 270931
CLIAPF


CLIMATE REPORT
NATIONAL WEATHER SERVICE MIAMI, FL
429 AM EST FRI FEB 27 2015


...................................

...THE NAPLES CLIMATE SUMMARY FOR FEBRUARY 26 2015...

CLIMATE NORMAL PERIOD 1981 TO 2010
CLIMATE RECORD PERIOD 1942 TO 2015


WEATHER ITEM   OBSERVED TIME   RECORD YEAR NORMAL DEPARTURE LAST
                VALUE   (LST)  VALUE       VALUE  FROM      YEAR
                                                  NORMAL
..................................................................
TEMPERATURE (F)
 YESTERDAY
  MAXIMUM         76    141 PM  89    1962  78     -2       78
  MINIMUM         66   1159 PM  31    1967  58      8       63
  AVERAGE         71                        68      3       71

PRECIPITATION (IN)
  YESTERDAY        T             0.99 1993   0.08  -0.08      T
  MONTH TO DATE    1.35                      1.96  -0.61     0.55
  SINCE NOV 1      2.75                      7.30  -4.55     4.04
  SINCE JAN 1      1.45                      3.81  -2.36     2.94

SNOWFALL (IN)
  YESTERDAY        0.0
  MONTH TO DATE    0.0
  SINCE DEC 1      0.0
  SINCE JUL 1      0.0
  SNOW DEPTH       0

DEGREE DAYS
 HEATING
  YESTERDAY        0                         1     -1        0
  MONTH TO DATE   78                        47     31       15
  SINCE DEC 1    166                       213    -47      133
  SINCE JUL 1    195                       227    -32      140

 COOLING
  YESTERDAY        6                         5      1        6
  MONTH TO DATE   51                        97    -46      180
  SINCE DEC 1    318                       303     15      508
  SINCE JAN 1    168                       183    -15      271
..................................................................


WIND (MPH)
  HIGHEST WIND SPEED    22   HIGHEST WIND DIRECTION    SW (220)
  HIGHEST GUST SPEED    31   HIGHEST GUST DIRECTION     S (190)
  AVERAGE WIND SPEED    11.1


SKY COVER
  AVERAGE SKY COVER 0.7


WEATHER CONDITIONS
 THE FOLLOWING WEATHER WAS RECORDED YESTERDAY.
  FOG
  HAZE


RELATIVE HUMIDITY (PERCENT)
 HIGHEST   100
 LOWEST     84
 AVERAGE    92

..........................................................


THE NAPLES CLIMATE NORMALS FOR TODAY
                         NORMAL    RECORD    YEAR
 MAXIMUM TEMPERATURE (F)   79        87      1971
 MINIMUM TEMPERATURE (F)   58        33      1974


SUNRISE AND SUNSET
FEBRUARY 27 2015......SUNRISE   653 AM EST   SUNSET   627 PM EST
FEBRUARY 28 2015......SUNRISE   652 AM EST   SUNSET   628 PM EST


-  INDICATES NEGATIVE NUMBERS.
R  INDICATES RECORD WAS SET OR TIED.
MM INDICATES DATA IS MISSING.
T  INDICATES TRACE AMOUNT.




$$
