754
CDUS42 KMFL 210920
CLIAPF


CLIMATE REPORT
NATIONAL WEATHER SERVICE MIAMI, FL
420 AM EST SUN JAN 21 2018


...................................

...THE NAPLES CLIMATE SUMMARY FOR JANUARY 20 2018...

CLIMATE NORMAL PERIOD 1981 TO 2010
CLIMATE RECORD PERIOD 1942 TO 2018


WEATHER ITEM   OBSERVED TIME   RECORD YEAR NORMAL DEPARTURE LAST
                VALUE   (LST)  VALUE       VALUE  FROM      YEAR
                                                  NORMAL
..................................................................
TEMPERATURE (F)
 YESTERDAY
  MAXIMUM         75    151 PM  88    1990  75      0       80
  MINIMUM         55    235 AM  26    1977  54      1       59
  AVERAGE         65                        64      1       70

PRECIPITATION (IN)
  YESTERDAY        0.00          2.46 1983   0.06  -0.06     0.00
  MONTH TO DATE    0.14                      1.06  -0.92     0.38
  SINCE NOV 1      1.29                      4.55  -3.26     0.73
  SINCE JAN 1      0.14                      1.06  -0.92     0.38

SNOWFALL (IN)
  YESTERDAY        0.0
  MONTH TO DATE    0.0
  SINCE DEC 1      0.0
  SINCE JUL 1      0.0
  SNOW DEPTH       0

DEGREE DAYS
 HEATING
  YESTERDAY        0                         3     -3        0
  MONTH TO DATE  118                        73     45       20
  SINCE DEC 1    165                       137     28       25
  SINCE JUL 1    169                       151     18       29

 COOLING
  YESTERDAY        0                         3     -3        5
  MONTH TO DATE   28                        60    -32      113
  SINCE DEC 1    187                       180      7      380
  SINCE JAN 1     28                        60    -32      113
..................................................................


WIND (MPH)
  HIGHEST WIND SPEED    13   HIGHEST WIND DIRECTION     E (100)
  HIGHEST GUST SPEED    17   HIGHEST GUST DIRECTION    NE (30)
  AVERAGE WIND SPEED     7.7


SKY COVER
  AVERAGE SKY COVER 0.0


WEATHER CONDITIONS
 THE FOLLOWING WEATHER WAS RECORDED YESTERDAY.
  NO SIGNIFICANT WEATHER WAS OBSERVED.


RELATIVE HUMIDITY (PERCENT)
 HIGHEST    93
 LOWEST     53
 AVERAGE    73

..........................................................


THE NAPLES CLIMATE NORMALS FOR TODAY
                         NORMAL    RECORD    YEAR
 MAXIMUM TEMPERATURE (F)   75        88      1990
 MINIMUM TEMPERATURE (F)   54        28      1971


SUNRISE AND SUNSET
JANUARY 21 2018.......SUNRISE   715 AM EST   SUNSET   602 PM EST
JANUARY 22 2018.......SUNRISE   715 AM EST   SUNSET   603 PM EST


-  INDICATES NEGATIVE NUMBERS.
R  INDICATES RECORD WAS SET OR TIED.
MM INDICATES DATA IS MISSING.
T  INDICATES TRACE AMOUNT.




$$
