000
CDUS42 KMFL 202036
CLIAPF


CLIMATE REPORT
NATIONAL WEATHER SERVICE MIAMI, FL
433 PM EDT WED SEP 20 2017


...................................

...THE NAPLES CLIMATE SUMMARY FOR SEPTEMBER 20 2017...
VALID TODAY AS OF 0400 PM LOCAL TIME.

CLIMATE NORMAL PERIOD 1981 TO 2010
CLIMATE RECORD PERIOD 1942 TO 2017


WEATHER ITEM   OBSERVED TIME   RECORD YEAR NORMAL DEPARTURE LAST
                VALUE   (LST)  VALUE       VALUE  FROM      YEAR
                                                  NORMAL
..................................................................
TEMPERATURE (F)
 TODAY
  MAXIMUM         88    111 PM  95    1949  90     -2       90
  MINIMUM         76    640 AM  66    1981  75      1       79
  AVERAGE         82                        82      0       85

PRECIPITATION (IN)
  TODAY            0.00          5.20 1962   0.27  -0.27     0.00
  MONTH TO DATE    3.09                      5.19  -2.10     4.00
  SINCE JUN 1     44.51                     29.86  14.65    25.93
  SINCE JAN 1     50.14                     41.71   8.43    38.03

SNOWFALL (IN)
  TODAY            0.0
  MONTH TO DATE    0.0
  SINCE SEP 1      0.0
  SINCE JUL 1      0.0
  SNOW DEPTH       0

DEGREE DAYS
 HEATING
  TODAY            0                         0      0        0
  MONTH TO DATE    0                         0      0        0
  SINCE SEP 1      0                         0      0        0
  SINCE JUL 1      0                         0      0        0

 COOLING
  TODAY           17                        17      0       20
  MONTH TO DATE  287                       355    -68      376
  SINCE SEP 1    287                       355    -68      376
  SINCE JAN 1   3327                      3012    315     3292
..................................................................


WIND (MPH)
  HIGHEST WIND SPEED    14   HIGHEST WIND DIRECTION    SW (230)
  HIGHEST GUST SPEED    17   HIGHEST GUST DIRECTION    SW (220)
  AVERAGE WIND SPEED     7.2


SKY COVER
  AVERAGE SKY COVER 0.1


WEATHER CONDITIONS
 THE FOLLOWING WEATHER WAS RECORDED TODAY.
  NO SIGNIFICANT WEATHER WAS OBSERVED.


RELATIVE HUMIDITY (PERCENT)
 HIGHEST   100
 LOWEST     59
 AVERAGE    80

..........................................................


THE NAPLES CLIMATE NORMALS FOR TOMORROW
                         NORMAL    RECORD    YEAR
 MAXIMUM TEMPERATURE (F)   90        94      1974
 MINIMUM TEMPERATURE (F)   75        66      2000
                                             1999


SUNRISE AND SUNSET
SEPTEMBER 20 2017.....SUNRISE   715 AM EDT   SUNSET   725 PM EDT
SEPTEMBER 21 2017.....SUNRISE   715 AM EDT   SUNSET   724 PM EDT


-  INDICATES NEGATIVE NUMBERS.
R  INDICATES RECORD WAS SET OR TIED.
MM INDICATES DATA IS MISSING.
T  INDICATES TRACE AMOUNT.




$$
