127
CDUS42 KMFL 252017
CLIAPF


CLIMATE REPORT
NATIONAL WEATHER SERVICE MIAMI, FL
415 PM EDT SUN SEP 25 2016


...................................

...THE NAPLES CLIMATE SUMMARY FOR SEPTEMBER 25 2016...
VALID TODAY AS OF 0400 PM LOCAL TIME.

CLIMATE NORMAL PERIOD 1981 TO 2010
CLIMATE RECORD PERIOD 1942 TO 2016


WEATHER ITEM   OBSERVED TIME   RECORD YEAR NORMAL DEPARTURE LAST
                VALUE   (LST)  VALUE       VALUE  FROM      YEAR
                                                  NORMAL
..................................................................
TEMPERATURE (F)
 TODAY
  MAXIMUM         90    108 PM  95    1974  89      1       89
                                      1946
  MINIMUM         74    549 AM  66    1961  74      0       75
  AVERAGE         82                        82      0       82

PRECIPITATION (IN)
  TODAY            0.55          2.04 1944   0.25   0.30     0.04
  MONTH TO DATE    5.02                      6.54  -1.52     3.46
  SINCE JUN 1     26.95                     31.21  -4.26    22.71
  SINCE JAN 1     39.05                     43.06  -4.01    30.73

SNOWFALL (IN)
  TODAY            0.0
  MONTH TO DATE    0.0
  SINCE SEP 1      0.0
  SINCE JUL 1      0.0
  SNOW DEPTH       0

DEGREE DAYS
 HEATING
  TODAY            0                         0      0        0
  MONTH TO DATE    0                         0      0        0
  SINCE SEP 1      0                         0      0        0
  SINCE JUL 1      0                         0      0        0

 COOLING
  TODAY           17                        17      0       17
  MONTH TO DATE  468                       440     28      475
  SINCE SEP 1    468                       440     28      475
  SINCE JAN 1   3384                      3097    287     3525
..................................................................


WIND (MPH)
  HIGHEST WIND SPEED    15   HIGHEST WIND DIRECTION     S (180)
  HIGHEST GUST SPEED    18   HIGHEST GUST DIRECTION     S (180)
  AVERAGE WIND SPEED     5.0


SKY COVER
  AVERAGE SKY COVER 0.3


WEATHER CONDITIONS
 THE FOLLOWING WEATHER WAS RECORDED TODAY.
  THUNDERSTORM
  HEAVY RAIN
  LIGHT RAIN
  FOG
  HAZE


RELATIVE HUMIDITY (PERCENT)
 HIGHEST    94
 LOWEST     59
 AVERAGE    77

..........................................................


THE NAPLES CLIMATE NORMALS FOR TOMORROW
                         NORMAL    RECORD    YEAR
 MAXIMUM TEMPERATURE (F)   89        96      1974
 MINIMUM TEMPERATURE (F)   74        67      1983


SUNRISE AND SUNSET
SEPTEMBER 25 2016.....SUNRISE   717 AM EDT   SUNSET   720 PM EDT
SEPTEMBER 26 2016.....SUNRISE   717 AM EDT   SUNSET   718 PM EDT


-  INDICATES NEGATIVE NUMBERS.
R  INDICATES RECORD WAS SET OR TIED.
MM INDICATES DATA IS MISSING.
T  INDICATES TRACE AMOUNT.




$$
