000
CDUS43 KAPX 292131
CLIAPN


CLIMATE REPORT
NATIONAL WEATHER SERVICE GAYLORD MI
530 PM EDT MON AUG 29 2016


...................................

...THE ALPENA MI CLIMATE SUMMARY FOR AUGUST 29 2016...
VALID TODAY AS OF 0500 PM LOCAL TIME.

CLIMATE NORMAL PERIOD 1981 TO 2010
CLIMATE RECORD PERIOD 1916 TO 2016


WEATHER ITEM   OBSERVED TIME   RECORD YEAR NORMAL DEPARTURE LAST
                VALUE   (LST)  VALUE       VALUE  FROM      YEAR
                                                  NORMAL
..................................................................
TEMPERATURE (F)
 TODAY
  MAXIMUM         79    219 PM  95    1991  75      4       73
                                      1953
  MINIMUM         49    532 AM  30    1982  52     -3       56
  AVERAGE         64                        63      1       65

PRECIPITATION (IN)
  TODAY            0.00          1.71 2009   0.10  -0.10     0.14
  MONTH TO DATE    1.21                      3.01  -1.80     2.29
  SINCE JUN 1      5.19                      8.66  -3.47     6.10
  SINCE JAN 1     19.92                     18.56   1.36    14.65

DEGREE DAYS
 HEATING
  TODAY            1                         4     -3        0
  MONTH TO DATE    6                        64    -58       39
  SINCE JUN 1    131                       251   -120      217
  SINCE JUL 1     23                       108    -85       74

 COOLING
  TODAY            0                         2     -2        0
  MONTH TO DATE  194                        76    118      116
  SINCE JUN 1    450                       248    202      266
  SINCE JAN 1    482                       261    221      290
..................................................................


WIND (MPH)
  RESULTANT WIND SPEED   3   RESULTANT WIND DIRECTION  SE (130)
  HIGHEST WIND SPEED    15   HIGHEST WIND DIRECTION    SE (140)
  HIGHEST GUST SPEED    18   HIGHEST GUST DIRECTION    SE (140)
  AVERAGE WIND SPEED     3.6


SKY COVER
  POSSIBLE SUNSHINE  MM
  AVERAGE SKY COVER 0.0


WEATHER CONDITIONS
 THE FOLLOWING WEATHER WAS RECORDED TODAY.
  FOG
  FOG W/VISIBILITY <= 1/4 MILE


RELATIVE HUMIDITY (PERCENT)
 HIGHEST    96
 LOWEST     48
 AVERAGE    72

..........................................................


THE ALPENA MI CLIMATE NORMALS FOR TOMORROW
                         NORMAL    RECORD    YEAR
 MAXIMUM TEMPERATURE (F)   75        96      1925
 MINIMUM TEMPERATURE (F)   51        29      1934


SUNRISE AND SUNSET
AUGUST 29 2016........SUNRISE   653 AM EDT   SUNSET   816 PM EDT
AUGUST 30 2016........SUNRISE   654 AM EDT   SUNSET   814 PM EDT


-  INDICATES NEGATIVE NUMBERS.
R  INDICATES RECORD WAS SET OR TIED.
MM INDICATES DATA IS MISSING.
T  INDICATES TRACE AMOUNT.




$$
