000
CDUS43 KAPX 030530
CLIAPN


CLIMATE REPORT
NATIONAL WEATHER SERVICE GAYLORD MI
130 AM EDT THU SEP 3 2015


...................................

...THE ALPENA MI CLIMATE SUMMARY FOR SEPTEMBER 2 2015...

CLIMATE NORMAL PERIOD 1981 TO 2010
CLIMATE RECORD PERIOD 1916 TO 2015


WEATHER ITEM   OBSERVED TIME   RECORD YEAR NORMAL DEPARTURE LAST
                VALUE   (LST)  VALUE       VALUE  FROM      YEAR
                                                  NORMAL
..................................................................
TEMPERATURE (F)
 YESTERDAY
  MAXIMUM         90   1208 PM  97    1953  74     16       75
  MINIMUM         65   1134 PM  31    1935  51     14       54
  AVERAGE         78                        62     16       65

PRECIPITATION (IN)
  YESTERDAY        0.05          2.01 1937   0.10  -0.05     0.00
  MONTH TO DATE    0.05                      0.20  -0.15     1.33
  SINCE SEP 1      0.05                      0.20  -0.15     1.33
  SINCE JAN 1     14.70                     18.98  -4.28    23.23

DEGREE DAYS
 HEATING
  YESTERDAY        0                         4     -4        0
  MONTH TO DATE    0                         8     -8        0
  SINCE SEP 1      0                         8     -8        0
  SINCE JUL 1     74                       123    -49      124

 COOLING
  YESTERDAY       13                         2     11        0
  MONTH TO DATE   20                         4     16        6
  SINCE SEP 1     20                         4     16        6
  SINCE JAN 1    316                       270     46      156
..................................................................


WIND (MPH)
  HIGHEST WIND SPEED    10   HIGHEST WIND DIRECTION     W (280)
  HIGHEST GUST SPEED    14   HIGHEST GUST DIRECTION     W (270)
  AVERAGE WIND SPEED     3.3




RELATIVE HUMIDITY (PERCENT)
 HIGHEST    97
 LOWEST     59
 AVERAGE    78

..........................................................


THE ALPENA MI CLIMATE NORMALS FOR TODAY
                         NORMAL    RECORD    YEAR
 MAXIMUM TEMPERATURE (F)   74        98      1953
 MINIMUM TEMPERATURE (F)   50        31      1924


SUNRISE AND SUNSET
SEPTEMBER  3 2015.....SUNRISE   658 AM EDT   SUNSET   808 PM EDT
SEPTEMBER  4 2015.....SUNRISE   659 AM EDT   SUNSET   806 PM EDT


-  INDICATES NEGATIVE NUMBERS.
R  INDICATES RECORD WAS SET OR TIED.
MM INDICATES DATA IS MISSING.
T  INDICATES TRACE AMOUNT.




$$
