000
CDUS43 KAPX 290534
CLIAPN


CLIMATE REPORT
NATIONAL WEATHER SERVICE GAYLORD MI
133 AM EDT WED JUL 29 2015


...................................

...THE ALPENA MI CLIMATE SUMMARY FOR JULY 28 2015...

CLIMATE NORMAL PERIOD 1981 TO 2010
CLIMATE RECORD PERIOD 1916 TO 2015


WEATHER ITEM   OBSERVED TIME   RECORD YEAR NORMAL DEPARTURE LAST
                VALUE   (LST)  VALUE       VALUE  FROM      YEAR
                                                  NORMAL
..................................................................
TEMPERATURE (F)
 YESTERDAY
  MAXIMUM         92    332 PM  97    1931  79     13       65
  MINIMUM         61    528 AM  44    1978  56      5       52
                                      1925
  AVERAGE         77                        68      9       59

PRECIPITATION (IN)
  YESTERDAY        0.00          0.66 1986   0.09  -0.09     0.00
  MONTH TO DATE    1.62                      2.74  -1.12     3.66
  SINCE JUN 1      3.78                      5.36  -1.58     4.84
  SINCE JAN 1     12.33                     15.26  -2.93    16.34

DEGREE DAYS
 HEATING
  YESTERDAY        0                         1     -1        6
  MONTH TO DATE   35                        38     -3       64
  SINCE JUN 1    178                       181     -3      176
  SINCE JUL 1     35                        38     -3       64

 COOLING
  YESTERDAY       12                         4      8        0
  MONTH TO DATE  116                       109      7       50
  SINCE JUN 1    127                       165    -38      105
  SINCE JAN 1    151                       178    -27      110
..................................................................


WIND (MPH)
  HIGHEST WIND SPEED    15   HIGHEST WIND DIRECTION     E (110)
  HIGHEST GUST SPEED    19   HIGHEST GUST DIRECTION    SE (140)
  AVERAGE WIND SPEED     5.4




RELATIVE HUMIDITY (PERCENT)
 HIGHEST    93
 LOWEST     36
 AVERAGE    65

..........................................................


THE ALPENA MI CLIMATE NORMALS FOR TODAY
                         NORMAL    RECORD    YEAR
 MAXIMUM TEMPERATURE (F)   79        99      1917
 MINIMUM TEMPERATURE (F)   56        36      1934


SUNRISE AND SUNSET
JULY 29 2015..........SUNRISE   616 AM EDT   SUNSET   905 PM EDT
JULY 30 2015..........SUNRISE   617 AM EDT   SUNSET   904 PM EDT


-  INDICATES NEGATIVE NUMBERS.
R  INDICATES RECORD WAS SET OR TIED.
MM INDICATES DATA IS MISSING.
T  INDICATES TRACE AMOUNT.




$$
