000
CDUS43 KAPX 280536
CLIAPN


CLIMATE REPORT
NATIONAL WEATHER SERVICE GAYLORD MI
136 AM EDT THU MAY 28 2015


...................................

...THE ALPENA MI CLIMATE SUMMARY FOR MAY 27 2015...

CLIMATE NORMAL PERIOD 1981 TO 2010
CLIMATE RECORD PERIOD 1916 TO 2015


WEATHER ITEM   OBSERVED TIME   RECORD YEAR NORMAL DEPARTURE LAST
                VALUE   (LST)  VALUE       VALUE  FROM      YEAR
                                                  NORMAL
..................................................................
TEMPERATURE (F)
 YESTERDAY
  MAXIMUM         76    104 PM  93    1978  68      8       80
  MINIMUM         56   1159 PM  27    1934  44     12       55
  AVERAGE         66                        56     10       68

PRECIPITATION (IN)
  YESTERDAY        T             1.98 1941   0.10  -0.10     0.00
  MONTH TO DATE    3.18                      2.30   0.88     2.31
  SINCE MAR 1      6.28                      6.55  -0.27     8.97
  SINCE JAN 1      8.07                      9.53  -1.46    11.50

DEGREE DAYS
 HEATING
  YESTERDAY        0                        10    -10        0
  MONTH TO DATE  263                       363   -100      360
  SINCE MAR 1   2141                      2190    -49     2540
  SINCE JUL 1   8404                      7922    482     9029

 COOLING
  YESTERDAY        1                         1      0        3
  MONTH TO DATE   20                         4     16        5
  SINCE MAR 1     20                         6     14        5
  SINCE JAN 1     20                         6     14        5
..................................................................


WIND (MPH)
  HIGHEST WIND SPEED    26   HIGHEST WIND DIRECTION    SW (220)
  HIGHEST GUST SPEED    35   HIGHEST GUST DIRECTION     W (250)
  AVERAGE WIND SPEED    11.5




RELATIVE HUMIDITY (PERCENT)
 HIGHEST    93
 LOWEST     50
 AVERAGE    72

..........................................................


THE ALPENA MI CLIMATE NORMALS FOR TODAY
                         NORMAL    RECORD    YEAR
 MAXIMUM TEMPERATURE (F)   69        93      1969
 MINIMUM TEMPERATURE (F)   44        27      1927


SUNRISE AND SUNSET
MAY 28 2015...........SUNRISE   553 AM EDT   SUNSET   910 PM EDT
MAY 29 2015...........SUNRISE   553 AM EDT   SUNSET   911 PM EDT


-  INDICATES NEGATIVE NUMBERS.
R  INDICATES RECORD WAS SET OR TIED.
MM INDICATES DATA IS MISSING.
T  INDICATES TRACE AMOUNT.




$$
