000
CDUS43 KAPX 252125
CLIAPN


CLIMATE REPORT
NATIONAL WEATHER SERVICE GAYLORD MI
525 PM EDT SAT OCT 25 2014


...................................

...THE ALPENA MI CLIMATE SUMMARY FOR OCTOBER 25 2014...
VALID TODAY AS OF 0500 PM LOCAL TIME.

CLIMATE NORMAL PERIOD 1981 TO 2010
CLIMATE RECORD PERIOD 1916 TO 2014


WEATHER ITEM   OBSERVED TIME   RECORD YEAR NORMAL DEPARTURE LAST
                VALUE   (LST)  VALUE       VALUE  FROM      YEAR
                                                  NORMAL
..................................................................
TEMPERATURE (F)
 TODAY
  MAXIMUM         63   1245 PM  77    2012  52     11       46
                                      1989
  MINIMUM         37   1201 AM  19    1972  34      3       30
  AVERAGE         50                        43      7       38

PRECIPITATION (IN)
  TODAY            0.00          0.60 1991   0.07  -0.07      T
  MONTH TO DATE    1.92                      2.14  -0.22     3.08
  SINCE SEP 1      6.07                      5.06   1.01     4.67
  SINCE JAN 1     27.97                     23.84   4.13    26.74

SNOWFALL (IN)
  TODAY            0.0           0.9  1962   0.0             0.0
  MONTH TO DATE    0.0                       0.2              T
  SINCE OCT 1      0.0                       0.2              T
  SINCE JUL 1      0.0                       0.2              T

DEGREE DAYS
 HEATING
  TODAY           15                        22     -7       27
  MONTH TO DATE  434                       447    -13      397
  SINCE SEP 1    657                       689    -32      670
  SINCE JUL 1    781                       804    -23      781

 COOLING
  TODAY            0                         0      0        0
  MONTH TO DATE    0                         0      0        0
  SINCE SEP 1     18                        23     -5       36
  SINCE JAN 1    168                       289   -121      343
..................................................................


WIND (MPH)
  RESULTANT WIND SPEED   9   RESULTANT WIND DIRECTION   W (270)
  HIGHEST WIND SPEED    21   HIGHEST WIND DIRECTION    NW (310)
  HIGHEST GUST SPEED    35   HIGHEST GUST DIRECTION    NW (330)
  AVERAGE WIND SPEED    11.0


SKY COVER
  POSSIBLE SUNSHINE  MM
  AVERAGE SKY COVER 0.3


WEATHER CONDITIONS
 THE FOLLOWING WEATHER WAS RECORDED TODAY.
  FOG


RELATIVE HUMIDITY (PERCENT)
 HIGHEST    93
 LOWEST     39
 AVERAGE    66

..........................................................


THE ALPENA MI CLIMATE NORMALS FOR TOMORROW
                         NORMAL    RECORD    YEAR
 MAXIMUM TEMPERATURE (F)   52        78      1989
 MINIMUM TEMPERATURE (F)   34        15      1933


SUNRISE AND SUNSET
OCTOBER 25 2014.......SUNRISE   803 AM EDT   SUNSET   633 PM EDT
OCTOBER 26 2014.......SUNRISE   805 AM EDT   SUNSET   631 PM EDT


-  INDICATES NEGATIVE NUMBERS.
R  INDICATES RECORD WAS SET OR TIED.
MM INDICATES DATA IS MISSING.
T  INDICATES TRACE AMOUNT.




$$
