000
CDUS43 KAPX 290542
CLIAPN


CLIMATE REPORT
NATIONAL WEATHER SERVICE GAYLORD MI
1241 AM EST MON DEC 29 2014


...................................

...THE ALPENA MI CLIMATE SUMMARY FOR DECEMBER 28 2014...

CLIMATE NORMAL PERIOD 1981 TO 2010
CLIMATE RECORD PERIOD 1916 TO 2014


WEATHER ITEM   OBSERVED TIME   RECORD YEAR NORMAL DEPARTURE LAST
                VALUE   (LST)  VALUE       VALUE  FROM      YEAR
                                                  NORMAL
..................................................................
TEMPERATURE (F)
 YESTERDAY
  MAXIMUM         34    118 PM  56    1984  29      5       39
                                      1982
  MINIMUM         22   1159 PM  -9    1967  15      7       23
                                      1924
  AVERAGE         28                        22      6       31

PRECIPITATION (IN)
  YESTERDAY        0.00          2.28 1946   0.05  -0.05     0.00
  MONTH TO DATE    1.69                      1.59   0.10     2.13
  SINCE DEC 1      1.69                      1.59   0.10     2.13
  SINCE JAN 1     34.80                     28.00   6.80    31.60

SNOWFALL (IN)
  YESTERDAY        0.0           9.1  1968   0.6   -0.6      0.0
  MONTH TO DATE    0.5                      17.2  -16.7     24.0
  SINCE OCT 1     16.1                      25.3   -9.2     26.6
  SINCE JUL 1     16.1                      25.3   -9.2     26.6
  SNOW DEPTH       0

DEGREE DAYS
 HEATING
  YESTERDAY       37                        43     -6       34
  MONTH TO DATE  993                      1107   -114     1310
  SINCE DEC 1    993                      1107   -114     1310
  SINCE JUL 1   2926                      2930     -4     3178
..................................................................


WIND (MPH)
  HIGHEST WIND SPEED    17   HIGHEST WIND DIRECTION    SW (240)
  HIGHEST GUST SPEED    24   HIGHEST GUST DIRECTION     W (250)
  AVERAGE WIND SPEED     8.7




RELATIVE HUMIDITY (PERCENT)
 HIGHEST    75
 LOWEST     51
 AVERAGE    63

..........................................................


THE ALPENA MI CLIMATE NORMALS FOR TODAY
                         NORMAL    RECORD    YEAR
 MAXIMUM TEMPERATURE (F)   28        57      1984
 MINIMUM TEMPERATURE (F)   14       -27      1933


SUNRISE AND SUNSET
DECEMBER 29 2014......SUNRISE   812 AM EST   SUNSET   500 PM EST
DECEMBER 30 2014......SUNRISE   813 AM EST   SUNSET   501 PM EST


-  INDICATES NEGATIVE NUMBERS.
R  INDICATES RECORD WAS SET OR TIED.
MM INDICATES DATA IS MISSING.
T  INDICATES TRACE AMOUNT.




$$
