000
CDUS43 KAPX 182234
CLIAPN


CLIMATE REPORT
NATIONAL WEATHER SERVICE GAYLORD MI
534 PM EST MON DEC 18 2017


...................................

...THE ALPENA MI CLIMATE SUMMARY FOR DECEMBER 18 2017...
VALID TODAY AS OF 0500 PM LOCAL TIME.

CLIMATE NORMAL PERIOD 1981 TO 2010
CLIMATE RECORD PERIOD 1916 TO 2017


WEATHER ITEM   OBSERVED TIME   RECORD YEAR NORMAL DEPARTURE LAST
                VALUE   (LST)  VALUE       VALUE  FROM      YEAR
                                                  NORMAL
..................................................................
TEMPERATURE (F)
 TODAY
  MAXIMUM         35    459 PM  51    1931  31      4       17
  MINIMUM         28    923 AM -17    1926  18     10        5
  AVERAGE         32                        24      8       11

PRECIPITATION (IN)
  TODAY            T             0.53 1921   0.05  -0.05      T
  MONTH TO DATE    0.61                      1.07  -0.46     1.09
  SINCE DEC 1      0.61                      1.07  -0.46     1.09
  SINCE JAN 1     39.52                     27.48  12.04    28.93

SNOWFALL (IN)
  TODAY            T             8.0  1951   0.6             0.3
  MONTH TO DATE    6.3                      10.7            16.1
  SINCE OCT 1      6.8                      18.8            17.9
  SINCE JUL 1      6.8                      18.8            17.9

DEGREE DAYS
 HEATING
  TODAY           33                        41     -8       54
  MONTH TO DATE  709                       685     24      702
  SINCE DEC 1    709                       685     24      702
  SINCE JUL 1   2213                      2508   -295     1911
..................................................................


WIND (MPH)
  RESULTANT WIND SPEED   4   RESULTANT WIND DIRECTION  SW (220)
  HIGHEST WIND SPEED    12   HIGHEST WIND DIRECTION     W (250)
  HIGHEST GUST SPEED    16   HIGHEST GUST DIRECTION    SW (240)
  AVERAGE WIND SPEED     4.5


SKY COVER
  POSSIBLE SUNSHINE  MM
  AVERAGE SKY COVER 1.0


WEATHER CONDITIONS
 THE FOLLOWING WEATHER WAS RECORDED TODAY.
  LIGHT SNOW
  FOG


RELATIVE HUMIDITY (PERCENT)
 HIGHEST   100
 LOWEST     82
 AVERAGE    91

..........................................................


THE ALPENA MI CLIMATE NORMALS FOR TOMORROW
                         NORMAL    RECORD    YEAR
 MAXIMUM TEMPERATURE (F)   31        55      2002
                                             1923
 MINIMUM TEMPERATURE (F)   17       -12      1983
                                             1973
                                             1919


SUNRISE AND SUNSET
DECEMBER 18 2017......SUNRISE   808 AM EST   SUNSET   454 PM EST
DECEMBER 19 2017......SUNRISE   809 AM EST   SUNSET   454 PM EST


-  INDICATES NEGATIVE NUMBERS.
R  INDICATES RECORD WAS SET OR TIED.
MM INDICATES DATA IS MISSING.
T  INDICATES TRACE AMOUNT.




$$
