000
CDUS43 KAPX 180548
CLIAPN


CLIMATE REPORT
NATIONAL WEATHER SERVICE GAYLORD MI
145 AM EDT FRI AUG 18 2017


...................................

...THE ALPENA MI CLIMATE SUMMARY FOR AUGUST 17 2017...

CLIMATE NORMAL PERIOD 1981 TO 2010
CLIMATE RECORD PERIOD 1916 TO 2017


WEATHER ITEM   OBSERVED TIME   RECORD YEAR NORMAL DEPARTURE LAST
                VALUE   (LST)  VALUE       VALUE  FROM      YEAR
                                                  NORMAL
..................................................................
TEMPERATURE (F)
 YESTERDAY
  MAXIMUM         72    837 PM  92    2015  77     -5       78
                                      1925
  MINIMUM         65   1203 AM  33    1961  54     11       61
  AVERAGE         69                        65      4       70

PRECIPITATION (IN)
  YESTERDAY        1.58R         0.86 1991   0.11   1.47     0.13
  MONTH TO DATE    3.56                      1.72   1.84     0.85
  SINCE JUN 1     11.97                      7.37   4.60     4.83
  SINCE JAN 1     27.28                     17.27  10.01    19.56

DEGREE DAYS
 HEATING
  YESTERDAY        0                         2     -2        0
  MONTH TO DATE    5                        30    -25        0
  SINCE JUN 1     95                       217   -122      125
  SINCE JUL 1     12                        74    -62       17

 COOLING
  YESTERDAY        4                         3      1        5
  MONTH TO DATE   47                        52     -5      134
  SINCE JUN 1    230                       224      6      390
  SINCE JAN 1    236                       237     -1      422
..................................................................


WIND (MPH)
  HIGHEST WIND SPEED    20   HIGHEST WIND DIRECTION    SE (130)
  HIGHEST GUST SPEED    24   HIGHEST GUST DIRECTION    SE (130)
  AVERAGE WIND SPEED     8.9




RELATIVE HUMIDITY (PERCENT)
 HIGHEST   100
 LOWEST     87
 AVERAGE    94

..........................................................


THE ALPENA MI CLIMATE NORMALS FOR TODAY
                         NORMAL    RECORD    YEAR
 MAXIMUM TEMPERATURE (F)   77       100      1947
 MINIMUM TEMPERATURE (F)   54        34      1962


SUNRISE AND SUNSET
AUGUST 18 2017........SUNRISE   640 AM EDT   SUNSET   835 PM EDT
AUGUST 19 2017........SUNRISE   641 AM EDT   SUNSET   834 PM EDT


-  INDICATES NEGATIVE NUMBERS.
R  INDICATES RECORD WAS SET OR TIED.
MM INDICATES DATA IS MISSING.
T  INDICATES TRACE AMOUNT.




$$
