000
CDUS43 KAPX 250530
CLIAPN


CLIMATE REPORT
NATIONAL WEATHER SERVICE GAYLORD MI
1230 AM EST SAT FEB 25 2017


...................................

...THE ALPENA MI CLIMATE SUMMARY FOR FEBRUARY 24 2017...

CLIMATE NORMAL PERIOD 1981 TO 2010
CLIMATE RECORD PERIOD 1916 TO 2017


WEATHER ITEM   OBSERVED TIME   RECORD YEAR NORMAL DEPARTURE LAST
                VALUE   (LST)  VALUE       VALUE  FROM      YEAR
                                                  NORMAL
..................................................................
TEMPERATURE (F)
 YESTERDAY
  MAXIMUM         34   1159 PM  56    1976  31      3       33
                                      1930
  MINIMUM         30    613 AM -24    1924  13     17       16
  AVERAGE         32                        22     10       25

PRECIPITATION (IN)
  YESTERDAY        1.74R         0.68 1977   0.06   1.68     0.46
  MONTH TO DATE    2.66                      1.10   1.56     2.17
  SINCE DEC 1      7.34                      4.51   2.83     7.86
  SINCE JAN 1      5.30                      2.76   2.54     4.07

SNOWFALL (IN)
  YESTERDAY        3.2           7.8  1990   0.7    2.5      4.6
  MONTH TO DATE    9.3                      15.2   -5.9     18.0
  SINCE OCT 1     53.0                      63.8  -10.8     42.6
  SINCE JUL 1     53.0                      63.8  -10.8     42.6
  SNOW DEPTH       3

DEGREE DAYS
 HEATING
  YESTERDAY       33                        43    -10       40
  MONTH TO DATE  890                      1079   -189     1030
  SINCE DEC 1   3281                      3738   -457     3218
  SINCE JUL 1   4490                      5561  -1071     4591
..................................................................


WIND (MPH)
  HIGHEST WIND SPEED    21   HIGHEST WIND DIRECTION    NE (60)
  HIGHEST GUST SPEED    32   HIGHEST GUST DIRECTION    NE (60)
  AVERAGE WIND SPEED    11.1




RELATIVE HUMIDITY (PERCENT)
 HIGHEST   100
 LOWEST     69
 AVERAGE    85

..........................................................


THE ALPENA MI CLIMATE NORMALS FOR TODAY
                         NORMAL    RECORD    YEAR
 MAXIMUM TEMPERATURE (F)   32        58      1976
 MINIMUM TEMPERATURE (F)   13       -24      1934


SUNRISE AND SUNSET
FEBRUARY 25 2017......SUNRISE   719 AM EST   SUNSET   617 PM EST
FEBRUARY 26 2017......SUNRISE   717 AM EST   SUNSET   618 PM EST


-  INDICATES NEGATIVE NUMBERS.
R  INDICATES RECORD WAS SET OR TIED.
MM INDICATES DATA IS MISSING.
T  INDICATES TRACE AMOUNT.




$$
