000
CDUS43 KAPX 290547
CLIAPN


CLIMATE REPORT
NATIONAL WEATHER SERVICE GAYLORD MI
146 AM EDT SUN MAY 29 2016


...................................

...THE ALPENA MI CLIMATE SUMMARY FOR MAY 28 2016...

CLIMATE NORMAL PERIOD 1981 TO 2010
CLIMATE RECORD PERIOD 1916 TO 2016


WEATHER ITEM   OBSERVED TIME   RECORD YEAR NORMAL DEPARTURE LAST
                VALUE   (LST)  VALUE       VALUE  FROM      YEAR
                                                  NORMAL
..................................................................
TEMPERATURE (F)
 YESTERDAY
  MAXIMUM         86    608 PM  93    1969  69     17       76
  MINIMUM         62    610 AM  27    1927  44     18       50
  AVERAGE         74                        56     18       63

PRECIPITATION (IN)
  YESTERDAY        0.30          1.61 1973   0.09   0.21     0.00
  MONTH TO DATE    1.07                      2.39  -1.32     3.18
  SINCE MAR 1     10.01                      6.64   3.37     6.28
  SINCE JAN 1     14.49                      9.62   4.87     8.07

DEGREE DAYS
 HEATING
  YESTERDAY        0                         9     -9        2
  MONTH TO DATE  337                       372    -35      265
  SINCE MAR 1   2160                      2199    -39     2143
  SINCE JUL 1   6942                      7931   -989     8406

 COOLING
  YESTERDAY        9                         1      8        0
  MONTH TO DATE   18                         5     13       20
  SINCE MAR 1     18                         7     11       20
  SINCE JAN 1     18                         7     11       20
..................................................................


WIND (MPH)
  HIGHEST WIND SPEED    21   HIGHEST WIND DIRECTION    SW (210)
  HIGHEST GUST SPEED    29   HIGHEST GUST DIRECTION     S (190)
  AVERAGE WIND SPEED     7.7




RELATIVE HUMIDITY (PERCENT)
 HIGHEST   100
 LOWEST     42
 AVERAGE    71

..........................................................


THE ALPENA MI CLIMATE NORMALS FOR TODAY
                         NORMAL    RECORD    YEAR
 MAXIMUM TEMPERATURE (F)   69        92      2006
 MINIMUM TEMPERATURE (F)   44        29      2004
                                             1965


SUNRISE AND SUNSET
MAY 29 2016...........SUNRISE   552 AM EDT   SUNSET   912 PM EDT
MAY 30 2016...........SUNRISE   551 AM EDT   SUNSET   913 PM EDT


-  INDICATES NEGATIVE NUMBERS.
R  INDICATES RECORD WAS SET OR TIED.
MM INDICATES DATA IS MISSING.
T  INDICATES TRACE AMOUNT.




$$
