000
CDUS43 KAPX 020527
CLIAPN


CLIMATE REPORT
NATIONAL WEATHER SERVICE GAYLORD MI
127 AM EDT THU OCT 2 2014


...................................

...THE ALPENA MI CLIMATE SUMMARY FOR OCTOBER 1 2014...

CLIMATE NORMAL PERIOD 1981 TO 2010
CLIMATE RECORD PERIOD 1916 TO 2014


WEATHER ITEM   OBSERVED TIME   RECORD YEAR NORMAL DEPARTURE LAST
                VALUE   (LST)  VALUE       VALUE  FROM      YEAR
                                                  NORMAL
..................................................................
TEMPERATURE (F)
 YESTERDAY
  MAXIMUM         59    441 PM  88    1971  62     -3       77
  MINIMUM         52   1136 PM  23    1960  41     11       42
  AVERAGE         56                        52      4       60

PRECIPITATION (IN)
  YESTERDAY        0.00          0.71 1988   0.09  -0.09     0.00
  MONTH TO DATE    0.00                      0.09  -0.09     0.00
  SINCE SEP 1      4.15                      3.01   1.14     1.59
  SINCE JAN 1     26.05                     21.79   4.26    23.66

DEGREE DAYS
 HEATING
  YESTERDAY        9                        13     -4        5
  MONTH TO DATE    9                        13     -4        5
  SINCE SEP 1    232                       255    -23      278
  SINCE JUL 1    356                       370    -14      389

 COOLING
  YESTERDAY        0                         0      0        0
  MONTH TO DATE    0                         0      0        0
  SINCE SEP 1     18                        23     -5       36
  SINCE JAN 1    168                       289   -121      343
..................................................................


WIND (MPH)
  HIGHEST WIND SPEED    12   HIGHEST WIND DIRECTION    SE (150)
  HIGHEST GUST SPEED    16   HIGHEST GUST DIRECTION    SE (120)
  AVERAGE WIND SPEED     5.7




RELATIVE HUMIDITY (PERCENT)
 HIGHEST   100
 LOWEST     93
 AVERAGE    97

..........................................................


THE ALPENA MI CLIMATE NORMALS FOR TODAY
                         NORMAL    RECORD    YEAR
 MAXIMUM TEMPERATURE (F)   62        84      1922
 MINIMUM TEMPERATURE (F)   41        24      1938


SUNRISE AND SUNSET
OCTOBER  2 2014.......SUNRISE   733 AM EDT   SUNSET   713 PM EDT
OCTOBER  3 2014.......SUNRISE   735 AM EDT   SUNSET   711 PM EDT


-  INDICATES NEGATIVE NUMBERS.
R  INDICATES RECORD WAS SET OR TIED.
MM INDICATES DATA IS MISSING.
T  INDICATES TRACE AMOUNT.




$$
