000
CDUS43 KAPX 100537
CLIAPN


CLIMATE REPORT
NATIONAL WEATHER SERVICE GAYLORD MI
134 AM EDT THU JUL 10 2014


...................................

...THE ALPENA MI CLIMATE SUMMARY FOR JULY 9 2014...

CLIMATE NORMAL PERIOD 1981 TO 2010
CLIMATE RECORD PERIOD 1916 TO 2014


WEATHER ITEM   OBSERVED TIME   RECORD YEAR NORMAL DEPARTURE LAST
                VALUE   (LST)  VALUE       VALUE  FROM      YEAR
                                                  NORMAL
..................................................................
TEMPERATURE (F)
 YESTERDAY
  MAXIMUM         67    647 PM 102    1936  80    -13       80
  MINIMUM         50    547 AM  39    1963  55     -5       66
  AVERAGE         59                        67     -8       73

PRECIPITATION (IN)
  YESTERDAY        0.00          1.69 1926   0.11  -0.11      T
  MONTH TO DATE    0.51                      0.89  -0.38     0.35
  SINCE JUN 1      1.69                      3.51  -1.82     2.38
  SINCE JAN 1     13.19                     13.41  -0.22    17.31

DEGREE DAYS
 HEATING
  YESTERDAY        6                         2      4        0
  MONTH TO DATE   23                        18      5       14
  SINCE JUN 1    135                       161    -26      150
  SINCE JUL 1     23                        18      5       14

 COOLING
  YESTERDAY        0                         4     -4        8
  MONTH TO DATE   23                        33    -10       38
  SINCE JUN 1     78                        89    -11      102
  SINCE JAN 1     83                       102    -19      115
..................................................................


WIND (MPH)
  HIGHEST WIND SPEED    14   HIGHEST WIND DIRECTION    NE (40)
  HIGHEST GUST SPEED    20   HIGHEST GUST DIRECTION    NW (310)
  AVERAGE WIND SPEED     5.7




RELATIVE HUMIDITY (PERCENT)
 HIGHEST    93
 LOWEST     48
 AVERAGE    71

..........................................................


THE ALPENA MI CLIMATE NORMALS FOR TODAY
                         NORMAL    RECORD    YEAR
 MAXIMUM TEMPERATURE (F)   80       104      1936
 MINIMUM TEMPERATURE (F)   55        41      1968


SUNRISE AND SUNSET
JULY 10 2014..........SUNRISE   557 AM EDT   SUNSET   922 PM EDT
JULY 11 2014..........SUNRISE   558 AM EDT   SUNSET   921 PM EDT


-  INDICATES NEGATIVE NUMBERS.
R  INDICATES RECORD WAS SET OR TIED.
MM INDICATES DATA IS MISSING.
T  INDICATES TRACE AMOUNT.




$$
