000
CDUS43 KAPX 232125
CLIAPN


CLIMATE REPORT
NATIONAL WEATHER SERVICE GAYLORD MI
525 PM EDT TUE SEP 23 2014


...................................

...THE ALPENA MI CLIMATE SUMMARY FOR SEPTEMBER 23 2014...
VALID TODAY AS OF 0500 PM LOCAL TIME.

CLIMATE NORMAL PERIOD 1981 TO 2010
CLIMATE RECORD PERIOD 1916 TO 2014


WEATHER ITEM   OBSERVED TIME   RECORD YEAR NORMAL DEPARTURE LAST
                VALUE   (LST)  VALUE       VALUE  FROM      YEAR
                                                  NORMAL
..................................................................
TEMPERATURE (F)
 TODAY
  MAXIMUM         76    232 PM  89    1937  66     10       61
  MINIMUM         50    706 AM  23    1942  44      6       33
  AVERAGE         63                        55      8       47

PRECIPITATION (IN)
  TODAY            0.00          2.28 2010   0.10  -0.10     0.00
  MONTH TO DATE    3.73                      2.25   1.48     1.19
  SINCE SEP 1      3.73                      2.25   1.48     1.19
  SINCE JAN 1     25.63                     21.03   4.60    23.26

DEGREE DAYS
 HEATING
  TODAY            2                        10     -8       18
  MONTH TO DATE  178                       158     20      190
  SINCE SEP 1    178                       158     20      190
  SINCE JUL 1    302                       273     29      301

 COOLING
  TODAY            0                         0      0        0
  MONTH TO DATE   18                        21     -3       36
  SINCE SEP 1     18                        21     -3       36
  SINCE JAN 1    168                       287   -119      343
..................................................................


WIND (MPH)
  RESULTANT WIND SPEED   4   RESULTANT WIND DIRECTION  SW (240)
  HIGHEST WIND SPEED    13   HIGHEST WIND DIRECTION     E (110)
  HIGHEST GUST SPEED    15   HIGHEST GUST DIRECTION    SW (220)
  AVERAGE WIND SPEED     7.2


SKY COVER
  POSSIBLE SUNSHINE  MM
  AVERAGE SKY COVER 0.1


WEATHER CONDITIONS
 THE FOLLOWING WEATHER WAS RECORDED TODAY.
  FOG


RELATIVE HUMIDITY (PERCENT)
 HIGHEST    86
 LOWEST     46
 AVERAGE    66

..........................................................


THE ALPENA MI CLIMATE NORMALS FOR TOMORROW
                         NORMAL    RECORD    YEAR
 MAXIMUM TEMPERATURE (F)   66        89      2007
 MINIMUM TEMPERATURE (F)   44        27      1981
                                             1924


SUNRISE AND SUNSET
SEPTEMBER 23 2014.....SUNRISE   722 AM EDT   SUNSET   730 PM EDT
SEPTEMBER 24 2014.....SUNRISE   724 AM EDT   SUNSET   728 PM EDT


-  INDICATES NEGATIVE NUMBERS.
R  INDICATES RECORD WAS SET OR TIED.
MM INDICATES DATA IS MISSING.
T  INDICATES TRACE AMOUNT.




$$
