000
CDUS44 KLCH 202210
CLIARA


CLIMATE REPORT
NATIONAL WEATHER SERVICE LAKE CHARLES, LA
510 PM CDT FRI OCT 20 2017


...................................

...THE NEW IBERIA CLIMATE SUMMARY FOR OCTOBER 20 2017...
VALID TODAY AS OF 0500 PM LOCAL TIME.

CLIMATE NORMAL PERIOD 1981 TO 2010
CLIMATE RECORD PERIOD 1948 TO 2017


WEATHER ITEM   OBSERVED TIME   RECORD YEAR NORMAL DEPARTURE LAST
                VALUE   (LST)  VALUE       VALUE  FROM      YEAR
                                                  NORMAL
..................................................................
TEMPERATURE (F)
 TODAY
  MAXIMUM         80    319 PM  89    1953  80      0       87
  MINIMUM         68    639 AM  32    1989  57     11       67
  AVERAGE         74                        69      5       77

PRECIPITATION (IN)
  TODAY            0.00          0.53 1994   0.18  -0.18     0.01
  MONTH TO DATE    1.69                      3.83  -2.14     0.36
  SINCE SEP 1      1.90                      8.46  -6.56     8.11
  SINCE JAN 1     54.28                     49.31   4.97    75.46

SNOWFALL (IN)
  TODAY            0.0           0.0    MM  MM               0.0
  MONTH TO DATE    0.0                      MM               0.0
  SINCE SEP 1      0.0                      MM               0.0
  SINCE JUL 1      0.0                      MM               0.0

DEGREE DAYS
 HEATING
  TODAY            0                         1     -1        0
  MONTH TO DATE    1                         9     -8        0
  SINCE SEP 1      1                        10     -9        0
  SINCE JUL 1      1                        10     -9        0

 COOLING
  TODAY            9                         5      4       12
  MONTH TO DATE  247                       143    104      222
  SINCE SEP 1    677                       556    121      736
  SINCE JAN 1   2980                      2699    281     3021
..................................................................


WIND (MPH)
  RESULTANT WIND SPEED   9   RESULTANT WIND DIRECTION   E (90)
  HIGHEST WIND SPEED    17   HIGHEST WIND DIRECTION     E (100)
  HIGHEST GUST SPEED    23   HIGHEST GUST DIRECTION     E (90)
  AVERAGE WIND SPEED     9.5


SKY COVER
  POSSIBLE SUNSHINE  MM
  AVERAGE SKY COVER 0.2


WEATHER CONDITIONS
 THE FOLLOWING WEATHER WAS RECORDED TODAY.
  NO SIGNIFICANT WEATHER WAS OBSERVED.


RELATIVE HUMIDITY (PERCENT)
 HIGHEST    90           100 AM
 LOWEST     62          1200 PM
 AVERAGE    76

..........................................................


THE NEW IBERIA CLIMATE NORMALS FOR TOMORROW
                         NORMAL    RECORD    YEAR
 MAXIMUM TEMPERATURE (F)   80        90      2004
 MINIMUM TEMPERATURE (F)   57        34      1952


SUNRISE AND SUNSET
OCTOBER 20 2017.......SUNRISE   713 AM CDT   SUNSET   631 PM CDT
OCTOBER 21 2017.......SUNRISE   714 AM CDT   SUNSET   630 PM CDT


-  INDICATES NEGATIVE NUMBERS.
R  INDICATES RECORD WAS SET OR TIED.
MM INDICATES DATA IS MISSING.
T  INDICATES TRACE AMOUNT.




$$
