834
CDUS44 KLCH 301245
CLIARA


CLIMATE REPORT
NATIONAL WEATHER SERVICE LAKE CHARLES, LA
745 AM CDT SAT APR 30 2016


...................................

...THE NEW IBERIA CLIMATE SUMMARY FOR APRIL 29 2016...

CLIMATE NORMAL PERIOD 1981 TO 2010
CLIMATE RECORD PERIOD 1948 TO 2016


WEATHER ITEM   OBSERVED TIME   RECORD YEAR NORMAL DEPARTURE LAST
                VALUE   (LST)  VALUE       VALUE  FROM      YEAR
                                                  NORMAL
..................................................................
TEMPERATURE (F)
 YESTERDAY
  MAXIMUM         85   1042 AM  92    1955  82      3       74
  MINIMUM         74    619 AM  47    2008  61     13       54
                                      1996
  AVERAGE         80                        72      8       64

PRECIPITATION (IN)
  YESTERDAY        T             5.02 2006   0.11  -0.11     0.00
  MONTH TO DATE    4.72                      3.95   0.77    10.10
  SINCE MAR 1      8.44                      7.72   0.72    13.98
  SINCE JAN 1     18.67                     17.13   1.54    20.44

SNOWFALL (IN)
  YESTERDAY        0.0           0.0    MM  MM               0.0
  MONTH TO DATE    0.0                      MM               0.0
  SINCE MAR 1      0.0                      MM                T
  SINCE JUL 1      0.0                      MM                T

DEGREE DAYS
 HEATING
  YESTERDAY        0                         0      0        1
  MONTH TO DATE   16                        43    -27        1
  SINCE MAR 1     81                       191   -110       73
  SINCE JUL 1    997                      1407   -410     1416

 COOLING
  YESTERDAY       15                         7      8        0
  MONTH TO DATE  174                       129     45      223
  SINCE MAR 1    279                       181     98      315
  SINCE JAN 1    289                       212     77      319
..................................................................


WIND (MPH)
  RESULTANT WIND SPEED  14   RESULTANT WIND DIRECTION  SE (150)
  HIGHEST WIND SPEED    29   HIGHEST WIND DIRECTION    SE (150)
  HIGHEST GUST SPEED    37   HIGHEST GUST DIRECTION     S (160)
  AVERAGE WIND SPEED    16.4


SKY COVER
  POSSIBLE SUNSHINE  MM
  AVERAGE SKY COVER 0.7


WEATHER CONDITIONS
 THE FOLLOWING WEATHER WAS RECORDED YESTERDAY.
  LIGHT RAIN
  FOG


RELATIVE HUMIDITY (PERCENT)
 HIGHEST    94          1200 AM
 LOWEST     69           300 PM
 AVERAGE    82

..........................................................


THE NEW IBERIA CLIMATE NORMALS FOR TODAY
                         NORMAL    RECORD    YEAR
 MAXIMUM TEMPERATURE (F)   83        94      1955
 MINIMUM TEMPERATURE (F)   62        46      1996


SUNRISE AND SUNSET
APRIL 30 2016.........SUNRISE   625 AM CDT   SUNSET   745 PM CDT
MAY  1 2016...........SUNRISE   624 AM CDT   SUNSET   745 PM CDT


-  INDICATES NEGATIVE NUMBERS.
R  INDICATES RECORD WAS SET OR TIED.
MM INDICATES DATA IS MISSING.
T  INDICATES TRACE AMOUNT.




$$
