000
CDUS44 KLCH 260920
CLIARA


CLIMATE REPORT
NATIONAL WEATHER SERVICE LAKE CHARLES, LA
320 AM CST MON JAN 26 2015


...................................

...THE NEW IBERIA CLIMATE SUMMARY FOR JANUARY 25 2015...

CLIMATE NORMAL PERIOD 1981 TO 2010
CLIMATE RECORD PERIOD 1948 TO 2015


WEATHER ITEM   OBSERVED TIME   RECORD YEAR NORMAL DEPARTURE LAST
                VALUE   (LST)  VALUE       VALUE  FROM      YEAR
                                                  NORMAL
..................................................................
TEMPERATURE (F)
 YESTERDAY
  MAXIMUM         67    241 PM  81    1949  63      4       54
  MINIMUM         36    536 AM  22    1963  43     -7       25
  AVERAGE         52                        53     -1       40

PRECIPITATION (IN)
  YESTERDAY        0.00          1.54 2012   0.16  -0.16     0.00
  MONTH TO DATE    4.37                      4.16   0.21     2.28
  SINCE DEC 1      6.08                      9.16  -3.08     4.84
  SINCE JAN 1      4.37                      4.16   0.21     2.28

SNOWFALL (IN)
  YESTERDAY       MM             0.0    MM  MM               0.0
  MONTH TO DATE    0.0                      MM                T
  SINCE DEC 1      0.0                      MM                T
  SINCE JUL 1      0.0                      MM                T

DEGREE DAYS
 HEATING
  YESTERDAY       13                        12      1       25
  MONTH TO DATE  392                       321     71      438
  SINCE DEC 1    636                       673    -37      840
  SINCE JUL 1    923                       868     55     1073

 COOLING
  YESTERDAY        0                         0      0        0
  MONTH TO DATE    2                         9     -7        0
  SINCE DEC 1     24                        31     -7       41
  SINCE JAN 1      2                         9     -7        0
..................................................................


WIND (MPH)
  RESULTANT WIND SPEED   8   RESULTANT WIND DIRECTION   W (250)
  HIGHEST WIND SPEED    24   HIGHEST WIND DIRECTION    SW (240)
  HIGHEST GUST SPEED    31   HIGHEST GUST DIRECTION    SW (230)
  AVERAGE WIND SPEED    10.1


SKY COVER
  POSSIBLE SUNSHINE  MM
  AVERAGE SKY COVER 0.1


WEATHER CONDITIONS
 THE FOLLOWING WEATHER WAS RECORDED YESTERDAY.
  FOG
  FOG W/VISIBILITY <= 1/4 MILE


RELATIVE HUMIDITY (PERCENT)
 HIGHEST   100           600 AM
 LOWEST     40           100 PM
 AVERAGE    70

..........................................................


THE NEW IBERIA CLIMATE NORMALS FOR TODAY
                         NORMAL    RECORD    YEAR
 MAXIMUM TEMPERATURE (F)   63        80      1952
 MINIMUM TEMPERATURE (F)   43        25      1988


SUNRISE AND SUNSET
JANUARY 26 2015.......SUNRISE   701 AM CST   SUNSET   539 PM CST
JANUARY 27 2015.......SUNRISE   701 AM CST   SUNSET   540 PM CST


-  INDICATES NEGATIVE NUMBERS.
R  INDICATES RECORD WAS SET OR TIED.
MM INDICATES DATA IS MISSING.
T  INDICATES TRACE AMOUNT.




$$
