000
CDUS44 KLCH 250832
CLIARA


CLIMATE REPORT
NATIONAL WEATHER SERVICE LAKE CHARLES, LA
230 AM CST THU DEC 25 2014


...................................

...THE NEW IBERIA CLIMATE SUMMARY FOR DECEMBER 24 2014...

CLIMATE NORMAL PERIOD 1981 TO 2010
CLIMATE RECORD PERIOD 1948 TO 2014


WEATHER ITEM   OBSERVED TIME   RECORD YEAR NORMAL DEPARTURE LAST
                VALUE   (LST)  VALUE       VALUE  FROM      YEAR
                                                  NORMAL
..................................................................
TEMPERATURE (F)
 YESTERDAY
  MAXIMUM         54    207 PM  78    1964  63     -9       55
                                      1955
  MINIMUM         37   1153 PM  12    1989  43     -6       31
  AVERAGE         46                        53     -7       43

PRECIPITATION (IN)
  YESTERDAY        0.00          1.29 2006   0.13  -0.13     0.00
  MONTH TO DATE    1.39                      4.07  -2.68     1.97
  SINCE DEC 1      1.39                      4.07  -2.68     1.97
  SINCE JAN 1     49.95                     58.76  -8.81    65.05

SNOWFALL (IN)
  YESTERDAY        0.0           0.0    MM  MM               0.0
  MONTH TO DATE    0.0                      MM               0.0
  SINCE DEC 1      0.0                      MM               0.0
  SINCE JUL 1      0.0                      MM               0.0

DEGREE DAYS
 HEATING
  YESTERDAY       19                        12      7       22
  MONTH TO DATE  161                       263   -102      282
  SINCE DEC 1    161                       263   -102      282
  SINCE JUL 1    448                       458    -10      515

 COOLING
  YESTERDAY        0                         0      0        0
  MONTH TO DATE   19                        19      0       41
  SINCE DEC 1     19                        19      0       41
  SINCE JAN 1   2848                      2811     37     3232
..................................................................


WIND (MPH)
  RESULTANT WIND SPEED  12   RESULTANT WIND DIRECTION  NW (300)
  HIGHEST WIND SPEED    20   HIGHEST WIND DIRECTION    NW (300)
  HIGHEST GUST SPEED    27   HIGHEST GUST DIRECTION     W (280)
  AVERAGE WIND SPEED    11.4


SKY COVER
  POSSIBLE SUNSHINE  MM
  AVERAGE SKY COVER 0.3


WEATHER CONDITIONS
 THE FOLLOWING WEATHER WAS RECORDED YESTERDAY.
  NO SIGNIFICANT WEATHER WAS OBSERVED.


RELATIVE HUMIDITY (PERCENT)
 HIGHEST    89           700 AM
 LOWEST     54          1200 PM
 AVERAGE    72

..........................................................


THE NEW IBERIA CLIMATE NORMALS FOR TODAY
                         NORMAL    RECORD    YEAR
 MAXIMUM TEMPERATURE (F)   63        80      1982
 MINIMUM TEMPERATURE (F)   43        12      1983


SUNRISE AND SUNSET
DECEMBER 25 2014......SUNRISE   701 AM CST   SUNSET   514 PM CST
DECEMBER 26 2014......SUNRISE   702 AM CST   SUNSET   515 PM CST


-  INDICATES NEGATIVE NUMBERS.
R  INDICATES RECORD WAS SET OR TIED.
MM INDICATES DATA IS MISSING.
T  INDICATES TRACE AMOUNT.




$$
