000
CDUS43 KLOT 310648
CLIARR


CLIMATE REPORT
NATIONAL WEATHER SERVICE CHICAGO IL
145 AM CDT WED AUG 31 2016


...................................

...THE AURORA MUNICIPAL AIRPORT CLIMATE SUMMARY FOR AUGUST 30 2016...

CLIMATE NORMAL PERIOD 1981 TO 2010
CLIMATE RECORD PERIOD 1998 TO 2016


WEATHER ITEM   OBSERVED TIME   RECORD YEAR NORMAL DEPARTURE LAST
                VALUE   (LST)  VALUE       VALUE  FROM      YEAR
                                                  NORMAL
..................................................................
TEMPERATURE (F)
 YESTERDAY
  MAXIMUM         84    318 PM  93    2013  80      4       78
  MINIMUM         67   1159 PM  43    2009  57     10       58
  AVERAGE         76                        69      7       68

PRECIPITATION (IN)
  YESTERDAY        0.42          1.18 2001   0.09   0.33     0.00
  MONTH TO DATE    3.87                      4.02  -0.15     3.43
  SINCE JUN 1     13.19                     12.22   0.97    17.16
  SINCE JAN 1     26.82                     25.10   1.72    26.51

DEGREE DAYS
 HEATING
  YESTERDAY        0                         1     -1        0
  MONTH TO DATE    1                         5     -4       20
  SINCE JUN 1     11                        55    -44       50
  SINCE JUL 1      3                        14    -11       32

 COOLING
  YESTERDAY       11                         4      7        3
  MONTH TO DATE  279                       168    111      156
  SINCE JUN 1    768                       538    230      521
  SINCE JAN 1    850                       579    271      590
..................................................................


WIND (MPH)
  RESULTANT WIND SPEED   2   RESULTANT WIND DIRECTION  NW (310)
  HIGHEST WIND SPEED    20   HIGHEST WIND DIRECTION    NW (330)
  HIGHEST GUST SPEED    26   HIGHEST GUST DIRECTION    NW (330)
  AVERAGE WIND SPEED     3.7


SKY COVER
  POSSIBLE SUNSHINE  MM
  AVERAGE SKY COVER 0.2


WEATHER CONDITIONS
 THE FOLLOWING WEATHER WAS RECORDED YESTERDAY.
  THUNDERSTORM
  HEAVY RAIN
  RAIN
  LIGHT RAIN
  FOG


RELATIVE HUMIDITY (PERCENT)
 HIGHEST   100           300 AM
 LOWEST     65           200 PM
 AVERAGE    83

..........................................................


THE AURORA MUNICIPAL AIRPORT CLIMATE NORMALS FOR TODAY
                         NORMAL    RECORD    YEAR
 MAXIMUM TEMPERATURE (F)   80        93      2000
 MINIMUM TEMPERATURE (F)   57        40      2009


SUNRISE AND SUNSET
AUGUST 31 2016........SUNRISE   619 AM CDT   SUNSET   728 PM CDT
SEPTEMBER  1 2016.....SUNRISE   620 AM CDT   SUNSET   726 PM CDT


-  INDICATES NEGATIVE NUMBERS.
R  INDICATES RECORD WAS SET OR TIED.
MM INDICATES DATA IS MISSING.
T  INDICATES TRACE AMOUNT.




$$
