871
CDUS43 KLOT 230635
CLIARR


CLIMATE REPORT
NATIONAL WEATHER SERVICE CHICAGO IL
133 AM CDT SAT JUL 23 2016


...................................

...THE AURORA MUNICIPAL AIRPORT CLIMATE SUMMARY FOR JULY 22 2016...

CLIMATE NORMAL PERIOD 1981 TO 2010
CLIMATE RECORD PERIOD 1998 TO 2016


WEATHER ITEM   OBSERVED TIME   RECORD YEAR NORMAL DEPARTURE LAST
                VALUE   (LST)  VALUE       VALUE  FROM      YEAR
                                                  NORMAL
..................................................................
TEMPERATURE (F)
 YESTERDAY
  MAXIMUM         88    502 PM  95    2001  83      5       82
  MINIMUM         70    542 AM  51    2007  60     10       60
  AVERAGE         79                        71      8       71

PRECIPITATION (IN)
  YESTERDAY        0.06          0.49 2011   0.16  -0.10     0.00
  MONTH TO DATE    3.89                      2.93   0.96     4.39
  SINCE JUN 1      7.39                      6.94   0.45    13.08
  SINCE JAN 1     21.02                     19.82   1.20    22.43

DEGREE DAYS
 HEATING
  YESTERDAY        0                         0      0        0
  MONTH TO DATE    2                         0      2       12
  SINCE JUN 1     10                        41    -31       30
  SINCE JUL 1      2                         0      2       12

 COOLING
  YESTERDAY       14                         7      7        6
  MONTH TO DATE  185                       154     31      131
  SINCE JUN 1    385                       309     76      282
  SINCE JAN 1    467                       350    117      351
..................................................................


WIND (MPH)
  RESULTANT WIND SPEED   4   RESULTANT WIND DIRECTION   W (260)
  HIGHEST WIND SPEED    20   HIGHEST WIND DIRECTION    SW (210)
  HIGHEST GUST SPEED    25   HIGHEST GUST DIRECTION    SW (210)
  AVERAGE WIND SPEED     4.7


SKY COVER
  POSSIBLE SUNSHINE  MM
  AVERAGE SKY COVER 0.2


WEATHER CONDITIONS
 THE FOLLOWING WEATHER WAS RECORDED YESTERDAY.
  LIGHT RAIN
  FOG


RELATIVE HUMIDITY (PERCENT)
 HIGHEST   100           300 AM
 LOWEST     68           300 PM
 AVERAGE    84

..........................................................


THE AURORA MUNICIPAL AIRPORT CLIMATE NORMALS FOR TODAY
                         NORMAL    RECORD    YEAR
 MAXIMUM TEMPERATURE (F)   83        94      2011
 MINIMUM TEMPERATURE (F)   60        47      2000


SUNRISE AND SUNSET
JULY 23 2016..........SUNRISE   540 AM CDT   SUNSET   820 PM CDT
JULY 24 2016..........SUNRISE   541 AM CDT   SUNSET   820 PM CDT


-  INDICATES NEGATIVE NUMBERS.
R  INDICATES RECORD WAS SET OR TIED.
MM INDICATES DATA IS MISSING.
T  INDICATES TRACE AMOUNT.




$$
