000
CDUS43 KLOT 240631
CLIARR


CLIMATE REPORT
NATIONAL WEATHER SERVICE CHICAGO IL
131 AM CDT FRI OCT 24 2014


...................................

...THE AURORA MUNICIPAL AIRPORT CLIMATE SUMMARY FOR OCTOBER 23 2014...

CLIMATE NORMAL PERIOD 1981 TO 2010
CLIMATE RECORD PERIOD 1998 TO 2014


WEATHER ITEM   OBSERVED TIME   RECORD YEAR NORMAL DEPARTURE LAST
                VALUE   (LST)  VALUE       VALUE  FROM      YEAR
                                                  NORMAL
..................................................................
TEMPERATURE (F)
 YESTERDAY
  MAXIMUM         60        MM  71    2010  60      0       46
  MINIMUM         32        MM  21    1999  37     -5       25
  AVERAGE         46                        48     -2       36

PRECIPITATION (IN)
  YESTERDAY        0.00          0.77 2001   0.10  -0.10      T
  MONTH TO DATE    2.33                      2.34  -0.01     1.02
  SINCE SEP 1      4.89                      5.78  -0.89     2.24
  SINCE JAN 1     27.76                     30.98  -3.22    28.47

DEGREE DAYS
 HEATING
  YESTERDAY       19                        17      2       29
  MONTH TO DATE  313                       308      5      269
  SINCE SEP 1    463                       437     26      370
  SINCE JUL 1    484                       461     23      398

 COOLING
  YESTERDAY        0                         0      0        0
  MONTH TO DATE    3                         9     -6       14
  SINCE SEP 1     63                        72     -9      118
  SINCE JAN 1    693                       656     37      745
..................................................................


WIND (MPH)
  RESULTANT WIND SPEED   5   RESULTANT WIND DIRECTION   S (170)
  HIGHEST WIND SPEED    14   HIGHEST WIND DIRECTION     S (170)
  HIGHEST GUST SPEED    MM   HIGHEST GUST DIRECTION    MM
  AVERAGE WIND SPEED     5.8


SKY COVER
  POSSIBLE SUNSHINE  MM
  AVERAGE SKY COVER 0.3


WEATHER CONDITIONS
 THE FOLLOWING WEATHER WAS RECORDED YESTERDAY.
  FOG
  HAZE


RELATIVE HUMIDITY (PERCENT)
 HIGHEST    92           700 AM
 LOWEST     49          1200 PM
 AVERAGE    71

..........................................................


THE AURORA MUNICIPAL AIRPORT CLIMATE NORMALS FOR TODAY
                         NORMAL    RECORD    YEAR
 MAXIMUM TEMPERATURE (F)   59        78      2012
 MINIMUM TEMPERATURE (F)   37        20      1999


SUNRISE AND SUNSET
OCTOBER 24 2014.......SUNRISE   716 AM CDT   SUNSET   559 PM CDT
OCTOBER 25 2014.......SUNRISE   718 AM CDT   SUNSET   558 PM CDT


-  INDICATES NEGATIVE NUMBERS.
R  INDICATES RECORD WAS SET OR TIED.
MM INDICATES DATA IS MISSING.
T  INDICATES TRACE AMOUNT.




$$
