535
CDUS41 KBUF 251019
CLIART


CLIMATE REPORT
NATIONAL WEATHER SERVICE BUFFALO NY
519 AM EST SAT FEB 25 2017


...................................

...THE WATERTOWN NY CLIMATE SUMMARY FOR FEBRUARY 24 2017...

CLIMATE NORMAL PERIOD 1981 TO 2010
CLIMATE RECORD PERIOD 1949 TO 2017


WEATHER ITEM   OBSERVED TIME   RECORD YEAR NORMAL DEPARTURE LAST
                VALUE   (LST)  VALUE       VALUE  FROM      YEAR
                                                  NORMAL
..................................................................
TEMPERATURE (F)
 YESTERDAY
  MAXIMUM         44    426 PM  53    1975  34     10       35
  MINIMUM         31   1223 AM -19    1993  13     18       24
  AVERAGE         38                        23     15       30

PRECIPITATION (IN)
  YESTERDAY        0.05          1.64 2016   0.08  -0.03     1.64
  MONTH TO DATE    1.19                      1.89  -0.70     3.93
  SINCE DEC 1      5.16                      7.70  -2.54     7.89
  SINCE JAN 1      2.97                      4.55  -1.58     5.45

DEGREE DAYS
 HEATING
  YESTERDAY       27                        42    -15       35
  MONTH TO DATE  881                      1066   -185     1038
  SINCE DEC 1   3170                      3678   -508     3105
  SINCE JUL 1   4512                      5277   -765     4472

 COOLING
  YESTERDAY        0                         0      0        0
  MONTH TO DATE    0                         0      0        0
  SINCE DEC 1      0                         0      0        0
  SINCE JAN 1      0                         0      0        0
..................................................................


WIND (MPH)
  HIGHEST WIND SPEED    18   HIGHEST WIND DIRECTION    NE (40)
  HIGHEST GUST SPEED    22   HIGHEST GUST DIRECTION    NE (40)
  AVERAGE WIND SPEED     9.2


SKY COVER
  AVERAGE SKY COVER 0.7


WEATHER CONDITIONS
 THE FOLLOWING WEATHER WAS RECORDED YESTERDAY.
  LIGHT RAIN
  FOG


RELATIVE HUMIDITY (PERCENT)
 HIGHEST   100          1200 AM
 LOWEST     89           300 PM
 AVERAGE    95

..........................................................


THE WATERTOWN NY CLIMATE NORMALS FOR TODAY
                         NORMAL    RECORD    YEAR
 MAXIMUM TEMPERATURE (F)   34        62      1976
 MINIMUM TEMPERATURE (F)   13       -29      1993


SUNRISE AND SUNSET
FEBRUARY 25 2017......SUNRISE   647 AM EST   SUNSET   548 PM EST
FEBRUARY 26 2017......SUNRISE   646 AM EST   SUNSET   549 PM EST


-  INDICATES NEGATIVE NUMBERS.
R  INDICATES RECORD WAS SET OR TIED.
MM INDICATES DATA IS MISSING.
T  INDICATES TRACE AMOUNT.

$$
