435
CDUS41 KBUF 041024
CLIART


CLIMATE REPORT
NATIONAL WEATHER SERVICE BUFFALO NY
623 AM EDT WED MAY 4 2016


...................................

...THE WATERTOWN NY CLIMATE SUMMARY FOR MAY 3 2016...

CLIMATE NORMAL PERIOD 1981 TO 2010
CLIMATE RECORD PERIOD 1949 TO 2016


WEATHER ITEM   OBSERVED TIME   RECORD YEAR NORMAL DEPARTURE LAST
                VALUE   (LST)  VALUE       VALUE  FROM      YEAR
                                                  NORMAL
..................................................................
TEMPERATURE (F)
 YESTERDAY
  MAXIMUM         62    431 PM  81    2001  62      0       73
  MINIMUM         35   1215 AM  23    1966  39     -4       48
  AVERAGE         49                        51     -2       61

PRECIPITATION (IN)
  YESTERDAY        0.00          1.70 1954   0.10  -0.10     0.00
  MONTH TO DATE    0.66                      0.28   0.38     0.00
  SINCE MAR 1      4.45                      5.48  -1.03     2.52
  SINCE JAN 1     10.26                     10.36  -0.10     5.61

DEGREE DAYS
 HEATING
  YESTERDAY       16                        15      1        4
  MONTH TO DATE   55                        45     10       24
  SINCE MAR 1   1723                      1747    -24     1832
  SINCE JUL 1   6371                      7188   -817     7352

 COOLING
  YESTERDAY        0                         0      0        0
  MONTH TO DATE    0                         0      0        0
  SINCE MAR 1      0                         1     -1        0
  SINCE JAN 1      0                         1     -1        0
..................................................................


WIND (MPH)
  HIGHEST WIND SPEED    14   HIGHEST WIND DIRECTION    NE (60)
  HIGHEST GUST SPEED    19   HIGHEST GUST DIRECTION     E (80)
  AVERAGE WIND SPEED     5.1


SKY COVER
  AVERAGE SKY COVER 0.7


WEATHER CONDITIONS
 THE FOLLOWING WEATHER WAS RECORDED YESTERDAY.
  FOG
  FOG W/VISIBILITY <= 1/4 MILE


RELATIVE HUMIDITY (PERCENT)
 HIGHEST   100          1200 AM
 LOWEST     46           400 PM
 AVERAGE    73

..........................................................


THE WATERTOWN NY CLIMATE NORMALS FOR TODAY
                         NORMAL    RECORD    YEAR
 MAXIMUM TEMPERATURE (F)   62        83      1949
 MINIMUM TEMPERATURE (F)   40        21      1986


SUNRISE AND SUNSET
MAY  4 2016...........SUNRISE   551 AM EDT   SUNSET   811 PM EDT
MAY  5 2016...........SUNRISE   550 AM EDT   SUNSET   813 PM EDT


-  INDICATES NEGATIVE NUMBERS.
R  INDICATES RECORD WAS SET OR TIED.
MM INDICATES DATA IS MISSING.
T  INDICATES TRACE AMOUNT.




$$
