962
CDUS41 KBUF 231020
CLIART


CLIMATE REPORT
NATIONAL WEATHER SERVICE BUFFALO NY
620 AM EDT THU MAR 23 2017


...................................

...THE WATERTOWN NY CLIMATE SUMMARY FOR MARCH 22 2017...

CLIMATE NORMAL PERIOD 1981 TO 2010
CLIMATE RECORD PERIOD 1949 TO 2017


WEATHER ITEM   OBSERVED TIME   RECORD YEAR NORMAL DEPARTURE LAST
                VALUE   (LST)  VALUE       VALUE  FROM      YEAR
                                                  NORMAL
..................................................................
TEMPERATURE (F)
 YESTERDAY
  MAXIMUM         31   1201 AM  70    2012  43    -12       44
  MINIMUM          5   1159 PM   0    1988  23    -18       22
  AVERAGE         18                        33    -15       33

PRECIPITATION (IN)
  YESTERDAY        0.00          0.74 1999   0.07  -0.07     0.08
  MONTH TO DATE    1.48                      1.62  -0.14     1.28
  SINCE MAR 1      1.48                      1.62  -0.14     1.28
  SINCE JAN 1      5.11                      6.50  -1.39     7.09

DEGREE DAYS
 HEATING
  YESTERDAY       47                        32     15       32
  MONTH TO DATE  902                       799    103      694
  SINCE MAR 1    902                       799    103      694
  SINCE JUL 1   5513                      6240   -727     5342

 COOLING
  YESTERDAY        0                         0      0        0
  MONTH TO DATE    0                         0      0        0
  SINCE MAR 1      0                         0      0        0
  SINCE JAN 1      0                         0      0        0
..................................................................


WIND (MPH)
  HIGHEST WIND SPEED    25   HIGHEST WIND DIRECTION     N (350)
  HIGHEST GUST SPEED    32   HIGHEST GUST DIRECTION     N (350)
  AVERAGE WIND SPEED    10.7


SKY COVER
  AVERAGE SKY COVER 0.3


WEATHER CONDITIONS
 THE FOLLOWING WEATHER WAS RECORDED YESTERDAY.
  NO SIGNIFICANT WEATHER WAS OBSERVED.


RELATIVE HUMIDITY (PERCENT)
 HIGHEST    91          1000 PM
 LOWEST     34           500 PM
 AVERAGE    63

..........................................................


THE WATERTOWN NY CLIMATE NORMALS FOR TODAY
                         NORMAL    RECORD    YEAR
 MAXIMUM TEMPERATURE (F)   43        73      1979
 MINIMUM TEMPERATURE (F)   24         1      1992


SUNRISE AND SUNSET
MARCH 23 2017.........SUNRISE   701 AM EDT   SUNSET   721 PM EDT
MARCH 24 2017.........SUNRISE   700 AM EDT   SUNSET   722 PM EDT


-  INDICATES NEGATIVE NUMBERS.
R  INDICATES RECORD WAS SET OR TIED.
MM INDICATES DATA IS MISSING.
T  INDICATES TRACE AMOUNT.




$$
