000
CDUS45 KGJT 100756
CLIASE


CLIMATE REPORT
NATIONAL WEATHER SERVICE GRAND JUNCTION CO
1254 AM MST WED FEB 10 2016


...................................

...THE ASPEN CO CLIMATE SUMMARY FOR FEBRUARY 9 2016...

CLIMATE NORMAL PERIOD 1981 TO 2010
CLIMATE RECORD PERIOD 9999 TO 9999


WEATHER ITEM   OBSERVED TIME   RECORD YEAR NORMAL DEPARTURE LAST
                VALUE   (LST)  VALUE       VALUE  FROM      YEAR
                                                  NORMAL
..................................................................
TEMPERATURE (F)
 YESTERDAY
  MAXIMUM         41    257 PM  MM      MM  34      7       56
  MINIMUM          8    747 AM  MM      MM   8      0       21
  AVERAGE         25                        21      4       39

PRECIPITATION (IN)
  YESTERDAY        0.00         MM      MM   0.05  -0.05     0.00
  MONTH TO DATE    0.47                      0.35   0.12     0.02
  SINCE DEC 1      2.88                      2.52   0.36     2.11
  SINCE JAN 1      1.92                      1.38   0.54     0.29

SNOWFALL (IN)
  YESTERDAY       MM            MM      MM  MM     MM       MM
  MONTH TO DATE   MM                        MM     MM       MM
  SINCE DEC 1     MM                        MM     MM       MM
  SINCE JUL 1     MM                        MM     MM       MM
  SNOW DEPTH      MM

DEGREE DAYS
 HEATING
  YESTERDAY       40                        44     -4       26
  MONTH TO DATE  441                       401     40      270
  SINCE DEC 1   3198                      3197      1     2792
  SINCE JUL 1   5073                      5523   -450     4778

 COOLING
  YESTERDAY        0                         0      0        0
  MONTH TO DATE    0                         0      0        0
  SINCE DEC 1      0                         0      0        0
  SINCE JAN 1      0                         0      0        0
..................................................................


WIND (MPH)
  HIGHEST WIND SPEED    12   HIGHEST WIND DIRECTION    SW (210)
  HIGHEST GUST SPEED    13   HIGHEST GUST DIRECTION    SW (220)
  AVERAGE WIND SPEED     5.7


SKY COVER
  POSSIBLE SUNSHINE  MM
  AVERAGE SKY COVER 0.0


WEATHER CONDITIONS
 THE FOLLOWING WEATHER WAS RECORDED YESTERDAY.
  NO SIGNIFICANT WEATHER WAS OBSERVED.


RELATIVE HUMIDITY (PERCENT)
 HIGHEST    84           200 AM
 LOWEST     38           300 PM
 AVERAGE    61

..........................................................


THE ASPEN CO CLIMATE NORMALS FOR TODAY
                         NORMAL    RECORD    YEAR
 MAXIMUM TEMPERATURE (F)   34        MM        MM
 MINIMUM TEMPERATURE (F)    8        MM        MM


SUNRISE AND SUNSET
FEBRUARY 10 2016......SUNRISE   706 AM MST   SUNSET   538 PM MST
FEBRUARY 11 2016......SUNRISE   704 AM MST   SUNSET   539 PM MST


-  INDICATES NEGATIVE NUMBERS.
R  INDICATES RECORD WAS SET OR TIED.
MM INDICATES DATA IS MISSING.
T  INDICATES TRACE AMOUNT.




$$
