000
CDUS45 KGJT 030730
CLIASE


CLIMATE REPORT
NATIONAL WEATHER SERVICE GRAND JUNCTION CO
126 AM MDT MON AUG 3 2015


...................................

...THE ASPEN CO CLIMATE SUMMARY FOR AUGUST 2 2015...

CLIMATE NORMAL PERIOD 1981 TO 2010
CLIMATE RECORD PERIOD 9999 TO 9999


WEATHER ITEM   OBSERVED TIME   RECORD YEAR NORMAL DEPARTURE LAST
                VALUE   (LST)  VALUE       VALUE  FROM      YEAR
                                                  NORMAL
..................................................................
TEMPERATURE (F)
 YESTERDAY
  MAXIMUM         77    119 PM  MM      MM  79     -2       79
  MINIMUM         55   1159 PM  MM      MM  47      8       43
  AVERAGE         66                        63      3       61

PRECIPITATION (IN)
  YESTERDAY        0.34         MM      MM   0.06   0.28     0.00
  MONTH TO DATE    0.34                      0.13   0.21     0.18
  SINCE JUN 1      5.30                      2.97   2.33     2.12
  SINCE JAN 1     12.61                      9.91   2.70     7.65

SNOWFALL (IN)
  YESTERDAY       MM            MM      MM  MM     MM       MM
  MONTH TO DATE   MM                        MM     MM       MM
  SINCE JUN 1     MM                        MM     MM       MM
  SINCE JUL 1     MM                        MM     MM       MM
  SNOW DEPTH      MM

DEGREE DAYS
 HEATING
  YESTERDAY        0                         2     -2        4
  MONTH TO DATE    0                         4     -4        9
  SINCE JUN 1    211                       304    -93      239
  SINCE JUL 1    104                        75     29       34

 COOLING
  YESTERDAY        1                         1      0        0
  MONTH TO DATE    3                         2      1        0
  SINCE JUN 1     55                        31     24       55
  SINCE JAN 1     55                        31     24       55
..................................................................


WIND (MPH)
  HIGHEST WIND SPEED    22   HIGHEST WIND DIRECTION    SE (140)
  HIGHEST GUST SPEED    30   HIGHEST GUST DIRECTION    SE (140)
  AVERAGE WIND SPEED     4.1


SKY COVER
  POSSIBLE SUNSHINE  MM
  AVERAGE SKY COVER 0.6


WEATHER CONDITIONS
 THE FOLLOWING WEATHER WAS RECORDED YESTERDAY.
  THUNDERSTORM
  LIGHT RAIN
  FOG


RELATIVE HUMIDITY (PERCENT)
 HIGHEST    93           600 PM
 LOWEST     33           100 PM
 AVERAGE    63

..........................................................


THE ASPEN CO CLIMATE NORMALS FOR TODAY
                         NORMAL    RECORD    YEAR
 MAXIMUM TEMPERATURE (F)   79        MM        MM
 MINIMUM TEMPERATURE (F)   47        MM        MM


SUNRISE AND SUNSET
AUGUST  3 2015........SUNRISE   609 AM MDT   SUNSET   817 PM MDT
AUGUST  4 2015........SUNRISE   610 AM MDT   SUNSET   816 PM MDT


-  INDICATES NEGATIVE NUMBERS.
R  INDICATES RECORD WAS SET OR TIED.
MM INDICATES DATA IS MISSING.
T  INDICATES TRACE AMOUNT.




$$
