000
CDUS46 KPQR 241146
CLIAST


CLIMATE REPORT
NATIONAL WEATHER SERVICE PORTLAND OREGON
445 AM PDT MON JUL 24 2017


...................................

...THE ASTORIA OR CLIMATE SUMMARY FOR JULY 23 2017...

CLIMATE NORMAL PERIOD 1981 TO 2010
CLIMATE RECORD PERIOD 1892 TO 2017


WEATHER ITEM   OBSERVED TIME   RECORD YEAR NORMAL DEPARTURE LAST
                VALUE   (LST)  VALUE       VALUE  FROM      YEAR
                                                  NORMAL
..................................................................
TEMPERATURE (F)
 YESTERDAY
  MAXIMUM         67    114 PM  91    1924  68     -1       68
  MINIMUM         56   1035 PM  44    1977  54      2       57
                                      1973
                                      1964
  AVERAGE         62                        61      1       63

PRECIPITATION (IN)
  YESTERDAY        0.00          0.82 2014   0.02  -0.02     0.01
  MONTH TO DATE    0.10                      0.83  -0.73     1.11
  SINCE OCT 1     93.54                     63.76  29.78    82.87
  SINCE JAN 1     49.67                     36.74  12.93    40.34

DEGREE DAYS
 HEATING
  YESTERDAY        3                         4     -1        2
  MONTH TO DATE  117                       116      1       52
  SINCE JUN 1    324                       358    -34      228
  SINCE JUL 1    117                       116      1       52

 COOLING
  YESTERDAY        0                         0      0        0
  MONTH TO DATE    3                         0      3        0
  SINCE JUN 1     13                         0     13        6
  SINCE JAN 1     15                         0     15        9
..................................................................


WIND (MPH)
  HIGHEST WIND SPEED    26   HIGHEST WIND DIRECTION    NW (310)
  HIGHEST GUST SPEED    31   HIGHEST GUST DIRECTION    NW (320)
  AVERAGE WIND SPEED    15.9


SKY COVER
  POSSIBLE SUNSHINE  MM
  AVERAGE SKY COVER 0.6


WEATHER CONDITIONS
 THE FOLLOWING WEATHER WAS RECORDED YESTERDAY.
  NO SIGNIFICANT WEATHER WAS OBSERVED.


RELATIVE HUMIDITY (PERCENT)
 HIGHEST    84          1200 AM
 LOWEST     58           100 PM
 AVERAGE    71

..........................................................


THE ASTORIA OR CLIMATE NORMALS FOR TODAY
                         NORMAL    RECORD    YEAR
 MAXIMUM TEMPERATURE (F)   68        91      1928
 MINIMUM TEMPERATURE (F)   54        44      2008
                                             1973


SUNRISE AND SUNSET
JULY 24 2017..........SUNRISE   549 AM PDT   SUNSET   855 PM PDT
JULY 25 2017..........SUNRISE   550 AM PDT   SUNSET   854 PM PDT


-  INDICATES NEGATIVE NUMBERS.
R  INDICATES RECORD WAS SET OR TIED.
MM INDICATES DATA IS MISSING.
T  INDICATES TRACE AMOUNT.




$$
