000
CDUS46 KPQR 251143
CLIAST


CLIMATE REPORT
NATIONAL WEATHER SERVICE PORTLAND OREGON
443 AM PDT MON SEP 25 2017


...................................

...THE ASTORIA OR CLIMATE SUMMARY FOR SEPTEMBER 24 2017...

CLIMATE NORMAL PERIOD 1981 TO 2010
CLIMATE RECORD PERIOD 1892 TO 2017


WEATHER ITEM   OBSERVED TIME   RECORD YEAR NORMAL DEPARTURE LAST
                VALUE   (LST)  VALUE       VALUE  FROM      YEAR
                                                  NORMAL
..................................................................
TEMPERATURE (F)
 YESTERDAY
  MAXIMUM         68    237 PM  85    1991  67      1       70
                                      1974
  MINIMUM         47    336 AM  36    1970  48     -1       48
  AVERAGE         58                        57      1       59

PRECIPITATION (IN)
  YESTERDAY        0.00          1.24 1924   0.08  -0.08      T
  MONTH TO DATE    2.58                      1.57   1.01     2.12
  SINCE OCT 1     96.51                     66.69  29.82    85.50
  SINCE JAN 1     52.64                     39.67  12.97    42.97

DEGREE DAYS
 HEATING
  YESTERDAY        7                         8     -1        6
  MONTH TO DATE  125                       148    -23      101
  SINCE SEP 1    125                       148    -23      101
  SINCE JUL 1    365                       429    -64      222

 COOLING
  YESTERDAY        0                         0      0        0
  MONTH TO DATE   18                         0     18        0
  SINCE SEP 1     18                         0     18        0
  SINCE JAN 1     51                         7     44       55
..................................................................


WIND (MPH)
  HIGHEST WIND SPEED    16   HIGHEST WIND DIRECTION    NW (310)
  HIGHEST GUST SPEED    19   HIGHEST GUST DIRECTION    NW (310)
  AVERAGE WIND SPEED     5.0


SKY COVER
  POSSIBLE SUNSHINE  MM
  AVERAGE SKY COVER 0.3


WEATHER CONDITIONS
 THE FOLLOWING WEATHER WAS RECORDED YESTERDAY.
  FOG


RELATIVE HUMIDITY (PERCENT)
 HIGHEST    96           800 AM
 LOWEST     58           300 PM
 AVERAGE    77

..........................................................


THE ASTORIA OR CLIMATE NORMALS FOR TODAY
                         NORMAL    RECORD    YEAR
 MAXIMUM TEMPERATURE (F)   66        81      1899
 MINIMUM TEMPERATURE (F)   48        38      1972


SUNRISE AND SUNSET
SEPTEMBER 25 2017.....SUNRISE   707 AM PDT   SUNSET   706 PM PDT
SEPTEMBER 26 2017.....SUNRISE   708 AM PDT   SUNSET   705 PM PDT


-  INDICATES NEGATIVE NUMBERS.
R  INDICATES RECORD WAS SET OR TIED.
MM INDICATES DATA IS MISSING.
T  INDICATES TRACE AMOUNT.




$$
