000
CDUS46 KPQR 271143
CLIAST


CLIMATE REPORT
NATIONAL WEATHER SERVICE PORTLAND OREGON
442 AM PDT WED MAY 27 2015


...................................

...THE ASTORIA OR CLIMATE SUMMARY FOR MAY 26 2015...

CLIMATE NORMAL PERIOD 1981 TO 2010
CLIMATE RECORD PERIOD 1892 TO 2015


WEATHER ITEM   OBSERVED TIME   RECORD YEAR NORMAL DEPARTURE LAST
                VALUE   (LST)  VALUE       VALUE  FROM      YEAR
                                                  NORMAL
..................................................................
TEMPERATURE (F)
 YESTERDAY
  MAXIMUM         65    314 PM  81    1947  62      3       63
  MINIMUM         51    338 AM  37    1998  47      4       47
                                      1973
  AVERAGE         58                        54      4       55

PRECIPITATION (IN)
  YESTERDAY        T             1.17 1895   0.10  -0.10     0.13
  MONTH TO DATE    1.29                      2.82  -1.53     5.36
  SINCE OCT 1     52.28                     59.88  -7.60    50.22
  SINCE JAN 1     26.66                     32.86  -6.20    38.06

DEGREE DAYS
 HEATING
  YESTERDAY        7                        11     -4       10
  MONTH TO DATE  272                       322    -50      216
  SINCE MAR 1   1202                      1389   -187     1169
  SINCE JUL 1   3742                      4731   -989     4598

 COOLING
  YESTERDAY        0                         0      0        0
  MONTH TO DATE    0                         0      0        8
  SINCE MAR 1      2                         0      2       11
  SINCE JAN 1      2                         0      2       11
..................................................................


WIND (MPH)
  HIGHEST WIND SPEED    13   HIGHEST WIND DIRECTION     W (280)
  HIGHEST GUST SPEED    15   HIGHEST GUST DIRECTION     W (280)
  AVERAGE WIND SPEED     5.3


SKY COVER
  POSSIBLE SUNSHINE  MM
  AVERAGE SKY COVER 0.7


WEATHER CONDITIONS
 THE FOLLOWING WEATHER WAS RECORDED YESTERDAY.
  FOG


RELATIVE HUMIDITY (PERCENT)
 HIGHEST    96          1200 AM
 LOWEST     63           100 PM
 AVERAGE    80

..........................................................


THE ASTORIA OR CLIMATE NORMALS FOR TODAY
                         NORMAL    RECORD    YEAR
 MAXIMUM TEMPERATURE (F)   62        80      2003
 MINIMUM TEMPERATURE (F)   48        37      1940


SUNRISE AND SUNSET
MAY 27 2015...........SUNRISE   531 AM PDT   SUNSET   855 PM PDT
MAY 28 2015...........SUNRISE   530 AM PDT   SUNSET   856 PM PDT


-  INDICATES NEGATIVE NUMBERS.
R  INDICATES RECORD WAS SET OR TIED.
MM INDICATES DATA IS MISSING.
T  INDICATES TRACE AMOUNT.




$$
