000
CDUS46 KPQR 271143
CLIAST


CLIMATE REPORT
NATIONAL WEATHER SERVICE PORTLAND OREGON
343 AM PST MON FEB 27 2017


...................................

...THE ASTORIA OR CLIMATE SUMMARY FOR FEBRUARY 26 2017...

CLIMATE NORMAL PERIOD 1981 TO 2010
CLIMATE RECORD PERIOD 1892 TO 2017


WEATHER ITEM   OBSERVED TIME   RECORD YEAR NORMAL DEPARTURE LAST
                VALUE   (LST)  VALUE       VALUE  FROM      YEAR
                                                  NORMAL
..................................................................
TEMPERATURE (F)
 YESTERDAY
  MAXIMUM         45    506 PM  71    1992  52     -7       53
  MINIMUM         32   1159 PM  19    1962  37     -5       38
  AVERAGE         39                        45     -6       46

PRECIPITATION (IN)
  YESTERDAY        0.58          1.89 1936   0.26   0.32     0.12
  MONTH TO DATE   11.82                      6.69   5.13     7.16
  SINCE OCT 1     61.50                     43.91  17.59    63.44
  SINCE JAN 1     17.63                     16.89   0.74    20.91

DEGREE DAYS
 HEATING
  YESTERDAY       26                        20      6       19
  MONTH TO DATE  566                       540     26      407
  SINCE DEC 1   2071                      1892    179     1571
  SINCE JUL 1   2934                      3305   -371     2571

 COOLING
  YESTERDAY        0                         0      0        0
  MONTH TO DATE    0                         0      0        0
  SINCE DEC 1      0                         0      0        0
  SINCE JAN 1      0                         0      0        0
..................................................................


WIND (MPH)
  HIGHEST WIND SPEED    20   HIGHEST WIND DIRECTION    SW (210)
  HIGHEST GUST SPEED    27   HIGHEST GUST DIRECTION    SW (210)
  AVERAGE WIND SPEED     5.9


SKY COVER
  POSSIBLE SUNSHINE  MM
  AVERAGE SKY COVER 0.6


WEATHER CONDITIONS
 THE FOLLOWING WEATHER WAS RECORDED YESTERDAY.
  RAIN
  LIGHT RAIN
  FOG


RELATIVE HUMIDITY (PERCENT)
 HIGHEST    92           800 AM
 LOWEST     62           500 PM
 AVERAGE    77

..........................................................


THE ASTORIA OR CLIMATE NORMALS FOR TODAY
                         NORMAL    RECORD    YEAR
 MAXIMUM TEMPERATURE (F)   52        71      1968
 MINIMUM TEMPERATURE (F)   37        21      1962


SUNRISE AND SUNSET
FEBRUARY 27 2017......SUNRISE   657 AM PST   SUNSET   600 PM PST
FEBRUARY 28 2017......SUNRISE   656 AM PST   SUNSET   601 PM PST


-  INDICATES NEGATIVE NUMBERS.
R  INDICATES RECORD WAS SET OR TIED.
MM INDICATES DATA IS MISSING.
T  INDICATES TRACE AMOUNT.




$$
