000
CDUS46 KPQR 161141
CLIAST


CLIMATE REPORT
NATIONAL WEATHER SERVICE PORTLAND OREGON
341 AM PST MON JAN 16 2017


...................................

...THE ASTORIA OR CLIMATE SUMMARY FOR JANUARY 15 2017...

CLIMATE NORMAL PERIOD 1981 TO 2010
CLIMATE RECORD PERIOD 1892 TO 2017


WEATHER ITEM   OBSERVED TIME   RECORD YEAR NORMAL DEPARTURE LAST
                VALUE   (LST)  VALUE       VALUE  FROM      YEAR
                                                  NORMAL
..................................................................
TEMPERATURE (F)
 YESTERDAY
  MAXIMUM         46    343 PM  61    1965  50     -4       53
  MINIMUM         29    749 AM  18    1907  38     -9       42
  AVERAGE         38                        44     -6       48

PRECIPITATION (IN)
  YESTERDAY        0.00          1.70 2011   0.34  -0.34     0.27
  MONTH TO DATE    1.78                      5.18  -3.40     3.27
  SINCE OCT 1     45.65                     32.20  13.45    45.80
  SINCE JAN 1      1.78                      5.18  -3.40     3.27

DEGREE DAYS
 HEATING
  YESTERDAY       27                        21      6       17
  MONTH TO DATE  432                       324    108      325
  SINCE DEC 1   1167                      1017    150      898
  SINCE JUL 1   2030                      2430   -400     1898

 COOLING
  YESTERDAY        0                         0      0        0
  MONTH TO DATE    0                         0      0        0
  SINCE DEC 1      0                         0      0        0
  SINCE JAN 1      0                         0      0        0
..................................................................


WIND (MPH)
  HIGHEST WIND SPEED    14   HIGHEST WIND DIRECTION     E (110)
  HIGHEST GUST SPEED    16   HIGHEST GUST DIRECTION    NE (60)
  AVERAGE WIND SPEED     5.8


SKY COVER
  POSSIBLE SUNSHINE  MM
  AVERAGE SKY COVER 0.0


WEATHER CONDITIONS
 THE FOLLOWING WEATHER WAS RECORDED YESTERDAY.
  NO SIGNIFICANT WEATHER WAS OBSERVED.


RELATIVE HUMIDITY (PERCENT)
 HIGHEST    78           100 AM
 LOWEST     42           300 PM
 AVERAGE    60

..........................................................


THE ASTORIA OR CLIMATE NORMALS FOR TODAY
                         NORMAL    RECORD    YEAR
 MAXIMUM TEMPERATURE (F)   50        61      1944
 MINIMUM TEMPERATURE (F)   38        20      1984


SUNRISE AND SUNSET
JANUARY 16 2017.......SUNRISE   753 AM PST   SUNSET   458 PM PST
JANUARY 17 2017.......SUNRISE   752 AM PST   SUNSET   500 PM PST


-  INDICATES NEGATIVE NUMBERS.
R  INDICATES RECORD WAS SET OR TIED.
MM INDICATES DATA IS MISSING.
T  INDICATES TRACE AMOUNT.




$$
