000
CDUS46 KPQR 190228
CLIAST


CLIMATE REPORT
NATIONAL WEATHER SERVICE PORTLAND OREGON
628 PM PST SAT NOV 18 2017


...................................

...THE ASTORIA OR CLIMATE SUMMARY FOR NOVEMBER 18 2017...
VALID TODAY AS OF 0600 PM LOCAL TIME.

CLIMATE NORMAL PERIOD 1981 TO 2010
CLIMATE RECORD PERIOD 1892 TO 2017


WEATHER ITEM   OBSERVED TIME   RECORD YEAR NORMAL DEPARTURE LAST
                VALUE   (LST)  VALUE       VALUE  FROM      YEAR
                                                  NORMAL
..................................................................
TEMPERATURE (F)
 TODAY
  MAXIMUM         53    155 PM  63    1925  53      0       54
  MINIMUM         40    622 AM  24    1994  40      0       44
  AVERAGE         47                        46      1       49

PRECIPITATION (IN)
  TODAY            0.01          2.75 1911   0.40  -0.39     0.09
  MONTH TO DATE    7.37                      6.34   1.03     6.70
  SINCE OCT 1     16.31                     12.32   3.99    23.02
  SINCE JAN 1     69.52                     52.56  16.96    66.00

DEGREE DAYS
 HEATING
  TODAY           18                        19     -1       16
  MONTH TO DATE  321                       306     15      171
  SINCE SEP 1    861                       892    -31      569
  SINCE JUL 1   1101                      1173    -72      690

 COOLING
  TODAY            0                         0      0        0
  MONTH TO DATE    0                         0      0        0
  SINCE SEP 1     22                         5     17        7
  SINCE JAN 1     55                        12     43       62
..................................................................


WIND (MPH)
  HIGHEST WIND SPEED     8   HIGHEST WIND DIRECTION    NW (300)
  HIGHEST GUST SPEED    12   HIGHEST GUST DIRECTION     W (280)
  AVERAGE WIND SPEED     4.1


SKY COVER
  POSSIBLE SUNSHINE  MM
  AVERAGE SKY COVER 0.4


WEATHER CONDITIONS
 THE FOLLOWING WEATHER WAS RECORDED TODAY.
  NO SIGNIFICANT WEATHER WAS OBSERVED.


RELATIVE HUMIDITY (PERCENT)
 HIGHEST   100           100 AM
 LOWEST     63           300 PM
 AVERAGE    82

..........................................................


THE ASTORIA OR CLIMATE NORMALS FOR TOMORROW
                         NORMAL    RECORD    YEAR
 MAXIMUM TEMPERATURE (F)   53        64      1987
 MINIMUM TEMPERATURE (F)   40        24      1977


SUNRISE AND SUNSET
NOVEMBER 18 2017......SUNRISE   721 AM PST   SUNSET   440 PM PST
NOVEMBER 19 2017......SUNRISE   722 AM PST   SUNSET   439 PM PST


-  INDICATES NEGATIVE NUMBERS.
R  INDICATES RECORD WAS SET OR TIED.
MM INDICATES DATA IS MISSING.
T  INDICATES TRACE AMOUNT.




$$
