312
CDUS46 KPQR 220228
CLIAST


CLIMATE REPORT
NATIONAL WEATHER SERVICE PORTLAND OREGON
628 PM PST SUN JAN 21 2018


...................................

...THE ASTORIA OR CLIMATE SUMMARY FOR JANUARY 21 2018...
VALID TODAY AS OF 0600 PM LOCAL TIME.

CLIMATE NORMAL PERIOD 1981 TO 2010
CLIMATE RECORD PERIOD 1892 TO 2018


WEATHER ITEM   OBSERVED TIME   RECORD YEAR NORMAL DEPARTURE LAST
                VALUE   (LST)  VALUE       VALUE  FROM      YEAR
                                                  NORMAL
..................................................................
TEMPERATURE (F)
 TODAY
  MAXIMUM         51    248 PM  61    1981  50      1       49
                                      1961
  MINIMUM         46    912 AM  14    1962  38      8       40
  AVERAGE         49                        44      5       45

PRECIPITATION (IN)
  TODAY            0.31          3.52 2016   0.32  -0.01     0.15
  MONTH TO DATE    6.54                      7.21  -0.67     5.56
  SINCE OCT 1     37.33                     34.23   3.10    49.43
  SINCE JAN 1      6.54                      7.21  -0.67     5.56

DEGREE DAYS
 HEATING
  TODAY           16                        21     -5       20
  MONTH TO DATE  354                       450    -96      538
  SINCE DEC 1   1048                      1143    -95     1273
  SINCE JUL 1   2340                      2556   -216     2136

 COOLING
  TODAY            0                         0      0        0
  MONTH TO DATE    0                         0      0        0
  SINCE DEC 1      0                         0      0        0
  SINCE JAN 1      0                         0      0        0
..................................................................


WIND (MPH)
  HIGHEST WIND SPEED    31   HIGHEST WIND DIRECTION    SW (210)
  HIGHEST GUST SPEED    46   HIGHEST GUST DIRECTION     S (190)
  AVERAGE WIND SPEED    14.7


SKY COVER
  POSSIBLE SUNSHINE  MM
  AVERAGE SKY COVER 0.7


WEATHER CONDITIONS
 THE FOLLOWING WEATHER WAS RECORDED TODAY.
  RAIN
  LIGHT RAIN
  FOG


RELATIVE HUMIDITY (PERCENT)
 HIGHEST    86           900 AM
 LOWEST     66           100 PM
 AVERAGE    76

..........................................................


THE ASTORIA OR CLIMATE NORMALS FOR TOMORROW
                         NORMAL    RECORD    YEAR
 MAXIMUM TEMPERATURE (F)   50        62      1981
 MINIMUM TEMPERATURE (F)   38        16      1943


SUNRISE AND SUNSET
JANUARY 21 2018.......SUNRISE   749 AM PST   SUNSET   505 PM PST
JANUARY 22 2018.......SUNRISE   749 AM PST   SUNSET   506 PM PST


-  INDICATES NEGATIVE NUMBERS.
R  INDICATES RECORD WAS SET OR TIED.
MM INDICATES DATA IS MISSING.
T  INDICATES TRACE AMOUNT.




$$
