000
CDUS42 KFFC 110919
CLIATL


CLIMATE REPORT
NATIONAL WEATHER SERVICE PEACHTREE CITY GA
418 AM EST THU FEB 11 2016


...................................

...THE ATLANTA CLIMATE SUMMARY FOR FEBRUARY 10 2016...

CLIMATE NORMAL PERIOD 1981 TO 2010
CLIMATE RECORD PERIOD 1878 TO 2016


WEATHER ITEM   OBSERVED TIME   RECORD YEAR NORMAL DEPARTURE LAST
                VALUE   (LST)  VALUE       VALUE  FROM      YEAR
                                                  NORMAL
..................................................................
TEMPERATURE (F)
 YESTERDAY
  MAXIMUM         39    459 PM  76    1954  56    -17       54
                                      1932
  MINIMUM         22    811 AM  11    1899  37    -15       38
  AVERAGE         31                        46    -15       46

PRECIPITATION (IN)
  YESTERDAY        T             3.65 1981   0.15  -0.15     0.00
  MONTH TO DATE    2.13                      1.65   0.48     1.27
  SINCE DEC 1     19.78                      9.75  10.03    11.14
  SINCE JAN 1      7.27                      5.85   1.42     5.63

SNOWFALL (IN)
  YESTERDAY        T   R         T    2010   0.0    0.0      0.0
  MONTH TO DATE    T                         0.1   -0.1      0.0
  SINCE DEC 1      0.3                       1.8   -1.5      0.0
  SINCE JUL 1      0.3                       1.8   -1.5      0.0
  SNOW DEPTH       0

DEGREE DAYS
 HEATING
  YESTERDAY       34                        19     15       19
  MONTH TO DATE  184                       196    -12      193
  SINCE DEC 1   1122                      1482   -360     1321
  SINCE JUL 1   1426                      1950   -524     1868

 COOLING
  YESTERDAY        0                         0      0        0
  MONTH TO DATE    0                         0      0        0
  SINCE DEC 1     22                         1     21        0
  SINCE JAN 1      0                         0      0        0
..................................................................


WIND (MPH)
  RESULTANT WIND SPEED  14   RESULTANT WIND DIRECTION  NW (300)
  HIGHEST WIND SPEED    25   HIGHEST WIND DIRECTION    NW (310)
  HIGHEST GUST SPEED    31   HIGHEST GUST DIRECTION    NW (310)
  AVERAGE WIND SPEED    13.7


SKY COVER
  AVERAGE SKY COVER 0.5


WEATHER CONDITIONS
 THE FOLLOWING WEATHER WAS RECORDED YESTERDAY.
  LIGHT SNOW


RELATIVE HUMIDITY (PERCENT)
 HIGHEST    63          1200 AM
 LOWEST     29           300 PM
 AVERAGE    46

..........................................................


THE ATLANTA CLIMATE NORMALS FOR TODAY
                         NORMAL    RECORD    YEAR
 MAXIMUM TEMPERATURE (F)   56        75      1932
 MINIMUM TEMPERATURE (F)   37         8      1885


SUNRISE AND SUNSET
FEBRUARY 11 2016......SUNRISE   726 AM EST   SUNSET   618 PM EST
FEBRUARY 12 2016......SUNRISE   725 AM EST   SUNSET   619 PM EST


-  INDICATES NEGATIVE NUMBERS.
R  INDICATES RECORD WAS SET OR TIED.
MM INDICATES DATA IS MISSING.
T  INDICATES TRACE AMOUNT.




$$
