000
CDUS42 KFFC 300818
CLIATL


CLIMATE REPORT
NATIONAL WEATHER SERVICE PEACHTREE CITY GA
417 AM EDT MON MAR 30 2015


...................................

...THE ATLANTA CLIMATE SUMMARY FOR MARCH 29 2015...

CLIMATE NORMAL PERIOD 1981 TO 2010
CLIMATE RECORD PERIOD 1878 TO 2015


WEATHER ITEM   OBSERVED TIME   RECORD YEAR NORMAL DEPARTURE LAST
                VALUE   (LST)  VALUE       VALUE  FROM      YEAR
                                                  NORMAL
..................................................................
TEMPERATURE (F)
 YESTERDAY
  MAXIMUM         62    438 PM  84    1989  68     -6       68
                                      1945
  MINIMUM         31    657 AM  25    1887  47    -16       47
  AVERAGE         47                        58    -11       58

PRECIPITATION (IN)
  YESTERDAY        0.00          7.36 1886   0.14  -0.14     0.07
  MONTH TO DATE    2.46                      4.53  -2.07     3.12
  SINCE MAR 1      2.46                      4.53  -2.07     3.12
  SINCE JAN 1     10.97                     13.40  -2.43    10.28

SNOWFALL (IN)
  YESTERDAY        0.0           0.0  2002   0.0    0.0      0.0
                                      2001
                                      2000
  MONTH TO DATE    0.0                       0.8   -0.8      0.0
  SINCE MAR 1      0.0                       0.8   -0.8      0.0
  SINCE JUL 1      T                         2.9   -2.9      5.0
  SNOW DEPTH       0

DEGREE DAYS
 HEATING
  YESTERDAY       18                         8     10        7
  MONTH TO DATE  230                       326    -96      365
  SINCE MAR 1    230                       326    -96      365
  SINCE JUL 1   2588                      2581      7     2768

 COOLING
  YESTERDAY        0                         1     -1        0
  MONTH TO DATE   15                         5     10        0
  SINCE MAR 1     15                         5     10        0
  SINCE JAN 1     15                         6      9        2
..................................................................


WIND (MPH)
  RESULTANT WIND SPEED   3   RESULTANT WIND DIRECTION   S (170)
  HIGHEST WIND SPEED    13   HIGHEST WIND DIRECTION     S (180)
  HIGHEST GUST SPEED    17   HIGHEST GUST DIRECTION     E (110)
  AVERAGE WIND SPEED     7.3


SKY COVER
  AVERAGE SKY COVER 0.3


WEATHER CONDITIONS
 THE FOLLOWING WEATHER WAS RECORDED YESTERDAY.
  NO SIGNIFICANT WEATHER WAS OBSERVED.


RELATIVE HUMIDITY (PERCENT)
 HIGHEST    58           700 AM
 LOWEST     19           200 PM
 AVERAGE    39

..........................................................


THE ATLANTA CLIMATE NORMALS FOR TODAY
                         NORMAL    RECORD    YEAR
 MAXIMUM TEMPERATURE (F)   69        84      1938
 MINIMUM TEMPERATURE (F)   47        23      1964


SUNRISE AND SUNSET
MARCH 30 2015.........SUNRISE   728 AM EDT   SUNSET   757 PM EDT
MARCH 31 2015.........SUNRISE   727 AM EDT   SUNSET   757 PM EDT


-  INDICATES NEGATIVE NUMBERS.
R  INDICATES RECORD WAS SET OR TIED.
MM INDICATES DATA IS MISSING.
T  INDICATES TRACE AMOUNT.




$$
