369
CDUS42 KFFC 030918
CLIATL


CLIMATE REPORT
NATIONAL WEATHER SERVICE PEACHTREE CITY GA
417 AM EST SAT DEC 3 2016


...................................

...THE ATLANTA CLIMATE SUMMARY FOR DECEMBER 2 2016...

CLIMATE NORMAL PERIOD 1981 TO 2010
CLIMATE RECORD PERIOD 1878 TO 2016


WEATHER ITEM   OBSERVED TIME   RECORD YEAR NORMAL DEPARTURE LAST
                VALUE   (LST)  VALUE       VALUE  FROM      YEAR
                                                  NORMAL
..................................................................
TEMPERATURE (F)
 YESTERDAY
  MAXIMUM         61    241 PM  74    1998  58      3       63
                                      1991
                                      1970
  MINIMUM         38    733 AM  21    1960  39     -1       47
                                      1944
  AVERAGE         50                        48      2       55

PRECIPITATION (IN)
  YESTERDAY        0.00          4.60 1905   0.14  -0.14     0.15
  MONTH TO DATE    0.00                      0.28  -0.28     0.15
  SINCE DEC 1      0.00                      0.28  -0.28     0.15
  SINCE JAN 1     35.69                     46.09 -10.40    56.02

SNOWFALL (IN)
  YESTERDAY        0.0           0.0  2001   0.0    0.0      0.0
  MONTH TO DATE    0.0                       0.0    0.0      0.0
  SINCE DEC 1      0.0                       0.0    0.0      0.0
  SINCE JUL 1      0.0                       0.0    0.0      0.0
  SNOW DEPTH       0

DEGREE DAYS
 HEATING
  YESTERDAY       15                        17     -2       10
  MONTH TO DATE   30                        33     -3       10
  SINCE DEC 1     30                        33     -3       10
  SINCE JUL 1    252                       501   -249      314

 COOLING
  YESTERDAY        0                         0      0        0
  MONTH TO DATE    0                         0      0        0
  SINCE DEC 1      0                         0      0        0
  SINCE JAN 1   2561                      1882    679     2128
..................................................................


WIND (MPH)
  RESULTANT WIND SPEED   9   RESULTANT WIND DIRECTION  NW (330)
  HIGHEST WIND SPEED    20   HIGHEST WIND DIRECTION     N (350)
  HIGHEST GUST SPEED    26   HIGHEST GUST DIRECTION     N (340)
  AVERAGE WIND SPEED     9.4


SKY COVER
  AVERAGE SKY COVER 0.3


WEATHER CONDITIONS
 THE FOLLOWING WEATHER WAS RECORDED YESTERDAY.
  NO SIGNIFICANT WEATHER WAS OBSERVED.


RELATIVE HUMIDITY (PERCENT)
 HIGHEST    76           300 AM
 LOWEST     25           200 PM
 AVERAGE    51

..........................................................


THE ATLANTA CLIMATE NORMALS FOR TODAY
                         NORMAL    RECORD    YEAR
 MAXIMUM TEMPERATURE (F)   57        74      2012
                                             1982
 MINIMUM TEMPERATURE (F)   39        14      1929


SUNRISE AND SUNSET
DECEMBER  3 2016......SUNRISE   726 AM EST   SUNSET   529 PM EST
DECEMBER  4 2016......SUNRISE   727 AM EST   SUNSET   529 PM EST


-  INDICATES NEGATIVE NUMBERS.
R  INDICATES RECORD WAS SET OR TIED.
MM INDICATES DATA IS MISSING.
T  INDICATES TRACE AMOUNT.




$$
