000
CDUS42 KFFC 310918
CLIATL


CLIMATE REPORT
NATIONAL WEATHER SERVICE PEACHTREE CITY GA
418 AM EST SAT JAN 31 2015


...................................

...THE ATLANTA CLIMATE SUMMARY FOR JANUARY 30 2015...

CLIMATE NORMAL PERIOD 1981 TO 2010
CLIMATE RECORD PERIOD 1878 TO 2015


WEATHER ITEM   OBSERVED TIME   RECORD YEAR NORMAL DEPARTURE LAST
                VALUE   (LST)  VALUE       VALUE  FROM      YEAR
                                                  NORMAL
..................................................................
TEMPERATURE (F)
 YESTERDAY
  MAXIMUM         56   1251 AM  76    2002  54      2       40
                                      1975
                                      1950
  MINIMUM         35   1159 PM  -3    1966  35      0       13
  AVERAGE         46                        44      2       27

PRECIPITATION (IN)
  YESTERDAY        0.00          1.87 1960   0.16  -0.16     0.00
  MONTH TO DATE    4.36                      4.04   0.32     3.35
  SINCE DEC 1      9.87                      7.94   1.93    11.15
  SINCE JAN 1      4.36                      4.04   0.32     3.35

SNOWFALL (IN)
  YESTERDAY        0.0           0.0  2002   0.1   -0.1      0.0
                                      2001
  MONTH TO DATE    0.0                       1.3   -1.3      2.6
  SINCE DEC 1      0.0                       1.7   -1.7      2.6
  SINCE JUL 1      0.0                       1.7   -1.7      3.0
  SNOW DEPTH       0

DEGREE DAYS
 HEATING
  YESTERDAY       19                        21     -2       38
  MONTH TO DATE  650                       652     -2      836
  SINCE DEC 1   1106                      1265   -159     1359
  SINCE JUL 1   1653                      1733    -80     1886

 COOLING
  YESTERDAY        0                         0      0        0
  MONTH TO DATE    0                         0      0        0
  SINCE DEC 1      0                         1     -1        7
  SINCE JAN 1      0                         0      0        0
..................................................................


WIND (MPH)
  RESULTANT WIND SPEED  16   RESULTANT WIND DIRECTION  NW (330)
  HIGHEST WIND SPEED    31   HIGHEST WIND DIRECTION     N (340)
  HIGHEST GUST SPEED    40   HIGHEST GUST DIRECTION     N (350)
  AVERAGE WIND SPEED    17.1


SKY COVER
  AVERAGE SKY COVER 0.5


WEATHER CONDITIONS
 THE FOLLOWING WEATHER WAS RECORDED YESTERDAY.
  NO SIGNIFICANT WEATHER WAS OBSERVED.


RELATIVE HUMIDITY (PERCENT)
 HIGHEST    65           300 AM
 LOWEST     29           400 PM
 AVERAGE    47

..........................................................


THE ATLANTA CLIMATE NORMALS FOR TODAY
                         NORMAL    RECORD    YEAR
 MAXIMUM TEMPERATURE (F)   54        78      2002
 MINIMUM TEMPERATURE (F)   35         5      1936


SUNRISE AND SUNSET
JANUARY 31 2015.......SUNRISE   735 AM EST   SUNSET   608 PM EST
FEBRUARY  1 2015......SUNRISE   734 AM EST   SUNSET   609 PM EST


-  INDICATES NEGATIVE NUMBERS.
R  INDICATES RECORD WAS SET OR TIED.
MM INDICATES DATA IS MISSING.
T  INDICATES TRACE AMOUNT.




$$
