000
CDUS42 KFFC 202039
CLIATL


CLIMATE REPORT
NATIONAL WEATHER SERVICE PEACHTREE CITY GA
439 PM EDT WED AUG 20 2014


...................................

...THE ATLANTA CLIMATE SUMMARY FOR AUGUST 20 2014...
VALID TODAY AS OF 0400 PM LOCAL TIME.

CLIMATE NORMAL PERIOD 1981 TO 2010
CLIMATE RECORD PERIOD 1878 TO 2014


WEATHER ITEM   OBSERVED TIME   RECORD YEAR NORMAL DEPARTURE LAST
                VALUE   (LST)  VALUE       VALUE  FROM      YEAR
                                                  NORMAL
..................................................................
TEMPERATURE (F)
 TODAY
  MAXIMUM         89   1230 PM 100    1925  88      1       84
  MINIMUM         73    314 PM  59    1927  71      2       72
  AVERAGE         81                        79      2       78

PRECIPITATION (IN)
  TODAY            0.55          3.26 1914   0.13   0.42      T
  MONTH TO DATE    5.00                      2.46   2.54     4.79
  SINCE JUN 1     14.70                     11.68   3.02    22.84
  SINCE JAN 1     33.17                     32.39   0.78    50.59

DEGREE DAYS
 HEATING
  TODAY            0                         0      0        0
  MONTH TO DATE    0                         0      0        1
  SINCE JUN 1      0                         2     -2        1
  SINCE JUL 1      0                         0      0        1

 COOLING
  TODAY           16                        14      2       13
  MONTH TO DATE  275                       297    -22      250
  SINCE JUN 1   1089                      1139    -50     1029
  SINCE JAN 1   1372                      1389    -17     1237
..................................................................


WIND (MPH)
  HIGHEST WIND SPEED    33   HIGHEST WIND DIRECTION    SW (240)
  HIGHEST GUST SPEED    49   HIGHEST GUST DIRECTION    SW (240)
  AVERAGE WIND SPEED     6.8


SKY COVER
  POSSIBLE SUNSHINE  MM
  AVERAGE SKY COVER 0.7


WEATHER CONDITIONS
 THE FOLLOWING WEATHER WAS RECORDED TODAY.
  THUNDERSTORM
  RAIN
  LIGHT RAIN
  FOG


RELATIVE HUMIDITY (PERCENT)
 HIGHEST    93           100 AM
 LOWEST     63          1200 PM
 AVERAGE    78

..........................................................


THE ATLANTA CLIMATE NORMALS FOR TOMORROW
                         NORMAL    RECORD    YEAR
 MAXIMUM TEMPERATURE (F)   88       101      1983
 MINIMUM TEMPERATURE (F)   71        57      1927


SUNRISE AND SUNSET
AUGUST 20 2014........SUNRISE   703 AM EDT   SUNSET   818 PM EDT
AUGUST 21 2014........SUNRISE   704 AM EDT   SUNSET   817 PM EDT


-  INDICATES NEGATIVE NUMBERS.
R  INDICATES RECORD WAS SET OR TIED.
MM INDICATES DATA IS MISSING.
T  INDICATES TRACE AMOUNT.




$$
