000
CDUS42 KFFC 270023
CLIATL


CLIMATE REPORT
NATIONAL WEATHER SERVICE PEACHTREE CITY GA
823 PM EDT MON JUN 26 2017


...................................

...THE ATLANTA CLIMATE SUMMARY FOR JUNE 26 2017...
VALID AS OF 0800 PM LOCAL TIME.

CLIMATE NORMAL PERIOD 1981 TO 2010
CLIMATE RECORD PERIOD 1878 TO 2017


WEATHER ITEM   OBSERVED TIME   RECORD YEAR NORMAL DEPARTURE LAST
                VALUE   (LST)  VALUE       VALUE  FROM      YEAR
                                                  NORMAL
..................................................................
TEMPERATURE (F)
 TODAY
  MAXIMUM         86    426 PM 100    1914  88     -2       89
  MINIMUM         63    552 AM  56    1974  70     -7       72
  AVERAGE         75                        79     -4       81

PRECIPITATION (IN)
  TODAY            0.00          1.02 1991   0.16  -0.16     0.28
                                      1933
  MONTH TO DATE    6.14                      3.31   2.83     2.70
  SINCE JUN 1      6.14                      3.31   2.83     2.70
  SINCE JAN 1     29.22                     24.02   5.20    21.84

SNOWFALL (IN)
  TODAY            0.0           0.0  2002   0.0    0.0      0.0
                                      2001
  MONTH TO DATE    0.0                       0.0    0.0      0.0
  SINCE JUN 1      0.0                       0.0    0.0      0.0
  SINCE JUL 1      T                         2.9   -2.9      0.3
  SNOW DEPTH       0

DEGREE DAYS
 HEATING
  TODAY            0                         0      0        0
  MONTH TO DATE    0                         0      0        0
  SINCE JUN 1      0                         0      0        0
  SINCE JUL 1   1690                      2766  -1076     1999

 COOLING
  TODAY           10                        14     -4       16
  MONTH TO DATE  309                       312     -3      419
  SINCE JUN 1    309                       312     -3      419
  SINCE JAN 1    717                       562    155      748
..................................................................


WIND (MPH)
  RESULTANT WIND SPEED   7   RESULTANT WIND DIRECTION   N (360)
  HIGHEST WIND SPEED    16   HIGHEST WIND DIRECTION     N (350)
  HIGHEST GUST SPEED    22   HIGHEST GUST DIRECTION    NE (60)
  AVERAGE WIND SPEED     8.2


SKY COVER
  AVERAGE SKY COVER 0.4


WEATHER CONDITIONS
 THE FOLLOWING WEATHER WAS RECORDED TODAY.
  NO SIGNIFICANT WEATHER WAS OBSERVED.


RELATIVE HUMIDITY (PERCENT)
 HIGHEST    93           200 AM
 LOWEST     29           400 PM

..........................................................


THE ATLANTA CLIMATE NORMALS FOR TOMORROW
                         NORMAL    RECORD    YEAR
 MAXIMUM TEMPERATURE (F)   88       100      1954
                                             1952
 MINIMUM TEMPERATURE (F)   70        58      1974


SUNRISE AND SUNSET
JUNE 26 2017..........SUNRISE   629 AM EDT   SUNSET   852 PM EDT
JUNE 27 2017..........SUNRISE   630 AM EDT   SUNSET   852 PM EDT


-  INDICATES NEGATIVE NUMBERS.
R  INDICATES RECORD WAS SET OR TIED.
MM INDICATES DATA IS MISSING.
T  INDICATES TRACE AMOUNT.




$$
