000
CDUS42 KFFC 260833
CLIATL


CLIMATE REPORT
NATIONAL WEATHER SERVICE PEACHTREE CITY GA
433 AM EDT MON SEP 26 2016


...................................

...THE ATLANTA CLIMATE SUMMARY FOR SEPTEMBER 25 2016...

CLIMATE NORMAL PERIOD 1981 TO 2010
CLIMATE RECORD PERIOD 1878 TO 2016


WEATHER ITEM   OBSERVED TIME   RECORD YEAR NORMAL DEPARTURE LAST
                VALUE   (LST)  VALUE       VALUE  FROM      YEAR
                                                  NORMAL
..................................................................
TEMPERATURE (F)
 YESTERDAY
  MAXIMUM         92    354 PM  93    2010  79     13       67
  MINIMUM         70    706 AM  45    1887  62      8       62
  AVERAGE         81                        70     11       65

PRECIPITATION (IN)
  YESTERDAY        0.00          5.30 1956   0.15  -0.15     0.28
  MONTH TO DATE    3.37                      3.68  -0.31     2.43
  SINCE SEP 1      3.37                      3.68  -0.31     2.43
  SINCE JAN 1     32.49                     37.51  -5.02    43.84

DEGREE DAYS
 HEATING
  YESTERDAY        0                         1     -1        0
  MONTH TO DATE    0                         5     -5        1
  SINCE SEP 1      0                         5     -5        1
  SINCE JUL 1      0                         5     -5        1

 COOLING
  YESTERDAY       16                         6     10        0
  MONTH TO DATE  375                       239    136      232
  SINCE SEP 1    375                       239    136      232
  SINCE JAN 1   2325                      1778    547     2024
..................................................................


WIND (MPH)
  RESULTANT WIND SPEED   3   RESULTANT WIND DIRECTION  SE (130)
  HIGHEST WIND SPEED    12   HIGHEST WIND DIRECTION     E (110)
  HIGHEST GUST SPEED    17   HIGHEST GUST DIRECTION    SE (120)
  AVERAGE WIND SPEED     4.1


SKY COVER
  AVERAGE SKY COVER 0.4


WEATHER CONDITIONS
 THE FOLLOWING WEATHER WAS RECORDED YESTERDAY.
  NO SIGNIFICANT WEATHER WAS OBSERVED.


RELATIVE HUMIDITY (PERCENT)
 HIGHEST    90           700 AM
 LOWEST     34           200 PM
 AVERAGE    62

..........................................................


THE ATLANTA CLIMATE NORMALS FOR TODAY
                         NORMAL    RECORD    YEAR
 MAXIMUM TEMPERATURE (F)   79        90      1986
                                             1911
 MINIMUM TEMPERATURE (F)   61        43      2001


SUNRISE AND SUNSET
SEPTEMBER 26 2016.....SUNRISE   729 AM EDT   SUNSET   728 PM EDT
SEPTEMBER 27 2016.....SUNRISE   730 AM EDT   SUNSET   727 PM EDT


-  INDICATES NEGATIVE NUMBERS.
R  INDICATES RECORD WAS SET OR TIED.
MM INDICATES DATA IS MISSING.
T  INDICATES TRACE AMOUNT.




$$
