000
CDUS44 KEWX 242253
CLIATT


CLIMATE REPORT
NATIONAL WEATHER SERVICE AUSTIN/SAN ANTONIO, TX
552 PM CDT WED AUG 24 2016


...................................

...THE AUSTIN CAMP MABRY CLIMATE SUMMARY FOR AUGUST 24 2016...
VALID TODAY AS OF 552 PM LOCAL TIME.

CLIMATE NORMAL PERIOD 1981 TO 2010
CLIMATE RECORD PERIOD 1897 TO 2016


WEATHER ITEM   OBSERVED TIME   RECORD YEAR NORMAL DEPARTURE LAST
                VALUE   (LST)  VALUE       VALUE  FROM      YEAR
                                                  NORMAL
..................................................................
TEMPERATURE (F)
 TODAY
  MAXIMUM         93    351 PM 107    2010  96     -3      101
  MINIMUM         76    149 AM  64    1966  74      2       76
                                      1961
  AVERAGE         85                        85      0       89

PRECIPITATION (IN)
  TODAY            0.00          3.02 1937   0.09  -0.09     0.00
  MONTH TO DATE    6.58                      1.65   4.93     0.35
  SINCE JUN 1     11.13                      7.86   3.27     9.24
  SINCE JAN 1     30.59                     21.39   9.20    39.49

SNOWFALL (IN)
  TODAY            0.0
  MONTH TO DATE    0.0
  SINCE JUN 1      0.0
  SINCE JUL 1      0.0
  SNOW DEPTH       0

DEGREE DAYS
 HEATING
  TODAY            0                         0      0        0
  MONTH TO DATE    0                         0      0        0
  SINCE JUN 1      0                         0      0        0
  SINCE JUL 1      0                         0      0        0

 COOLING
  TODAY           20                        20      0       24
  MONTH TO DATE  482                       503    -21      557
  SINCE JUN 1   1752                      1639    113     1693
  SINCE JAN 1   2367                      2252    115     2294
..................................................................


WIND (MPH)
  HIGHEST WIND SPEED    13   HIGHEST WIND DIRECTION     S (160)
  HIGHEST GUST SPEED    21   HIGHEST GUST DIRECTION    SE (140)
  AVERAGE WIND SPEED     5.8


SKY COVER
  AVERAGE SKY COVER 0.6


WEATHER CONDITIONS
 THE FOLLOWING WEATHER WAS RECORDED TODAY.
  HAZE


RELATIVE HUMIDITY (PERCENT)
 HIGHEST    94           300 AM
 LOWEST     49           300 PM
 AVERAGE    72

..........................................................


THE AUSTIN CAMP MABRY CLIMATE NORMALS FOR TOMORROW
                         NORMAL    RECORD    YEAR
 MAXIMUM TEMPERATURE (F)   96       105      1924
 MINIMUM TEMPERATURE (F)   74        63      1966


SUNRISE AND SUNSET
AUGUST 24 2016........SUNRISE   703 AM CDT   SUNSET   802 PM CDT
AUGUST 25 2016........SUNRISE   704 AM CDT   SUNSET   801 PM CDT


-  INDICATES NEGATIVE NUMBERS.
R  INDICATES RECORD WAS SET OR TIED.
MM INDICATES DATA IS MISSING.
T  INDICATES TRACE AMOUNT.




$$
