000
CDUS44 KEWX 282255
CLIATT


CLIMATE REPORT
NATIONAL WEATHER SERVICE AUSTIN/SAN ANTONIO, TX
554 PM CDT FRI APR 28 2017


...................................

...THE AUSTIN CAMP MABRY CLIMATE SUMMARY FOR APRIL 28 2017...
VALID TODAY AS OF 550 PM LOCAL TIME.

CLIMATE NORMAL PERIOD 1981 TO 2010
CLIMATE RECORD PERIOD 1897 TO 2017


WEATHER ITEM   OBSERVED TIME   RECORD YEAR NORMAL DEPARTURE LAST
                VALUE   (LST)  VALUE       VALUE  FROM      YEAR
                                                  NORMAL
..................................................................
TEMPERATURE (F)
 TODAY
  MAXIMUM         95R   409 PM  94    1955  83     12       87
  MINIMUM         70   1215 AM  47    2008  62      8       63
                                      1928
  AVERAGE         83                        72     11       75

PRECIPITATION (IN)
  TODAY            0.00          3.00 1975   0.08  -0.08      T
  MONTH TO DATE    1.16                      1.90  -0.74     6.20
  SINCE MAR 1      3.64                      4.66  -1.02     9.71
  SINCE JAN 1      9.86                      8.90   0.96    11.39

SNOWFALL (IN)
  TODAY            0.0
  MONTH TO DATE    0.0
  SINCE MAR 1      0.0
  SINCE JUL 1      0.0
  SNOW DEPTH       0

DEGREE DAYS
 HEATING
  TODAY            0                         0      0        0
  MONTH TO DATE    3                        37    -34       14
  SINCE MAR 1     56                       199   -143       83
  SINCE JUL 1    834                      1536   -702     1080

 COOLING
  TODAY           18                         8     10       10
  MONTH TO DATE  200                       149     51      147
  SINCE MAR 1    372                       210    162      257
  SINCE JAN 1    489                       237    252      296
..................................................................


WIND (MPH)
  HIGHEST WIND SPEED    15   HIGHEST WIND DIRECTION     S (170)
  HIGHEST GUST SPEED    24   HIGHEST GUST DIRECTION     S (200)
  AVERAGE WIND SPEED     7.1


SKY COVER
  AVERAGE SKY COVER 0.7


WEATHER CONDITIONS
 THE FOLLOWING WEATHER WAS RECORDED TODAY.
  NO SIGNIFICANT WEATHER WAS OBSERVED.


RELATIVE HUMIDITY (PERCENT)
 HIGHEST    84           400 AM
 LOWEST     43           300 PM
 AVERAGE    64

..........................................................


THE AUSTIN CAMP MABRY CLIMATE NORMALS FOR TOMORROW
                         NORMAL    RECORD    YEAR
 MAXIMUM TEMPERATURE (F)   83        95      1937
 MINIMUM TEMPERATURE (F)   62        42      1903


SUNRISE AND SUNSET
APRIL 28 2017.........SUNRISE   650 AM CDT   SUNSET   807 PM CDT
APRIL 29 2017.........SUNRISE   649 AM CDT   SUNSET   808 PM CDT


-  INDICATES NEGATIVE NUMBERS.
R  INDICATES RECORD WAS SET OR TIED.
MM INDICATES DATA IS MISSING.
T  INDICATES TRACE AMOUNT.




$$
