529
CDUS43 KABR 071004
CLIATY


CLIMATE REPORT
NATIONAL WEATHER SERVICE ABERDEEN SD
404 AM CST WED DEC 7 2016


...................................

...THE WATERTOWN SD CLIMATE SUMMARY FOR DECEMBER 6 2016...

CLIMATE NORMAL PERIOD 1981 TO 2010
CLIMATE RECORD PERIOD 1898 TO 2016


WEATHER ITEM   OBSERVED TIME   RECORD YEAR NORMAL DEPARTURE LAST
                VALUE   (LST)  VALUE       VALUE  FROM      YEAR
                                                  NORMAL
..................................................................
TEMPERATURE (F)
 YESTERDAY
  MAXIMUM         18   1201 AM  69    1939  28    -10       39
  MINIMUM          8   1159 PM -25    1972  10     -2       15
  AVERAGE         13                        19     -6       27

PRECIPITATION (IN)
  YESTERDAY       MM             0.17 1935   0.01  MM        0.00
  MONTH TO DATE    0.02                      0.11  -0.09     0.09
  SINCE DEC 1      0.02                      0.11  -0.09     0.09
  SINCE JAN 1     22.18                     21.66   0.52    21.19

SNOWFALL (IN)
  YESTERDAY       MM
  MONTH TO DATE    T
  SINCE OCT 1      4.1
  SINCE JUL 1      4.1
  SNOW DEPTH       0

DEGREE DAYS
 HEATING
  YESTERDAY       52                        46      6       38
  MONTH TO DATE  236                       270    -34      235
  SINCE DEC 1    236                       270    -34      235
  SINCE JUL 1   1607                      2210   -603     1594

 COOLING
  YESTERDAY        0                         0      0        0
  MONTH TO DATE    0                         0      0        0
  SINCE DEC 1      0                         0      0        0
  SINCE JAN 1    721                       515    206      588
..................................................................


WIND (MPH)
  HIGHEST WIND SPEED    36   HIGHEST WIND DIRECTION     W (280)
  HIGHEST GUST SPEED    45   HIGHEST GUST DIRECTION     W (280)
  AVERAGE WIND SPEED    26.3


SKY COVER
  POSSIBLE SUNSHINE  MM
  AVERAGE SKY COVER 1.0


WEATHER CONDITIONS
 THE FOLLOWING WEATHER WAS RECORDED YESTERDAY.
  LIGHT SNOW
  FOG
  HAZE


RELATIVE HUMIDITY (PERCENT)
 HIGHEST    84           700 AM
 LOWEST     73           200 AM
 AVERAGE    79

..........................................................


THE WATERTOWN SD CLIMATE NORMALS FOR TODAY
                         NORMAL    RECORD    YEAR
 MAXIMUM TEMPERATURE (F)   27        56      1918
 MINIMUM TEMPERATURE (F)   10       -23      2013


SUNRISE AND SUNSET
DECEMBER  7 2016......SUNRISE   753 AM CST   SUNSET   447 PM CST
DECEMBER  8 2016......SUNRISE   754 AM CST   SUNSET   447 PM CST


-  INDICATES NEGATIVE NUMBERS.
R  INDICATES RECORD WAS SET OR TIED.
MM INDICATES DATA IS MISSING.
T  INDICATES TRACE AMOUNT.




$$
