000
CDUS43 KABR 271124
CLIATY


CLIMATE REPORT
NATIONAL WEATHER SERVICE ABERDEEN SD
624 AM CDT FRI MAR 27 2015


...................................

...THE WATERTOWN SD CLIMATE SUMMARY FOR MARCH 26 2015...

CLIMATE NORMAL PERIOD 1981 TO 2010
CLIMATE RECORD PERIOD 1898 TO 2015


WEATHER ITEM   OBSERVED TIME   RECORD YEAR NORMAL DEPARTURE LAST
                VALUE   (LST)  VALUE       VALUE  FROM      YEAR
                                                  NORMAL
..................................................................
TEMPERATURE (F)
 YESTERDAY
  MAXIMUM         37    329 PM  73    1918  44     -7       56
                                      1905
  MINIMUM         17   1139 PM  -6    1964  24     -7       18
  AVERAGE         27                        34     -7       37

PRECIPITATION (IN)
  YESTERDAY        0.00          1.40 1921   0.04  -0.04     0.00
  MONTH TO DATE    0.27                      0.88  -0.61     0.53
  SINCE MAR 1      0.27                      0.88  -0.61     0.53
  SINCE JAN 1      0.92                      1.96  -1.04     0.96

SNOWFALL (IN)
  YESTERDAY        0.0
  MONTH TO DATE    6.5
  SINCE OCT 1     27.4
  SINCE JUL 1     27.4
  SNOW DEPTH       0

DEGREE DAYS
 HEATING
  YESTERDAY       38                        31      7       28
  MONTH TO DATE  845                       955   -110     1083
  SINCE MAR 1    845                       955   -110     1083
  SINCE JUL 1   7237                      7366   -129     8049

 COOLING
  YESTERDAY        0                         0      0        0
  MONTH TO DATE    0                         0      0        0
  SINCE MAR 1      0                         0      0        0
  SINCE JAN 1      0                         0      0        0
..................................................................


WIND (MPH)
  HIGHEST WIND SPEED    22   HIGHEST WIND DIRECTION     N (10)
  HIGHEST GUST SPEED    28   HIGHEST GUST DIRECTION     N (20)
  AVERAGE WIND SPEED    11.3


SKY COVER
  POSSIBLE SUNSHINE  MM
  AVERAGE SKY COVER 0.5


WEATHER CONDITIONS
 THE FOLLOWING WEATHER WAS RECORDED YESTERDAY.
  NO SIGNIFICANT WEATHER WAS OBSERVED.


RELATIVE HUMIDITY (PERCENT)
 HIGHEST    85           800 AM
 LOWEST     44           400 PM
 AVERAGE    65

..........................................................


THE WATERTOWN SD CLIMATE NORMALS FOR TODAY
                         NORMAL    RECORD    YEAR
 MAXIMUM TEMPERATURE (F)   44        76      1946
 MINIMUM TEMPERATURE (F)   24        -4      1913


SUNRISE AND SUNSET
MARCH 27 2015.........SUNRISE   719 AM CDT   SUNSET   750 PM CDT
MARCH 28 2015.........SUNRISE   717 AM CDT   SUNSET   751 PM CDT


-  INDICATES NEGATIVE NUMBERS.
R  INDICATES RECORD WAS SET OR TIED.
MM INDICATES DATA IS MISSING.
T  INDICATES TRACE AMOUNT.




$$
