000
CDUS43 KABR 221035
CLIATY


CLIMATE REPORT
NATIONAL WEATHER SERVICE ABERDEEN SD
535 AM CDT MON MAY 22 2017


...................................

...THE WATERTOWN SD CLIMATE SUMMARY FOR MAY 21 2017...

CLIMATE NORMAL PERIOD 1981 TO 2010
CLIMATE RECORD PERIOD 1898 TO 2017


WEATHER ITEM   OBSERVED TIME   RECORD YEAR NORMAL DEPARTURE LAST
                VALUE   (LST)  VALUE       VALUE  FROM      YEAR
                                                  NORMAL
..................................................................
TEMPERATURE (F)
 YESTERDAY
  MAXIMUM         56    348 PM  92    1964  69    -13       77
  MINIMUM         36    436 AM  28    1928  47    -11       47
  AVERAGE         46                        58    -12       62

PRECIPITATION (IN)
  YESTERDAY        T             1.70 1909   0.08  -0.08     0.00
  MONTH TO DATE    1.94                      1.71   0.23     0.74
  SINCE MAR 1      4.01                      4.84  -0.83     3.26
  SINCE JAN 1      4.79                      5.92  -1.13     4.29

DEGREE DAYS
 HEATING
  YESTERDAY       19                         8     11        3
  MONTH TO DATE  206                       229    -23      209
  SINCE MAR 1   1913                      1969    -56     1560
  SINCE JUL 1   7514                      8380   -866     6879

 COOLING
  YESTERDAY        0                         1     -1        0
  MONTH TO DATE   11                        10      1        8
  SINCE MAR 1     11                        12     -1        8
  SINCE JAN 1     11                        12     -1        8
..................................................................


WIND (MPH)
  HIGHEST WIND SPEED    26   HIGHEST WIND DIRECTION    NW (320)
  HIGHEST GUST SPEED    33   HIGHEST GUST DIRECTION    NW (300)
  AVERAGE WIND SPEED    14.2


SKY COVER
  POSSIBLE SUNSHINE  MM
  AVERAGE SKY COVER 0.7


WEATHER CONDITIONS
 THE FOLLOWING WEATHER WAS RECORDED YESTERDAY.
  LIGHT RAIN
  FOG


RELATIVE HUMIDITY (PERCENT)
 HIGHEST   100           100 AM
 LOWEST     55           400 PM
 AVERAGE    78

..........................................................


THE WATERTOWN SD CLIMATE NORMALS FOR TODAY
                         NORMAL    RECORD    YEAR
 MAXIMUM TEMPERATURE (F)   69        92      1964
 MINIMUM TEMPERATURE (F)   47        22      1931


SUNRISE AND SUNSET
MAY 22 2017...........SUNRISE   552 AM CDT   SUNSET   859 PM CDT
MAY 23 2017...........SUNRISE   552 AM CDT   SUNSET   900 PM CDT


-  INDICATES NEGATIVE NUMBERS.
R  INDICATES RECORD WAS SET OR TIED.
MM INDICATES DATA IS MISSING.
T  INDICATES TRACE AMOUNT.




$$
