000
CDUS43 KABR 231027
CLIATY


CLIMATE REPORT
NATIONAL WEATHER SERVICE ABERDEEN SD
527 AM CDT WED APR 23 2014


...................................

...THE WATERTOWN SD CLIMATE SUMMARY FOR APRIL 22 2014...

CLIMATE NORMAL PERIOD 1981 TO 2010
CLIMATE RECORD PERIOD 1898 TO 2014


WEATHER ITEM   OBSERVED TIME   RECORD YEAR NORMAL DEPARTURE LAST
                VALUE   (LST)  VALUE       VALUE  FROM      YEAR
                                                  NORMAL
..................................................................
TEMPERATURE (F)
 YESTERDAY
  MAXIMUM         65    235 PM  87    1990  59      6       30
  MINIMUM         28    155 AM  18    1956  35     -7       25
  AVERAGE         47                        47      0       28

PRECIPITATION (IN)
  YESTERDAY        0.00          1.32 2001   0.07  -0.07     0.13
  MONTH TO DATE    0.05                      1.37  -1.32     2.25
  SINCE MAR 1      1.02                      2.48  -1.46     3.46
  SINCE JAN 1      1.45                      3.56  -2.11     4.68

SNOWFALL (IN)
  YESTERDAY        0.0
  MONTH TO DATE    4.0
  SINCE OCT 1     28.2
  SINCE JUL 1     28.2
  SNOW DEPTH       0

DEGREE DAYS
 HEATING
  YESTERDAY       18                        18      0       37
  MONTH TO DATE  566                       506     60      765
  SINCE MAR 1   1815                      1610    205     2143
  SINCE JUL 1   8781                      8021    760     8506

 COOLING
  YESTERDAY        0                         0      0        0
  MONTH TO DATE    0                         0      0        0
  SINCE MAR 1      0                         0      0        0
  SINCE JAN 1      0                         0      0        0
..................................................................


WIND (MPH)
  HIGHEST WIND SPEED    18   HIGHEST WIND DIRECTION    SE (120)
  HIGHEST GUST SPEED    30   HIGHEST GUST DIRECTION    SE (150)
  AVERAGE WIND SPEED     7.5


SKY COVER
  POSSIBLE SUNSHINE  MM
  AVERAGE SKY COVER 0.2


WEATHER CONDITIONS
 THE FOLLOWING WEATHER WAS RECORDED YESTERDAY.
  NO SIGNIFICANT WEATHER WAS OBSERVED.


RELATIVE HUMIDITY (PERCENT)
 HIGHEST    92           200 AM
 LOWEST     30           100 PM
 AVERAGE    61

..........................................................


THE WATERTOWN SD CLIMATE NORMALS FOR TODAY
                         NORMAL    RECORD    YEAR
 MAXIMUM TEMPERATURE (F)   60        89      1939
 MINIMUM TEMPERATURE (F)   35        11      2013


SUNRISE AND SUNSET
APRIL 23 2014.........SUNRISE   631 AM CDT   SUNSET   824 PM CDT
APRIL 24 2014.........SUNRISE   629 AM CDT   SUNSET   825 PM CDT


-  INDICATES NEGATIVE NUMBERS.
R  INDICATES RECORD WAS SET OR TIED.
MM INDICATES DATA IS MISSING.
T  INDICATES TRACE AMOUNT.




$$
