000
CDUS43 KABR 071004
CLIATY


CLIMATE REPORT
NATIONAL WEATHER SERVICE ABERDEEN SD
403 AM CST SUN FEB 7 2016


...................................

...THE WATERTOWN SD CLIMATE SUMMARY FOR FEBRUARY 6 2016...

CLIMATE NORMAL PERIOD 1981 TO 2010
CLIMATE RECORD PERIOD 1898 TO 2016


WEATHER ITEM   OBSERVED TIME   RECORD YEAR NORMAL DEPARTURE LAST
                VALUE   (LST)  VALUE       VALUE  FROM      YEAR
                                                  NORMAL
..................................................................
TEMPERATURE (F)
 YESTERDAY
  MAXIMUM         39    957 PM  53    1987  25     14       40
  MINIMUM         12    111 AM -26    1899   5      7       18
  AVERAGE         26                        15     11       29

PRECIPITATION (IN)
  YESTERDAY        T             0.30 1928   0.02  -0.02     0.00
  MONTH TO DATE    0.01                      0.10  -0.09     0.06
  SINCE DEC 1      0.81                      1.15  -0.34     1.10
  SINCE JAN 1      0.49                      0.62  -0.13     0.46

SNOWFALL (IN)
  YESTERDAY        0.0
  MONTH TO DATE    0.3
  SINCE OCT 1     20.6
  SINCE JUL 1     20.6
  SNOW DEPTH       4

DEGREE DAYS
 HEATING
  YESTERDAY       39                        50    -11       36
  MONTH TO DATE  263                       304    -41      341
  SINCE DEC 1   3038                      3446   -408     3144
  SINCE JUL 1   4397                      5386   -989     5225

 COOLING
  YESTERDAY        0                         0      0        0
  MONTH TO DATE    0                         0      0        0
  SINCE DEC 1      0                         0      0        0
  SINCE JAN 1      0                         0      0        0
..................................................................


WIND (MPH)
  HIGHEST WIND SPEED    22   HIGHEST WIND DIRECTION     W (270)
  HIGHEST GUST SPEED    26   HIGHEST GUST DIRECTION     W (270)
  AVERAGE WIND SPEED    11.2


SKY COVER
  POSSIBLE SUNSHINE  MM
  AVERAGE SKY COVER 0.3


WEATHER CONDITIONS
 THE FOLLOWING WEATHER WAS RECORDED YESTERDAY.
  FOG


RELATIVE HUMIDITY (PERCENT)
 HIGHEST    88          1200 AM
 LOWEST     64           100 PM
 AVERAGE    76

..........................................................


THE WATERTOWN SD CLIMATE NORMALS FOR TODAY
                         NORMAL    RECORD    YEAR
 MAXIMUM TEMPERATURE (F)   25        59      1987
 MINIMUM TEMPERATURE (F)    5       -30      1914


SUNRISE AND SUNSET
FEBRUARY  7 2016......SUNRISE   741 AM CST   SUNSET   545 PM CST
FEBRUARY  8 2016......SUNRISE   740 AM CST   SUNSET   546 PM CST


-  INDICATES NEGATIVE NUMBERS.
R  INDICATES RECORD WAS SET OR TIED.
MM INDICATES DATA IS MISSING.
T  INDICATES TRACE AMOUNT.




$$
