000
CDUS43 KABR 071032
CLIATY


CLIMATE REPORT
NATIONAL WEATHER SERVICE ABERDEEN SD
532 AM CDT TUE JUL 7 2015


...................................

...THE WATERTOWN SD CLIMATE SUMMARY FOR JULY 6 2015...

CLIMATE NORMAL PERIOD 1981 TO 2010
CLIMATE RECORD PERIOD 1898 TO 2015


WEATHER ITEM   OBSERVED TIME   RECORD YEAR NORMAL DEPARTURE LAST
                VALUE   (LST)  VALUE       VALUE  FROM      YEAR
                                                  NORMAL
..................................................................
TEMPERATURE (F)
 YESTERDAY
  MAXIMUM         72    254 PM 104    1936  82    -10       84
  MINIMUM         52   1159 PM  40    1942  59     -7       68
  AVERAGE         62                        71     -9       76

PRECIPITATION (IN)
  YESTERDAY        0.11          1.65 1921   0.10   0.01     0.02
  MONTH TO DATE    0.90                      0.61   0.29     0.12
  SINCE JUN 1      3.83                      4.19  -0.36     4.72
  SINCE JAN 1      9.83                     11.04  -1.21     9.59

DEGREE DAYS
 HEATING
  YESTERDAY        3                         1      2        0
  MONTH TO DATE    3                         6     -3       11
  SINCE JUN 1     30                        84    -54       74
  SINCE JUL 1      3                         6     -3       11

 COOLING
  YESTERDAY        0                         6     -6       11
  MONTH TO DATE   27                        36     -9       31
  SINCE JUN 1    124                       132     -8       92
  SINCE JAN 1    132                       154    -22      133
..................................................................


WIND (MPH)
  HIGHEST WIND SPEED    24   HIGHEST WIND DIRECTION     N (10)
  HIGHEST GUST SPEED    32   HIGHEST GUST DIRECTION     N (10)
  AVERAGE WIND SPEED    13.5


SKY COVER
  POSSIBLE SUNSHINE  MM
  AVERAGE SKY COVER 0.6


WEATHER CONDITIONS
 THE FOLLOWING WEATHER WAS RECORDED YESTERDAY.
  LIGHT RAIN
  FOG
  HAZE


RELATIVE HUMIDITY (PERCENT)
 HIGHEST    93           200 AM
 LOWEST     53           500 PM
 AVERAGE    73

..........................................................


THE WATERTOWN SD CLIMATE NORMALS FOR TODAY
                         NORMAL    RECORD    YEAR
 MAXIMUM TEMPERATURE (F)   82       100      2007
 MINIMUM TEMPERATURE (F)   59        41      1908


SUNRISE AND SUNSET
JULY  7 2015..........SUNRISE   550 AM CDT   SUNSET   917 PM CDT
JULY  8 2015..........SUNRISE   551 AM CDT   SUNSET   916 PM CDT


-  INDICATES NEGATIVE NUMBERS.
R  INDICATES RECORD WAS SET OR TIED.
MM INDICATES DATA IS MISSING.
T  INDICATES TRACE AMOUNT.




$$
