000
CDUS43 KABR 161027
CLIATY


CLIMATE REPORT
NATIONAL WEATHER SERVICE ABERDEEN SD
527 AM CDT TUE SEP 16 2014


...................................

...THE WATERTOWN SD CLIMATE SUMMARY FOR SEPTEMBER 15 2014...

CLIMATE NORMAL PERIOD 1981 TO 2010
CLIMATE RECORD PERIOD 1898 TO 2014


WEATHER ITEM   OBSERVED TIME   RECORD YEAR NORMAL DEPARTURE LAST
                VALUE   (LST)  VALUE       VALUE  FROM      YEAR
                                                  NORMAL
..................................................................
TEMPERATURE (F)
 YESTERDAY
  MAXIMUM         61    255 PM  96    1955  71    -10       66
  MINIMUM         39   1137 PM  29    1916  48     -9       47
  AVERAGE         50                        59     -9       57

PRECIPITATION (IN)
  YESTERDAY        0.07          2.56 2010   0.09  -0.02     0.00
  MONTH TO DATE    0.55                      1.40  -0.85     0.43
  SINCE SEP 1      0.55                      1.40  -0.85     0.43
  SINCE JAN 1     14.17                     17.63  -3.46    17.25

DEGREE DAYS
 HEATING
  YESTERDAY       15                         7      8        8
  MONTH TO DATE  129                        71     58       29
  SINCE SEP 1    129                        71     58       29
  SINCE JUL 1    183                       128     55       80

 COOLING
  YESTERDAY        0                         1     -1        0
  MONTH TO DATE   12                        31    -19       78
  SINCE SEP 1     12                        31    -19       78
  SINCE JAN 1    345                       505   -160      592
..................................................................


WIND (MPH)
  HIGHEST WIND SPEED    14   HIGHEST WIND DIRECTION     N (350)
  HIGHEST GUST SPEED    19   HIGHEST GUST DIRECTION     N (350)
  AVERAGE WIND SPEED     5.8


SKY COVER
  POSSIBLE SUNSHINE  MM
  AVERAGE SKY COVER 0.3


WEATHER CONDITIONS
 THE FOLLOWING WEATHER WAS RECORDED YESTERDAY.
  RAIN
  LIGHT RAIN


RELATIVE HUMIDITY (PERCENT)
 HIGHEST    93           100 AM
 LOWEST     36           400 PM
 AVERAGE    65

..........................................................


THE WATERTOWN SD CLIMATE NORMALS FOR TODAY
                         NORMAL    RECORD    YEAR
 MAXIMUM TEMPERATURE (F)   71        90      1925
 MINIMUM TEMPERATURE (F)   47        25      1903


SUNRISE AND SUNSET
SEPTEMBER 16 2014.....SUNRISE   708 AM CDT   SUNSET   737 PM CDT
SEPTEMBER 17 2014.....SUNRISE   710 AM CDT   SUNSET   736 PM CDT


-  INDICATES NEGATIVE NUMBERS.
R  INDICATES RECORD WAS SET OR TIED.
MM INDICATES DATA IS MISSING.
T  INDICATES TRACE AMOUNT.




$$
