000
CDUS43 KABR 242231
CLIATY


CLIMATE REPORT
NATIONAL WEATHER SERVICE ABERDEEN SD
531 PM CDT SUN JUL 24 2016


...................................

...THE WATERTOWN SD CLIMATE SUMMARY FOR JULY 24 2016...
VALID TODAY AS OF 0500 PM LOCAL TIME.

CLIMATE NORMAL PERIOD 1981 TO 2010
CLIMATE RECORD PERIOD 1898 TO 2016


WEATHER ITEM   OBSERVED TIME   RECORD YEAR NORMAL DEPARTURE LAST
                VALUE   (LST)  VALUE       VALUE  FROM      YEAR
                                                  NORMAL
..................................................................
TEMPERATURE (F)
 TODAY
  MAXIMUM         84    342 PM 109    1940  83      1       85
  MINIMUM         66    642 AM  44    1905  60      6       66
  AVERAGE         75                        71      4       76

PRECIPITATION (IN)
  TODAY            0.00          2.06 1934   0.09  -0.09     0.06
  MONTH TO DATE    2.17                      2.34  -0.17     2.06
  SINCE JUN 1      3.70                      5.92  -2.22     4.99
  SINCE JAN 1      9.35                     12.77  -3.42    10.99

SNOWFALL (IN)
  TODAY            0.0
  MONTH TO DATE    0.0
  SINCE OCT 1     28.7
  SINCE JUL 1      0.0
  SNOW DEPTH       0

DEGREE DAYS
 HEATING
  TODAY            0                         1     -1        0
  MONTH TO DATE   12                        11      1       13
  SINCE JUN 1     37                        89    -52       40
  SINCE JUL 1     12                        11      1       13

 COOLING
  TODAY           10                         7      3       11
  MONTH TO DATE  192                       161     31      171
  SINCE JUN 1    391                       257    134      268
  SINCE JAN 1    415                       279    136      276
..................................................................


WIND (MPH)
  HIGHEST WIND SPEED    17   HIGHEST WIND DIRECTION     N (350)
  HIGHEST GUST SPEED    22   HIGHEST GUST DIRECTION     W (280)
  AVERAGE WIND SPEED    10.9


SKY COVER
  POSSIBLE SUNSHINE  MM
  AVERAGE SKY COVER 0.0


WEATHER CONDITIONS
 THE FOLLOWING WEATHER WAS RECORDED TODAY.
  NO SIGNIFICANT WEATHER WAS OBSERVED.


RELATIVE HUMIDITY (PERCENT)
 HIGHEST    93           100 AM
 LOWEST     43           300 PM
 AVERAGE    68

..........................................................


THE WATERTOWN SD CLIMATE NORMALS FOR TOMORROW
                         NORMAL    RECORD    YEAR
 MAXIMUM TEMPERATURE (F)   83       105      1931
 MINIMUM TEMPERATURE (F)   60        43      1904


SUNRISE AND SUNSET
JULY 24 2016..........SUNRISE   606 AM CDT   SUNSET   904 PM CDT
JULY 25 2016..........SUNRISE   607 AM CDT   SUNSET   903 PM CDT


-  INDICATES NEGATIVE NUMBERS.
R  INDICATES RECORD WAS SET OR TIED.
MM INDICATES DATA IS MISSING.
T  INDICATES TRACE AMOUNT.




$$
