000
CDUS41 KGYX 302044
CLIAUG


CLIMATE REPORT
NATIONAL WEATHER SERVICE GRAY ME
444 PM EDT SAT JUL 30 2016


...................................

...THE AUGUSTA CLIMATE SUMMARY FOR JULY 30 2016...
VALID TODAY AS OF 0400 PM LOCAL TIME.

CLIMATE NORMAL PERIOD 1981 TO 2010
CLIMATE RECORD PERIOD 1948 TO 2016


WEATHER ITEM   OBSERVED TIME   RECORD YEAR NORMAL DEPARTURE LAST
                VALUE   (LST)  VALUE       VALUE  FROM      YEAR
                                                  NORMAL
..................................................................
TEMPERATURE (F)
 TODAY
  MAXIMUM         81    117 PM  98    1949  80      1       85
  MINIMUM         61    443 AM  47    1956  60      1       65
  AVERAGE         71                        70      1       75

PRECIPITATION (IN)
  TODAY            0.00          1.55 1960   0.12  -0.12     0.49
  MONTH TO DATE    1.96                      3.30  -1.34     2.77
  SINCE JUN 1      5.70                      6.86  -1.16     8.23
  SINCE JAN 1     19.27                     22.75  -3.48    17.91

DEGREE DAYS
 HEATING
  TODAY            0                         0      0        0
  MONTH TO DATE   21                        12      9       18
  SINCE JUN 1     99                       106     -7      169
  SINCE JUL 1     21                        12      9       18

 COOLING
  TODAY            6                         5      1       10
  MONTH TO DATE  202                       145     57      118
  SINCE JUN 1    237                       209     28      151
  SINCE JAN 1    252                       218     34      185
..................................................................


WIND (MPH)
  HIGHEST WIND SPEED    13   HIGHEST WIND DIRECTION     N (350)
  HIGHEST GUST SPEED    16   HIGHEST GUST DIRECTION     N (360)
  AVERAGE WIND SPEED     7.2


SKY COVER
  AVERAGE SKY COVER 0.1


WEATHER CONDITIONS
 THE FOLLOWING WEATHER WAS RECORDED TODAY.
  NO SIGNIFICANT WEATHER WAS OBSERVED.


RELATIVE HUMIDITY (PERCENT)
 HIGHEST    87          1200 AM
 LOWEST     42           100 PM
 AVERAGE    65

..........................................................


THE AUGUSTA CLIMATE NORMALS FOR TOMORROW
                         NORMAL    RECORD    YEAR
 MAXIMUM TEMPERATURE (F)   80        89      2002
 MINIMUM TEMPERATURE (F)   60        50      1968


SUNRISE AND SUNSET
JULY 30 2016..........SUNRISE   525 AM EDT   SUNSET   806 PM EDT
JULY 31 2016..........SUNRISE   526 AM EDT   SUNSET   804 PM EDT


-  INDICATES NEGATIVE NUMBERS.
R  INDICATES RECORD WAS SET OR TIED.
MM INDICATES DATA IS MISSING.
T  INDICATES TRACE AMOUNT.




$$
