000
CDUS41 KGYX 300808
CLIAUG


CLIMATE REPORT
NATIONAL WEATHER SERVICE GRAY ME
407 AM EDT THU JUL 30 2015


...................................

...THE AUGUSTA CLIMATE SUMMARY FOR JULY 29 2015...

CLIMATE NORMAL PERIOD 1981 TO 2010
CLIMATE RECORD PERIOD 1948 TO 2015


WEATHER ITEM   OBSERVED TIME   RECORD YEAR NORMAL DEPARTURE LAST
                VALUE   (LST)  VALUE       VALUE  FROM      YEAR
                                                  NORMAL
..................................................................
TEMPERATURE (F)
 YESTERDAY
  MAXIMUM         84   1229 PM  MM      MM  80      4       75
  MINIMUM         62    431 AM  MM      MM  60      2       60
  AVERAGE         73                        70      3       68

PRECIPITATION (IN)
  YESTERDAY        0.13         MM      MM   0.12   0.01     0.00
  MONTH TO DATE    2.28                      3.18  -0.90     6.18
  SINCE JUN 1      7.74                      6.74   1.00    11.09
  SINCE JAN 1     17.42                     22.63  -5.21    25.21

DEGREE DAYS
 HEATING
  YESTERDAY        0                         0      0        0
  MONTH TO DATE   18                        12      6        2
  SINCE JUN 1    169                       106     63       78
  SINCE JUL 1     18                        12      6        2

 COOLING
  YESTERDAY        8                         5      3        3
  MONTH TO DATE  108                       140    -32      163
  SINCE JUN 1    141                       204    -63      222
  SINCE JAN 1    175                       213    -38      222
..................................................................


WIND (MPH)
  HIGHEST WIND SPEED    18   HIGHEST WIND DIRECTION     N (340)
  HIGHEST GUST SPEED    25   HIGHEST GUST DIRECTION     N (340)
  AVERAGE WIND SPEED     3.5


SKY COVER
  AVERAGE SKY COVER 0.2


WEATHER CONDITIONS
 THE FOLLOWING WEATHER WAS RECORDED YESTERDAY.
  THUNDERSTORM
  HEAVY RAIN
  RAIN
  LIGHT RAIN
  FOG


RELATIVE HUMIDITY (PERCENT)
 HIGHEST   100           300 AM
 LOWEST     58          1100 AM
 AVERAGE    79

..........................................................


THE AUGUSTA CLIMATE NORMALS FOR TODAY
                         NORMAL
 MAXIMUM TEMPERATURE (F)   80
 MINIMUM TEMPERATURE (F)   60


SUNRISE AND SUNSET
JULY 30 2015..........SUNRISE   524 AM EDT   SUNSET   807 PM EDT
JULY 31 2015..........SUNRISE   525 AM EDT   SUNSET   805 PM EDT


-  INDICATES NEGATIVE NUMBERS.
R  INDICATES RECORD WAS SET OR TIED.
MM INDICATES DATA IS MISSING.
T  INDICATES TRACE AMOUNT.




$$
