000
CDUS41 KGYX 100915
CLIAUG


CLIMATE REPORT
NATIONAL WEATHER SERVICE GRAY ME
414 AM EST SAT DEC 10 2016


...................................

...THE AUGUSTA CLIMATE SUMMARY FOR DECEMBER 9 2016...

CLIMATE NORMAL PERIOD 1981 TO 2010
CLIMATE RECORD PERIOD 1948 TO 2016


WEATHER ITEM   OBSERVED TIME   RECORD YEAR NORMAL DEPARTURE LAST
                VALUE   (LST)  VALUE       VALUE  FROM      YEAR
                                                  NORMAL
..................................................................
TEMPERATURE (F)
 YESTERDAY
  MAXIMUM         30        MM  55    1973  36     -6       34
  MINIMUM         19        MM  -4    1989  21     -2       22
  AVERAGE         25                        29     -4       28

PRECIPITATION (IN)
  YESTERDAY        T             1.91 1973   0.13  -0.13     0.00
  MONTH TO DATE    1.37                      1.09   0.28     0.75
  SINCE DEC 1      1.37                      1.09   0.28     0.75
  SINCE JAN 1     32.65                     39.73  -7.08    35.23

DEGREE DAYS
 HEATING
  YESTERDAY       40                        36      4       37
  MONTH TO DATE  304                       313     -9      269
  SINCE DEC 1    304                       313     -9      269
  SINCE JUL 1   1622                      1861   -239     1647

 COOLING
  YESTERDAY        0                         0      0        0
  MONTH TO DATE    0                         0      0        0
  SINCE DEC 1      0                         0      0        0
  SINCE JAN 1    530                       388    142      457
..................................................................


WIND (MPH)
  HIGHEST WIND SPEED    18   HIGHEST WIND DIRECTION    NW (300)
  HIGHEST GUST SPEED    35   HIGHEST GUST DIRECTION     W (290)
  AVERAGE WIND SPEED    11.9


SKY COVER
  AVERAGE SKY COVER 0.5


WEATHER CONDITIONS
 THE FOLLOWING WEATHER WAS RECORDED YESTERDAY.
  NO SIGNIFICANT WEATHER WAS OBSERVED.


RELATIVE HUMIDITY (PERCENT)
 HIGHEST    75          1200 AM
 LOWEST     46          1100 AM
 AVERAGE    61

..........................................................


THE AUGUSTA CLIMATE NORMALS FOR TODAY
                         NORMAL    RECORD    YEAR
 MAXIMUM TEMPERATURE (F)   35        55      1973
 MINIMUM TEMPERATURE (F)   21        -2      1976


SUNRISE AND SUNSET
DECEMBER 10 2016......SUNRISE   704 AM EST   SUNSET   400 PM EST
DECEMBER 11 2016......SUNRISE   705 AM EST   SUNSET   400 PM EST


-  INDICATES NEGATIVE NUMBERS.
R  INDICATES RECORD WAS SET OR TIED.
MM INDICATES DATA IS MISSING.
T  INDICATES TRACE AMOUNT.




$$
