000
CDUS41 KGYX 202158
CLIAUG


CLIMATE REPORT
NATIONAL WEATHER SERVICE GRAY ME
458 PM EST FRI JAN 20 2017


...................................

...THE AUGUSTA CLIMATE SUMMARY FOR JANUARY 20 2017...
VALID TODAY AS OF 0400 PM LOCAL TIME.

CLIMATE NORMAL PERIOD 1981 TO 2010
CLIMATE RECORD PERIOD 1948 TO 2017


WEATHER ITEM   OBSERVED TIME   RECORD YEAR NORMAL DEPARTURE LAST
                VALUE   (LST)  VALUE       VALUE  FROM      YEAR
                                                  NORMAL
..................................................................
TEMPERATURE (F)
 TODAY
  MAXIMUM         37   1139 AM  48    2006  27     10       24
  MINIMUM         27    214 AM -16    1971  10     17       17
  AVERAGE         32                        19     13       21

PRECIPITATION (IN)
  TODAY            0.00          0.85 1978   0.09  -0.09     0.00
  MONTH TO DATE    1.49                      1.68  -0.19     2.37
  SINCE DEC 1      5.46                      4.92   0.54     6.34
  SINCE JAN 1      1.49                      1.68  -0.19     2.37

DEGREE DAYS
 HEATING
  TODAY           33                        46    -13       44
  MONTH TO DATE  799                       911   -112      818
  SINCE DEC 1   2042                      2118    -76     1747
  SINCE JUL 1   3360                      3666   -306     3125

 COOLING
  TODAY            0                         0      0        0
  MONTH TO DATE    0                         0      0        0
  SINCE DEC 1      0                         0      0        0
  SINCE JAN 1      0                         0      0        0
..................................................................


WIND (MPH)
  HIGHEST WIND SPEED    12   HIGHEST WIND DIRECTION     N (340)
  HIGHEST GUST SPEED    13   HIGHEST GUST DIRECTION    NW (330)
  AVERAGE WIND SPEED     4.3


SKY COVER
  AVERAGE SKY COVER 0.7


WEATHER CONDITIONS
 THE FOLLOWING WEATHER WAS RECORDED TODAY.
  NO SIGNIFICANT WEATHER WAS OBSERVED.


RELATIVE HUMIDITY (PERCENT)
 HIGHEST    85           200 AM
 LOWEST     59          1100 AM
 AVERAGE    72

..........................................................


THE AUGUSTA CLIMATE NORMALS FOR TOMORROW
                         NORMAL    RECORD    YEAR
 MAXIMUM TEMPERATURE (F)   27        52      2006
 MINIMUM TEMPERATURE (F)   10       -14      1975


SUNRISE AND SUNSET
JANUARY 20 2017.......SUNRISE   708 AM EST   SUNSET   433 PM EST
JANUARY 21 2017.......SUNRISE   708 AM EST   SUNSET   434 PM EST


-  INDICATES NEGATIVE NUMBERS.
R  INDICATES RECORD WAS SET OR TIED.
MM INDICATES DATA IS MISSING.
T  INDICATES TRACE AMOUNT.




$$
