000
CDUS41 KGYX 270905
CLIAUG


CLIMATE REPORT
NATIONAL WEATHER SERVICE GRAY ME
404 AM EST THU NOV 27 2014


...................................

...THE AUGUSTA CLIMATE SUMMARY FOR NOVEMBER 26 2014...

CLIMATE NORMAL PERIOD 1981 TO 2010
CLIMATE RECORD PERIOD 1948 TO 2014


WEATHER ITEM   OBSERVED TIME   NORMAL DEPARTURE LAST
                VALUE   (LST)  VALUE  FROM      YEAR
                                      NORMAL
......................................................
TEMPERATURE (F)
 YESTERDAY
  MAXIMUM         42   1202 AM  41      1       31
  MINIMUM         30   1159 PM  27      3       24
  AVERAGE         36            34      2       28

PRECIPITATION (IN)
  YESTERDAY        0.65          0.13   0.52     0.07
  MONTH TO DATE    2.30          3.83  -1.53     1.18
  SINCE SEP 1      7.83         11.93  -4.10    10.03
  SINCE JAN 1     38.46         38.11   0.35    37.17

DEGREE DAYS
 HEATING
  YESTERDAY       29            31     -2       37
  MONTH TO DATE  716           685     31      724
  SINCE SEP 1   1311          1378    -67     1345
  SINCE JUL 1   1330          1420    -90     1358

 COOLING
  YESTERDAY        0             0      0        0
  MONTH TO DATE    0             0      0        0
  SINCE SEP 1     57            31     26       37
  SINCE JAN 1    371           388    -17      428
......................................................


WIND (MPH)
  HIGHEST WIND SPEED    24   HIGHEST WIND DIRECTION     N (360)
  HIGHEST GUST SPEED    33   HIGHEST GUST DIRECTION     N (10)
  AVERAGE WIND SPEED    10.5


SKY COVER
  AVERAGE SKY COVER 0.6


WEATHER CONDITIONS
 THE FOLLOWING WEATHER WAS RECORDED YESTERDAY.
  HEAVY SNOW
  SNOW
  LIGHT SNOW
  FOG
  FOG W/VISIBILITY <= 1/4 MILE
  HAZE


RELATIVE HUMIDITY (PERCENT)
 HIGHEST   100           500 PM
 LOWEST     49          1200 AM
 AVERAGE    75

..........................................................


THE AUGUSTA CLIMATE NORMALS FOR TODAY
                         NORMAL
 MAXIMUM TEMPERATURE (F)   41
 MINIMUM TEMPERATURE (F)   27


SUNRISE AND SUNSET
NOVEMBER 27 2014......SUNRISE   650 AM EST   SUNSET   403 PM EST
NOVEMBER 28 2014......SUNRISE   651 AM EST   SUNSET   403 PM EST


-  INDICATES NEGATIVE NUMBERS.
R  INDICATES RECORD WAS SET OR TIED.
MM INDICATES DATA IS MISSING.
T  INDICATES TRACE AMOUNT.




$$
