000
CDUS41 KGYX 302046
CLIAUG


CLIMATE REPORT
NATIONAL WEATHER SERVICE GRAY ME
446 PM EDT MON MAY 30 2016


...................................

...THE AUGUSTA CLIMATE SUMMARY FOR MAY 30 2016...
VALID TODAY AS OF 0400 PM LOCAL TIME.

CLIMATE NORMAL PERIOD 1981 TO 2010
CLIMATE RECORD PERIOD 1948 TO 2016


WEATHER ITEM   OBSERVED TIME   RECORD YEAR NORMAL DEPARTURE LAST
                VALUE   (LST)  VALUE       VALUE  FROM      YEAR
                                                  NORMAL
..................................................................
TEMPERATURE (F)
 TODAY
  MAXIMUM         74    259 PM  85    2013  69      5       79
  MINIMUM         49    515 AM  35    1961  49      0       57
  AVERAGE         62                        59      3       68

PRECIPITATION (IN)
  TODAY            0.04          1.45 1983   0.12  -0.08     0.00
  MONTH TO DATE    1.48                      3.57  -2.09     1.62
  SINCE MAR 1      7.70                     10.73  -3.03     7.15
  SINCE JAN 1     13.57                     15.77  -2.20     9.42

DEGREE DAYS
 HEATING
  TODAY            3                         7     -4        0
  MONTH TO DATE  287                       316    -29      188
  SINCE MAR 1   1909                      1977    -68     2030
  SINCE JUL 1   6588                      7320   -732     7657

 COOLING
  TODAY            0                         1     -1        3
  MONTH TO DATE    8                         6      2       34
  SINCE MAR 1      8                         6      2       34
  SINCE JAN 1      8                         6      2       34
..................................................................


WIND (MPH)
  HIGHEST WIND SPEED    12   HIGHEST WIND DIRECTION    SW (210)
  HIGHEST GUST SPEED    16   HIGHEST GUST DIRECTION    SW (210)
  AVERAGE WIND SPEED     4.3


SKY COVER
  AVERAGE SKY COVER 0.9


WEATHER CONDITIONS
 THE FOLLOWING WEATHER WAS RECORDED TODAY.
  LIGHT RAIN
  FOG
  FOG W/VISIBILITY <= 1/4 MILE


RELATIVE HUMIDITY (PERCENT)
 HIGHEST   100           100 AM
 LOWEST     68           300 PM
 AVERAGE    84

..........................................................


THE AUGUSTA CLIMATE NORMALS FOR TOMORROW
                         NORMAL    RECORD    YEAR
 MAXIMUM TEMPERATURE (F)   70        91      2013
 MINIMUM TEMPERATURE (F)   49        34      1961


SUNRISE AND SUNSET
MAY 30 2016...........SUNRISE   459 AM EDT   SUNSET   815 PM EDT
MAY 31 2016...........SUNRISE   459 AM EDT   SUNSET   816 PM EDT


-  INDICATES NEGATIVE NUMBERS.
R  INDICATES RECORD WAS SET OR TIED.
MM INDICATES DATA IS MISSING.
T  INDICATES TRACE AMOUNT.




$$
