000
CDUS41 KGYX 182210
CLIAUG


CLIMATE REPORT
NATIONAL WEATHER SERVICE GRAY ME
510 PM EST THU JAN 18 2018


...................................

...THE AUGUSTA CLIMATE SUMMARY FOR JANUARY 18 2018...
VALID TODAY AS OF 0500 PM LOCAL TIME.

CLIMATE NORMAL PERIOD 1981 TO 2010
CLIMATE RECORD PERIOD 1948 TO 2018


WEATHER ITEM   OBSERVED TIME   RECORD YEAR NORMAL DEPARTURE LAST
                VALUE   (LST)  VALUE       VALUE  FROM      YEAR
                                                  NORMAL
..................................................................
TEMPERATURE (F)
 TODAY
  MAXIMUM         30    259 PM  56    1990  27      3       26
  MINIMUM         18    734 AM -18    1957  10      8       18
  AVERAGE         24                        19      5       22

PRECIPITATION (IN)
  TODAY            0.00          1.07 1999   0.09  -0.09     0.01
  MONTH TO DATE    3.40                      1.51   1.89     1.39
  SINCE DEC 1      6.32                      4.75   1.57     5.36
  SINCE JAN 1      3.40                      1.51   1.89     1.39

DEGREE DAYS
 HEATING
  TODAY           41                        46     -5       43
  MONTH TO DATE  860                       819     41      731
  SINCE DEC 1   2222                      2026    196     1974
  SINCE JUL 1   3458                      3574   -116     3292

 COOLING
  TODAY            0                         0      0        0
  MONTH TO DATE    0                         0      0        0
  SINCE DEC 1      0                         0      0        0
  SINCE JAN 1      0                         0      0        0
..................................................................


WIND (MPH)
  HIGHEST WIND SPEED    15   HIGHEST WIND DIRECTION    NW (310)
  HIGHEST GUST SPEED    21   HIGHEST GUST DIRECTION    NW (310)
  AVERAGE WIND SPEED     6.0


SKY COVER
  AVERAGE SKY COVER 0.3


WEATHER CONDITIONS
 THE FOLLOWING WEATHER WAS RECORDED TODAY.
  FOG
  HAZE


RELATIVE HUMIDITY (PERCENT)
 HIGHEST    92           300 AM
 LOWEST     53           200 PM
 AVERAGE    73

..........................................................


THE AUGUSTA CLIMATE NORMALS FOR TOMORROW
                         NORMAL    RECORD    YEAR
 MAXIMUM TEMPERATURE (F)   27        57      1972
 MINIMUM TEMPERATURE (F)   10       -15      1976


SUNRISE AND SUNSET
JANUARY 18 2018.......SUNRISE   710 AM EST   SUNSET   430 PM EST
JANUARY 19 2018.......SUNRISE   709 AM EST   SUNSET   431 PM EST


-  INDICATES NEGATIVE NUMBERS.
R  INDICATES RECORD WAS SET OR TIED.
MM INDICATES DATA IS MISSING.
T  INDICATES TRACE AMOUNT.




$$
