000
CDUS41 KGYX 302047
CLIAUG


CLIMATE REPORT
NATIONAL WEATHER SERVICE GRAY ME
447 PM EDT SUN APR 30 2017


...................................

...THE AUGUSTA CLIMATE SUMMARY FOR APRIL 30 2017...
VALID TODAY AS OF 0400 PM LOCAL TIME.

CLIMATE NORMAL PERIOD 1981 TO 2010
CLIMATE RECORD PERIOD 1948 TO 2017


WEATHER ITEM   OBSERVED TIME   RECORD YEAR NORMAL DEPARTURE LAST
                VALUE   (LST)  VALUE       VALUE  FROM      YEAR
                                                  NORMAL
..................................................................
TEMPERATURE (F)
 TODAY
  MAXIMUM         51        MM  85    2004  60     -9       62
  MINIMUM         37        MM  28    1964  40     -3       31
  AVERAGE         44                        50     -6       47

PRECIPITATION (IN)
  TODAY            0.00          1.17 1963   0.13  -0.13     0.00
  MONTH TO DATE    3.97                      3.79   0.18     2.72
  SINCE MAR 1      7.46                      7.16   0.30     6.22
  SINCE JAN 1     13.94                     12.20   1.74    12.09

DEGREE DAYS
 HEATING
  TODAY           21                        15      6       18
  MONTH TO DATE  557                       634    -77      689
  SINCE MAR 1   1749                      1661     88     1622
  SINCE JUL 1   6561                      7004   -443     6301

 COOLING
  TODAY            0                         0      0        0
  MONTH TO DATE    0                         0      0        0
  SINCE MAR 1      0                         0      0        0
  SINCE JAN 1      0                         0      0        0
..................................................................


WIND (MPH)
  HIGHEST WIND SPEED    17   HIGHEST WIND DIRECTION     N (360)
  HIGHEST GUST SPEED    29   HIGHEST GUST DIRECTION     N (360)
  AVERAGE WIND SPEED     9.9


SKY COVER
  AVERAGE SKY COVER 0.2


WEATHER CONDITIONS
 THE FOLLOWING WEATHER WAS RECORDED TODAY.
  NO SIGNIFICANT WEATHER WAS OBSERVED.


RELATIVE HUMIDITY (PERCENT)
 HIGHEST    59           500 AM
 LOWEST     36          1200 PM
 AVERAGE    48

..........................................................


THE AUGUSTA CLIMATE NORMALS FOR TOMORROW
                         NORMAL    RECORD    YEAR
 MAXIMUM TEMPERATURE (F)   60        79      1998
 MINIMUM TEMPERATURE (F)   40        30      1995


SUNRISE AND SUNSET
APRIL 30 2017.........SUNRISE   531 AM EDT   SUNSET   742 PM EDT
MAY  1 2017...........SUNRISE   530 AM EDT   SUNSET   743 PM EDT


-  INDICATES NEGATIVE NUMBERS.
R  INDICATES RECORD WAS SET OR TIED.
MM INDICATES DATA IS MISSING.
T  INDICATES TRACE AMOUNT.




$$
