000
CDUS41 KGYX 280802
CLIAUG


CLIMATE REPORT
NATIONAL WEATHER SERVICE GRAY ME
402 AM EDT SUN AUG 28 2016


...................................

...THE AUGUSTA CLIMATE SUMMARY FOR AUGUST 27 2016...

CLIMATE NORMAL PERIOD 1981 TO 2010
CLIMATE RECORD PERIOD 1948 TO 2016


WEATHER ITEM   OBSERVED TIME   RECORD YEAR NORMAL DEPARTURE LAST
                VALUE   (LST)  VALUE       VALUE  FROM      YEAR
                                                  NORMAL
..................................................................
TEMPERATURE (F)
 YESTERDAY
  MAXIMUM         82    410 PM  98    1948  76      6       76
  MINIMUM         63    455 AM  39    1954  57      6       59
  AVERAGE         73                        66      7       68

PRECIPITATION (IN)
  YESTERDAY        0.00          0.47 1972   0.10  -0.10     0.00
  MONTH TO DATE    2.31                      2.91  -0.60     4.55
  SINCE JUN 1      8.01                      9.89  -1.88    12.78
  SINCE JAN 1     21.58                     25.78  -4.20    22.46

DEGREE DAYS
 HEATING
  YESTERDAY        0                         2     -2        0
  MONTH TO DATE    4                        17    -13        0
  SINCE JUN 1    103                       127    -24      169
  SINCE JUL 1     25                        33     -8       18

 COOLING
  YESTERDAY        8                         3      5        3
  MONTH TO DATE  186                       115     71      147
  SINCE JUN 1    427                       336     91      307
  SINCE JAN 1    442                       345     97      341
..................................................................


WIND (MPH)
  HIGHEST WIND SPEED    16   HIGHEST WIND DIRECTION     N (10)
  HIGHEST GUST SPEED    21   HIGHEST GUST DIRECTION     N (360)
  AVERAGE WIND SPEED     5.7


SKY COVER
  AVERAGE SKY COVER 0.1


WEATHER CONDITIONS
 THE FOLLOWING WEATHER WAS RECORDED YESTERDAY.
  NO SIGNIFICANT WEATHER WAS OBSERVED.


RELATIVE HUMIDITY (PERCENT)
 HIGHEST    84           500 AM
 LOWEST     39           500 PM
 AVERAGE    62

..........................................................


THE AUGUSTA CLIMATE NORMALS FOR TODAY
                         NORMAL    RECORD    YEAR
 MAXIMUM TEMPERATURE (F)   76        93      1949
 MINIMUM TEMPERATURE (F)   57        44      1957


SUNRISE AND SUNSET
AUGUST 28 2016........SUNRISE   558 AM EDT   SUNSET   722 PM EDT
AUGUST 29 2016........SUNRISE   559 AM EDT   SUNSET   720 PM EDT


-  INDICATES NEGATIVE NUMBERS.
R  INDICATES RECORD WAS SET OR TIED.
MM INDICATES DATA IS MISSING.
T  INDICATES TRACE AMOUNT.




$$
