000
CDUS41 KGYX 180906
CLIAUG


CLIMATE REPORT
NATIONAL WEATHER SERVICE GRAY ME
406 AM EST SAT NOV 18 2017


...................................

...THE AUGUSTA CLIMATE SUMMARY FOR NOVEMBER 17 2017...

CLIMATE NORMAL PERIOD 1981 TO 2010
CLIMATE RECORD PERIOD 1948 TO 2017


WEATHER ITEM   OBSERVED TIME   RECORD YEAR NORMAL DEPARTURE LAST
                VALUE   (LST)  VALUE       VALUE  FROM      YEAR
                                                  NORMAL
..................................................................
TEMPERATURE (F)
 YESTERDAY
  MAXIMUM         39   1257 PM  64    2006  45     -6       57
  MINIMUM         27   1159 PM  13    1967  30     -3       41
  AVERAGE         33                        38     -5       49

PRECIPITATION (IN)
  YESTERDAY        0.00          1.40 2010   0.15  -0.15     0.00
  MONTH TO DATE    1.02                      2.54  -1.52     2.02
  SINCE SEP 1     11.29                     10.64   0.65     8.15
  SINCE JAN 1     36.48                     36.82  -0.34    29.73

DEGREE DAYS
 HEATING
  YESTERDAY       32                        28      4       16
  MONTH TO DATE  453                       420     33      366
  SINCE SEP 1    802                      1113   -311      924
  SINCE JUL 1    843                      1155   -312      949

 COOLING
  YESTERDAY        0                         0      0        0
  MONTH TO DATE    0                         0      0        0
  SINCE SEP 1     86                        31     55       73
  SINCE JAN 1    446                       388     58      530
..................................................................


WIND (MPH)
  HIGHEST WIND SPEED    25   HIGHEST WIND DIRECTION     W (290)
  HIGHEST GUST SPEED    37   HIGHEST GUST DIRECTION    NW (310)
  AVERAGE WIND SPEED    11.5


SKY COVER
  AVERAGE SKY COVER 0.2


WEATHER CONDITIONS
 THE FOLLOWING WEATHER WAS RECORDED YESTERDAY.
  FOG


RELATIVE HUMIDITY (PERCENT)
 HIGHEST   100          1200 AM
 LOWEST     52           300 PM
 AVERAGE    76

..........................................................


THE AUGUSTA CLIMATE NORMALS FOR TODAY
                         NORMAL    RECORD    YEAR
 MAXIMUM TEMPERATURE (F)   44        67      1987
 MINIMUM TEMPERATURE (F)   30        16      1959


SUNRISE AND SUNSET
NOVEMBER 18 2017......SUNRISE   639 AM EST   SUNSET   409 PM EST
NOVEMBER 19 2017......SUNRISE   640 AM EST   SUNSET   408 PM EST


-  INDICATES NEGATIVE NUMBERS.
R  INDICATES RECORD WAS SET OR TIED.
MM INDICATES DATA IS MISSING.
T  INDICATES TRACE AMOUNT.




$$
