000
CDUS41 KGYX 050814
CLIAUG


CLIMATE REPORT
NATIONAL WEATHER SERVICE GRAY ME
414 AM EDT SAT SEP 5 2015


...................................

...THE AUGUSTA CLIMATE SUMMARY FOR SEPTEMBER 4 2015...

CLIMATE NORMAL PERIOD 1981 TO 2010
CLIMATE RECORD PERIOD 1948 TO 2015


WEATHER ITEM   OBSERVED TIME   RECORD YEAR NORMAL DEPARTURE LAST
                VALUE   (LST)  VALUE       VALUE  FROM      YEAR
                                                  NORMAL
..................................................................
TEMPERATURE (F)
 YESTERDAY
  MAXIMUM         73    244 PM  MM      MM  74     -1       80
  MINIMUM         55    548 AM  MM      MM  55      0       57
  AVERAGE         64                        64      0       69

PRECIPITATION (IN)
  YESTERDAY        0.00         MM      MM   0.11  -0.11     0.00
  MONTH TO DATE    0.18                      0.44  -0.26     0.01
  SINCE SEP 1      0.18                      0.44  -0.26     0.01
  SINCE JAN 1     22.64                     26.62  -3.98    30.64

DEGREE DAYS
 HEATING
  YESTERDAY        1                         3     -2        0
  MONTH TO DATE    1                        10     -9        0
  SINCE SEP 1      1                        10     -9        0
  SINCE JUL 1     19                        52    -33       19

 COOLING
  YESTERDAY        0                         2     -2        4
  MONTH TO DATE   20                         8     12       30
  SINCE SEP 1     20                         8     12       30
  SINCE JAN 1    377                       365     12      344
..................................................................


WIND (MPH)
  HIGHEST WIND SPEED    17   HIGHEST WIND DIRECTION    NE (40)
  HIGHEST GUST SPEED    23   HIGHEST GUST DIRECTION     N (20)
  AVERAGE WIND SPEED     5.9


SKY COVER
  AVERAGE SKY COVER 0.1


WEATHER CONDITIONS
 THE FOLLOWING WEATHER WAS RECORDED YESTERDAY.
  NO SIGNIFICANT WEATHER WAS OBSERVED.


RELATIVE HUMIDITY (PERCENT)
 HIGHEST    84           800 PM
 LOWEST     44           400 PM
 AVERAGE    64

..........................................................


THE AUGUSTA CLIMATE NORMALS FOR TODAY
                         NORMAL
 MAXIMUM TEMPERATURE (F)   74
 MINIMUM TEMPERATURE (F)   54


SUNRISE AND SUNSET
SEPTEMBER  5 2015.....SUNRISE   606 AM EDT   SUNSET   709 PM EDT
SEPTEMBER  6 2015.....SUNRISE   607 AM EDT   SUNSET   707 PM EDT


-  INDICATES NEGATIVE NUMBERS.
R  INDICATES RECORD WAS SET OR TIED.
MM INDICATES DATA IS MISSING.
T  INDICATES TRACE AMOUNT.




$$
