000
CDUS41 KGYX 062142
CLIAUG


CLIMATE REPORT
NATIONAL WEATHER SERVICE GRAY ME
442 PM EST FRI MAR 6 2015


...................................

...THE AUGUSTA CLIMATE SUMMARY FOR MARCH 6 2015...
VALID TODAY AS OF 0400 PM LOCAL TIME.

CLIMATE NORMAL PERIOD 1981 TO 2010
CLIMATE RECORD PERIOD 1948 TO 2015


WEATHER ITEM   OBSERVED TIME   RECORD YEAR NORMAL DEPARTURE LAST
                VALUE   (LST)  VALUE       VALUE  FROM      YEAR
                                                  NORMAL
..................................................................
TEMPERATURE (F)
 TODAY
  MAXIMUM         22    259 PM  MM      MM  37    -15       30
  MINIMUM         -1    632 AM  MM      MM  20    -21       -1
  AVERAGE         11                        29    -18       15

PRECIPITATION (IN)
  TODAY            0.00         MM      MM   0.09  -0.09     0.00
  MONTH TO DATE    0.24                      0.57  -0.33      T
  SINCE MAR 1      0.24                      0.57  -0.33      T
  SINCE JAN 1      2.51                      5.61  -3.10     4.79

DEGREE DAYS
 HEATING
  TODAY           54                        36     18       50
  MONTH TO DATE  265                       223     42      305
  SINCE MAR 1    265                       223     42      305
  SINCE JUL 1   5892                      5566    326     5811

 COOLING
  TODAY            0                         0      0        0
  MONTH TO DATE    0                         0      0        0
  SINCE MAR 1      0                         0      0        0
  SINCE JAN 1      0                         0      0        0
..................................................................


WIND (MPH)
  HIGHEST WIND SPEED    12   HIGHEST WIND DIRECTION     S (180)
  HIGHEST GUST SPEED    17   HIGHEST GUST DIRECTION     S (190)
  AVERAGE WIND SPEED     5.7


SKY COVER
  AVERAGE SKY COVER 0.0


WEATHER CONDITIONS
 THE FOLLOWING WEATHER WAS RECORDED TODAY.
  NO SIGNIFICANT WEATHER WAS OBSERVED.


RELATIVE HUMIDITY (PERCENT)
 HIGHEST    59           600 AM
 LOWEST     24           400 PM
 AVERAGE    42

..........................................................


THE AUGUSTA CLIMATE NORMALS FOR TOMORROW
                         NORMAL
 MAXIMUM TEMPERATURE (F)   37
 MINIMUM TEMPERATURE (F)   20


SUNRISE AND SUNSET
MARCH  6 2015.........SUNRISE   608 AM EST   SUNSET   533 PM EST
MARCH  7 2015.........SUNRISE   606 AM EST   SUNSET   535 PM EST


-  INDICATES NEGATIVE NUMBERS.
R  INDICATES RECORD WAS SET OR TIED.
MM INDICATES DATA IS MISSING.
T  INDICATES TRACE AMOUNT.




$$
