000
CDUS41 KGYX 030803
CLIAUG


CLIMATE REPORT
NATIONAL WEATHER SERVICE GRAY ME
403 AM EDT WED JUN 3 2015


...................................

...THE AUGUSTA CLIMATE SUMMARY FOR JUNE 2 2015...

CLIMATE NORMAL PERIOD 1981 TO 2010
CLIMATE RECORD PERIOD 1948 TO 2015


WEATHER ITEM   OBSERVED TIME   RECORD YEAR NORMAL DEPARTURE LAST
                VALUE   (LST)  VALUE       VALUE  FROM      YEAR
                                                  NORMAL
..................................................................
TEMPERATURE (F)
 YESTERDAY
  MAXIMUM         48    442 PM  MM      MM  70    -22       80
  MINIMUM         43   1159 PM  MM      MM  50     -7       47
  AVERAGE         46                        60    -14       64

PRECIPITATION (IN)
  YESTERDAY        0.43         MM      MM   0.12   0.31     0.00
  MONTH TO DATE    1.30                      0.25   1.05     0.00
  SINCE JUN 1      1.30                      0.25   1.05     0.00
  SINCE JAN 1     10.98                     16.14  -5.16    14.12

DEGREE DAYS
 HEATING
  YESTERDAY       19                         6     13        1
  MONTH TO DATE   37                        12     25        5
  SINCE JUN 1     37                        12     25        5
  SINCE JUL 1   7702                      7338    364     7701

 COOLING
  YESTERDAY        0                         1     -1        0
  MONTH TO DATE    0                         2     -2        0
  SINCE JUN 1      0                         2     -2        0
  SINCE JAN 1     34                        11     23        0
..................................................................


WIND (MPH)
  HIGHEST WIND SPEED    14   HIGHEST WIND DIRECTION    NE (60)
  HIGHEST GUST SPEED    20   HIGHEST GUST DIRECTION    NE (50)
  AVERAGE WIND SPEED     7.4


SKY COVER
  AVERAGE SKY COVER 1.0


WEATHER CONDITIONS
 THE FOLLOWING WEATHER WAS RECORDED YESTERDAY.
  RAIN
  LIGHT RAIN
  FOG


RELATIVE HUMIDITY (PERCENT)
 HIGHEST   100           900 PM
 LOWEST     86           400 PM
 AVERAGE    93

..........................................................


THE AUGUSTA CLIMATE NORMALS FOR TODAY
                         NORMAL
 MAXIMUM TEMPERATURE (F)   70
 MINIMUM TEMPERATURE (F)   50


SUNRISE AND SUNSET
JUNE  3 2015..........SUNRISE   457 AM EDT   SUNSET   818 PM EDT
JUNE  4 2015..........SUNRISE   457 AM EDT   SUNSET   818 PM EDT


-  INDICATES NEGATIVE NUMBERS.
R  INDICATES RECORD WAS SET OR TIED.
MM INDICATES DATA IS MISSING.
T  INDICATES TRACE AMOUNT.




$$
