000
CDUS41 KGYX 300802
CLIAUG


CLIMATE REPORT
NATIONAL WEATHER SERVICE GRAY ME
401 AM EDT FRI SEP 30 2016


...................................

...THE AUGUSTA CLIMATE SUMMARY FOR SEPTEMBER 29 2016...

CLIMATE NORMAL PERIOD 1981 TO 2010
CLIMATE RECORD PERIOD 1948 TO 2016


WEATHER ITEM   OBSERVED TIME   RECORD YEAR NORMAL DEPARTURE LAST
                VALUE   (LST)  VALUE       VALUE  FROM      YEAR
                                                  NORMAL
..................................................................
TEMPERATURE (F)
 YESTERDAY
  MAXIMUM         63    258 PM  81    1987  64     -1       77
  MINIMUM         43    551 AM  28    1980  45     -2       61
  AVERAGE         53                        55     -2       69

PRECIPITATION (IN)
  YESTERDAY        0.00          2.05 1967   0.15  -0.15     0.92
  MONTH TO DATE    1.13                      3.60  -2.47     2.27
  SINCE SEP 1      1.13                      3.60  -2.47     2.27
  SINCE JAN 1     22.71                     29.78  -7.07    24.73

DEGREE DAYS
 HEATING
  YESTERDAY       12                        10      2        0
  MONTH TO DATE   88                       167    -79       84
  SINCE SEP 1     88                       167    -79       84
  SINCE JUL 1    113                       209    -96      102

 COOLING
  YESTERDAY        0                         0      0        4
  MONTH TO DATE   73                        27     46      100
  SINCE SEP 1     73                        27     46      100
  SINCE JAN 1    530                       384    146      457
..................................................................


WIND (MPH)
  HIGHEST WIND SPEED    17   HIGHEST WIND DIRECTION    NE (40)
  HIGHEST GUST SPEED    23   HIGHEST GUST DIRECTION    NE (50)
  AVERAGE WIND SPEED     8.4


SKY COVER
  AVERAGE SKY COVER 0.0


WEATHER CONDITIONS
 THE FOLLOWING WEATHER WAS RECORDED YESTERDAY.
  NO SIGNIFICANT WEATHER WAS OBSERVED.


RELATIVE HUMIDITY (PERCENT)
 HIGHEST    92           400 AM
 LOWEST     34           300 PM
 AVERAGE    63

..........................................................


THE AUGUSTA CLIMATE NORMALS FOR TODAY
                         NORMAL    RECORD    YEAR
 MAXIMUM TEMPERATURE (F)   64        82      1948
 MINIMUM TEMPERATURE (F)   45        30      1995


SUNRISE AND SUNSET
SEPTEMBER 30 2016.....SUNRISE   636 AM EDT   SUNSET   621 PM EDT
OCTOBER  1 2016.......SUNRISE   637 AM EDT   SUNSET   619 PM EDT


-  INDICATES NEGATIVE NUMBERS.
R  INDICATES RECORD WAS SET OR TIED.
MM INDICATES DATA IS MISSING.
T  INDICATES TRACE AMOUNT.




$$
