000
CDUS41 KGYX 262044
CLIAUG


CLIMATE REPORT
NATIONAL WEATHER SERVICE GRAY ME
444 PM EDT MON JUN 26 2017


...................................

...THE AUGUSTA CLIMATE SUMMARY FOR JUNE 26 2017...
VALID TODAY AS OF 0400 PM LOCAL TIME.

CLIMATE NORMAL PERIOD 1981 TO 2010
CLIMATE RECORD PERIOD 1948 TO 2017


WEATHER ITEM   OBSERVED TIME   RECORD YEAR NORMAL DEPARTURE LAST
                VALUE   (LST)  VALUE       VALUE  FROM      YEAR
                                                  NORMAL
..................................................................
TEMPERATURE (F)
 TODAY
  MAXIMUM         71    224 PM  93    2003  77     -6       81
  MINIMUM         57    446 AM  45    1979  57      0       52
  AVERAGE         64                        67     -3       67

PRECIPITATION (IN)
  TODAY            0.00          1.15 1957   0.11  -0.11     0.00
  MONTH TO DATE    1.05                      3.14  -2.09     2.20
  SINCE JUN 1      1.05                      3.14  -2.09     2.20
  SINCE JAN 1     20.00                     19.03   0.97    15.77

DEGREE DAYS
 HEATING
  TODAY            1                         1      0        0
  MONTH TO DATE   76                        88    -12       78
  SINCE JUN 1     76                        88    -12       78
  SINCE JUL 1   7002                      7414   -412     6666

 COOLING
  TODAY            0                         3     -3        2
  MONTH TO DATE   79                        50     29       19
  SINCE JUN 1     79                        50     29       19
  SINCE JAN 1     90                        59     31       34
..................................................................


WIND (MPH)
  HIGHEST WIND SPEED    16   HIGHEST WIND DIRECTION    NW (310)
  HIGHEST GUST SPEED    24   HIGHEST GUST DIRECTION    NW (300)
  AVERAGE WIND SPEED     6.0


SKY COVER
  AVERAGE SKY COVER 0.4


WEATHER CONDITIONS
 THE FOLLOWING WEATHER WAS RECORDED TODAY.
  FOG


RELATIVE HUMIDITY (PERCENT)
 HIGHEST    93           100 AM
 LOWEST     47           100 PM
 AVERAGE    70

..........................................................


THE AUGUSTA CLIMATE NORMALS FOR TOMORROW
                         NORMAL    RECORD    YEAR
 MAXIMUM TEMPERATURE (F)   77        93      2007
 MINIMUM TEMPERATURE (F)   58        49      2004


SUNRISE AND SUNSET
JUNE 26 2017..........SUNRISE   457 AM EDT   SUNSET   827 PM EDT
JUNE 27 2017..........SUNRISE   457 AM EDT   SUNSET   827 PM EDT


-  INDICATES NEGATIVE NUMBERS.
R  INDICATES RECORD WAS SET OR TIED.
MM INDICATES DATA IS MISSING.
T  INDICATES TRACE AMOUNT.




$$
