000
CDUS41 KGYX 300821
CLIAUG


CLIMATE REPORT
NATIONAL WEATHER SERVICE GRAY ME
421 AM EDT MON MAR 30 2015


...................................

...THE AUGUSTA CLIMATE SUMMARY FOR MARCH 29 2015...

CLIMATE NORMAL PERIOD 1981 TO 2010
CLIMATE RECORD PERIOD 1948 TO 2015


WEATHER ITEM   OBSERVED TIME   RECORD YEAR NORMAL DEPARTURE LAST
                VALUE   (LST)  VALUE       VALUE  FROM      YEAR
                                                  NORMAL
..................................................................
TEMPERATURE (F)
 YESTERDAY
  MAXIMUM         41    409 PM  MM      MM  45     -4       50
  MINIMUM         19    558 AM  MM      MM  28     -9       36
  AVERAGE         30                        36     -6       43

PRECIPITATION (IN)
  YESTERDAY        0.00         MM      MM   0.12  -0.12     0.06
  MONTH TO DATE    1.14                      3.13  -1.99     1.97
  SINCE MAR 1      1.14                      3.13  -1.99     1.97
  SINCE JAN 1      3.41                      8.17  -4.76     6.76

DEGREE DAYS
 HEATING
  YESTERDAY       35                        28      7       22
  MONTH TO DATE 1110                       971    139     1186
  SINCE MAR 1   1110                       971    139     1186
  SINCE JUL 1   6737                      6314    423     6692

 COOLING
  YESTERDAY        0                         0      0        0
  MONTH TO DATE    0                         0      0        0
  SINCE MAR 1      0                         0      0        0
  SINCE JAN 1      0                         0      0        0
..................................................................


WIND (MPH)
  HIGHEST WIND SPEED    12   HIGHEST WIND DIRECTION     W (260)
  HIGHEST GUST SPEED    17   HIGHEST GUST DIRECTION    SW (240)
  AVERAGE WIND SPEED     6.2


SKY COVER
  AVERAGE SKY COVER 0.0


WEATHER CONDITIONS
 THE FOLLOWING WEATHER WAS RECORDED YESTERDAY.
  NO SIGNIFICANT WEATHER WAS OBSERVED.


RELATIVE HUMIDITY (PERCENT)
 HIGHEST    75          1100 PM
 LOWEST     20           300 PM
 AVERAGE    48

..........................................................


THE AUGUSTA CLIMATE NORMALS FOR TODAY
                         NORMAL
 MAXIMUM TEMPERATURE (F)   45
 MINIMUM TEMPERATURE (F)   28


SUNRISE AND SUNSET
MARCH 30 2015.........SUNRISE   625 AM EDT   SUNSET   704 PM EDT
MARCH 31 2015.........SUNRISE   623 AM EDT   SUNSET   705 PM EDT


-  INDICATES NEGATIVE NUMBERS.
R  INDICATES RECORD WAS SET OR TIED.
MM INDICATES DATA IS MISSING.
T  INDICATES TRACE AMOUNT.




$$
