278
CDUS41 KGYX 220910
CLIAUG


CLIMATE REPORT
NATIONAL WEATHER SERVICE GRAY ME
410 AM EST WED FEB 22 2017


...................................

...THE AUGUSTA CLIMATE SUMMARY FOR FEBRUARY 21 2017...

CLIMATE NORMAL PERIOD 1981 TO 2010
CLIMATE RECORD PERIOD 1948 TO 2017


WEATHER ITEM   OBSERVED TIME   RECORD YEAR NORMAL DEPARTURE LAST
                VALUE   (LST)  VALUE       VALUE  FROM      YEAR
                                                  NORMAL
..................................................................
TEMPERATURE (F)
 YESTERDAY
  MAXIMUM         39    305 PM  52    1981  34      5       46
  MINIMUM         19    608 AM -11    1968  16      3       30
  AVERAGE         29                        25      4       38

PRECIPITATION (IN)
  YESTERDAY        0.00          1.35 1996   0.08  -0.08     0.00
  MONTH TO DATE    3.25                      1.77   1.48     2.05
  SINCE DEC 1      9.96                      7.62   2.34     8.42
  SINCE JAN 1      5.99                      4.38   1.61     4.45

DEGREE DAYS
 HEATING
  YESTERDAY       36                        40     -4       27
  MONTH TO DATE  893                       898     -5      842
  SINCE DEC 1   3316                      3521   -205     3024
  SINCE JUL 1   4634                      5069   -435     4402

 COOLING
  YESTERDAY        0                         0      0        0
  MONTH TO DATE    0                         0      0        0
  SINCE DEC 1      0                         0      0        0
  SINCE JAN 1      0                         0      0        0
..................................................................


WIND (MPH)
  HIGHEST WIND SPEED    10   HIGHEST WIND DIRECTION     S (160)
  HIGHEST GUST SPEED    14   HIGHEST GUST DIRECTION    SE (150)
  AVERAGE WIND SPEED     4.7


SKY COVER
  AVERAGE SKY COVER 0.0


WEATHER CONDITIONS
 THE FOLLOWING WEATHER WAS RECORDED YESTERDAY.
  HAZE


RELATIVE HUMIDITY (PERCENT)
 HIGHEST    78          1100 PM
 LOWEST     32          1200 PM
 AVERAGE    55

..........................................................


THE AUGUSTA CLIMATE NORMALS FOR TODAY
                         NORMAL    RECORD    YEAR
 MAXIMUM TEMPERATURE (F)   34        53      1991
 MINIMUM TEMPERATURE (F)   16       -10      1968


SUNRISE AND SUNSET
FEBRUARY 22 2017......SUNRISE   628 AM EST   SUNSET   518 PM EST
FEBRUARY 23 2017......SUNRISE   626 AM EST   SUNSET   520 PM EST


-  INDICATES NEGATIVE NUMBERS.
R  INDICATES RECORD WAS SET OR TIED.
MM INDICATES DATA IS MISSING.
T  INDICATES TRACE AMOUNT.




$$
