000
CDUS41 KGYX 262041
CLIAUG


CLIMATE REPORT
NATIONAL WEATHER SERVICE GRAY ME
441 PM EDT SUN MAR 26 2017


...................................

...THE AUGUSTA CLIMATE SUMMARY FOR MARCH 26 2017...
VALID TODAY AS OF 0400 PM LOCAL TIME.

CLIMATE NORMAL PERIOD 1981 TO 2010
CLIMATE RECORD PERIOD 1948 TO 2017


WEATHER ITEM   OBSERVED TIME   RECORD YEAR NORMAL DEPARTURE LAST
                VALUE   (LST)  VALUE       VALUE  FROM      YEAR
                                                  NORMAL
..................................................................
TEMPERATURE (F)
 TODAY
  MAXIMUM         40    257 PM  68    1986  44     -4       43
  MINIMUM         21    556 AM   3    1960  27     -6       29
  AVERAGE         31                        35     -4       36

PRECIPITATION (IN)
  TODAY            0.00          0.97 1953   0.11  -0.11     0.00
  MONTH TO DATE    3.01                      2.77   0.24     2.52
  SINCE MAR 1      3.01                      2.77   0.24     2.52
  SINCE JAN 1      9.49                      7.81   1.68     8.39

DEGREE DAYS
 HEATING
  TODAY           34                        30      4       29
  MONTH TO DATE 1037                       885    152      813
  SINCE MAR 1   1037                       885    152      813
  SINCE JUL 1   5849                      6228   -379     5492

 COOLING
  TODAY            0                         0      0        0
  MONTH TO DATE    0                         0      0        0
  SINCE MAR 1      0                         0      0        0
  SINCE JAN 1      0                         0      0        0
..................................................................


WIND (MPH)
  HIGHEST WIND SPEED    14   HIGHEST WIND DIRECTION    NE (40)
  HIGHEST GUST SPEED    18   HIGHEST GUST DIRECTION    NE (40)
  AVERAGE WIND SPEED     5.1


SKY COVER
  AVERAGE SKY COVER 0.0


WEATHER CONDITIONS
 THE FOLLOWING WEATHER WAS RECORDED TODAY.
  NO SIGNIFICANT WEATHER WAS OBSERVED.


RELATIVE HUMIDITY (PERCENT)
 HIGHEST    39          1200 AM
 LOWEST     19           300 PM
 AVERAGE    29

..........................................................


THE AUGUSTA CLIMATE NORMALS FOR TOMORROW
                         NORMAL    RECORD    YEAR
 MAXIMUM TEMPERATURE (F)   44        72      1998
 MINIMUM TEMPERATURE (F)   27         8      1975


SUNRISE AND SUNSET
MARCH 26 2017.........SUNRISE   631 AM EDT   SUNSET   659 PM EDT
MARCH 27 2017.........SUNRISE   629 AM EDT   SUNSET   701 PM EDT


-  INDICATES NEGATIVE NUMBERS.
R  INDICATES RECORD WAS SET OR TIED.
MM INDICATES DATA IS MISSING.
T  INDICATES TRACE AMOUNT.




$$
