529
CDUS44 KEWX 272248
CLIAUS


CLIMATE REPORT
NATIONAL WEATHER SERVICE AUSTIN/SAN ANTONIO, TX
547 PM CDT THU JUL 27 2017


...................................

...THE AUSTIN BERGSTROM CLIMATE SUMMARY FOR JULY 27 2017...
VALID TODAY AS OF 540 PM LOCAL TIME.

CLIMATE NORMAL PERIOD 1981 TO 2010
CLIMATE RECORD PERIOD 1943 TO 2017


WEATHER ITEM   OBSERVED TIME   RECORD YEAR NORMAL DEPARTURE LAST
                VALUE   (LST)  VALUE       VALUE  FROM      YEAR
                                                  NORMAL
..................................................................
TEMPERATURE (F)
 TODAY
  MAXIMUM        101    421 PM 104    1954  96      5       92
  MINIMUM         70    603 AM  67    2004  72     -2       71
  AVERAGE         86                        84      2       82

PRECIPITATION (IN)
  TODAY            0.00          4.18 2016   0.06  -0.06     4.18
  MONTH TO DATE    1.06                      2.23  -1.17     5.65
  SINCE JUN 1      3.49                      6.86  -3.37     8.28
  SINCE JAN 1     18.27                     20.47  -2.20    36.57

SNOWFALL (IN)
  TODAY            0.0
  MONTH TO DATE    0.0
  SINCE JUN 1      0.0
  SINCE JUL 1      0.0
  SNOW DEPTH       0

DEGREE DAYS
 HEATING
  TODAY            0                         0      0        0
  MONTH TO DATE    0                         0      0        0
  SINCE JUN 1      0                         0      0        0
  SINCE JUL 1      0                         0      0        0

 COOLING
  TODAY           21                        19      2       17
  MONTH TO DATE  589                       497     92      592
  SINCE JUN 1   1150                       978    172     1110
  SINCE JAN 1   1935                      1485    450     1614
..................................................................


WIND (MPH)
  HIGHEST WIND SPEED    18   HIGHEST WIND DIRECTION     S (180)
  HIGHEST GUST SPEED    23   HIGHEST GUST DIRECTION     S (180)
  AVERAGE WIND SPEED     7.3


SKY COVER
  AVERAGE SKY COVER 0.2


WEATHER CONDITIONS
 THE FOLLOWING WEATHER WAS RECORDED TODAY.
  NO SIGNIFICANT WEATHER WAS OBSERVED.


RELATIVE HUMIDITY (PERCENT)
 HIGHEST    93           500 AM
 LOWEST     31           400 PM
 AVERAGE    62

..........................................................


THE AUSTIN BERGSTROM CLIMATE NORMALS FOR TOMORROW
                         NORMAL    RECORD    YEAR
 MAXIMUM TEMPERATURE (F)   96       104      1995
 MINIMUM TEMPERATURE (F)   72        68      2003


SUNRISE AND SUNSET
JULY 27 2017..........SUNRISE   646 AM CDT   SUNSET   828 PM CDT
JULY 28 2017..........SUNRISE   647 AM CDT   SUNSET   827 PM CDT


-  INDICATES NEGATIVE NUMBERS.
R  INDICATES RECORD WAS SET OR TIED.
MM INDICATES DATA IS MISSING.
T  INDICATES TRACE AMOUNT.




$$
