000
CDUS44 KEWX 290715
CLIAUS


CLIMATE REPORT
NATIONAL WEATHER SERVICE AUSTIN/SAN ANTONIO, TX
214 AM CDT MON AUG 29 2016


...................................

...THE AUSTIN BERGSTROM CLIMATE SUMMARY FOR AUGUST 28 2016...

CLIMATE NORMAL PERIOD 1981 TO 2010
CLIMATE RECORD PERIOD 1943 TO 2016


WEATHER ITEM   OBSERVED TIME   RECORD YEAR NORMAL DEPARTURE LAST
                VALUE   (LST)  VALUE       VALUE  FROM      YEAR
                                                  NORMAL
..................................................................
TEMPERATURE (F)
 YESTERDAY
  MAXIMUM         91    255 PM 110    2011  95     -4       96
  MINIMUM         71    543 AM  61    2010  70      1       64
  AVERAGE         81                        82     -1       80

PRECIPITATION (IN)
  YESTERDAY        T             1.41 1974   0.09  -0.09     0.00
  MONTH TO DATE    7.75                      1.73   6.02     0.63
  SINCE JUN 1     16.03                      8.80   7.23     3.85
  SINCE JAN 1     44.32                     22.41  21.91    29.42

SNOWFALL (IN)
  YESTERDAY        0.0
  MONTH TO DATE    0.0
  SINCE JUN 1      0.0
  SINCE JUL 1      0.0
  SNOW DEPTH       0

DEGREE DAYS
 HEATING
  YESTERDAY        0                         0      0        0
  MONTH TO DATE    0                         0      0        0
  SINCE JUN 1      0                         0      0        0
  SINCE JUL 1      0                         0      0        0

 COOLING
  YESTERDAY       16                        17     -1       15
  MONTH TO DATE  512                       524    -12      556
  SINCE JUN 1   1701                      1577    124     1554
  SINCE JAN 1   2205                      2084    121     2047
..................................................................


WIND (MPH)
  HIGHEST WIND SPEED    20   HIGHEST WIND DIRECTION     E (90)
  HIGHEST GUST SPEED    26   HIGHEST GUST DIRECTION     E (90)
  AVERAGE WIND SPEED     6.9


SKY COVER
  AVERAGE SKY COVER 0.4


WEATHER CONDITIONS
 THE FOLLOWING WEATHER WAS RECORDED YESTERDAY.
  LIGHT RAIN


RELATIVE HUMIDITY (PERCENT)
 HIGHEST    93           200 AM
 LOWEST     52           300 PM
 AVERAGE    73

..........................................................


THE AUSTIN BERGSTROM CLIMATE NORMALS FOR TODAY
                         NORMAL    RECORD    YEAR
 MAXIMUM TEMPERATURE (F)   95       108      2011
 MINIMUM TEMPERATURE (F)   70        62      1992


SUNRISE AND SUNSET
AUGUST 29 2016........SUNRISE   706 AM CDT   SUNSET   756 PM CDT
AUGUST 30 2016........SUNRISE   707 AM CDT   SUNSET   755 PM CDT


-  INDICATES NEGATIVE NUMBERS.
R  INDICATES RECORD WAS SET OR TIED.
MM INDICATES DATA IS MISSING.
T  INDICATES TRACE AMOUNT.




$$
