940
CDUS44 KEWX 050752
CLIAUS


CLIMATE REPORT
NATIONAL WEATHER SERVICE AUSTIN/SAN ANTONIO, TX
252 AM CDT THU MAY 5 2016


...................................

...THE AUSTIN BERGSTROM CLIMATE SUMMARY FOR MAY 4 2016...

CLIMATE NORMAL PERIOD 1981 TO 2010
CLIMATE RECORD PERIOD 1943 TO 2016


WEATHER ITEM   OBSERVED TIME   RECORD YEAR NORMAL DEPARTURE LAST
                VALUE   (LST)  VALUE       VALUE  FROM      YEAR
                                                  NORMAL
..................................................................
TEMPERATURE (F)
 YESTERDAY
  MAXIMUM         85    457 PM  98    1984  84      1       84
  MINIMUM         51    601 AM  37    2013  60     -9       59
  AVERAGE         68                        72     -4       72

PRECIPITATION (IN)
  YESTERDAY        0.00          1.59 2006   0.15  -0.15      T
  MONTH TO DATE    0.14                      0.55  -0.41      T
  SINCE MAR 1     10.43                      5.60   4.83     6.39
  SINCE JAN 1     12.61                     10.11   2.50    12.13

SNOWFALL (IN)
  YESTERDAY        0.0
  MONTH TO DATE    0.0
  SINCE MAR 1      T
  SINCE JUL 1      T
  SNOW DEPTH       0

DEGREE DAYS
 HEATING
  YESTERDAY        0                         0      0        0
  MONTH TO DATE    3                         0      3        0
  SINCE MAR 1    146                       285   -139      265
  SINCE JUL 1   1380                      1900   -520     1979

 COOLING
  YESTERDAY        3                         7     -4        7
  MONTH TO DATE    9                        28    -19       10
  SINCE MAR 1    215                       200     15      216
  SINCE JAN 1    238                       216     22      218
..................................................................


WIND (MPH)
  HIGHEST WIND SPEED    16   HIGHEST WIND DIRECTION    NW (320)
  HIGHEST GUST SPEED    22   HIGHEST GUST DIRECTION    NW (310)
  AVERAGE WIND SPEED     4.6


SKY COVER
  AVERAGE SKY COVER 0.1


WEATHER CONDITIONS
 THE FOLLOWING WEATHER WAS RECORDED YESTERDAY.
  NO SIGNIFICANT WEATHER WAS OBSERVED.


RELATIVE HUMIDITY (PERCENT)
 HIGHEST   100           200 AM
 LOWEST     28           200 PM
 AVERAGE    64

..........................................................


THE AUSTIN BERGSTROM CLIMATE NORMALS FOR TODAY
                         NORMAL    RECORD    YEAR
 MAXIMUM TEMPERATURE (F)   84       101      1984
 MINIMUM TEMPERATURE (F)   60        44      2011


SUNRISE AND SUNSET
MAY  5 2016...........SUNRISE   644 AM CDT   SUNSET   811 PM CDT
MAY  6 2016...........SUNRISE   643 AM CDT   SUNSET   812 PM CDT


-  INDICATES NEGATIVE NUMBERS.
R  INDICATES RECORD WAS SET OR TIED.
MM INDICATES DATA IS MISSING.
T  INDICATES TRACE AMOUNT.




$$
