000
CDUS44 KEWX 242352
CLIAUS


CLIMATE REPORT
NATIONAL WEATHER SERVICE AUSTIN/SAN ANTONIO, TX
551 PM CST FRI FEB 24 2017


...................................

...THE AUSTIN BERGSTROM CLIMATE SUMMARY FOR FEBRUARY 24 2017...
VALID TODAY AS OF 551 PM LOCAL TIME.

CLIMATE NORMAL PERIOD 1981 TO 2010
CLIMATE RECORD PERIOD 1943 TO 2017


WEATHER ITEM   OBSERVED TIME   RECORD YEAR NORMAL DEPARTURE LAST
                VALUE   (LST)  VALUE       VALUE  FROM      YEAR
                                                  NORMAL
..................................................................
TEMPERATURE (F)
 TODAY
  MAXIMUM         82   1211 PM  86    1977  67     15       65
  MINIMUM         55    723 AM  24    1965  41     14       41
  AVERAGE         69                        54     15       53

PRECIPITATION (IN)
  TODAY            0.00          1.41 1992   0.08  -0.08     0.00
  MONTH TO DATE    2.65                      1.93   0.72     1.14
  SINCE DEC 1     10.41                      6.34   4.07     4.47
  SINCE JAN 1      7.30                      4.13   3.17     2.18

SNOWFALL (IN)
  TODAY            0.0
  MONTH TO DATE    0.0
  SINCE DEC 1      0.0
  SINCE JUL 1      0.0
  SNOW DEPTH       0

DEGREE DAYS
 HEATING
  TODAY            0                        12    -12       12
  MONTH TO DATE   91                       328   -237      218
  SINCE DEC 1    755                      1285   -530     1012
  SINCE JUL 1    849                      1570   -721     1190

 COOLING
  TODAY            4                         1      3        0
  MONTH TO DATE   70                         4     66       18
  SINCE DEC 1    134                        19    115       37
  SINCE JAN 1     92                         9     83       18
..................................................................


WIND (MPH)
  HIGHEST WIND SPEED    21   HIGHEST WIND DIRECTION    NW (330)
  HIGHEST GUST SPEED    29   HIGHEST GUST DIRECTION     N (10)
  AVERAGE WIND SPEED     8.1


SKY COVER
  AVERAGE SKY COVER 0.2


WEATHER CONDITIONS
 THE FOLLOWING WEATHER WAS RECORDED TODAY.
  FOG
  HAZE


RELATIVE HUMIDITY (PERCENT)
 HIGHEST   100           500 AM
 LOWEST     17           300 PM
 AVERAGE    59

..........................................................


THE AUSTIN BERGSTROM CLIMATE NORMALS FOR TOMORROW
                         NORMAL    RECORD    YEAR
 MAXIMUM TEMPERATURE (F)   67        89      2008
 MINIMUM TEMPERATURE (F)   42        23      2010


SUNRISE AND SUNSET
FEBRUARY 24 2017......SUNRISE   702 AM CST   SUNSET   626 PM CST
FEBRUARY 25 2017......SUNRISE   701 AM CST   SUNSET   627 PM CST


-  INDICATES NEGATIVE NUMBERS.
R  INDICATES RECORD WAS SET OR TIED.
MM INDICATES DATA IS MISSING.
T  INDICATES TRACE AMOUNT.




$$
