000
CDUS44 KEWX 220710
CLIAUS


CLIMATE REPORT
NATIONAL WEATHER SERVICE AUSTIN/SAN ANTONIO, TX
200 AM CDT FRI AUG 22 2014


...................................

...THE AUSTIN BERGSTROM CLIMATE SUMMARY FOR AUGUST 21 2014...

CLIMATE NORMAL PERIOD 1981 TO 2010
CLIMATE RECORD PERIOD 1943 TO 2014


WEATHER ITEM   OBSERVED TIME   RECORD YEAR NORMAL DEPARTURE LAST
                VALUE   (LST)  VALUE       VALUE  FROM      YEAR
                                                  NORMAL
..................................................................
TEMPERATURE (F)
 YESTERDAY
  MAXIMUM        102    422 PM 104    1999  96      6       96
  MINIMUM         78    524 AM  66    2001  71      7       71
                                      1992
                                      1976
  AVERAGE         90                        84      6       84

PRECIPITATION (IN)
  YESTERDAY        0.00          0.65 1978   0.05  -0.05     0.00
  MONTH TO DATE    T                         0.96  -0.96     1.45
  SINCE JUN 1      3.73                      7.98  -4.25     3.64
  SINCE JAN 1     15.55                     22.03  -6.48    19.02

SNOWFALL (IN)
  YESTERDAY        0.0
  MONTH TO DATE    0.0
  SINCE JUN 1      0.0
  SINCE JUL 1      0.0
  SNOW DEPTH       0

DEGREE DAYS
 HEATING
  YESTERDAY        0                         0      0        0
  MONTH TO DATE    0                         0      0        0
  SINCE JUN 1      0                         0      0        0
  SINCE JUL 1      0                         0      0        0

 COOLING
  YESTERDAY       25                        19      6       19
  MONTH TO DATE  435                       399     36      456
  SINCE JUN 1   1500                      1452     48     1630
  SINCE JAN 1   1955                      1959     -4     2144
..................................................................


WIND (MPH)
  HIGHEST WIND SPEED    25   HIGHEST WIND DIRECTION    SE (150)
  HIGHEST GUST SPEED    33   HIGHEST GUST DIRECTION    SE (150)
  AVERAGE WIND SPEED    13.9


SKY COVER
  AVERAGE SKY COVER 0.2


WEATHER CONDITIONS
 THE FOLLOWING WEATHER WAS RECORDED YESTERDAY.
  NO SIGNIFICANT WEATHER WAS OBSERVED.


RELATIVE HUMIDITY (PERCENT)
 HIGHEST    91           500 AM
 LOWEST     27           400 PM
 AVERAGE    59

..........................................................


THE AUSTIN BERGSTROM CLIMATE NORMALS FOR TODAY
                         NORMAL    RECORD    YEAR
 MAXIMUM TEMPERATURE (F)   96       103      2011
                                             1948
 MINIMUM TEMPERATURE (F)   71        65      1981


SUNRISE AND SUNSET
AUGUST 22 2014........SUNRISE   702 AM CDT   SUNSET   805 PM CDT
AUGUST 23 2014........SUNRISE   702 AM CDT   SUNSET   804 PM CDT


-  INDICATES NEGATIVE NUMBERS.
R  INDICATES RECORD WAS SET OR TIED.
MM INDICATES DATA IS MISSING.
T  INDICATES TRACE AMOUNT.




$$
