000
CDUS43 KGRB 300633
CLIAUW


CLIMATE REPORT
NATIONAL WEATHER SERVICE GREEN BAY
132 AM CDT TUE AUG 30 2016


...................................

...THE WAUSAU WI CLIMATE SUMMARY FOR AUGUST 29 2016...

CLIMATE NORMAL PERIOD 1981 TO 2010
CLIMATE RECORD PERIOD 1896 TO 2016


WEATHER ITEM   OBSERVED TIME   RECORD YEAR NORMAL DEPARTURE LAST
                VALUE   (LST)  VALUE       VALUE  FROM      YEAR
                                                  NORMAL
..................................................................
TEMPERATURE (F)
 YESTERDAY
  MAXIMUM         82    454 PM  93    1973  75      7       68
  MINIMUM         62    314 AM  35    1965  55      7       55
  AVERAGE         72                        65      7

PRECIPITATION (IN)
  YESTERDAY        0.00          1.88 1962   0.13  -0.13     0.00
  MONTH TO DATE    3.87                      3.90  -0.03     3.62
  SINCE JUN 1     13.69                     12.04   1.65    11.26
  SINCE JAN 1     25.35                     21.95   3.40    21.99

SNOWFALL (IN)
  YESTERDAY        0.0           0.0    MM   0.0    0.0      0.0
  MONTH TO DATE    0.0                       0.0    0.0      0.0
  SINCE JUL 1      0.0                       0.0    0.0      0.0
  SNOW DEPTH       0

DEGREE DAYS
 HEATING
  YESTERDAY        0                         2     -2        3
  MONTH TO DATE   12                        37    -25       44
  SINCE JUN 1     51                       149    -98      123
  SINCE JUL 1     21                        60    -39       62

 COOLING
  YESTERDAY        7                         3      4        0
  MONTH TO DATE  160                       112     48      104
  SINCE JUN 1    435                       353     82      315
  SINCE JAN 1    482                       372    110      333
..................................................................


WIND (MPH)
  HIGHEST WIND SPEED    15   HIGHEST WIND DIRECTION    SW (210)
  HIGHEST GUST SPEED    20   HIGHEST GUST DIRECTION     S (190)
  AVERAGE WIND SPEED     6.2


SKY COVER
  POSSIBLE SUNSHINE  MM
  AVERAGE SKY COVER 0.5


WEATHER CONDITIONS
 THE FOLLOWING WEATHER WAS RECORDED YESTERDAY.
  FOG
  FOG W/VISIBILITY <= 1/4 MILE


RELATIVE HUMIDITY (PERCENT)
 HIGHEST   100          1200 AM
 LOWEST     65           200 PM
 AVERAGE    83

..........................................................


THE WAUSAU WI CLIMATE NORMALS FOR TODAY
                         NORMAL    RECORD    YEAR
 MAXIMUM TEMPERATURE (F)   75        93      2012
                                             1908
 MINIMUM TEMPERATURE (F)   55        32      1915


SUNRISE AND SUNSET
AUGUST 30 2016........SUNRISE   619 AM CDT   SUNSET   738 PM CDT
AUGUST 31 2016........SUNRISE   620 AM CDT   SUNSET   736 PM CDT


-  INDICATES NEGATIVE NUMBERS.
R  INDICATES RECORD WAS SET OR TIED.
MM INDICATES DATA IS MISSING.
T  INDICATES TRACE AMOUNT.




$$
