000
CDUS43 KGRB 280721
CLIAUW


CLIMATE REPORT
NATIONAL WEATHER SERVICE GREEN BAY
219 AM CDT THU MAY 28 2015


...................................

...THE WAUSAU WI CLIMATE SUMMARY FOR MAY 27 2015...

CLIMATE NORMAL PERIOD 1981 TO 2010
CLIMATE RECORD PERIOD 1896 TO 2015


WEATHER ITEM   OBSERVED TIME   RECORD YEAR NORMAL DEPARTURE LAST
                VALUE   (LST)  VALUE       VALUE  FROM      YEAR
                                                  NORMAL
..................................................................
TEMPERATURE (F)
 YESTERDAY
  MAXIMUM         76    354 PM  88    1978  70      6       74
                                      1911
  MINIMUM         54    534 AM  32    1906  48      6       63
                                      1902
  AVERAGE         65                        59      6

PRECIPITATION (IN)
  YESTERDAY        0.48          2.08 1969   0.13   0.35     0.03
  MONTH TO DATE    5.27                      2.97   2.30     3.48
  SINCE MAR 1      9.24                      7.46   1.78     8.50
  SINCE JAN 1      9.99                      9.40   0.59    11.44

SNOWFALL (IN)
  YESTERDAY        0.0           0.0    MM   0.0    0.0      0.0
  MONTH TO DATE    T                         0.2   -0.2      0.0
  SINCE JUL 1     53.7                      59.6   -5.9     84.3
  SNOW DEPTH       0

DEGREE DAYS
 HEATING
  YESTERDAY        0                         7     -7        0
  MONTH TO DATE  213                       283    -70      276
  SINCE MAR 1   1814                      1999   -185     2371
  SINCE JUL 1   8394                      8135    259     9318

 COOLING
  YESTERDAY        0                         1     -1        4
  MONTH TO DATE   10                        10      0       13
  SINCE MAR 1     10                        12     -2       13
  SINCE JAN 1     10                        12     -2       13
..................................................................


WIND (MPH)
  HIGHEST WIND SPEED    18   HIGHEST WIND DIRECTION     W (250)
  HIGHEST GUST SPEED    25   HIGHEST GUST DIRECTION     W (290)
  AVERAGE WIND SPEED     8.8


SKY COVER
  POSSIBLE SUNSHINE  MM
  AVERAGE SKY COVER 0.6


WEATHER CONDITIONS
 THE FOLLOWING WEATHER WAS RECORDED YESTERDAY.
  THUNDERSTORM
  HEAVY RAIN
  RAIN
  LIGHT RAIN
  FOG


RELATIVE HUMIDITY (PERCENT)
 HIGHEST   100           800 AM
 LOWEST     54           400 PM
 AVERAGE    77

..........................................................


THE WAUSAU WI CLIMATE NORMALS FOR TODAY
                         NORMAL    RECORD    YEAR
 MAXIMUM TEMPERATURE (F)   71        91      2006
 MINIMUM TEMPERATURE (F)   48        32      1947
                                             1932


SUNRISE AND SUNSET
MAY 28 2015...........SUNRISE   518 AM CDT   SUNSET   834 PM CDT
MAY 29 2015...........SUNRISE   517 AM CDT   SUNSET   835 PM CDT


-  INDICATES NEGATIVE NUMBERS.
R  INDICATES RECORD WAS SET OR TIED.
MM INDICATES DATA IS MISSING.
T  INDICATES TRACE AMOUNT.

$$
