000
CDUS43 KGRB 060804
CLIAUW


CLIMATE REPORT
NATIONAL WEATHER SERVICE GREEN BAY
201 AM CST TUE DEC 6 2016


...................................

...THE WAUSAU WI CLIMATE SUMMARY FOR DECEMBER 5 2016...

CLIMATE NORMAL PERIOD 1981 TO 2010
CLIMATE RECORD PERIOD 1896 TO 2016


WEATHER ITEM   OBSERVED TIME   RECORD YEAR NORMAL DEPARTURE LAST
                VALUE   (LST)  VALUE       VALUE  FROM      YEAR
                                                  NORMAL
..................................................................
TEMPERATURE (F)
 YESTERDAY
  MAXIMUM         34    313 AM  61    2001  30      4       46
  MINIMUM         30   1159 PM -10    1955  15     15       27
  AVERAGE         32                        23      9

PRECIPITATION (IN)
  YESTERDAY        0.00          0.74 1982   0.04  -0.04     0.00
  MONTH TO DATE    0.35                      0.25   0.10     0.29
  SINCE DEC 1      0.35                      0.25   0.10     0.29
  SINCE JAN 1     34.67                     31.30   3.37    32.64

SNOWFALL (IN)
  YESTERDAY        0.0           7.8  1972   0.4   -0.4      0.0
  MONTH TO DATE    3.4                       2.0    1.4      1.4
  SINCE JUL 1      6.5                      10.3   -3.8      1.6
  SNOW DEPTH       3

DEGREE DAYS
 HEATING
  YESTERDAY       33                        42     -9       28
  MONTH TO DATE  169                       208    -39      152
  SINCE DEC 1    169                       208    -39      152
  SINCE JUL 1   1447                      2067   -620     1558

 COOLING
  YESTERDAY        0                         0      0        0
  MONTH TO DATE    0                         0      0        0
  SINCE DEC 1      0                         0      0        0
  SINCE JAN 1    512                       407    105      435
..................................................................


WIND (MPH)
  HIGHEST WIND SPEED    18   HIGHEST WIND DIRECTION     W (270)
  HIGHEST GUST SPEED    22   HIGHEST GUST DIRECTION     W (260)
  AVERAGE WIND SPEED     7.9


SKY COVER
  POSSIBLE SUNSHINE  MM
  AVERAGE SKY COVER 0.9


WEATHER CONDITIONS
 THE FOLLOWING WEATHER WAS RECORDED YESTERDAY.
  FOG


RELATIVE HUMIDITY (PERCENT)
 HIGHEST    92          1200 AM
 LOWEST     82           300 AM
 AVERAGE    87

..........................................................


THE WAUSAU WI CLIMATE NORMALS FOR TODAY
                         NORMAL    RECORD    YEAR
 MAXIMUM TEMPERATURE (F)   29        51      1939
 MINIMUM TEMPERATURE (F)   15       -21      1972


SUNRISE AND SUNSET
DECEMBER  6 2016......SUNRISE   722 AM CST   SUNSET   417 PM CST
DECEMBER  7 2016......SUNRISE   723 AM CST   SUNSET   417 PM CST


-  INDICATES NEGATIVE NUMBERS.
R  INDICATES RECORD WAS SET OR TIED.
MM INDICATES DATA IS MISSING.
T  INDICATES TRACE AMOUNT.

$$
