000
CDUS43 KGRB 220702
CLIAUW


CLIMATE REPORT
NATIONAL WEATHER SERVICE GREEN BAY
1259 AM CST THU FEB 22 2018


...................................

...THE WAUSAU WI CLIMATE SUMMARY FOR FEBRUARY 21 2018...

CLIMATE NORMAL PERIOD 1981 TO 2010
CLIMATE RECORD PERIOD 1896 TO 2018


WEATHER ITEM   OBSERVED TIME   RECORD YEAR NORMAL DEPARTURE LAST
                VALUE   (LST)  VALUE       VALUE  FROM      YEAR
                                                  NORMAL
..................................................................
TEMPERATURE (F)
 YESTERDAY
  MAXIMUM         18    451 PM  58    1930  30    -12       54
  MINIMUM          5    802 AM -21    1963  12     -7       37
                                      1936
  AVERAGE         12                        21     -9

PRECIPITATION (IN)
  YESTERDAY        0.00          1.50 1937   0.03  -0.03      T
  MONTH TO DATE    0.38                      0.64  -0.26     0.88
  SINCE DEC 1      2.78                      3.02  -0.24     5.88
  SINCE JAN 1      1.62                      1.66  -0.04     3.22

SNOWFALL (IN)
  YESTERDAY        0.0           8.0  1913   0.3   -0.3      0.0
  MONTH TO DATE    6.0                       7.1   -1.1      0.4
  SINCE JUL 1     37.1                      42.8   -5.7     46.5
  SNOW DEPTH      MM

DEGREE DAYS
 HEATING
  YESTERDAY       53                        44      9       19
  MONTH TO DATE 1116                       986    130      843
  SINCE DEC 1   4148                      3977    171     3713
  SINCE JUL 1   5833                      5836     -3     4991

 COOLING
  YESTERDAY        0                         0      0        0
  MONTH TO DATE    0                         0      0        0
  SINCE DEC 1      0                         0      0        0
  SINCE JAN 1      0                         0      0        0
..................................................................


WIND (MPH)
  HIGHEST WIND SPEED    14   HIGHEST WIND DIRECTION    NW (300)
  HIGHEST GUST SPEED    18   HIGHEST GUST DIRECTION    NW (300)
  AVERAGE WIND SPEED     6.4


SKY COVER
  POSSIBLE SUNSHINE  MM
  AVERAGE SKY COVER 0.0


WEATHER CONDITIONS
 THE FOLLOWING WEATHER WAS RECORDED YESTERDAY.
  NO SIGNIFICANT WEATHER WAS OBSERVED.


RELATIVE HUMIDITY (PERCENT)
 HIGHEST    91           500 AM
 LOWEST     59           600 PM
 AVERAGE    75

..........................................................


THE WAUSAU WI CLIMATE NORMALS FOR TODAY
                         NORMAL    RECORD    YEAR
 MAXIMUM TEMPERATURE (F)   30        55      2017
 MINIMUM TEMPERATURE (F)   12       -23      1936


SUNRISE AND SUNSET
FEBRUARY 22 2018......SUNRISE   648 AM CST   SUNSET   536 PM CST
FEBRUARY 23 2018......SUNRISE   646 AM CST   SUNSET   538 PM CST


-  INDICATES NEGATIVE NUMBERS.
R  INDICATES RECORD WAS SET OR TIED.
MM INDICATES DATA IS MISSING.
T  INDICATES TRACE AMOUNT.




$$
