000
CDUS43 KGRB 110810
CLIAUW


CLIMATE REPORT
NATIONAL WEATHER SERVICE GREEN BAY
208 AM CST MON DEC 11 2017


...................................

...THE WAUSAU WI CLIMATE SUMMARY FOR DECEMBER 10 2017...

CLIMATE NORMAL PERIOD 1981 TO 2010
CLIMATE RECORD PERIOD 1896 TO 2017


WEATHER ITEM   OBSERVED TIME   RECORD YEAR NORMAL DEPARTURE LAST
                VALUE   (LST)  VALUE       VALUE  FROM      YEAR
                                                  NORMAL
..................................................................
TEMPERATURE (F)
 YESTERDAY
  MAXIMUM         23    429 PM  51    2015  28     -5       15
  MINIMUM         14    355 AM -20    1919  13      1       10
  AVERAGE         19                        20     -1

PRECIPITATION (IN)
  YESTERDAY        T             1.14 1971   0.04  -0.04     0.01
  MONTH TO DATE    0.65                      0.49   0.16     0.51
  SINCE DEC 1      0.65                      0.49   0.16     0.51
  SINCE JAN 1     36.76                     31.54   5.22    34.83

SNOWFALL (IN)
  YESTERDAY        T             3.0  1961   0.5   -0.5      0.3
  MONTH TO DATE    1.6                       4.4   -2.8      5.2
  SINCE JUL 1      9.9                      12.7   -2.8      8.3
  SNOW DEPTH       T

DEGREE DAYS
 HEATING
  YESTERDAY       46                        44      2       52
  MONTH TO DATE  379                       426    -47      400
  SINCE DEC 1    379                       426    -47      400
  SINCE JUL 1   2064                      2285   -221     1678

 COOLING
  YESTERDAY        0                         0      0        0
  MONTH TO DATE    0                         0      0        0
  SINCE DEC 1      0                         0      0        0
  SINCE JAN 1    339                       407    -68      512
..................................................................


WIND (MPH)
  HIGHEST WIND SPEED    14   HIGHEST WIND DIRECTION     N (340)
  HIGHEST GUST SPEED    20   HIGHEST GUST DIRECTION    NW (330)
  AVERAGE WIND SPEED     6.2


SKY COVER
  POSSIBLE SUNSHINE  MM
  AVERAGE SKY COVER 0.9


WEATHER CONDITIONS
 THE FOLLOWING WEATHER WAS RECORDED YESTERDAY.
  LIGHT SNOW
  FOG


RELATIVE HUMIDITY (PERCENT)
 HIGHEST    92           700 AM
 LOWEST     67          1000 PM
 AVERAGE    80

..........................................................


THE WAUSAU WI CLIMATE NORMALS FOR TODAY
                         NORMAL    RECORD    YEAR
 MAXIMUM TEMPERATURE (F)   28        53      1949
 MINIMUM TEMPERATURE (F)   13       -16      1977


SUNRISE AND SUNSET
DECEMBER 11 2017......SUNRISE   727 AM CST   SUNSET   417 PM CST
DECEMBER 12 2017......SUNRISE   727 AM CST   SUNSET   417 PM CST


-  INDICATES NEGATIVE NUMBERS.
R  INDICATES RECORD WAS SET OR TIED.
MM INDICATES DATA IS MISSING.
T  INDICATES TRACE AMOUNT.

$$
