000
CDUS43 KGRB 042220
CLIAUW


CLIMATE REPORT
NATIONAL WEATHER SERVICE GREEN BAY
520 PM CDT WED MAY 4 2016


...................................

...THE WAUSAU WI CLIMATE SUMMARY FOR MAY 4 2016...
VALID TODAY AS OF 0500 PM LOCAL TIME.

CLIMATE NORMAL PERIOD 1981 TO 2010
CLIMATE RECORD PERIOD 1896 TO 2016


WEATHER ITEM   OBSERVED TIME   RECORD YEAR NORMAL DEPARTURE LAST
                VALUE   (LST)  VALUE       VALUE  FROM      YEAR
                                                  NORMAL
..................................................................
TEMPERATURE (F)
 TODAY
  MAXIMUM         60    158 PM  90    1952  63     -3       70
  MINIMUM         41    522 AM  20    1907  40      1       49
  AVERAGE         51                        52     -1       60

PRECIPITATION (IN)
  TODAY            0.00          1.23 1938   0.10  -0.10     0.00
  MONTH TO DATE    0.11                      0.42  -0.31     0.29
  SINCE MAR 1      7.45                      4.91   2.54     4.26
  SINCE JAN 1      8.88                      6.85   2.03     5.01

SNOWFALL (IN)
  TODAY            0.0           0.4  1954   0.0             0.0
  MONTH TO DATE    0.0                       0.1             0.0
  SINCE MAR 1     19.0                      14.2             9.7
  SINCE JUL 1     43.4                      59.5            53.7
  SNOW DEPTH       0

DEGREE DAYS
 HEATING
  TODAY           14                        13      1        5
  MONTH TO DATE   47                        55     -8       17
  SINCE MAR 1   1470                      1771   -301     1618
  SINCE JUL 1   6593                      7907  -1314     8198

 COOLING
  TODAY            0                         0      0        0
  MONTH TO DATE    0                         0      0        2
  SINCE JAN 1      2                         2      0        2
..................................................................


WIND (MPH)
  HIGHEST WIND SPEED    21   HIGHEST WIND DIRECTION     N (360)
  HIGHEST GUST SPEED    32   HIGHEST GUST DIRECTION     N (340)
  AVERAGE WIND SPEED    11.9


SKY COVER
  POSSIBLE SUNSHINE  MM
  AVERAGE SKY COVER 0.2


WEATHER CONDITIONS
 THE FOLLOWING WEATHER WAS RECORDED TODAY.
  NO SIGNIFICANT WEATHER WAS OBSERVED.


RELATIVE HUMIDITY (PERCENT)
 HIGHEST    92          1200 AM
 LOWEST     33           100 PM
 AVERAGE    63

..........................................................


THE WAUSAU WI CLIMATE NORMALS FOR TOMORROW
                         NORMAL    RECORD    YEAR
 MAXIMUM TEMPERATURE (F)   64        86      1949
 MINIMUM TEMPERATURE (F)   41        26      1967
                                             1900


SUNRISE AND SUNSET
MAY  4 2016...........SUNRISE   543 AM CDT   SUNSET   808 PM CDT
MAY  5 2016...........SUNRISE   542 AM CDT   SUNSET   809 PM CDT


-  INDICATES NEGATIVE NUMBERS.
R  INDICATES RECORD WAS SET OR TIED.
MM INDICATES DATA IS MISSING.
T  INDICATES TRACE AMOUNT.




$$
