000
CDUS43 KGRB 212220
CLIAUW


CLIMATE REPORT
NATIONAL WEATHER SERVICE GREEN BAY
420 PM CST SUN DEC 21 2014


...................................

...THE WAUSAU WI CLIMATE SUMMARY FOR DECEMBER 21 2014...
VALID TODAY AS OF 0400 PM LOCAL TIME.

CLIMATE NORMAL PERIOD 1981 TO 2010
CLIMATE RECORD PERIOD 1896 TO 2014


WEATHER ITEM   OBSERVED TIME   RECORD YEAR NORMAL DEPARTURE LAST
                VALUE   (LST)  VALUE       VALUE  FROM      YEAR
                                                  NORMAL
..................................................................
TEMPERATURE (F)
 TODAY
  MAXIMUM         34    305 PM  50    1967  25      9       26
  MINIMUM         28    415 AM -25    1989   9     19       20
  AVERAGE         31                        17     14       23

PRECIPITATION (IN)
  TODAY           MM             0.53 1984   0.04  MM        0.00
  MONTH TO DATE    0.46                      0.95  -0.49     1.09
  SINCE DEC 1      0.46                      0.95  -0.49     1.09
  SINCE JAN 1     39.95                     32.00   7.95    38.04

SNOWFALL (IN)
  TODAY           MM             5.5  1920   0.5             0.0
  MONTH TO DATE    2.9                       9.4            15.5
  SINCE DEC 1      2.9                       9.4            15.5
  SINCE JUL 1     23.1                      17.7            20.6
  SNOW DEPTH       T

DEGREE DAYS
 HEATING
  TODAY           34                        48    -14       42
  MONTH TO DATE  871                       938    -67     1115
  SINCE DEC 1    871                       938    -67     1115
  SINCE JUL 1   2954                      2797    157     2925

 COOLING
  TODAY            0                         0      0        0
  MONTH TO DATE    0                         0      0        0
  SINCE JAN 1    338                       407    -69      506
..................................................................


WIND (MPH)
  HIGHEST WIND SPEED    17   HIGHEST WIND DIRECTION    SE (150)
  HIGHEST GUST SPEED    23   HIGHEST GUST DIRECTION    SE (150)
  AVERAGE WIND SPEED     8.2


SKY COVER
  POSSIBLE SUNSHINE  MM
  AVERAGE SKY COVER 1.0


WEATHER CONDITIONS
 THE FOLLOWING WEATHER WAS RECORDED TODAY.
  LIGHT SNOW
  FOG


RELATIVE HUMIDITY (PERCENT)
 HIGHEST   100           900 AM
 LOWEST     85          1200 AM
 AVERAGE    93

..........................................................


THE WAUSAU WI CLIMATE NORMALS FOR TOMORROW
                         NORMAL    RECORD    YEAR
 MAXIMUM TEMPERATURE (F)   25        45      1981
 MINIMUM TEMPERATURE (F)    9       -20      1983


SUNRISE AND SUNSET
DECEMBER 21 2014......SUNRISE   733 AM CST   SUNSET   420 PM CST
DECEMBER 22 2014......SUNRISE   734 AM CST   SUNSET   420 PM CST


-  INDICATES NEGATIVE NUMBERS.
R  INDICATES RECORD WAS SET OR TIED.
MM INDICATES DATA IS MISSING.
T  INDICATES TRACE AMOUNT.




$$
