000
CDUS43 KGRB 030727
CLIAUW

CLIMATE REPORT
NATIONAL WEATHER SERVICE GREEN BAY
222 AM CDT THU SEP 3 2015

...................................

...THE WAUSAU WI CLIMATE SUMMARY FOR SEPTEMBER 2 2015...

CLIMATE NORMAL PERIOD 1981 TO 2010
CLIMATE RECORD PERIOD 1896 TO 2015

WEATHER ITEM   OBSERVED TIME   RECORD YEAR NORMAL DEPARTURE LAST
                VALUE   (LST)  VALUE       VALUE  FROM      YEAR
                                                  NORMAL
..................................................................
TEMPERATURE (F)
 YESTERDAY
  MAXIMUM         84    109 PM  95    1953  74     10       76
  MINIMUM         68   1159 PM  35    1946  54     14       54
  AVERAGE         76                        64     12

PRECIPITATION (IN)
  YESTERDAY        0.66          3.60 1963   0.13   0.53     0.00
  MONTH TO DATE    0.66                      0.26   0.40     0.14
  SINCE SEP 1      0.66                      0.26   0.40     0.14
  SINCE JAN 1     22.65                     22.47   0.18    26.79

SNOWFALL (IN)
  YESTERDAY        0.0           0.0    MM   0.0    0.0      0.0
  MONTH TO DATE    0.0                       0.0    0.0      0.0
  SINCE JUL 1      0.0                       0.0    0.0      0.0
  SNOW DEPTH       0

DEGREE DAYS
 HEATING
  YESTERDAY        0                         3     -3        0
  MONTH TO DATE    0                         6     -6        0
  SINCE SEP 1      0                         6     -6        0
  SINCE JUL 1     62                        72    -10       54

COOLING
  YESTERDAY       11                         2      9        0
  MONTH TO DATE   22                         4     18        1
  SINCE SEP 1     22                         4     18        1
  SINCE JAN 1    360                       379    -19      327
..................................................................

WIND (MPH)
  HIGHEST WIND SPEED    15   HIGHEST WIND DIRECTION     E (80)
  HIGHEST GUST SPEED    19   HIGHEST GUST DIRECTION     N (360)
  AVERAGE WIND SPEED     5.0

SKY COVER
  POSSIBLE SUNSHINE  MM
  AVERAGE SKY COVER 0.5

WEATHER CONDITIONS
 THE FOLLOWING WEATHER WAS RECORDED YESTERDAY.
  THUNDERSTORM
  HEAVY RAIN
  RAIN
  LIGHT RAIN
  FOG
  HAZE

RELATIVE HUMIDITY (PERCENT)
 HIGHEST   100           100 AM
 LOWEST     65           100 PM
 AVERAGE    83
..........................................................

THE WAUSAU WI CLIMATE NORMALS FOR TODAY
                         NORMAL    RECORD    YEAR
 MAXIMUM TEMPERATURE (F)   74        95      1929
 MINIMUM TEMPERATURE (F)   53        33      1946

SUNRISE AND SUNSET
SEPTEMBER  3 2015.....SUNRISE   623 AM CDT   SUNSET   732 PM CDT
SEPTEMBER  4 2015.....SUNRISE   624 AM CDT   SUNSET   730 PM CDT

-  INDICATES NEGATIVE NUMBERS.
R  INDICATES RECORD WAS SET OR TIED.
MM INDICATES DATA IS MISSING.
T  INDICATES TRACE AMOUNT.

$$
