000
CDUS43 KGRB 180731
CLIAUW


CLIMATE REPORT
NATIONAL WEATHER SERVICE GREEN BAY
231 AM CDT FRI AUG 18 2017


...................................

...THE WAUSAU WI CLIMATE SUMMARY FOR AUGUST 17 2017...

CLIMATE NORMAL PERIOD 1981 TO 2010
CLIMATE RECORD PERIOD 1896 TO 2017


WEATHER ITEM   OBSERVED TIME   RECORD YEAR NORMAL DEPARTURE LAST
                VALUE   (LST)  VALUE       VALUE  FROM      YEAR
                                                  NORMAL
..................................................................
TEMPERATURE (F)
 YESTERDAY
  MAXIMUM         73    425 PM  97    1947  78     -5       82
  MINIMUM         61   1159 PM  44    1976  57      4       61
                                      1963
                                      1924
  AVERAGE         67                        68     -1

PRECIPITATION (IN)
  YESTERDAY        0.27          0.95 1998   0.13   0.14     0.19
  MONTH TO DATE    2.42                      2.34   0.08     2.39
  SINCE JUN 1     12.33                     10.48   1.85    12.21
  SINCE JAN 1     28.12                     20.39   7.73    23.87

SNOWFALL (IN)
  YESTERDAY        0.0           0.0    MM   0.0    0.0      0.0
  MONTH TO DATE    0.0                       0.0    0.0      0.0
  SINCE JUL 1      0.0                       0.0    0.0      0.0
  SNOW DEPTH       0

DEGREE DAYS
 HEATING
  YESTERDAY        0                         1     -1        0
  MONTH TO DATE   19                        17      2        0
  SINCE JUN 1     76                       129    -53       39
  SINCE JUL 1     22                        40    -18        9

 COOLING
  YESTERDAY        2                         4     -2        7
  MONTH TO DATE   26                        74    -48      119
  SINCE JUN 1    255                       315    -60      394
  SINCE JAN 1    256                       334    -78      441
..................................................................


WIND (MPH)
  HIGHEST WIND SPEED    26   HIGHEST WIND DIRECTION     W (290)
  HIGHEST GUST SPEED    35   HIGHEST GUST DIRECTION     W (290)
  AVERAGE WIND SPEED    12.1


SKY COVER
  POSSIBLE SUNSHINE  MM
  AVERAGE SKY COVER 1.0


WEATHER CONDITIONS
 THE FOLLOWING WEATHER WAS RECORDED YESTERDAY.
  HEAVY RAIN
  LIGHT RAIN
  FOG


RELATIVE HUMIDITY (PERCENT)
 HIGHEST   100           100 AM
 LOWEST     78          1000 AM
 AVERAGE    89

..........................................................


THE WAUSAU WI CLIMATE NORMALS FOR TODAY
                         NORMAL    RECORD    YEAR
 MAXIMUM TEMPERATURE (F)   78        94      1947
                                             1916
 MINIMUM TEMPERATURE (F)   57        38      1950


SUNRISE AND SUNSET
AUGUST 18 2017........SUNRISE   604 AM CDT   SUNSET   759 PM CDT
AUGUST 19 2017........SUNRISE   605 AM CDT   SUNSET   758 PM CDT


-  INDICATES NEGATIVE NUMBERS.
R  INDICATES RECORD WAS SET OR TIED.
MM INDICATES DATA IS MISSING.
T  INDICATES TRACE AMOUNT.




$$
