000
CDUS42 KGSP 042032
CLIAVL

CLIMATE REPORT
NATIONAL WEATHER SERVICE GREENVILLE-SPARTANBURG SC
429 PM EDT FRI SEP 4 2015


...................................

...THE ASHEVILLE NC CLIMATE SUMMARY FOR SEPTEMBER 4 2015...
VALID TODAY AS OF 400 PM LOCAL TIME.

CLIMATE NORMAL PERIOD 1981 TO 2010
CLIMATE RECORD PERIOD 1869 TO 2015


WEATHER ITEM   OBSERVED TIME   RECORD YEAR NORMAL DEPARTURE LAST
                VALUE   (LST)  VALUE       VALUE  FROM      YEAR
                                                  NORMAL
..................................................................
TEMPERATURE (F)
 TODAY
  MAXIMUM         89    223 PM  95    1954  80      9       84
  MINIMUM         64    626 AM  45    1952  60      4       67
  AVERAGE         77                        70      7       76

PRECIPITATION (IN)
  TODAY            0.31          1.87 1904   0.13   0.18     0.80
  MONTH TO DATE    0.31                      0.54  -0.23     1.98
  SINCE SEP 1      0.31                      0.54  -0.23     1.98
  SINCE JAN 1     26.41                     32.15  -5.74    32.76

SNOWFALL (IN)
  TODAY            0.0           0.0    MM   0.0    0.0      0.0
  MONTH TO DATE    0.0                       0.0    0.0      0.0
  SINCE SEP 1      0.0                       0.0    0.0      0.0
  SINCE JUL 1      0.0                       0.0    0.0      0.0
  SNOW DEPTH       0

DEGREE DAYS
 HEATING
  TODAY            0                         0      0        0
  MONTH TO DATE    0                         0      0        0
  SINCE SEP 1      0                         0      0        0
  SINCE JUL 1      0                         2     -2        2

 COOLING
  TODAY           12                         5      7       11
  MONTH TO DATE   47                        23     24       44
  SINCE SEP 1     47                        23     24       44
  SINCE JAN 1   1052                       780    272      796
..................................................................


WIND (MPH)
  HIGHEST WIND SPEED    21   HIGHEST WIND DIRECTION     S (160)
  HIGHEST GUST SPEED    27   HIGHEST GUST DIRECTION     S (160)
  AVERAGE WIND SPEED     2.8


SKY COVER
  POSSIBLE SUNSHINE  MM
  AVERAGE SKY COVER 0.1


WEATHER CONDITIONS
 THE FOLLOWING WEATHER WAS RECORDED TODAY.
  THUNDERSTORM
  HEAVY RAIN
  FOG
  HAZE


RELATIVE HUMIDITY (PERCENT)
 HIGHEST    93           100 AM
 LOWEST     37           200 PM
 AVERAGE    65

..........................................................


THE ASHEVILLE NC CLIMATE NORMALS FOR TOMORROW
                         NORMAL    RECORD    YEAR
 MAXIMUM TEMPERATURE (F)   80        95      1954
 MINIMUM TEMPERATURE (F)   60        41      1997


SUNRISE AND SUNSET
SEPTEMBER  4 2015.....SUNRISE   705 AM EDT   SUNSET   753 PM EDT
SEPTEMBER  5 2015.....SUNRISE   705 AM EDT   SUNSET   752 PM EDT


-  INDICATES NEGATIVE NUMBERS.
R  INDICATES RECORD WAS SET OR TIED.
MM INDICATES DATA IS MISSING.
T  INDICATES TRACE AMOUNT.




$$
