000
CDUS42 KGSP 282133
CLIAVL

CLIMATE REPORT
NATIONAL WEATHER SERVICE GREENVILLE-SPARTANBURG SC
432 PM EST SAT FEB 28 2015


...................................

...THE ASHEVILLE NC CLIMATE SUMMARY FOR FEBRUARY 28 2015...
VALID TODAY AS OF 0400 PM LOCAL TIME.

CLIMATE NORMAL PERIOD 1981 TO 2010
CLIMATE RECORD PERIOD 1869 TO 2015


WEATHER ITEM   OBSERVED TIME   RECORD YEAR NORMAL DEPARTURE LAST
                VALUE   (LST)  VALUE       VALUE  FROM      YEAR
                                                  NORMAL
..................................................................
TEMPERATURE (F)
 TODAY
  MAXIMUM         40    429 PM  77    1918  54    -14       45
  MINIMUM         23    407 AM  13    1935  32     -9       20
                                      1934
                                      1906
  AVERAGE         32                        43    -11       33

PRECIPITATION (IN)
  TODAY            0.00          4.50 1902   0.13  -0.13     0.00
  MONTH TO DATE    2.78                      3.76  -0.98     3.02
  SINCE DEC 1      8.24                     11.02  -2.78    13.02
  SINCE JAN 1      5.84                      7.43  -1.59     5.35

SNOWFALL (IN)
  TODAY            0.0           5.5  1937   0.1   -0.1      0.0
  MONTH TO DATE   10.1                       2.2    7.9      7.9
  SINCE DEC 1     10.1                       7.2    2.9      9.2
  SINCE JUL 1     13.3                       7.3    6.0      9.4
  SNOW DEPTH       0

DEGREE DAYS
 HEATING
  TODAY           33                        22     11       32
  MONTH TO DATE  894                       690    204      680
  SINCE DEC 1   2394                      2350     44     2436
  SINCE JUL 1   3309                      3217     92     3319

 COOLING
  TODAY            0                         0      0        0
  MONTH TO DATE    0                         0      0        0
  SINCE DEC 1      0                         0      0        0
  SINCE JAN 1      0                         0      0        0
..................................................................


WIND (MPH)
  HIGHEST WIND SPEED    12   HIGHEST WIND DIRECTION     S (160)
  HIGHEST GUST SPEED    14   HIGHEST GUST DIRECTION     S (170)
  AVERAGE WIND SPEED     4.9


SKY COVER
  POSSIBLE SUNSHINE  MM
  AVERAGE SKY COVER 0.7


WEATHER CONDITIONS
 THE FOLLOWING WEATHER WAS RECORDED TODAY.
  NO SIGNIFICANT WEATHER WAS OBSERVED.


RELATIVE HUMIDITY (PERCENT)
 HIGHEST    81           300 AM
 LOWEST     44           300 PM
 AVERAGE    63

..........................................................


THE ASHEVILLE NC CLIMATE NORMALS FOR TOMORROW
                         NORMAL    RECORD    YEAR
 MAXIMUM TEMPERATURE (F)   54        76      2006
 MINIMUM TEMPERATURE (F)   32        10      1914


SUNRISE AND SUNSET
FEBRUARY 28 2015......SUNRISE   702 AM EST   SUNSET   624 PM EST
MARCH  1 2015.........SUNRISE   700 AM EST   SUNSET   625 PM EST


-  INDICATES NEGATIVE NUMBERS.
R  INDICATES RECORD WAS SET OR TIED.
MM INDICATES DATA IS MISSING.
T  INDICATES TRACE AMOUNT.




$$
