000
CDUS42 KGSP 270701
CLIAVL

CLIMATE REPORT
NATIONAL WEATHER SERVICE GREENVILLE-SPARTANBURG SC
136 AM EST TUE JAN 27 2015


...................................

...THE ASHEVILLE NC CLIMATE SUMMARY FOR JANUARY 26 2015...

CLIMATE NORMAL PERIOD 1981 TO 2010
CLIMATE RECORD PERIOD 1869 TO 2015


WEATHER ITEM   OBSERVED TIME   RECORD YEAR NORMAL DEPARTURE LAST
                VALUE   (LST)  VALUE       VALUE  FROM      YEAR
                                                  NORMAL
..................................................................
TEMPERATURE (F)
 YESTERDAY
  MAXIMUM         44   1227 PM  73    1950  48     -4       54
  MINIMUM         28   1159 PM   4    1940  27      1       24
  AVERAGE         36                        37     -1       39

PRECIPITATION (IN)
  YESTERDAY        0.02          2.61 1996   0.11  -0.09     0.00
  MONTH TO DATE    3.06                      3.06   0.00     2.19
  SINCE DEC 1      5.46                      6.65  -1.19     9.86
  SINCE JAN 1      3.06                      3.06   0.00     2.19

SNOWFALL (IN)
  YESTERDAY        0.0          15.0  1906   0.1             0.0
  MONTH TO DATE    T                         3.5             0.2
  SINCE DEC 1      T                         4.4             0.2
  SINCE JUL 1      3.2                       4.5             0.4
  SNOW DEPTH       0

DEGREE DAYS
 HEATING
  YESTERDAY       29                        28      1       26
  MONTH TO DATE  711                       728    -17      862
  SINCE DEC 1   1350                      1522   -172     1559
  SINCE JUL 1   2265                      2389   -124     2442

 COOLING
  YESTERDAY        0                         0      0        0
  MONTH TO DATE    0                         0      0        0
  SINCE DEC 1      0                         0      0        0
  SINCE JAN 1      0                         0      0        0
..................................................................


WIND (MPH)
  HIGHEST WIND SPEED    24   HIGHEST WIND DIRECTION     N (340)
  HIGHEST GUST SPEED    32   HIGHEST GUST DIRECTION    NW (330)
  AVERAGE WIND SPEED    11.3


SKY COVER
  POSSIBLE SUNSHINE  MM
  AVERAGE SKY COVER 0.7


WEATHER CONDITIONS
 THE FOLLOWING WEATHER WAS RECORDED YESTERDAY.
  LIGHT RAIN


RELATIVE HUMIDITY (PERCENT)
 HIGHEST    89           400 AM
 LOWEST     64           500 PM
 AVERAGE    77

..........................................................


THE ASHEVILLE NC CLIMATE NORMALS FOR TODAY
                         NORMAL    RECORD    YEAR
 MAXIMUM TEMPERATURE (F)   48        80      1999
 MINIMUM TEMPERATURE (F)   27         2      1986


SUNRISE AND SUNSET
JANUARY 27 2015.......SUNRISE   733 AM EST   SUNSET   553 PM EST
JANUARY 28 2015.......SUNRISE   733 AM EST   SUNSET   554 PM EST


-  INDICATES NEGATIVE NUMBERS.
R  INDICATES RECORD WAS SET OR TIED.
MM INDICATES DATA IS MISSING.
T  INDICATES TRACE AMOUNT.

$$
07
