000
CDUS42 KGSP 262052
CLIAVL

CLIMATE REPORT
NATIONAL WEATHER SERVICE GREENVILLE-SPARTANBURG SC
450 PM EDT FRI MAY 26 2017

...................................

...THE ASHEVILLE NC CLIMATE SUMMARY FOR MAY 26 2017...
VALID TODAY AS OF 400 PM LOCAL TIME.

CLIMATE NORMAL PERIOD 1981 TO 2010
CLIMATE RECORD PERIOD 1869 TO 2017

WEATHER ITEM   OBSERVED TIME   RECORD YEAR NORMAL DEPARTURE LAST
                VALUE   (LST)  VALUE       VALUE  FROM      YEAR
                                                  NORMAL
..................................................................
TEMPERATURE (F)
 TODAY
  MAXIMUM         78    238 PM  88    1989  77      1       82
                                      1916
  MINIMUM         50    541 AM  34    1925  54     -4       58
  AVERAGE         64                        66     -2       70

PRECIPITATION (IN)
  TODAY            0.00          1.15 1906   0.12  -0.12      T
  MONTH TO DATE    6.86                      3.02   3.84     1.55
  SINCE MAR 1     18.43                     10.18   8.25     5.61
  SINCE JAN 1     22.85                     17.61   5.24    14.59

SNOWFALL (IN)
  TODAY            0.0           0.0    MM   0.0    0.0      0.0
  MONTH TO DATE    0.0                       0.0    0.0      0.0
  SINCE MAR 1      2.1                       2.6   -0.5       T
  SINCE JUL 1      9.4                       9.9   -0.5     13.9
  SNOW DEPTH       0

DEGREE DAYS
 HEATING
  TODAY            1                         2     -1        0
  MONTH TO DATE   70                       101    -31       93
  SINCE MAR 1    729                       956   -227      709
  SINCE JUL 1   3123                      4173  -1050     3456

 COOLING
  TODAY            0                         3     -3        5
  MONTH TO DATE   48                        38     10       31
  SINCE MAR 1     76                        46     30       47
  SINCE JAN 1     76                        46     30       47
..................................................................

WIND (MPH)
  HIGHEST WIND SPEED    16   HIGHEST WIND DIRECTION    NW (330)
  HIGHEST GUST SPEED    22   HIGHEST GUST DIRECTION     N (350)
  AVERAGE WIND SPEED     6.3

SKY COVER
  POSSIBLE SUNSHINE  MM
  AVERAGE SKY COVER 0.1

WEATHER CONDITIONS
 THE FOLLOWING WEATHER WAS RECORDED TODAY.
  NO SIGNIFICANT WEATHER WAS OBSERVED.

RELATIVE HUMIDITY (PERCENT)
 HIGHEST    83           500 AM
 LOWEST     31           300 PM
 AVERAGE    57

..........................................................

THE ASHEVILLE NC CLIMATE NORMALS FOR TOMORROW
                         NORMAL    RECORD    YEAR
 MAXIMUM TEMPERATURE (F)   77        93      1890
 MINIMUM TEMPERATURE (F)   55        36      1961

SUNRISE AND SUNSET
MAY 26 2017...........SUNRISE   619 AM EDT   SUNSET   836 PM EDT
MAY 27 2017...........SUNRISE   618 AM EDT   SUNSET   837 PM EDT

-  INDICATES NEGATIVE NUMBERS.
R  INDICATES RECORD WAS SET OR TIED.
MM INDICATES DATA IS MISSING.
T  INDICATES TRACE AMOUNT.

$$

JMP
