000
CDUS42 KGSP 182132 RRA
CLIAVL

CLIMATE REPORT
NATIONAL WEATHER SERVICE GREENVILLE-SPARTANBURG SC
429 PM EST SAT NOV 18 2017


...................................

...THE ASHEVILLE NC CLIMATE SUMMARY FOR NOVEMBER 18 2017...
VALID TODAY AS OF 0400 PM LOCAL TIME.

CLIMATE NORMAL PERIOD 1981 TO 2010
CLIMATE RECORD PERIOD 1869 TO 2017


WEATHER ITEM   OBSERVED TIME   RECORD YEAR NORMAL DEPARTURE LAST
                VALUE   (LST)  VALUE       VALUE  FROM      YEAR
                                                  NORMAL
..................................................................
TEMPERATURE (F)
 TODAY
  MAXIMUM         59   1222 PM  79    1894  58      1       77
  MINIMUM         41    107 AM  13    1891  35      6       33
  AVERAGE         50                        46      4       55

PRECIPITATION (IN)
  TODAY            0.00          1.85 2015   0.13  -0.13     0.00
  MONTH TO DATE    1.45                      2.02  -0.57      T
  SINCE SEP 1     14.88                      8.74   6.14     1.10
  SINCE JAN 1     51.49                     40.35  11.14    29.55

SNOWFALL (IN)
  TODAY            0.0           0.5  1949   0.0    0.0      0.0
  MONTH TO DATE    0.0                       0.0    0.0      0.0
  SINCE SEP 1      T                         0.0    0.0      0.0
  SINCE JUL 1      T                         0.0    0.0      0.0
  SNOW DEPTH       0

DEGREE DAYS
 HEATING
  TODAY           15                        18     -3       10
  MONTH TO DATE  217                       286    -69      210
  SINCE SEP 1    486                       619   -133      356
  SINCE JUL 1    486                       621   -135      356

 COOLING
  TODAY            0                         0      0        0
  MONTH TO DATE    0                         0      0        2
  SINCE SEP 1    176                       105     71      234
  SINCE JAN 1   1042                       862    180     1317
..................................................................


WIND (MPH)
  HIGHEST WIND SPEED    23   HIGHEST WIND DIRECTION     S (180)
  HIGHEST GUST SPEED    31   HIGHEST GUST DIRECTION     S (160)
  AVERAGE WIND SPEED    11.3


SKY COVER
  POSSIBLE SUNSHINE  MM
  AVERAGE SKY COVER 0.2


WEATHER CONDITIONS
 THE FOLLOWING WEATHER WAS RECORDED TODAY.
  NO SIGNIFICANT WEATHER WAS OBSERVED.


RELATIVE HUMIDITY (PERCENT)
 HIGHEST    83           400 PM
 LOWEST     56           600 AM
 AVERAGE    70

..........................................................


THE ASHEVILLE NC CLIMATE NORMALS FOR TOMORROW
                         NORMAL    RECORD    YEAR
 MAXIMUM TEMPERATURE (F)   58        75      1894
 MINIMUM TEMPERATURE (F)   35        13      1903


SUNRISE AND SUNSET
NOVEMBER 18 2017......SUNRISE   709 AM EST   SUNSET   522 PM EST
NOVEMBER 19 2017......SUNRISE   710 AM EST   SUNSET   521 PM EST


-  INDICATES NEGATIVE NUMBERS.
R  INDICATES RECORD WAS SET OR TIED.
MM INDICATES DATA IS MISSING.
T  INDICATES TRACE AMOUNT.




$$
