000
CDUS42 KGSP 210637
CLIAVL

CLIMATE REPORT
NATIONAL WEATHER SERVICE GREENVILLE-SPARTANBURG SC
136 AM EST SUN JAN 21 2018


...................................

...THE ASHEVILLE NC CLIMATE SUMMARY FOR JANUARY 20 2018...

CLIMATE NORMAL PERIOD 1981 TO 2010
CLIMATE RECORD PERIOD 1869 TO 2018


WEATHER ITEM   OBSERVED TIME   RECORD YEAR NORMAL DEPARTURE LAST
                VALUE   (LST)  VALUE       VALUE  FROM      YEAR
                                                  NORMAL
..................................................................
TEMPERATURE (F)
 YESTERDAY
  MAXIMUM         59    400 PM  69    1906  47     12       68
                                      1890
  MINIMUM         24   1212 AM -13    1985  27     -3       47
  AVERAGE         42                        37      5       58

PRECIPITATION (IN)
  YESTERDAY        0.00          2.49 1979   0.13  -0.13     0.17
  MONTH TO DATE    2.48                      2.34   0.14     1.63
  SINCE DEC 1      4.95                      5.93  -0.98     3.94
  SINCE JAN 1      2.48                      2.34   0.14     1.63

SNOWFALL (IN)
  YESTERDAY        0.0           3.7  1983   0.2             0.0
  MONTH TO DATE    2.1                       2.7             7.0
  SINCE DEC 1     10.8                       3.6             7.0
  SINCE JUL 1     10.8                       3.7             7.0
  SNOW DEPTH       T

DEGREE DAYS
 HEATING
  YESTERDAY       23                        28     -5        7
  MONTH TO DATE  704                       560    144      406
  SINCE DEC 1   1462                      1354    108     1113
  SINCE JUL 1   2180                      2221    -41     1684

 COOLING
  YESTERDAY        0                         0      0        0
  MONTH TO DATE    0                         0      0        0
  SINCE DEC 1      0                         0      0        0
  SINCE JAN 1      0                         0      0        0
..................................................................


WIND (MPH)
  HIGHEST WIND SPEED    22   HIGHEST WIND DIRECTION     N (350)
  HIGHEST GUST SPEED    31   HIGHEST GUST DIRECTION     N (340)
  AVERAGE WIND SPEED     8.1


SKY COVER
  POSSIBLE SUNSHINE  MM
  AVERAGE SKY COVER 0.0


WEATHER CONDITIONS
 THE FOLLOWING WEATHER WAS RECORDED YESTERDAY.
  NO SIGNIFICANT WEATHER WAS OBSERVED.


RELATIVE HUMIDITY (PERCENT)
 HIGHEST    92          1100 PM
 LOWEST     43           400 AM
 AVERAGE    68

..........................................................


THE ASHEVILLE NC CLIMATE NORMALS FOR TODAY
                         NORMAL    RECORD    YEAR
 MAXIMUM TEMPERATURE (F)   48        72      1927
 MINIMUM TEMPERATURE (F)   27       -16      1985


SUNRISE AND SUNSET
JANUARY 21 2018.......SUNRISE   736 AM EST   SUNSET   547 PM EST
JANUARY 22 2018.......SUNRISE   736 AM EST   SUNSET   548 PM EST


-  INDICATES NEGATIVE NUMBERS.
R  INDICATES RECORD WAS SET OR TIED.
MM INDICATES DATA IS MISSING.
T  INDICATES TRACE AMOUNT.




$$
