000
CDUS42 KGSP 242140
CLIAVL

CLIMATE REPORT
NATIONAL WEATHER SERVICE GREENVILLE-SPARTANBURG SC
439 PM EST TUE JAN 24 2017


...................................

...THE ASHEVILLE NC CLIMATE SUMMARY FOR JANUARY 24 2017...
VALID TODAY AS OF 0400 PM LOCAL TIME.

CLIMATE NORMAL PERIOD 1981 TO 2010
CLIMATE RECORD PERIOD 1869 TO 2017


WEATHER ITEM   OBSERVED TIME   RECORD YEAR NORMAL DEPARTURE LAST
                VALUE   (LST)  VALUE       VALUE  FROM      YEAR
                                                  NORMAL
..................................................................
TEMPERATURE (F)
 TODAY
  MAXIMUM         50    348 PM  74    1949  48      2       48
  MINIMUM         42    809 AM  -7    1963  27     15       18
  AVERAGE         46                        37      9       33

PRECIPITATION (IN)
  TODAY            0.00          3.35 2010   0.12  -0.12     0.00
  MONTH TO DATE    3.68                      2.83   0.85     3.25
  SINCE DEC 1      5.99                      6.42  -0.43    12.01
  SINCE JAN 1      3.68                      2.83   0.85     3.25

SNOWFALL (IN)
  TODAY            0.0           3.3  1948   0.1   -0.1      0.0
  MONTH TO DATE    7.0                       3.2    3.8     13.8
  SINCE DEC 1      7.0                       4.1    2.9     13.8
  SINCE JUL 1      7.0                       4.2    2.8     13.8
  SNOW DEPTH       0

DEGREE DAYS
 HEATING
  TODAY           19                        28     -9       32
  MONTH TO DATE  466                       672   -206      743
  SINCE DEC 1   1173                      1466   -293     1164
  SINCE JUL 1   1744                      2333   -589     1839

 COOLING
  TODAY            0                         0      0        0
  MONTH TO DATE    0                         0      0        0
  SINCE DEC 1      0                         0      0        0
  SINCE JAN 1      0                         0      0        0
..................................................................


WIND (MPH)
  HIGHEST WIND SPEED    31   HIGHEST WIND DIRECTION     N (350)
  HIGHEST GUST SPEED    43   HIGHEST GUST DIRECTION    NW (330)
  AVERAGE WIND SPEED    19.0


SKY COVER
  POSSIBLE SUNSHINE  MM
  AVERAGE SKY COVER 0.1


WEATHER CONDITIONS
 THE FOLLOWING WEATHER WAS RECORDED TODAY.
  NO SIGNIFICANT WEATHER WAS OBSERVED.


RELATIVE HUMIDITY (PERCENT)
 HIGHEST    76           200 AM
 LOWEST     61           200 PM
 AVERAGE    69

..........................................................


THE ASHEVILLE NC CLIMATE NORMALS FOR TOMORROW
                         NORMAL    RECORD    YEAR
 MAXIMUM TEMPERATURE (F)   48        74      1943
 MINIMUM TEMPERATURE (F)   27        -1      1905


SUNRISE AND SUNSET
JANUARY 24 2017.......SUNRISE   735 AM EST   SUNSET   550 PM EST
JANUARY 25 2017.......SUNRISE   734 AM EST   SUNSET   551 PM EST


-  INDICATES NEGATIVE NUMBERS.
R  INDICATES RECORD WAS SET OR TIED.
MM INDICATES DATA IS MISSING.
T  INDICATES TRACE AMOUNT.

$$

PM
