000
CDUS42 KGSP 100635 RRA
CLIAVL

CLIMATE REPORT
NATIONAL WEATHER SERVICE GREENVILLE-SPARTANBURG SC
134 AM EST SAT DEC 10 2016


...................................

...THE ASHEVILLE NC CLIMATE SUMMARY FOR DECEMBER 9 2016...

CLIMATE NORMAL PERIOD 1981 TO 2010
CLIMATE RECORD PERIOD 1869 TO 2016


WEATHER ITEM   OBSERVED TIME   RECORD YEAR NORMAL DEPARTURE LAST
                VALUE   (LST)  VALUE       VALUE  FROM      YEAR
                                                  NORMAL
..................................................................
TEMPERATURE (F)
 YESTERDAY
  MAXIMUM         33    336 PM  70    1923  51    -18       59
  MINIMUM         22   1142 PM   2    1917  30     -8       28
  AVERAGE         28                        41    -13       44

PRECIPITATION (IN)
  YESTERDAY        0.00          1.32 1919   0.13  -0.13     0.00
  MONTH TO DATE    1.85                      1.17   0.68     1.78
  SINCE DEC 1      1.85                      1.17   0.68     1.78
  SINCE JAN 1     32.94                     43.15 -10.21    47.37

SNOWFALL (IN)
  YESTERDAY        0.0           2.0  1938   0.0             0.0
  MONTH TO DATE    0.0                       0.1             0.0
  SINCE DEC 1      0.0                       0.1             0.0
  SINCE JUL 1      0.0                       0.2             0.0
  SNOW DEPTH       0

DEGREE DAYS
 HEATING
  YESTERDAY       37                        24     13       21
  MONTH TO DATE  203                       210     -7      187
  SINCE DEC 1    203                       210     -7      187
  SINCE JUL 1    774                      1077   -303      862

 COOLING
  YESTERDAY        0                         0      0        0
  MONTH TO DATE    0                         0      0        0
  SINCE DEC 1      0                         0      0        0
  SINCE JAN 1   1317                       863    454     1156
..................................................................


WIND (MPH)
  HIGHEST WIND SPEED    22   HIGHEST WIND DIRECTION     N (340)
  HIGHEST GUST SPEED    28   HIGHEST GUST DIRECTION     N (360)
  AVERAGE WIND SPEED    12.9


SKY COVER
  POSSIBLE SUNSHINE  MM
  AVERAGE SKY COVER 0.0


WEATHER CONDITIONS
 THE FOLLOWING WEATHER WAS RECORDED YESTERDAY.
  NO SIGNIFICANT WEATHER WAS OBSERVED.


RELATIVE HUMIDITY (PERCENT)
 HIGHEST    68           600 AM
 LOWEST     39           400 PM
 AVERAGE    54

..........................................................


THE ASHEVILLE NC CLIMATE NORMALS FOR TODAY
                         NORMAL    RECORD    YEAR
 MAXIMUM TEMPERATURE (F)   51        74      2007
 MINIMUM TEMPERATURE (F)   30         3      1917


SUNRISE AND SUNSET
DECEMBER 10 2016......SUNRISE   729 AM EST   SUNSET   518 PM EST
DECEMBER 11 2016......SUNRISE   729 AM EST   SUNSET   518 PM EST


-  INDICATES NEGATIVE NUMBERS.
R  INDICATES RECORD WAS SET OR TIED.
MM INDICATES DATA IS MISSING.
T  INDICATES TRACE AMOUNT.




$$

LEV
