000
CDUS42 KGSP 270642
CLIAVL

CLIMATE REPORT
NATIONAL WEATHER SERVICE GREENVILLE-SPARTANBURG SC
142 AM EST SAT DEC 27 2014


...................................

...THE ASHEVILLE NC CLIMATE SUMMARY FOR DECEMBER 26 2014...

CLIMATE NORMAL PERIOD 1981 TO 2010
CLIMATE RECORD PERIOD 1869 TO 2014


WEATHER ITEM   OBSERVED TIME   RECORD YEAR NORMAL DEPARTURE LAST
                VALUE   (LST)  VALUE       VALUE  FROM      YEAR
                                                  NORMAL
..................................................................
TEMPERATURE (F)
 YESTERDAY
  MAXIMUM         61    417 PM  78    1971  48     13       48
  MINIMUM         25    643 AM   0    1983  28     -3       21
  AVERAGE         43                        38      5       35

PRECIPITATION (IN)
  YESTERDAY        0.00          2.07 1973   0.10  -0.10     0.00
  MONTH TO DATE    2.02                      3.07  -1.05     6.67
  SINCE DEC 1      2.02                      3.07  -1.05     6.67
  SINCE JAN 1     46.53                     45.05   1.48    74.22

SNOWFALL (IN)
  YESTERDAY        0.0           2.0  1870   0.1             0.0
  MONTH TO DATE    T                         0.6             0.0
  SINCE DEC 1      T                         0.6             0.0
  SINCE JUL 1      3.2                       0.7             0.2
  SNOW DEPTH       0

DEGREE DAYS
 HEATING
  YESTERDAY       22                        27     -5       30
  MONTH TO DATE  545                       655   -110      560
  SINCE DEC 1    545                       655   -110      560
  SINCE JUL 1   1460                      1522    -62     1443

 COOLING
  YESTERDAY        0                         0      0        0
  MONTH TO DATE    0                         0      0        0
  SINCE DEC 1      0                         0      0        0
  SINCE JAN 1    919                       863     56      860
..................................................................


WIND (MPH)
  HIGHEST WIND SPEED     9   HIGHEST WIND DIRECTION     N (340)
  HIGHEST GUST SPEED    10   HIGHEST GUST DIRECTION     N (340)
  AVERAGE WIND SPEED     1.2


SKY COVER
  POSSIBLE SUNSHINE  MM
  AVERAGE SKY COVER 0.0


WEATHER CONDITIONS
 THE FOLLOWING WEATHER WAS RECORDED YESTERDAY.
  FOG
  FOG W/VISIBILITY <= 1/4 MILE


RELATIVE HUMIDITY (PERCENT)
 HIGHEST    92           100 AM
 LOWEST     19           400 PM
 AVERAGE    56

..........................................................


THE ASHEVILLE NC CLIMATE NORMALS FOR TODAY
                         NORMAL    RECORD    YEAR
 MAXIMUM TEMPERATURE (F)   48        72      1971
 MINIMUM TEMPERATURE (F)   28         3      1925


SUNRISE AND SUNSET
DECEMBER 27 2014......SUNRISE   738 AM EST   SUNSET   525 PM EST
DECEMBER 28 2014......SUNRISE   738 AM EST   SUNSET   525 PM EST


-  INDICATES NEGATIVE NUMBERS.
R  INDICATES RECORD WAS SET OR TIED.
MM INDICATES DATA IS MISSING.
T  INDICATES TRACE AMOUNT.




$$
