000
CDUS41 KBGM 250552
CLIAVP


CLIMATE REPORT
NATIONAL WEATHER SERVICE BINGHAMTON NY
152 AM EDT MON MAY 25 2015


...................................

...THE AVOCA PA CLIMATE SUMMARY FOR MAY 24 2015...

CLIMATE NORMAL PERIOD 1981 TO 2010
CLIMATE RECORD PERIOD 1901 TO 2015


WEATHER ITEM   OBSERVED TIME   RECORD YEAR NORMAL DEPARTURE LAST
                VALUE   (LST)  VALUE       VALUE  FROM      YEAR
                                                  NORMAL
..................................................................
TEMPERATURE (F)
 YESTERDAY
  MAXIMUM         81    432 PM  88    1975  72      9       72
                                      1964
                                      1936
  MINIMUM         40    500 AM  32    1963  50    -10       51
  AVERAGE         61                        61      0       62

PRECIPITATION (IN)
  YESTERDAY        0.00          2.00 1979   0.13  -0.13      T
  MONTH TO DATE    0.39                      2.68  -2.29     2.71
  SINCE MAR 1      5.23                      8.56  -3.33     7.79
  SINCE JAN 1      8.23                     12.96  -4.73    12.67

SNOWFALL (IN)
  YESTERDAY        0.0           0.0    MM   0.0    0.0      0.0
  MONTH TO DATE    0.0                       0.3   -0.3      0.0
  SINCE MAR 1      9.0                      12.6   -3.6      3.1
  SINCE JUL 1     51.4                      46.5    4.9     58.9

DEGREE DAYS
 HEATING
  YESTERDAY        4                         6     -2        3
  MONTH TO DATE  100                       196    -96      132
  SINCE MAR 1   1547                      1563    -16     1673
  SINCE JUL 1   6244                      6169     75     6496

 COOLING
  YESTERDAY        0                         1     -1        0
  MONTH TO DATE   82                        17     65       26
  SINCE MAR 1     82                        23     59       33
  SINCE JAN 1     82                        23     59       33
..................................................................


WIND (MPH)
  HIGHEST WIND SPEED    16   HIGHEST WIND DIRECTION     W (250)
  HIGHEST GUST SPEED    22   HIGHEST GUST DIRECTION    SW (220)
  AVERAGE WIND SPEED     4.8


SKY COVER
  AVERAGE SKY COVER 0.0



RELATIVE HUMIDITY (PERCENT)
 HIGHEST    79           500 AM
 LOWEST     19           300 PM
 AVERAGE    49

..........................................................


THE AVOCA PA CLIMATE NORMALS FOR TODAY
                         NORMAL    RECORD    YEAR
 MAXIMUM TEMPERATURE (F)   72        91      1904
 MINIMUM TEMPERATURE (F)   50        30      1956


SUNRISE AND SUNSET
MAY 25 2015...........SUNRISE   536 AM EDT   SUNSET   824 PM EDT
MAY 26 2015...........SUNRISE   536 AM EDT   SUNSET   825 PM EDT


-  INDICATES NEGATIVE NUMBERS.
R  INDICATES RECORD WAS SET OR TIED.
MM INDICATES DATA IS MISSING.
T  INDICATES TRACE AMOUNT.




$$
