000
CDUS41 KBGM 040546
CLIAVP


CLIMATE REPORT
NATIONAL WEATHER SERVICE BINGHAMTON NY
145 AM EDT FRI SEP 4 2015


...................................

...THE AVOCA PA CLIMATE SUMMARY FOR SEPTEMBER 3 2015...

CLIMATE NORMAL PERIOD 1981 TO 2010
CLIMATE RECORD PERIOD 1901 TO 2015


WEATHER ITEM   OBSERVED TIME   RECORD YEAR NORMAL DEPARTURE LAST
                VALUE   (LST)  VALUE       VALUE  FROM      YEAR
                                                  NORMAL
..................................................................
TEMPERATURE (F)
 YESTERDAY
  MAXIMUM         90    212 PM 100    1953  77     13       82
  MINIMUM         64    537 AM  42    1967  57      7       63
                                      1916
  AVERAGE         77                        67     10       73

PRECIPITATION (IN)
  YESTERDAY        0.07          1.39 1974   0.13  -0.06     0.00
  MONTH TO DATE    0.07                      0.37  -0.30     0.03
  SINCE SEP 1      0.07                      0.37  -0.30     0.03
  SINCE JAN 1     21.22                     25.40  -4.18    21.59

SNOWFALL (IN)
  YESTERDAY        0.0           0.0    MM   0.0    0.0      0.0
  MONTH TO DATE    0.0                       0.0    0.0      0.0
  SINCE SEP 1      0.0                       0.0    0.0      0.0
  SINCE JUL 1      0.0                       0.0    0.0      0.0

DEGREE DAYS
 HEATING
  YESTERDAY        0                         2     -2        0
  MONTH TO DATE    0                         5     -5        0
  SINCE SEP 1      0                         5     -5        0
  SINCE JUL 1      0                        31    -31       11

 COOLING
  YESTERDAY       12                         3      9        8
  MONTH TO DATE   34                        10     24       35
  SINCE SEP 1     34                        10     24       35
  SINCE JAN 1    810                       534    276      621
..................................................................


WIND (MPH)
  HIGHEST WIND SPEED    32   HIGHEST WIND DIRECTION     N (360)
  HIGHEST GUST SPEED    41   HIGHEST GUST DIRECTION     N (360)
  AVERAGE WIND SPEED     3.5


SKY COVER
  AVERAGE SKY COVER 0.1



RELATIVE HUMIDITY (PERCENT)
 HIGHEST    87           200 AM
 LOWEST     47           200 PM
 AVERAGE    67

..........................................................


THE AVOCA PA CLIMATE NORMALS FOR TODAY
                         NORMAL    RECORD    YEAR
 MAXIMUM TEMPERATURE (F)   76        92      1929
 MINIMUM TEMPERATURE (F)   56        40      1997


SUNRISE AND SUNSET
SEPTEMBER  4 2015.....SUNRISE   632 AM EDT   SUNSET   731 PM EDT
SEPTEMBER  5 2015.....SUNRISE   633 AM EDT   SUNSET   730 PM EDT


-  INDICATES NEGATIVE NUMBERS.
R  INDICATES RECORD WAS SET OR TIED.
MM INDICATES DATA IS MISSING.
T  INDICATES TRACE AMOUNT.




$$
