000
CDUS41 KBGM 050234
CLIAVP


CLIMATE REPORT
NATIONAL WEATHER SERVICE BINGHAMTON NY
1034 PM EDT TUE AUG 4 2015


...................................

...THE AVOCA PA CLIMATE SUMMARY FOR AUGUST 4 2015...
VALID AS OF 1000 PM LOCAL TIME.

CLIMATE NORMAL PERIOD 1981 TO 2010
CLIMATE RECORD PERIOD 1901 TO 2015


WEATHER ITEM   OBSERVED TIME   RECORD YEAR NORMAL DEPARTURE LAST
                VALUE   (LST)  VALUE       VALUE  FROM      YEAR
                                                  NORMAL
..................................................................
TEMPERATURE (F)
 TODAY
  MAXIMUM         85    317 PM  98    1930  81      4       83
  MINIMUM         68    423 AM  49    1956  61      7       64
  AVERAGE         77                        71      6       74

PRECIPITATION (IN)
  TODAY            T             1.42 1903   0.13  -0.13      T
  MONTH TO DATE    0.17                      0.50  -0.33     0.30
  SINCE JUN 1      9.02                      8.32   0.70     4.95
  SINCE JAN 1     18.58                     22.12  -3.54    17.66

SNOWFALL (IN)
  TODAY            0.0           0.0  1995   0.0    0.0      0.0
  MONTH TO DATE    0.0                       0.0    0.0      0.0
  SINCE JUN 1      0.0                       0.0    0.0      0.0
  SINCE JUL 1      0.0                       0.0    0.0      0.0

DEGREE DAYS
 HEATING
  TODAY            0                         0      0        0
  MONTH TO DATE    0                         0      0        0
  SINCE JUN 1     24                        62    -38       13
  SINCE JUL 1      0                         8     -8        2

 COOLING
  TODAY           12                         6      6        9
  MONTH TO DATE   38                        24     14       31
  SINCE JUN 1    446                       347     99      425
  SINCE JAN 1    594                       384    210      466
..................................................................


WIND (MPH)
  HIGHEST WIND SPEED    21   HIGHEST WIND DIRECTION     W (250)
  HIGHEST GUST SPEED    28   HIGHEST GUST DIRECTION    SW (240)
  AVERAGE WIND SPEED     8.6


SKY COVER
  AVERAGE SKY COVER 0.2


WEATHER CONDITIONS
 THE FOLLOWING WEATHER WAS RECORDED TODAY.
  THUNDERSTORM
  LIGHT RAIN
  FOG


RELATIVE HUMIDITY (PERCENT)
 HIGHEST    90          1200 AM
 LOWEST     37           300 PM
 AVERAGE    64

..........................................................


THE AVOCA PA CLIMATE NORMALS FOR TOMORROW
                         NORMAL    RECORD    YEAR
 MAXIMUM TEMPERATURE (F)   81        94      1955
 MINIMUM TEMPERATURE (F)   61        45      1972


SUNRISE AND SUNSET
AUGUST  4 2015........SUNRISE   601 AM EDT   SUNSET   817 PM EDT
AUGUST  5 2015........SUNRISE   602 AM EDT   SUNSET   815 PM EDT


-  INDICATES NEGATIVE NUMBERS.
R  INDICATES RECORD WAS SET OR TIED.
MM INDICATES DATA IS MISSING.
T  INDICATES TRACE AMOUNT.




$$
