000
CDUS41 KBGM 110541
CLIAVP


CLIMATE REPORT
NATIONAL WEATHER SERVICE BINGHAMTON NY
1241 AM EST THU FEB 11 2016


...................................

...THE AVOCA PA CLIMATE SUMMARY FOR FEBRUARY 10 2016...

CLIMATE NORMAL PERIOD 1981 TO 2010
CLIMATE RECORD PERIOD 1901 TO 2016


WEATHER ITEM   OBSERVED TIME   RECORD YEAR NORMAL DEPARTURE LAST
                VALUE   (LST)  VALUE       VALUE  FROM      YEAR
                                                  NORMAL
..................................................................
TEMPERATURE (F)
 YESTERDAY
  MAXIMUM         32    358 PM  57    1955  36     -4       29
                                      1909
  MINIMUM         20   1155 PM  -9    1934  20      0       24
  AVERAGE         26                        28     -2       27

PRECIPITATION (IN)
  YESTERDAY        0.14          1.81 1932   0.07   0.07      T
  MONTH TO DATE    0.78                      0.77   0.01     0.77
  SINCE DEC 1      5.12                      5.82  -0.70     5.42
  SINCE JAN 1      2.57                      3.14  -0.57     2.64

SNOWFALL (IN)
  YESTERDAY        2.5           6.5  2010   0.3    2.2       T
  MONTH TO DATE    4.5                       3.4    1.1      7.0
  SINCE DEC 1      9.8                      25.0  -15.2     26.9
  SINCE JUL 1      9.8                      28.0  -18.2     35.8

DEGREE DAYS
 HEATING
  YESTERDAY       39                        37      2       38
  MONTH TO DATE  289                       379    -90      409
  SINCE DEC 1   2052                      2657   -605     2592
  SINCE JUL 1   2960                      3970  -1010     3782

 COOLING
  YESTERDAY        0                         0      0        0
  MONTH TO DATE    0                         0      0        0
  SINCE DEC 1      0                         0      0        0
  SINCE JAN 1      0                         0      0        0
..................................................................


WIND (MPH)
  HIGHEST WIND SPEED    21   HIGHEST WIND DIRECTION     W (250)
  HIGHEST GUST SPEED    24   HIGHEST GUST DIRECTION    SW (240)
  AVERAGE WIND SPEED    11.3


SKY COVER
  AVERAGE SKY COVER 1.0



RELATIVE HUMIDITY (PERCENT)
 HIGHEST    92          1200 AM
 LOWEST     54           400 PM
 AVERAGE    73

..........................................................


THE AVOCA PA CLIMATE NORMALS FOR TODAY
                         NORMAL    RECORD    YEAR
 MAXIMUM TEMPERATURE (F)   36        65      2009
 MINIMUM TEMPERATURE (F)   20       -10      1979
                                             1962


SUNRISE AND SUNSET
FEBRUARY 11 2016......SUNRISE   704 AM EST   SUNSET   531 PM EST
FEBRUARY 12 2016......SUNRISE   702 AM EST   SUNSET   533 PM EST


-  INDICATES NEGATIVE NUMBERS.
R  INDICATES RECORD WAS SET OR TIED.
MM INDICATES DATA IS MISSING.
T  INDICATES TRACE AMOUNT.




$$
