000
CDUS41 KBGM 230526
CLIAVP


CLIMATE REPORT
NATIONAL WEATHER SERVICE BINGHAMTON NY
1225 AM EST THU FEB 23 2017


...................................

...THE AVOCA PA CLIMATE SUMMARY FOR FEBRUARY 22 2017...

CLIMATE NORMAL PERIOD 1981 TO 2010
CLIMATE RECORD PERIOD 1901 TO 2017


WEATHER ITEM   OBSERVED TIME   RECORD YEAR NORMAL DEPARTURE LAST
                VALUE   (LST)  VALUE       VALUE  FROM      YEAR
                                                  NORMAL
..................................................................
TEMPERATURE (F)
 YESTERDAY
  MAXIMUM         57        MM  62    1997  39     18       45
                                      1974
                                      1930
  MINIMUM         42        MM  -1    1963  22     20       30
  AVERAGE         50                        30     20       38

PRECIPITATION (IN)
  YESTERDAY        T             1.43 1902   0.07  -0.07     0.00
  MONTH TO DATE    1.49                      1.61  -0.12     2.38
  SINCE DEC 1      6.80                      6.66   0.14     6.72
  SINCE JAN 1      4.74                      3.98   0.76     4.17

SNOWFALL (IN)
  YESTERDAY        0.0           5.1  2008   0.3   -0.3      0.0
  MONTH TO DATE    8.2                       7.3    0.9      6.6
  SINCE DEC 1     19.0                      28.9   -9.9     11.9
  SINCE JUL 1     24.7                      31.9   -7.2     11.9

DEGREE DAYS
 HEATING
  YESTERDAY       15                        35    -20       27
  MONTH TO DATE  659                       811   -152      723
  SINCE DEC 1   2640                      3089   -449     2486
  SINCE JUL 1   3658                      4402   -744     3394

 COOLING
  YESTERDAY        0                         0      0        0
  MONTH TO DATE    0                         0      0        0
  SINCE DEC 1      0                         0      0        0
  SINCE JAN 1      0                         0      0        0
..................................................................


WIND (MPH)
  HIGHEST WIND SPEED     6   HIGHEST WIND DIRECTION    SW (210)
  HIGHEST GUST SPEED    MM   HIGHEST GUST DIRECTION    MM
  AVERAGE WIND SPEED     2.9


SKY COVER
  AVERAGE SKY COVER 0.6



RELATIVE HUMIDITY (PERCENT)
 HIGHEST    82          1100 PM
 LOWEST     51           400 PM
 AVERAGE    67

..........................................................


THE AVOCA PA CLIMATE NORMALS FOR TODAY
                         NORMAL    RECORD    YEAR
 MAXIMUM TEMPERATURE (F)   39        69      1985
 MINIMUM TEMPERATURE (F)   22        -3      2015


SUNRISE AND SUNSET
FEBRUARY 23 2017......SUNRISE   646 AM EST   SUNSET   547 PM EST
FEBRUARY 24 2017......SUNRISE   645 AM EST   SUNSET   548 PM EST


-  INDICATES NEGATIVE NUMBERS.
R  INDICATES RECORD WAS SET OR TIED.
MM INDICATES DATA IS MISSING.
T  INDICATES TRACE AMOUNT.




$$
