000
CDUS41 KBGM 232120
CLIAVP


CLIMATE REPORT
NATIONAL WEATHER SERVICE BINGHAMTON NY
520 PM EDT TUE MAY 23 2017


...................................

...THE AVOCA PA CLIMATE SUMMARY FOR MAY 23 2017...
VALID TODAY AS OF 0500 PM LOCAL TIME.

CLIMATE NORMAL PERIOD 1981 TO 2010
CLIMATE RECORD PERIOD 1901 TO 2017


WEATHER ITEM   OBSERVED TIME   RECORD YEAR NORMAL DEPARTURE LAST
                VALUE   (LST)  VALUE       VALUE  FROM      YEAR
                                                  NORMAL
..................................................................
TEMPERATURE (F)
 TODAY
  MAXIMUM         70    359 PM  93    1911  72     -2       77
  MINIMUM         50    514 AM  36    1998  50      0       51
                                      1967
                                      1929
  AVERAGE         60                        61     -1       64

PRECIPITATION (IN)
  TODAY            0.00          1.08 1913   0.12  -0.12     0.03
  MONTH TO DATE    2.62                      2.55   0.07     2.33
  SINCE MAR 1     11.06                      8.43   2.63     6.80
  SINCE JAN 1     17.29                     12.83   4.46    12.60

SNOWFALL (IN)
  TODAY            0.0           0.0    MM   0.0    0.0      0.0
  MONTH TO DATE    0.0                       0.3   -0.3      0.0
  SINCE MAR 1     30.7                      12.6   18.1      3.5
  SINCE JUL 1     55.5                      46.5    9.0     15.5

DEGREE DAYS
 HEATING
  TODAY            5                         6     -1        1
  MONTH TO DATE  197                       190      7      231
  SINCE MAR 1   1421                      1557   -136     1372
  SINCE JUL 1   5176                      6163   -987     4942

 COOLING
  TODAY            0                         1     -1        0
  MONTH TO DATE   26                        16     10        0
  SINCE MAR 1     48                        22     26        1
  SINCE JAN 1     48                        22     26        1
..................................................................


WIND (MPH)
  HIGHEST WIND SPEED    14   HIGHEST WIND DIRECTION    NE (30)
  HIGHEST GUST SPEED    19   HIGHEST GUST DIRECTION     N (350)
  AVERAGE WIND SPEED     3.3


SKY COVER
  AVERAGE SKY COVER 0.1


WEATHER CONDITIONS
 THE FOLLOWING WEATHER WAS RECORDED TODAY.
  NO SIGNIFICANT WEATHER WAS OBSERVED.


RELATIVE HUMIDITY (PERCENT)
 HIGHEST    90          1200 AM
 LOWEST     37           400 PM
 AVERAGE    64

..........................................................


THE AVOCA PA CLIMATE NORMALS FOR TOMORROW
                         NORMAL    RECORD    YEAR
 MAXIMUM TEMPERATURE (F)   72        88      1975
                                             1964
                                             1936
 MINIMUM TEMPERATURE (F)   50        32      1963


SUNRISE AND SUNSET
MAY 23 2017...........SUNRISE   537 AM EDT   SUNSET   823 PM EDT
MAY 24 2017...........SUNRISE   537 AM EDT   SUNSET   824 PM EDT


-  INDICATES NEGATIVE NUMBERS.
R  INDICATES RECORD WAS SET OR TIED.
MM INDICATES DATA IS MISSING.
T  INDICATES TRACE AMOUNT.




$$
