000
CDUS41 KBGM 261252
CLIAVP


CLIMATE REPORT
NATIONAL WEATHER SERVICE BINGHAMTON NY
851 AM EDT TUE SEP 26 2017


...................................

...THE AVOCA PA CLIMATE SUMMARY FOR SEPTEMBER 24 2017...

CLIMATE NORMAL PERIOD 1981 TO 2010
CLIMATE RECORD PERIOD 1901 TO 2017


WEATHER ITEM   OBSERVED TIME   RECORD YEAR NORMAL DEPARTURE LAST
                VALUE   (LST)  VALUE       VALUE  FROM      YEAR
                                                  NORMAL
..................................................................
TEMPERATURE (F)
 YESTERDAY
  MAXIMUM         91R   305 PM  90    2010  69     22       69
  MINIMUM         60    632 AM  30    1974  49     11       45
  AVERAGE         76                        59     17       57

PRECIPITATION (IN)
  YESTERDAY        0.00          1.72 2001   0.13  -0.13     0.00
  MONTH TO DATE    1.65                      3.22  -1.57     1.92
  SINCE SEP 1      1.65                      3.22  -1.57     1.92
  SINCE JAN 1     31.77                     28.25   3.52    23.48

SNOWFALL (IN)
  YESTERDAY        0.0           0.0    MM   0.0    0.0      0.0
  MONTH TO DATE    0.0                       0.0    0.0      0.0
  SINCE SEP 1      0.0                       0.0    0.0      0.0
  SINCE JUL 1      0.0                       0.0    0.0      0.0

DEGREE DAYS
 HEATING
  YESTERDAY        0                         7     -7        8
  MONTH TO DATE   64                        88    -24       16
  SINCE SEP 1     64                        88    -24       16
  SINCE JUL 1     81                       114    -33       17

 COOLING
  YESTERDAY       11                         1     10        0
  MONTH TO DATE   89                        48     41      127
  SINCE SEP 1     89                        48     41      127
  SINCE JAN 1    728                       572    156      993
..................................................................


WIND (MPH)
  HIGHEST WIND SPEED    12   HIGHEST WIND DIRECTION     N (340)
  HIGHEST GUST SPEED    16   HIGHEST GUST DIRECTION     N (360)
  AVERAGE WIND SPEED     3.6


SKY COVER
  AVERAGE SKY COVER 0.0



RELATIVE HUMIDITY (PERCENT)
 HIGHEST    97           500 AM
 LOWEST     41           400 PM
 AVERAGE    69

..........................................................


THE AVOCA PA CLIMATE NORMALS FOR TODAY
                         NORMAL    RECORD    YEAR
 MAXIMUM TEMPERATURE (F)   69        92      2017
 MINIMUM TEMPERATURE (F)   49        34      1928


SUNRISE AND SUNSET
SEPTEMBER 25 2017.....SUNRISE   654 AM EDT   SUNSET   655 PM EDT
SEPTEMBER 26 2017.....SUNRISE   655 AM EDT   SUNSET   653 PM EDT


-  INDICATES NEGATIVE NUMBERS.
R  INDICATES RECORD WAS SET OR TIED.
MM INDICATES DATA IS MISSING.
T  INDICATES TRACE AMOUNT.




$$
