000
CDUS43 KGRR 232124
CLIAZO


CLIMATE REPORT
NATIONAL WEATHER SERVICE GRAND RAPIDS, MI
523 PM EDT SAT MAY 23 2015


...................................

...THE KALAMAZOO MI CLIMATE SUMMARY FOR MAY 23 2015...
VALID TODAY AS OF 0500 PM LOCAL TIME.

CLIMATE NORMAL PERIOD 1981 TO 2010
CLIMATE RECORD PERIOD 1998 TO 2015


WEATHER ITEM   OBSERVED TIME   NORMAL DEPARTURE LAST
                VALUE   (LST)  VALUE  FROM      YEAR
                                      NORMAL
......................................................
TEMPERATURE (F)
 TODAY
  MAXIMUM         78    353 PM  72      6       70
  MINIMUM         42    452 AM  50     -8       45
  AVERAGE         60            61     -1       58

PRECIPITATION (IN)
  TODAY            0.00          0.13  -0.13     0.00
  MONTH TO DATE    2.62          2.93  -0.31     1.94
  SINCE MAR 1      4.98          8.26  -3.28     5.21
  SINCE JAN 1      6.51         11.50  -4.99     7.74

DEGREE DAYS
 HEATING
  TODAY            5             6     -1        7
  MONTH TO DATE  131           188    -57      216
  SINCE MAR 1   1546          1558    -12     1876
  SINCE JUL 1   6832          6331    501     7044

 COOLING
  TODAY            0             2     -2        0
  MONTH TO DATE   37            20     17       23
  SINCE MAR 1     37            24     13       23
  SINCE JAN 1     37            24     13       23
......................................................


WIND (MPH)
  RESULTANT WIND SPEED   3   RESULTANT WIND DIRECTION   S (180)
  HIGHEST WIND SPEED    16   HIGHEST WIND DIRECTION    SW (240)
  HIGHEST GUST SPEED    24   HIGHEST GUST DIRECTION     W (250)
  AVERAGE WIND SPEED     4.1


SKY COVER
  AVERAGE SKY COVER 0.0


WEATHER CONDITIONS
 THE FOLLOWING WEATHER WAS RECORDED TODAY.
  NO SIGNIFICANT WEATHER WAS OBSERVED.


RELATIVE HUMIDITY (PERCENT)
 HIGHEST    70          1200 AM
 LOWEST     20          1200 PM
 AVERAGE    45

..........................................................


THE KALAMAZOO MI CLIMATE NORMALS FOR TOMORROW
                         NORMAL
 MAXIMUM TEMPERATURE (F)   72
 MINIMUM TEMPERATURE (F)   50


SUNRISE AND SUNSET
MAY 23 2015...........SUNRISE   614 AM EDT   SUNSET   904 PM EDT
MAY 24 2015...........SUNRISE   613 AM EDT   SUNSET   905 PM EDT


-  INDICATES NEGATIVE NUMBERS.
R  INDICATES RECORD WAS SET OR TIED.
MM INDICATES DATA IS MISSING.
T  INDICATES TRACE AMOUNT.




$$
