000
CDUS43 KGRR 230521
CLIAZO


CLIMATE REPORT
NATIONAL WEATHER SERVICE GRAND RAPIDS, MI
120 AM EDT FRI JUN 23 2017


...................................

...THE KALAMAZOO MI CLIMATE SUMMARY FOR JUNE 22 2017...

CLIMATE NORMAL PERIOD 1981 TO 2010
CLIMATE RECORD PERIOD 1998 TO 2017


WEATHER ITEM   OBSERVED TIME   NORMAL DEPARTURE LAST
                VALUE   (LST)  VALUE  FROM      YEAR
                                      NORMAL
......................................................
TEMPERATURE (F)
 YESTERDAY
  MAXIMUM         88    243 PM  81      7       82
  MINIMUM         65   1217 AM  59      6       61
  AVERAGE         77            70      7       72

PRECIPITATION (IN)
  YESTERDAY        0.01          0.13  -0.12     0.78
  MONTH TO DATE    0.61          2.75  -2.14     1.85
  SINCE JUN 1      0.61          2.75  -2.14     1.85
  SINCE JAN 1     15.76         15.19   0.57    12.83

DEGREE DAYS
 HEATING
  YESTERDAY        0             1     -1        0
  MONTH TO DATE    9            45    -36       23
  SINCE JUN 1      9            45    -36       23
  SINCE JUL 1   5380          6413  -1033     5510

 COOLING
  YESTERDAY       12             6      6        7
  MONTH TO DATE  147            92     55      120
  SINCE JUN 1    147            92     55      120
  SINCE JAN 1    186           133     53      187
......................................................


WIND (MPH)
  RESULTANT WIND SPEED  10   RESULTANT WIND DIRECTION   S (200)
  HIGHEST WIND SPEED    24   HIGHEST WIND DIRECTION     S (200)
  HIGHEST GUST SPEED    30   HIGHEST GUST DIRECTION     S (200)
  AVERAGE WIND SPEED    10.9


SKY COVER
  AVERAGE SKY COVER 0.3


WEATHER CONDITIONS
 THE FOLLOWING WEATHER WAS RECORDED YESTERDAY.
  THUNDERSTORM
  LIGHT RAIN


RELATIVE HUMIDITY (PERCENT)
 HIGHEST    74           900 PM
 LOWEST     45           100 PM
 AVERAGE    60

..........................................................


THE KALAMAZOO MI CLIMATE NORMALS FOR TODAY
                         NORMAL
 MAXIMUM TEMPERATURE (F)   81
 MINIMUM TEMPERATURE (F)   60


SUNRISE AND SUNSET
JUNE 23 2017..........SUNRISE   606 AM EDT   SUNSET   922 PM EDT
JUNE 24 2017..........SUNRISE   607 AM EDT   SUNSET   923 PM EDT


-  INDICATES NEGATIVE NUMBERS.
R  INDICATES RECORD WAS SET OR TIED.
MM INDICATES DATA IS MISSING.
T  INDICATES TRACE AMOUNT.




$$

jam
