000
CDUS43 KGRR 111428
CLIAZO


CLIMATE REPORT
NATIONAL WEATHER SERVICE GRAND RAPIDS, MI
926 AM EST MON DEC 11 2017


...................................

...THE KALAMAZOO MI CLIMATE SUMMARY FOR DECEMBER 11 2017...
VALID AS OF 0900 AM LOCAL TIME.

CLIMATE NORMAL PERIOD 1981 TO 2010
CLIMATE RECORD PERIOD 1998 TO 2017


WEATHER ITEM   OBSERVED TIME   NORMAL DEPARTURE LAST
                VALUE   (LST)  VALUE  FROM      YEAR
                                      NORMAL
......................................................
TEMPERATURE (F)
 TODAY
  MAXIMUM         28    859 AM  36     -8       33
  MINIMUM         27    858 AM  24      3       23
  AVERAGE         28            30     -2       28

PRECIPITATION (IN)
  TODAY            T             0.06  -0.06    MM
  MONTH TO DATE    0.12          0.84  -0.72     0.64
  SINCE DEC 1      0.12          0.84  -0.72     0.64
  SINCE JAN 1     38.68         34.60   4.08    37.12

DEGREE DAYS
 HEATING
  TODAY           37            35      2       37
  MONTH TO DATE  335           365    -30      365
  SINCE DEC 1    335           365    -30      365
  SINCE JUL 1   1498          1692   -194     1265

 COOLING
  TODAY            0             0      0        0
  MONTH TO DATE    0             0      0        0
  SINCE DEC 1      0             0      0        0
  SINCE JAN 1    768           675     93      912
......................................................


WIND (MPH)
  RESULTANT WIND SPEED   2   RESULTANT WIND DIRECTION   S (200)
  HIGHEST WIND SPEED    12   HIGHEST WIND DIRECTION     S (190)
  HIGHEST GUST SPEED    15   HIGHEST GUST DIRECTION     S (200)
  AVERAGE WIND SPEED     4.3


SKY COVER
  AVERAGE SKY COVER 1.0


WEATHER CONDITIONS
 THE FOLLOWING WEATHER WAS RECORDED TODAY.
  LIGHT SNOW
  FOG


RELATIVE HUMIDITY (PERCENT)
 HIGHEST    92           900 AM
 LOWEST     75          1200 AM
 AVERAGE    84

..........................................................


THE KALAMAZOO MI CLIMATE NORMALS FOR TOMORROW
                         NORMAL
 MAXIMUM TEMPERATURE (F)   36
 MINIMUM TEMPERATURE (F)   24


SUNRISE AND SUNSET
DECEMBER 11 2017......SUNRISE   801 AM EST   SUNSET   510 PM EST
DECEMBER 12 2017......SUNRISE   802 AM EST   SUNSET   510 PM EST


-  INDICATES NEGATIVE NUMBERS.
R  INDICATES RECORD WAS SET OR TIED.
MM INDICATES DATA IS MISSING.
T  INDICATES TRACE AMOUNT.




$$

63
