000
CDUS43 KGRR 280515
CLIAZO


CLIMATE REPORT
NATIONAL WEATHER SERVICE GRAND RAPIDS, MI
1212 AM EST WED JAN 28 2015


...................................

...THE KALAMAZOO MI CLIMATE SUMMARY FOR JANUARY 27 2015...

CLIMATE NORMAL PERIOD 1981 TO 2010
CLIMATE RECORD PERIOD 1998 TO 2015


WEATHER ITEM   OBSERVED TIME   NORMAL DEPARTURE LAST
                VALUE   (LST)  VALUE  FROM      YEAR
                                      NORMAL
......................................................
TEMPERATURE (F)
 YESTERDAY
  MAXIMUM         28    341 PM  31     -3       22
  MINIMUM         13   1159 PM  18     -5       -6
  AVERAGE         21            24     -3        8

PRECIPITATION (IN)
  YESTERDAY        0.00          0.06  -0.06     0.02
  MONTH TO DATE    0.93          1.57  -0.64     1.10
  SINCE DEC 1      1.99          3.55  -1.56     2.56
  SINCE JAN 1      0.93          1.57  -0.64     1.10

DEGREE DAYS
 HEATING
  YESTERDAY       44            41      3       57
  MONTH TO DATE 1170          1099     71     1121
  SINCE DEC 1   2155          2223    -68     2271
  SINCE JUL 1   3685          3550    135     3628

 COOLING
  YESTERDAY        0             0      0        0
  MONTH TO DATE    0             0      0        0
  SINCE DEC 1      0             0      0        0
  SINCE JAN 1      0             0      0        0
......................................................


WIND (MPH)
  RESULTANT WIND SPEED   4   RESULTANT WIND DIRECTION  NE (30)
  HIGHEST WIND SPEED    12   HIGHEST WIND DIRECTION     N (340)
  HIGHEST GUST SPEED    13   HIGHEST GUST DIRECTION    NE (50)
  AVERAGE WIND SPEED     4.6


SKY COVER
  AVERAGE SKY COVER 0.4


WEATHER CONDITIONS
 THE FOLLOWING WEATHER WAS RECORDED YESTERDAY.
  NO SIGNIFICANT WEATHER WAS OBSERVED.


RELATIVE HUMIDITY (PERCENT)
 HIGHEST    80          1100 PM
 LOWEST     46           100 PM
 AVERAGE    63

..........................................................


THE KALAMAZOO MI CLIMATE NORMALS FOR TODAY
                         NORMAL
 MAXIMUM TEMPERATURE (F)   31
 MINIMUM TEMPERATURE (F)   18


SUNRISE AND SUNSET
JANUARY 28 2015.......SUNRISE   800 AM EST   SUNSET   551 PM EST
JANUARY 29 2015.......SUNRISE   759 AM EST   SUNSET   552 PM EST


-  INDICATES NEGATIVE NUMBERS.
R  INDICATES RECORD WAS SET OR TIED.
MM INDICATES DATA IS MISSING.
T  INDICATES TRACE AMOUNT.




$$

63
