000
CDUS43 KGRR 211336
CLIAZO


CLIMATE REPORT
NATIONAL WEATHER SERVICE GRAND RAPIDS, MI
935 AM EDT MON APR 21 2014


...................................

...THE KALAMAZOO MI CLIMATE SUMMARY FOR APRIL 21 2014...
VALID AS OF 0900 AM LOCAL TIME.

CLIMATE NORMAL PERIOD 1981 TO 2010
CLIMATE RECORD PERIOD 9999 TO 9999


WEATHER ITEM   OBSERVED TIME   RECORD YEAR NORMAL DEPARTURE LAST
                VALUE   (LST)  VALUE       VALUE  FROM      YEAR
                                                  NORMAL
..................................................................
TEMPERATURE (F)
 TODAY
  MAXIMUM         57    759 AM  MM      MM  62     -5       51
  MINIMUM         51    632 AM  MM      MM  40     11       22
  AVERAGE         54                        51      3       37

PRECIPITATION (IN)
  TODAY            0.00         MM      MM   0.09  -0.09     0.00
  MONTH TO DATE    1.29                      2.04  -0.75     4.99
  SINCE MAR 1      2.54                      4.29  -1.75     5.67
  SINCE JAN 1      5.07                      7.53  -2.46    10.33

DEGREE DAYS
 HEATING
  TODAY           11                        14     -3       28
  MONTH TO DATE  391                       374     17      443
  SINCE MAR 1   1550                      1258    292     1463

 COOLING
  TODAY            0                         0      0        0
  MONTH TO DATE    0                         0      0        0
  SINCE MAR 1      0                         0      0        0
..................................................................


WIND (MPH)
  HIGHEST WIND SPEED     8   HIGHEST WIND DIRECTION     S (180)
  HIGHEST GUST SPEED    10   HIGHEST GUST DIRECTION     S (180)



WEATHER CONDITIONS
 THE FOLLOWING WEATHER WAS RECORDED TODAY.
  NO SIGNIFICANT WEATHER WAS OBSERVED.


..........................................................




SUNRISE AND SUNSET
APRIL 21 2014.........SUNRISE   652 AM EDT   SUNSET   830 PM EDT
APRIL 22 2014.........SUNRISE   651 AM EDT   SUNSET   831 PM EDT


-  INDICATES NEGATIVE NUMBERS.
R  INDICATES RECORD WAS SET OR TIED.
MM INDICATES DATA IS MISSING.
T  INDICATES TRACE AMOUNT.




$$

JAM
