000
CDUS41 KBOX 230543
CLIBDL


CLIMATE REPORT
NATIONAL WEATHER SERVICE TAUNTON MA
135 AM EDT SAT SEP 23 2017


...................................

...THE HARTFORD CT CLIMATE SUMMARY FOR SEPTEMBER 22 2017...

CLIMATE NORMAL PERIOD 1981 TO 2010
CLIMATE RECORD PERIOD 1904 TO 2017


WEATHER ITEM   OBSERVED TIME   RECORD YEAR NORMAL DEPARTURE LAST
                VALUE   (LST)  VALUE       VALUE  FROM      YEAR
                                                  NORMAL
..................................................................
TEMPERATURE (F)
 YESTERDAY
  MAXIMUM         78    307 PM  94    1970  73      5       85
  MINIMUM         62    609 AM  32    1962  50     12       52
  AVERAGE         70                        61      9       69

PRECIPITATION (IN)
  YESTERDAY        0.00          1.30 1981   0.14  -0.14     0.00
  MONTH TO DATE    2.19                      2.69  -0.50     1.32
  SINCE SEP 1      2.19                      2.69  -0.50     1.32
  SINCE JAN 1     33.30                     32.96   0.34    23.66

SNOWFALL (IN)
  YESTERDAY        0.0           0.0  2002   0.0    0.0      0.0
                                      2001
                                      2000
  MONTH TO DATE    0.0                       0.0    0.0      0.0
  SINCE SEP 1      0.0                       0.0    0.0      0.0
  SINCE JUL 1      0.0                       0.0    0.0      0.0
  SNOW DEPTH       0

DEGREE DAYS
 HEATING
  YESTERDAY        0                         5     -5        0
  MONTH TO DATE   39                        57    -18        9
  SINCE SEP 1     39                        57    -18        9
  SINCE JUL 1     55                        69    -14        9

 COOLING
  YESTERDAY        5                         1      4        4
  MONTH TO DATE   83                        68     15      123
  SINCE SEP 1     83                        68     15      123
  SINCE JAN 1    770                       743     27     1053
..................................................................


WIND (MPH)
  RESULTANT WIND SPEED  15   RESULTANT WIND DIRECTION   N (10)
  HIGHEST WIND SPEED    26   HIGHEST WIND DIRECTION     N (10)
  HIGHEST GUST SPEED    40   HIGHEST GUST DIRECTION     N (350)
  AVERAGE WIND SPEED    15.5


SKY COVER
  POSSIBLE SUNSHINE  MM
  AVERAGE SKY COVER 0.6


WEATHER CONDITIONS
 THE FOLLOWING WEATHER WAS RECORDED YESTERDAY.
  NO SIGNIFICANT WEATHER WAS OBSERVED.


RELATIVE HUMIDITY (PERCENT)
 HIGHEST    60           400 AM
 LOWEST     43           100 PM
 AVERAGE    52

..........................................................


THE HARTFORD CT CLIMATE NORMALS FOR TODAY
                         NORMAL    RECORD    YEAR
 MAXIMUM TEMPERATURE (F)   72        93      1914
 MINIMUM TEMPERATURE (F)   50        34      1974


SUNRISE AND SUNSET
SEPTEMBER 23 2017.....SUNRISE   639 AM EDT   SUNSET   646 PM EDT
SEPTEMBER 24 2017.....SUNRISE   640 AM EDT   SUNSET   644 PM EDT


-  INDICATES NEGATIVE NUMBERS.
R  INDICATES RECORD WAS SET OR TIED.
MM INDICATES DATA IS MISSING.
T  INDICATES TRACE AMOUNT.




$$
