000
CDUS41 KBOX 290556
CLIBDL


CLIMATE REPORT
NATIONAL WEATHER SERVICE TAUNTON MA
145 AM EDT FRI AUG 29 2014


...................................

...THE HARTFORD CT CLIMATE SUMMARY FOR AUGUST 28 2014...

CLIMATE NORMAL PERIOD 1981 TO 2010
CLIMATE RECORD PERIOD 1904 TO 2014


WEATHER ITEM   OBSERVED TIME   RECORD YEAR NORMAL DEPARTURE LAST
                VALUE   (LST)  VALUE       VALUE  FROM      YEAR
                                                  NORMAL
..................................................................
TEMPERATURE (F)
 YESTERDAY
  MAXIMUM         82   1151 AM  99    1993  81      1       87
  MINIMUM         58   1146 PM  43    1957  59     -1       65
  AVERAGE         70                        70      0       76

PRECIPITATION (IN)
  YESTERDAY        0.00          3.84 2011   0.10  -0.10     0.00
  MONTH TO DATE    3.53                      3.63  -0.10     6.65
  SINCE JUN 1      9.73                     12.16  -2.43    21.63
  SINCE JAN 1     31.74                     29.97   1.77    37.77

SNOWFALL (IN)
  YESTERDAY        0.0           0.0  2002   0.0    0.0      0.0
                                      2001
                                      2000
  MONTH TO DATE    0.0                       0.0    0.0      0.0
  SINCE JUN 1      0.0                       0.0    0.0      0.0
  SINCE JUL 1      0.0                       0.0    0.0      0.0
  SNOW DEPTH       0

DEGREE DAYS
 HEATING
  YESTERDAY        0                         1     -1        0
  MONTH TO DATE    2                         3     -1        0
  SINCE JUN 1      8                        46    -38       35
  SINCE JUL 1      2                         6     -4        2

 COOLING
  YESTERDAY        5                         6     -1       11
  MONTH TO DATE  158                       208    -50      155
  SINCE JUN 1    610                       621    -11      743
  SINCE JAN 1    642                       660    -18      797
..................................................................


WIND (MPH)
  RESULTANT WIND SPEED   8   RESULTANT WIND DIRECTION  NW (330)
  HIGHEST WIND SPEED    18   HIGHEST WIND DIRECTION    NW (310)
  HIGHEST GUST SPEED    25   HIGHEST GUST DIRECTION    NW (320)
  AVERAGE WIND SPEED     8.7


SKY COVER
  POSSIBLE SUNSHINE  MM
  AVERAGE SKY COVER 0.5


WEATHER CONDITIONS
 THE FOLLOWING WEATHER WAS RECORDED YESTERDAY.
  NO SIGNIFICANT WEATHER WAS OBSERVED.


RELATIVE HUMIDITY (PERCENT)
 HIGHEST    78           300 AM
 LOWEST     33          1200 PM
 AVERAGE    56

..........................................................


THE HARTFORD CT CLIMATE NORMALS FOR TODAY
                         NORMAL    RECORD    YEAR
 MAXIMUM TEMPERATURE (F)   81        98      1953
 MINIMUM TEMPERATURE (F)   59        39      1982


SUNRISE AND SUNSET
AUGUST 29 2014........SUNRISE   613 AM EDT   SUNSET   729 PM EDT
AUGUST 30 2014........SUNRISE   614 AM EDT   SUNSET   728 PM EDT


-  INDICATES NEGATIVE NUMBERS.
R  INDICATES RECORD WAS SET OR TIED.
MM INDICATES DATA IS MISSING.
T  INDICATES TRACE AMOUNT.




$$
