000
CDUS41 KBOX 290615
CLIBDL


CLIMATE REPORT
NATIONAL WEATHER SERVICE TAUNTON MA
105 AM EST THU JAN 29 2015


...................................

...THE HARTFORD CT CLIMATE SUMMARY FOR JANUARY 28 2015...

CLIMATE NORMAL PERIOD 1981 TO 2010
CLIMATE RECORD PERIOD 1904 TO 2015


WEATHER ITEM   OBSERVED TIME   RECORD YEAR NORMAL DEPARTURE LAST
                VALUE   (LST)  VALUE       VALUE  FROM      YEAR
                                                  NORMAL
..................................................................
TEMPERATURE (F)
 YESTERDAY
  MAXIMUM         29    333 PM  63    1916  35     -6       19
  MINIMUM         10    532 AM -12    1961  18     -8        8
  AVERAGE         20                        27     -7       14

PRECIPITATION (IN)
  YESTERDAY        T             1.56 1943   0.10  -0.10     0.00
  MONTH TO DATE    3.19                      2.91   0.28     3.41
  SINCE DEC 1      7.74                      6.35   1.39     7.33
  SINCE JAN 1      3.19                      2.91   0.28     3.41

SNOWFALL (IN)
  YESTERDAY        T            11.0  1943   0.4   -0.4      0.0
  MONTH TO DATE   16.8                      11.0    5.8     10.3
  SINCE DEC 1     17.5                      18.4   -0.9     23.0
  SINCE JUL 1     22.6                      20.4    2.2     23.0
  SNOW DEPTH      11

DEGREE DAYS
 HEATING
  YESTERDAY       45                        39      6       51
  MONTH TO DATE 1144                      1089     55     1124
  SINCE DEC 1   2046                      2126    -80     2188
  SINCE JUL 1   3143                      3333   -190     3420

 COOLING
  YESTERDAY        0                         0      0        0
  MONTH TO DATE    0                         0      0        0
  SINCE DEC 1      0                         0      0        0
  SINCE JAN 1      0                         0      0        0
..................................................................


WIND (MPH)
  RESULTANT WIND SPEED  10   RESULTANT WIND DIRECTION   N (340)
  HIGHEST WIND SPEED    20   HIGHEST WIND DIRECTION     N (340)
  HIGHEST GUST SPEED    27   HIGHEST GUST DIRECTION    NE (30)
  AVERAGE WIND SPEED    10.4


SKY COVER
  POSSIBLE SUNSHINE  MM
  AVERAGE SKY COVER 0.5


WEATHER CONDITIONS
 THE FOLLOWING WEATHER WAS RECORDED YESTERDAY.
  LIGHT SNOW


RELATIVE HUMIDITY (PERCENT)
 HIGHEST    64          1200 AM
 LOWEST     36           700 PM
 AVERAGE    50

..........................................................


THE HARTFORD CT CLIMATE NORMALS FOR TODAY
                         NORMAL    RECORD    YEAR
 MAXIMUM TEMPERATURE (F)   35        66      2002
 MINIMUM TEMPERATURE (F)   18       -10      1963
                                             1961


SUNRISE AND SUNSET
JANUARY 29 2015.......SUNRISE   707 AM EST   SUNSET   502 PM EST
JANUARY 30 2015.......SUNRISE   706 AM EST   SUNSET   503 PM EST


-  INDICATES NEGATIVE NUMBERS.
R  INDICATES RECORD WAS SET OR TIED.
MM INDICATES DATA IS MISSING.
T  INDICATES TRACE AMOUNT.




$$
