000
CDUS41 KBOX 220559
CLIBDL


CLIMATE REPORT
NATIONAL WEATHER SERVICE TAUNTON MA
1248 AM EST MON JAN 22 2018


...................................

...THE HARTFORD CT CLIMATE SUMMARY FOR JANUARY 21 2018...

CLIMATE NORMAL PERIOD 1981 TO 2010
CLIMATE RECORD PERIOD 1904 TO 2018


WEATHER ITEM   OBSERVED TIME   RECORD YEAR NORMAL DEPARTURE LAST
                VALUE   (LST)  VALUE       VALUE  FROM      YEAR
                                                  NORMAL
..................................................................
TEMPERATURE (F)
 YESTERDAY
  MAXIMUM         50    303 PM  61    2006  34     16       55
  MINIMUM         24    652 AM -13    1961  17      7       35
  AVERAGE         37                        26     11       45

PRECIPITATION (IN)
  YESTERDAY        T             2.17 1979   0.11  -0.11      T
  MONTH TO DATE    2.90                      2.18   0.72     2.03
  SINCE DEC 1      5.31                      5.62  -0.31     4.76
  SINCE JAN 1      2.90                      2.18   0.72     2.03

SNOWFALL (IN)
  YESTERDAY        0.0           6.5  2001   0.4   -0.4      0.0
  MONTH TO DATE   13.2                       8.2    5.0      4.1
  SINCE DEC 1     23.0                      15.6    7.4     14.3
  SINCE JUL 1     23.0                      17.6    5.4     15.8
  SNOW DEPTH       1

DEGREE DAYS
 HEATING
  YESTERDAY       28                        39    -11       20
  MONTH TO DATE  894                       816     78      696
  SINCE DEC 1   2053                      1853    200     1706
  SINCE JUL 1   3044                      3060    -16     2743

 COOLING
  YESTERDAY        0                         0      0        0
  MONTH TO DATE    0                         0      0        0
  SINCE DEC 1      0                         0      0        0
  SINCE JAN 1      0                         0      0        0
..................................................................


WIND (MPH)
  RESULTANT WIND SPEED   0   RESULTANT WIND DIRECTION  SW (220)
  HIGHEST WIND SPEED     9   HIGHEST WIND DIRECTION     N (20)
  HIGHEST GUST SPEED    11   HIGHEST GUST DIRECTION     N (20)
  AVERAGE WIND SPEED     2.4


SKY COVER
  POSSIBLE SUNSHINE  MM
  AVERAGE SKY COVER 0.6


WEATHER CONDITIONS
 THE FOLLOWING WEATHER WAS RECORDED YESTERDAY.
  NO SIGNIFICANT WEATHER WAS OBSERVED.


RELATIVE HUMIDITY (PERCENT)
 HIGHEST    92           400 AM
 LOWEST     50           200 PM
 AVERAGE    71

..........................................................


THE HARTFORD CT CLIMATE NORMALS FOR TODAY
                         NORMAL    RECORD    YEAR
 MAXIMUM TEMPERATURE (F)   34        58      1906
 MINIMUM TEMPERATURE (F)   18       -26      1961


SUNRISE AND SUNSET
JANUARY 22 2018.......SUNRISE   712 AM EST   SUNSET   453 PM EST
JANUARY 23 2018.......SUNRISE   711 AM EST   SUNSET   454 PM EST


-  INDICATES NEGATIVE NUMBERS.
R  INDICATES RECORD WAS SET OR TIED.
MM INDICATES DATA IS MISSING.
T  INDICATES TRACE AMOUNT.




$$
