000
CDUS41 KOKX 240615
CLIBDR


CLIMATE REPORT
NATIONAL WEATHER SERVICE NEW YORK NY
115 AM EST FRI FEB 24 2017


...................................

...THE BRIDGEPORT CT CLIMATE SUMMARY FOR FEBRUARY 23 2017...

CLIMATE NORMAL PERIOD 1981 TO 2010
CLIMATE RECORD PERIOD 1948 TO 2017


WEATHER ITEM   OBSERVED TIME   RECORD YEAR NORMAL DEPARTURE LAST
                VALUE   (LST)  VALUE       VALUE  FROM      YEAR
                                                  NORMAL
..................................................................
TEMPERATURE (F)
 YESTERDAY
  MAXIMUM         54    340 PM  60    2012  41     13       39
  MINIMUM         37    732 AM   5    2015  26     11       34
  AVERAGE         46                        34     12       37

PRECIPITATION (IN)
  YESTERDAY        0.00          0.93 2003   0.11  -0.11     0.16
  MONTH TO DATE    1.52                      2.22  -0.70     3.51
  SINCE DEC 1      8.23                      8.65  -0.42    10.71
  SINCE JAN 1      4.80                      5.32  -0.52     5.77

SNOWFALL (IN)
  YESTERDAY        0.0           2.6  1987   0.3   -0.3       T
  MONTH TO DATE   12.8                       6.7    6.1     13.9
  SINCE OCT 1     29.8                      20.2    9.6     24.9
  SINCE JUL 1     29.8                      20.2    9.6     24.9
  SNOW DEPTH       0

DEGREE DAYS
 HEATING
  YESTERDAY       19                        31    -12       28
  MONTH TO DATE  643                       759   -116      735
  SINCE DEC 1   2343                      2761   -418     2259
  SINCE JUL 1   3071                      3735   -664     3003

 COOLING
  YESTERDAY        0                         0      0        0
  MONTH TO DATE    0                         0      0        0
  SINCE DEC 1      0                         0      0        0
  SINCE JAN 1      0                         0      0        0
..................................................................


WIND (MPH)
  HIGHEST WIND SPEED     8   HIGHEST WIND DIRECTION     S (190)
  HIGHEST GUST SPEED    11   HIGHEST GUST DIRECTION     S (190)
  AVERAGE WIND SPEED     2.1


SKY COVER
  AVERAGE SKY COVER 0.7


WEATHER CONDITIONS
 THE FOLLOWING WEATHER WAS RECORDED YESTERDAY.
  FOG
  FOG W/VISIBILITY <= 1/4 MILE
  HAZE


RELATIVE HUMIDITY (PERCENT)
 HIGHEST    96           900 AM
 LOWEST     77           400 PM
 AVERAGE    87

..........................................................


THE BRIDGEPORT CT CLIMATE NORMALS FOR TODAY
                         NORMAL    RECORD    YEAR
 MAXIMUM TEMPERATURE (F)   42        60      2016
                                             1985
                                             1961
 MINIMUM TEMPERATURE (F)   27         0      2015


SUNRISE AND SUNSET
FEBRUARY 24 2017......SUNRISE   634 AM EST   SUNSET   538 PM EST
FEBRUARY 25 2017......SUNRISE   633 AM EST   SUNSET   539 PM EST


-  INDICATES NEGATIVE NUMBERS.
R  INDICATES RECORD WAS SET OR TIED.
MM INDICATES DATA IS MISSING.
T  INDICATES TRACE AMOUNT.




$$
