000
CDUS41 KOKX 200617
CLIBDR


CLIMATE REPORT
NATIONAL WEATHER SERVICE NEW YORK NY
117 AM EST SAT JAN 20 2018


...................................

...THE BRIDGEPORT CT CLIMATE SUMMARY FOR JANUARY 19 2018...

CLIMATE NORMAL PERIOD 1981 TO 2010
CLIMATE RECORD PERIOD 1948 TO 2018


WEATHER ITEM   OBSERVED TIME   RECORD YEAR NORMAL DEPARTURE LAST
                VALUE   (LST)  VALUE       VALUE  FROM      YEAR
                                                  NORMAL
..................................................................
TEMPERATURE (F)
 YESTERDAY
  MAXIMUM         36    257 PM  56    1951  37     -1       51
  MINIMUM         20    332 AM  -2    1994  23     -3       33
  AVERAGE         28                        30     -2       42

PRECIPITATION (IN)
  YESTERDAY        0.00          0.76 1996   0.10  -0.10     0.00
  MONTH TO DATE    1.64                      1.97  -0.33     2.00
  SINCE DEC 1      3.33                      5.30  -1.97     5.43
  SINCE JAN 1      1.64                      1.97  -0.33     2.00

SNOWFALL (IN)
  YESTERDAY        0.0           4.5  2002   0.3   -0.3      0.0
  MONTH TO DATE    9.3                       4.9    4.4      8.5
  SINCE OCT 1     18.0                      10.7    7.3     14.5
  SINCE JUL 1     18.0                      10.7    7.3     14.5
  SNOW DEPTH       0

DEGREE DAYS
 HEATING
  YESTERDAY       37                        35      2       23
  MONTH TO DATE  771                       661    110      567
  SINCE DEC 1   1742                      1580    162     1404
  SINCE JUL 1   2497                      2554    -57     2132

 COOLING
  YESTERDAY        0                         0      0        0
  MONTH TO DATE    0                         0      0        0
  SINCE DEC 1      0                         0      0        0
  SINCE JAN 1      0                         0      0        0
..................................................................


WIND (MPH)
  HIGHEST WIND SPEED    14   HIGHEST WIND DIRECTION     W (270)
  HIGHEST GUST SPEED    17   HIGHEST GUST DIRECTION     W (270)
  AVERAGE WIND SPEED     5.9


SKY COVER
  AVERAGE SKY COVER 0.0


WEATHER CONDITIONS
 THE FOLLOWING WEATHER WAS RECORDED YESTERDAY.
  NO SIGNIFICANT WEATHER WAS OBSERVED.


RELATIVE HUMIDITY (PERCENT)
 HIGHEST    78           900 PM
 LOWEST     47           100 PM
 AVERAGE    63

..........................................................


THE BRIDGEPORT CT CLIMATE NORMALS FOR TODAY
                         NORMAL    RECORD    YEAR
 MAXIMUM TEMPERATURE (F)   37        54      1991
 MINIMUM TEMPERATURE (F)   23         1      1994


SUNRISE AND SUNSET
JANUARY 20 2018.......SUNRISE   713 AM EST   SUNSET   454 PM EST
JANUARY 21 2018.......SUNRISE   712 AM EST   SUNSET   456 PM EST


-  INDICATES NEGATIVE NUMBERS.
R  INDICATES RECORD WAS SET OR TIED.
MM INDICATES DATA IS MISSING.
T  INDICATES TRACE AMOUNT.




$$
