000
CDAK48 PABE 240908
CLIBET

CLIMATE REPORT
NATIONAL WEATHER SERVICE BETHEL, AK
108 AM AKDT THU APR 24 2014

...................................
...THE BETHEL AP CLIMATE SUMMARY FOR APRIL 23 2014...

CLIMATE NORMAL PERIOD  1981 TO  2010
CLIMATE RECORD PERIOD  1948 TO  2014

WEATHER ITEM   OBSERVED TIME    RECORD YEAR NORMAL DEPARTURE LAST
               VALUE    (LST)   VALUE       VALUE  FROM      YEAR
                                                   NORMAL
...................................................................
TEMPERATURE
YESTERDAY
 MAXIMUM            54  0420 PM    60  1996     39      15     38
 MINIMUM            28  0520 AM    -7  1955     23       5     17
 AVERAGE            41                          31      10     28

PRECIPITATION
(INCHES)
 YESTERDAY        0.00           0.39  1983   0.02   -0.02   0.00
 MONTH TO DATE    0.31                        0.54   -0.23   0.03
 SINCE MAR 1      0.79                        1.25   -0.46   0.81
 SINCE JAN 1      2.37                        2.75   -0.38   3.10

SNOWFALL
(INCHES)
 YESTERDAY         0.0            2.0  1960    0.1    -0.1    0.0
 MONTH TO DATE     1.0                         4.8    -3.8    0.4
 SINCE MAR 1       5.7                        13.0    -7.3    6.2
 SINCE JUL 1      27.8                        58.8   -31.0   41.4
 SNOW DEPTH (IN)     0                                          1

DEGREE DAYS
 HEATING
  YESTERDAY         24                          34     -10     37
  MONTH TO DATE    767                         920    -153   1155
  SINCE MAR 1     2380                        2464     -84   2782
  SINCE JUL 1     9845                       11210   -1365  12022

 COOLING
  YESTERDAY          0                           0       0      0
  MONTH TO DATE      0                           0       0      0
  SINCE MAR 1        0                           0       0      0
  SINCE JAN 1        0                           0       0      0
...................................................................

WIND (MPH)
 HIGHEST WIND SPEED    15     HIGHEST WIND DIRECTION    290
 HIGHEST GUST SPEED    20     HIGHEST GUST DIRECTION    300
 AVERAGE WIND SPEED   5.2

SKY COVER
  POSSIBLE SUNSHINE    MM          AVERAGE SKY COVER     MM

WEATHER CONDITIONS
 THE FOLLOWING WEATHER WAS RECORDED YESTERDAY.
  NO SIGNIFICANT WEATHER WAS OBSERVED.

RELATIVE HUMIDITY
 HIGHEST RH     MM PERCENT       MM
 LOWEST  RH     MM PERCENT       MM
 AVERAGE RH     MM PERCENT       MM
...................................................................

THE BETHEL CLIMATE NORMALS FOR TODAY
                           NORMAL    RECORD   YEAR
 MAXIMUM TEMPERATURE (F)     40        57     1998
 MINIMUM TEMPERATURE (F)     24         1     1960

SUNRISE AND SUNSET
 APR 24 2014..........SUNRISE  7:01 AM      SUNSET 10:33 PM
 APR 25 2014..........SUNRISE  6:58 AM      SUNSET 10:35 PM

-  INDICATES NEGATIVE NUMBERS.
R  INDICATES RECORD HAS BEEN SET OR TIED.
MM INDICATES DATA IS MISSING.
T  INDICATES TRACE OF PRECIPITATION.

&&
-------------------------------------------------------------------

AMOUNT OF DAYLIGHT TODAY  (HOUR:MIN)........15 HOURS 32 MINUTES
GAIN/LOSS SINCE YESTERDAY (HOUR:MIN:SEC)....+0:05:32

$$
BW APR 14
