000
CDAK48 PABE 300047
CLIBET


CLIMATE REPORT
NATIONAL WEATHER SERVICE ANCHORAGE, AK
447 PM AKDT SAT APR 29 2017


...................................

...THE BETHEL CLIMATE SUMMARY FOR APRIL 29 2017...
VALID TODAY AS OF 0400 PM LOCAL TIME.

CLIMATE NORMAL PERIOD 1981 TO 2010
CLIMATE RECORD PERIOD 1948 TO 2017


WEATHER ITEM   OBSERVED TIME   RECORD YEAR NORMAL DEPARTURE LAST
                VALUE   (LST)  VALUE       VALUE  FROM      YEAR
                                                  NORMAL
..................................................................
TEMPERATURE (F)
 TODAY
  MAXIMUM         49    100 PM  60    2015  42      7       57
  MINIMUM         30        MM  -5    1924  27      3       35
  AVERAGE         40                        34      6       46

PRECIPITATION (IN)
  TODAY            0.03          0.30 1999   0.03   0.00     0.11
  MONTH TO DATE    0.47                      0.71  -0.24     0.67
  SINCE MAR 1      0.77                      1.42  -0.65     1.40
  SINCE JAN 1      2.66                      2.92  -0.26     1.79

SNOWFALL (IN)
  TODAY            0.0           3.2  1977   0.1   -0.1      0.0
  MONTH TO DATE    0.9                       5.6   -4.7      0.4
  SINCE MAR 1      3.8                      13.8  -10.0      2.9
  SINCE JUL 1     31.2                      59.6  -28.4     29.9
  SNOW DEPTH       0

DEGREE DAYS
 HEATING
  TODAY           25                        31     -6       19
  MONTH TO DATE  843                      1112   -269      677
  SINCE MAR 1   2668                      2656     12     1989
  SINCE JUL 1  10928                     11394   -466     9246

 COOLING
  TODAY            0                         0      0        0
  MONTH TO DATE    0                         0      0        0
  SINCE MAR 1      0                         0      0        0
  SINCE JAN 1      0                         0      0        0
..................................................................


WIND (MPH)
  RESULTANT WIND SPEED   5   RESULTANT WIND DIRECTION  SE (120)
  HIGHEST WIND SPEED    12   HIGHEST WIND DIRECTION    SE (130)
  HIGHEST GUST SPEED    MM   HIGHEST GUST DIRECTION    MM
  AVERAGE WIND SPEED     5.8



WEATHER CONDITIONS
 THE FOLLOWING WEATHER WAS RECORDED TODAY.
  LIGHT RAIN
  FOG
  FOG W/VISIBILITY <= 1/4 MILE


RELATIVE HUMIDITY (PERCENT)
 HIGHEST   100
 LOWEST     58
 AVERAGE    79

..........................................................


THE BETHEL CLIMATE NORMALS FOR TOMORROW
                         NORMAL    RECORD    YEAR
 MAXIMUM TEMPERATURE (F)   43        63      2004
 MINIMUM TEMPERATURE (F)   27         5      1971
                                             1939


SUNRISE AND SUNSET
APRIL 29 2017.........SUNRISE   645 AM AKDT  SUNSET  1046 PM AKDT
APRIL 30 2017.........SUNRISE   642 AM AKDT  SUNSET  1048 PM AKDT


-  INDICATES NEGATIVE NUMBERS.
R  INDICATES RECORD WAS SET OR TIED.
MM INDICATES DATA IS MISSING.
T  INDICATES TRACE AMOUNT.




$$
