000
CDAK48 PABE 021249
CLIBET

CLIMATE REPORT
NATIONAL WEATHER SERVICE BETHEL, AK
449 AM AKDT MON MAY 2 2016

...................................
...THE BETHEL AP CLIMATE SUMMARY FOR MAY 1 2016...

CLIMATE NORMAL PERIOD  1981 TO  2010
CLIMATE RECORD PERIOD  1923 TO  2016

WEATHER ITEM   OBSERVED TIME    RECORD YEAR NORMAL DEPARTURE LAST
               VALUE    (LST)   VALUE       VALUE  FROM      YEAR
                                                   NORMAL
...................................................................
TEMPERATURE
YESTERDAY
 MAXIMUM            58  0412 PM    64  2004     44      14     44
 MINIMUM            35  0737 AM     3  1924     28       7     31
 AVERAGE            47                          36      11     38

PRECIPITATION
(INCHES)
 YESTERDAY           T           0.45  1941   0.03   -0.03      T
 MONTH TO DATE       T                        0.03   -0.03      T
 SINCE MAR 1      1.42                        1.48   -0.06   1.56
 SINCE JAN 1      1.81                        2.98   -1.17   2.60

SNOWFALL
(INCHES)
 YESTERDAY         0.0            2.9  1998    0.1    -0.1      T
 MONTH TO DATE     0.0                         0.1    -0.1      T
 SINCE MAR 1       2.9                        14.0   -11.1   16.6
 SINCE JUL 1      29.4                        59.8   -30.4   42.1
 SNOW DEPTH (IN)     0                                          0

DEGREE DAYS
 HEATING
  YESTERDAY         18                          29     -11     27
  MONTH TO DATE     18                          29     -11     27
  SINCE MAR 1     2069                        2715    -646   2431
  SINCE JUL 1     9518                       11461   -1943  10217

 COOLING
  YESTERDAY          0                           0       0      0
  MONTH TO DATE      0                           0       0      0
  SINCE MAR 1        0                           0       0      0
  SINCE JAN 1        0                           0       0      0
...................................................................

WIND (MPH)
 HIGHEST WIND SPEED    24     HIGHEST WIND DIRECTION     90
 HIGHEST GUST SPEED    30     HIGHEST GUST DIRECTION     80
 AVERAGE WIND SPEED   9.6

WEATHER CONDITIONS
 THE FOLLOWING WEATHER WAS RECORDED YESTERDAY.
 RAIN

...................................................................

THE BETHEL CLIMATE NORMALS FOR TODAY
                           NORMAL    RECORD   YEAR
 MAXIMUM TEMPERATURE (F)     44        63     2004
 MINIMUM TEMPERATURE (F)     28        -5     1949

SUNRISE AND SUNSET
 MAY 2 2016..........SUNRISE  6:36 AM      SUNSET 10:55 PM
 MAY 3 2016..........SUNRISE  6:34 AM      SUNSET 10:57 PM

-  INDICATES NEGATIVE NUMBERS.
R  INDICATES RECORD HAS BEEN SET OR TIED.
MM INDICATES DATA IS MISSING.
T  INDICATES TRACE OF PRECIPITATION.

&&
-------------------------------------------------------------------

AMOUNT OF DAYLIGHT TODAY  (HOUR:MIN)........16 HOURS 19 MINUTES
GAIN SINCE YESTERDAY (HOUR:MIN:SEC)....+0:05:23

$$
CR MAY 16
