000
CDAK48 PABE 240901
CLIBET

CLIMATE REPORT
NATIONAL WEATHER SERVICE BETHEL, AK
101 AM AKDT WED AUG 24 2016

...................................
...THE BETHEL AP CLIMATE SUMMARY FOR AUGUST 23 2016...

CLIMATE NORMAL PERIOD  1981 TO  2010
CLIMATE RECORD PERIOD  1948 TO  2016

WEATHER ITEM   OBSERVED TIME    RECORD YEAR NORMAL DEPARTURE LAST
               VALUE    (LST)   VALUE       VALUE  FROM      YEAR
                                                   NORMAL
...................................................................
TEMPERATURE
YESTERDAY
 MAXIMUM            60  0634 PM    75  1987     59       1     56
 MINIMUM            51  1159 PM    32  1924     46       5     50
 AVERAGE            56                          53       3     53

PRECIPITATION
(INCHES)
 YESTERDAY        0.06           0.96  1954   0.11   -0.05   0.22
 MONTH TO DATE    2.95                        2.43    0.52   1.76
 SINCE JUN 1      7.41                        6.51    0.90   4.12
 SINCE JAN 1     10.67                       10.60    0.07   8.52

SNOWFALL
(INCHES)
 YESTERDAY         0.0            0.0  2016    0.0     0.0    0.0
 MONTH TO DATE     0.0                         0.0     0.0    0.0
 SINCE JUN 1       0.0                         0.0     0.0    0.0
 SINCE JUL 1       0.0                         0.0     0.0    0.0
 SNOW DEPTH (IN)     0                                          0

DEGREE DAYS
 HEATING
  YESTERDAY          9                          12      -3     12
  MONTH TO DATE    158                         253     -95    244
  SINCE JUN 1      615                         914    -299    723
  SINCE JUL 1      343                         537    -194    485

 COOLING
  YESTERDAY          0                           0       0      0
  MONTH TO DATE      0                           0       0      0
  SINCE JUN 1       13                           0      13     11
  SINCE JAN 1       13                           0      13     11
...................................................................

WIND (MPH)
 HIGHEST WIND SPEED    21     HIGHEST WIND DIRECTION    190
 HIGHEST GUST SPEED    26     HIGHEST GUST DIRECTION    190
 AVERAGE WIND SPEED  10.7

SKY COVER
  POSSIBLE SUNSHINE    MM          AVERAGE SKY COVER     MM

WEATHER CONDITIONS
 THE FOLLOWING WEATHER WAS RECORDED YESTERDAY.
  FOG
RAIN


RELATIVE HUMIDITY
 HIGHEST RH     MM PERCENT       MM
 LOWEST  RH     MM PERCENT       MM
 AVERAGE RH     MM PERCENT       MM
...................................................................

THE BETHEL CLIMATE NORMALS FOR TODAY
                           NORMAL    RECORD   YEAR
 MAXIMUM TEMPERATURE (F)     59        76     1987
 MINIMUM TEMPERATURE (F)     46        36     1969

SUNRISE AND SUNSET
 AUG 24 2016..........SUNRISE  7:23 AM      SUNSET 10:15 PM
 AUG 25 2016..........SUNRISE  7:25 AM      SUNSET 10:12 PM

-  INDICATES NEGATIVE NUMBERS.
R  INDICATES RECORD HAS BEEN SET OR TIED.
MM INDICATES DATA IS MISSING.
T  INDICATES TRACE OF PRECIPITATION.

&&
-------------------------------------------------------------------

AMOUNT OF DAYLIGHT TODAY  (HOUR:MIN)........14 HOURS 52 MINUTES
GAIN/LOSS SINCE YESTERDAY (HOUR:MIN:SEC)....-0:05:31

$$
SE AUG 16
