000
CDAK48 PABE 282349
CLIBET

CLIMATE REPORT
NATIONAL WEATHER SERVICE BETHEL, AK
249 PM AKST SUN DEC 28 2014

...................................
...THE BETHEL AP CLIMATE SUMMARY FOR DECEMBER 28 2014...
VALID TODAY AS OF 2:00 PM LOCAL TIME

CLIMATE NORMAL PERIOD  1981 TO  2010
CLIMATE RECORD PERIOD  1923 TO  2014

WEATHER ITEM   OBSERVED TIME    RECORD YEAR NORMAL DEPARTURE LAST
               VALUE    (LST)   VALUE       VALUE  FROM      YEAR
                                                   NORMAL
...................................................................
TEMPERATURE
TODAY
 MAXIMUM            36  0159 PM    41  1990     14      22      8
 MINIMUM            33  0621 AM   -41  1957      2      31     -4
 AVERAGE            35                           8      27      2

PRECIPITATION
(INCHES)
 TODAY            0.09           0.63  1992   0.03    0.06   0.09
 MONTH TO DATE    1.11                        1.02    0.09   1.97
 SINCE DEC 1      1.11                        1.02    0.09   1.97
 SINCE JAN 1     15.34                       18.44   -3.10  21.68

SNOWFALL
(INCHES)
 TODAY             0.0            6.0  1992    0.4    -0.4    0.9
 MONTH TO DATE     6.5                        10.4    -3.9    6.8
 SINCE DEC 1       6.5                        10.4    -3.9    6.8
 SINCE JUL 1      18.7                        28.3    -9.6   13.7
 SNOW DEPTH (IN)     3                                          3

DEGREE DAYS
 HEATING
  TODAY             30                          57     -27     63
  MONTH TO DATE   1321                        1522    -201   1400
  SINCE DEC 1     1321                        1522    -201   1397
  SINCE JUL 1     4596                        5252    -656   4751

 COOLING
  TODAY              0                           0       0      0
  MONTH TO DATE      0                           0       0      0
  SINCE DEC 1        0                           0       0      0
  SINCE JAN 1        0                           0       0     18
...................................................................

WIND (MPH)
 HIGHEST WIND SPEED    17     HIGHEST WIND DIRECTION    150
 HIGHEST GUST SPEED    24     HIGHEST GUST DIRECTION    140
 AVERAGE WIND SPEED    MM

SKY COVER
  POSSIBLE SUNSHINE  MM            AVERAGE SKY COVER MM

WEATHER CONDITIONS
 THE FOLLOWING WEATHER WAS RECORDED TODAY.
 RAIN


RELATIVE HUMIDITY
 HIGHEST RH     MM PERCENT       MM
 LOWEST  RH     MM PERCENT       MM
 AVERAGE RH     MM PERCENT       MM
...................................................................

THE BETHEL CLIMATE NORMALS FOR TOMORROW
                        NORMAL    RECORD   YEAR
 MAXIMUM TEMPERATURE      14        44     1936
 MINIMUM TEMPERATURE       2       -37     1948

SUNRISE AND SUNSET
 DEC 28 2014..........SUNRISE 10:59 AM      SUNSET  4:40 PM
 DEC 29 2014..........SUNRISE 10:59 AM      SUNSET  4:41 PM

-  INDICATES NEGATIVE NUMBERS.
R  INDICATES RECORD HAS BEEN SET OR TIED.
MM INDICATES DATA IS MISSING.
T  INDICATES TRACE OF PRECIPITATION.

&&
-------------------------------------------------------------------

AMOUNT OF DAYLIGHT TODAY  (HOUR:MIN)........5 HOURS 41 MINUTES
GAIN/LOSS SINCE YESTERDAY (HOUR:MIN:SEC)....+0:01:15

$$
FONTENOT
