000
CDAK48 PABE 282341 CCA
CLIBET

CLIMATE REPORT...CORRECTED
NATIONAL WEATHER SERVICE BETHEL, AK
241 PM AKST FRI NOV 28 2014

...................................
...THE BETHEL AP CLIMATE SUMMARY FOR NOVEMBER 28 2014...
VALID TODAY AS OF 2:00 PM LOCAL TIME

CLIMATE NORMAL PERIOD  1981 TO  2010
CLIMATE RECORD PERIOD  1923 TO  2014

WEATHER ITEM   OBSERVED TIME    RECORD YEAR NORMAL DEPARTURE LAST
               VALUE    (LST)   VALUE       VALUE  FROM      YEAR
                                                   NORMAL
...................................................................
TEMPERATURE
TODAY
 MAXIMUM            34  0116 AM    42  2007     20      14     17
 MINIMUM            28  1103 AM   -27  1927      8      20      6
 AVERAGE            31                          14      17     12

PRECIPITATION
(INCHES)
 TODAY            0.01           0.39  2005   0.05   -0.04      T
 MONTH TO DATE    1.18                        1.51   -0.33   2.49
 SINCE SEP 1      4.53                        5.91   -1.38   9.23
 SINCE JAN 1     13.84                       17.33   -3.49  19.71

SNOWFALL
(INCHES)
 TODAY             0.1            3.9  2005    0.5    -0.4      T
 MONTH TO DATE     1.7                        12.0   -10.3    6.9
 SINCE SEP 1       8.5                        17.0    -8.5    6.9
 SINCE JUL 1       8.5                        17.0    -8.5    6.9
 SNOW DEPTH (IN)     1                                          2

DEGREE DAYS
 HEATING
  TODAY             34                          51     -17     53
  MONTH TO DATE   1048                        1326    -278   1222
  SINCE SEP 1     2681                        2986    -305   2651
  SINCE JUL 1     3202                        3628    -426   3238

 COOLING
  TODAY              0                           0       0      0
  MONTH TO DATE      0                           0       0      0
  SINCE SEP 1        0                           0       0      0
  SINCE JAN 1        0                           0       0     18
...................................................................

WIND (MPH)
 HIGHEST WIND SPEED    13     HIGHEST WIND DIRECTION    160
 HIGHEST GUST SPEED    15     HIGHEST GUST DIRECTION    160
 AVERAGE WIND SPEED    MM

SKY COVER
  POSSIBLE SUNSHINE  MM            AVERAGE SKY COVER MM

WEATHER CONDITIONS
 THE FOLLOWING WEATHER WAS RECORDED TODAY.
FOG
SNOW


RELATIVE HUMIDITY
 HIGHEST RH     MM PERCENT       MM
 LOWEST  RH     MM PERCENT       MM
 AVERAGE RH     MM PERCENT       MM
...................................................................

THE BETHEL CLIMATE NORMALS FOR TOMORROW
                        NORMAL    RECORD   YEAR
 MAXIMUM TEMPERATURE      20        47     2007
 MINIMUM TEMPERATURE       7       -27     1927

SUNRISE AND SUNSET
 NOV 28 2014..........SUNRISE 10:24 AM      SUNSET  4:48 PM
 NOV 29 2014..........SUNRISE 10:26 AM      SUNSET  4:46 PM

-  INDICATES NEGATIVE NUMBERS.
R  INDICATES RECORD HAS BEEN SET OR TIED.
MM INDICATES DATA IS MISSING.
T  INDICATES TRACE OF PRECIPITATION.

&&
-------------------------------------------------------------------

AMOUNT OF DAYLIGHT TODAY  (HOUR:MIN)........6 HOURS 24 MINUTES
GAIN/LOSS SINCE YESTERDAY (HOUR:MIN:SEC)....-0:03:50

$$
FONTENOT
