000
CDAK48 PABE 302354
CLIBET

CLIMATE REPORT
NATIONAL WEATHER SERVICE BETHEL, AK
354 PM AKDT MON MAY 30 2016

...................................
...THE BETHEL AP CLIMATE SUMMARY FOR MAY 30 2016...
VALID TODAY AS OF 2:00 PM LOCAL TIME

CLIMATE NORMAL PERIOD  1981 TO  2010
CLIMATE RECORD PERIOD  1923 TO  2016

WEATHER ITEM   OBSERVED TIME    RECORD YEAR NORMAL DEPARTURE LAST
               VALUE    (LST)   VALUE       VALUE  FROM      YEAR
                                                   NORMAL
...................................................................
TEMPERATURE
TODAY
 MAXIMUM            65  0159 PM    76  1993     56       9     69
 MINIMUM            49  0806 AM    26  2009     38      11     47
 AVERAGE            57                          47      10     58

PRECIPITATION
(INCHES)
 TODAY            0.00           0.41  1938   0.04   -0.04   0.00
 MONTH TO DATE    1.44                        1.10    0.34   1.80
 SINCE MAR 1      2.86                        2.55    0.31   3.36
 SINCE JAN 1      3.25                        4.05   -0.80   4.40

SNOWFALL
(INCHES)
 TODAY             0.0              T  1977    0.0     0.0    0.0
 MONTH TO DATE     0.0                         2.1    -2.1      T
 SINCE MAR 1       2.9                        16.0   -13.1   16.6
 SINCE JUL 1      29.4                        61.8   -32.4   42.1
 SNOW DEPTH (IN)     0                                          0

DEGREE DAYS
 HEATING
  TODAY              8                          18     -10      7
  MONTH TO DATE    477                         699    -222    557
  SINCE MAR 1     2528                        3385    -857   2961
  SINCE JUL 1     9977                       12131   -2154  10747

 COOLING
  TODAY              0                           0       0      0
  MONTH TO DATE      0                           0       0      0
  SINCE MAR 1        0                           0       0      0
  SINCE JAN 1        0                           0       0      0
...................................................................

WIND (MPH)
 HIGHEST WIND SPEED    16     HIGHEST WIND DIRECTION    140
 HIGHEST GUST SPEED    23     HIGHEST GUST DIRECTION    130
 AVERAGE WIND SPEED    MM

SKY COVER
  POSSIBLE SUNSHINE  MM            AVERAGE SKY COVER MM

WEATHER CONDITIONS
 THE FOLLOWING WEATHER WAS RECORDED TODAY.
 FOG


RELATIVE HUMIDITY
 HIGHEST RH     MM PERCENT       MM
 LOWEST  RH     MM PERCENT       MM
 AVERAGE RH     MM PERCENT       MM
...................................................................

THE BETHEL CLIMATE NORMALS FOR TOMORROW
                        NORMAL    RECORD   YEAR
 MAXIMUM TEMPERATURE      57        80     1993
 MINIMUM TEMPERATURE      39        29     1972

SUNRISE AND SUNSET
 MAY 30 2016..........SUNRISE  5:31 AM      SUNSET 12:01 AM
 MAY 31 2016..........SUNRISE  5:29 AM      SUNSET 12:03 AM

-  INDICATES NEGATIVE NUMBERS.
R  INDICATES RECORD HAS BEEN SET OR TIED.
MM INDICATES DATA IS MISSING.
T  INDICATES TRACE OF PRECIPITATION.

&&
-------------------------------------------------------------------

AMOUNT OF DAYLIGHT TODAY  (HOUR:MIN)........18 HOURS 30 MINUTES
GAIN/LOSS SINCE YESTERDAY (HOUR:MIN:SEC)....+0:02:44

$$
JML MAY 16
