534
CDAK48 PAFC 180044
CLIBET


CLIMATE REPORT
NATIONAL WEATHER SERVICE ANCHORAGE, AK
343 PM AKST TUE JAN 17 2017


...................................

...THE BETHEL CLIMATE SUMMARY FOR JANUARY 17 2017...
VALID TODAY AS OF 0300 PM LOCAL TIME.

CLIMATE NORMAL PERIOD 1981 TO 2010
CLIMATE RECORD PERIOD 1948 TO 2017


WEATHER ITEM   OBSERVED TIME   RECORD YEAR NORMAL DEPARTURE LAST
                VALUE   (LST)  VALUE       VALUE  FROM      YEAR
                                                  NORMAL
..................................................................
TEMPERATURE (F)
 TODAY
  MAXIMUM        -13    100 PM  48    1963  12    -25       20
  MINIMUM        -23    100 AM -51    1947   0    -23        9
  AVERAGE        -18                         6    -24       15

PRECIPITATION (IN)
  TODAY            0.00          0.32 1982   0.02  -0.02     0.00
  MONTH TO DATE    0.37                      0.46  -0.09     0.14
  SINCE DEC 1      1.13                      1.58  -0.45     1.38
  SINCE JAN 1      0.37                      0.46  -0.09     0.14

SNOWFALL (IN)
  TODAY            0.0           3.2  1982   0.3   -0.3       T
  MONTH TO DATE    1.6                       5.7   -4.1      2.2
  SINCE DEC 1      9.1                      17.1   -8.0     15.6
  SINCE JUL 1     12.7                      35.0  -22.3     25.0
  SNOW DEPTH       1

DEGREE DAYS
 HEATING
  TODAY           83                        59     24       50
  MONTH TO DATE  938                       998    -60      697
  SINCE DEC 1   2527                      2692   -165     2195
  SINCE JUL 1   5755                      6415   -660     5407

 COOLING
  TODAY            0                         0      0        0
  MONTH TO DATE    0                         0      0        0
  SINCE DEC 1      0                         0      0        0
  SINCE JAN 1      0                         0      0        0
..................................................................


WIND (MPH)
  RESULTANT WIND SPEED   1   RESULTANT WIND DIRECTION  SW (240)
  HIGHEST WIND SPEED     6   HIGHEST WIND DIRECTION     S (160)
  HIGHEST GUST SPEED    MM   HIGHEST GUST DIRECTION    MM
  AVERAGE WIND SPEED     2.6



WEATHER CONDITIONS
 THE FOLLOWING WEATHER WAS RECORDED TODAY.
  FOG
  HAZE


RELATIVE HUMIDITY (PERCENT)
 HIGHEST    95
 LOWEST     69
 AVERAGE    82

..........................................................


THE BETHEL CLIMATE NORMALS FOR TOMORROW
                         NORMAL    RECORD    YEAR
 MAXIMUM TEMPERATURE (F)   12        43      1937
 MINIMUM TEMPERATURE (F)    0       -52      1947


SUNRISE AND SUNSET
JANUARY 17 2017.......SUNRISE  1037 AM AKST  SUNSET   519 PM AKST
JANUARY 18 2017.......SUNRISE  1035 AM AKST  SUNSET   522 PM AKST


-  INDICATES NEGATIVE NUMBERS.
R  INDICATES RECORD WAS SET OR TIED.
MM INDICATES DATA IS MISSING.
T  INDICATES TRACE AMOUNT.




$$
