000
CDAK48 PABE 031217
CLIBET

CLIMATE REPORT
NATIONAL WEATHER SERVICE BETHEL, AK
418 AM AKDT FRI JUL 3 2015

...................................
...THE BETHEL AP CLIMATE SUMMARY FOR JULY 2 2015...

CLIMATE NORMAL PERIOD  1981 TO  2010
CLIMATE RECORD PERIOD  1923 TO  2015

WEATHER ITEM   OBSERVED TIME    RECORD YEAR NORMAL DEPARTURE LAST
               VALUE    (LST)   VALUE       VALUE  FROM      YEAR
                                                   NORMAL
...................................................................
TEMPERATURE
YESTERDAY
 MAXIMUM            68  0157 PM    82  1974     64       4     62
 MINIMUM            48  0101 AM    38  1924     48       0     48
 AVERAGE            58                          56       2     55

PRECIPITATION
(INCHES)
 YESTERDAY           T           0.40  1936   0.06   -0.06   0.00
 MONTH TO DATE       T                        0.12   -0.12   0.00
 SINCE JUN 1      0.28                        1.84   -1.56   1.52
 SINCE JAN 1      4.68                        5.93   -1.25   4.56

SNOWFALL
(INCHES)
 YESTERDAY         0.0            0.0  2015    0.0     0.0    0.0
 MONTH TO DATE     0.0                         0.0     0.0    0.0
 SINCE JUN 1       0.0                         0.0     0.0    0.0
 SINCE JUL 1       0.0                         0.0     0.0    0.0
 SNOW DEPTH (IN)     0                                          0

DEGREE DAYS
 HEATING
  YESTERDAY          7                           9      -2     10
  MONTH TO DATE     15                          18      -3     17
  SINCE JUN 1      253                         395    -142    437
  SINCE JUL 1       15                          18      -3     17

 COOLING
  YESTERDAY          0                           0       0      0
  MONTH TO DATE      0                           0       0      0
  SINCE JUN 1       10                           0      10      0
  SINCE JAN 1       10                           0      10      0
...................................................................

WIND (MPH)
 HIGHEST WIND SPEED    16     HIGHEST WIND DIRECTION    230
 HIGHEST GUST SPEED    22     HIGHEST GUST DIRECTION    220
 AVERAGE WIND SPEED   9.3

SKY COVER
  POSSIBLE SUNSHINE    MM          AVERAGE SKY COVER     MM

WEATHER CONDITIONS
 THE FOLLOWING WEATHER WAS RECORDED YESTERDAY.
 RAIN


RELATIVE HUMIDITY
 HIGHEST RH     MM PERCENT       MM
 LOWEST  RH     MM PERCENT       MM
 AVERAGE RH     MM PERCENT       MM
...................................................................

THE BETHEL CLIMATE NORMALS FOR TODAY
                           NORMAL    RECORD   YEAR
 MAXIMUM TEMPERATURE (F)     64        81     1989
 MINIMUM TEMPERATURE (F)     48        38     1961

SUNRISE AND SUNSET
 JUL 3 2015..........SUNRISE  5:23 AM      SUNSET 12:20 AM
 JUL 4 2015..........SUNRISE  5:25 AM      SUNSET 12:19 AM

-  INDICATES NEGATIVE NUMBERS.
R  INDICATES RECORD HAS BEEN SET OR TIED.
MM INDICATES DATA IS MISSING.
T  INDICATES TRACE OF PRECIPITATION.

&&
-------------------------------------------------------------------

AMOUNT OF DAYLIGHT TODAY  (HOUR:MIN)........18 HOURS 57 MINUTES
GAIN/LOSS SINCE YESTERDAY (HOUR:MIN:SEC)....-0:02:08

$$
DAC
