000
CDUS41 KCTP 290636
CLIBFD


CLIMATE REPORT
NATIONAL WEATHER SERVICE STATE COLLEGE PA
236 AM EDT SAT APR 29 2017


...................................

...THE BRADFORD CLIMATE SUMMARY FOR APRIL 28 2017...

CLIMATE NORMAL PERIOD 1981 TO 2010
CLIMATE RECORD PERIOD 1957 TO 2017


WEATHER ITEM   OBSERVED TIME   RECORD YEAR NORMAL DEPARTURE LAST
                VALUE   (LST)  VALUE       VALUE  FROM      YEAR
                                                  NORMAL
..................................................................
TEMPERATURE (F)
 YESTERDAY
  MAXIMUM         68    111 PM  85    1990  60      8       47
  MINIMUM         42    527 AM  22    1972  36      6       37
  AVERAGE         55                        48      7       42

PRECIPITATION (IN)
  YESTERDAY        0.04          2.20 1981   0.12  -0.08     0.20
  MONTH TO DATE    4.42                      3.31   1.11     3.47
  SINCE MAR 1      8.16                      6.68   1.48     6.40
  SINCE JAN 1     15.24                     12.32   2.92    11.01

DEGREE DAYS
 HEATING
  YESTERDAY       10                        12     -2       23
  MONTH TO DATE  406                       466    -60      649
  SINCE MAR 1   1473                      1503    -30     1393
  SINCE JUL 1   6056                      7073  -1017     6093

 COOLING
  YESTERDAY        0                         0      0        0
  MONTH TO DATE    1                         0      1        0
  SINCE MAR 1      1                         0      1        0
  SINCE JAN 1      1                         0      1        0
..................................................................


WIND (MPH)
  HIGHEST WIND SPEED    14   HIGHEST WIND DIRECTION    SW (230)
  HIGHEST GUST SPEED    21   HIGHEST GUST DIRECTION     S (190)
  AVERAGE WIND SPEED     6.6


SKY COVER
  POSSIBLE SUNSHINE  MM
  AVERAGE SKY COVER 0.6


WEATHER CONDITIONS
 THE FOLLOWING WEATHER WAS RECORDED YESTERDAY.
  LIGHT RAIN


RELATIVE HUMIDITY (PERCENT)
 HIGHEST   100           500 AM
 LOWEST     29           200 PM
 AVERAGE    65

..........................................................


THE BRADFORD CLIMATE NORMALS FOR TODAY
                         NORMAL    RECORD    YEAR
 MAXIMUM TEMPERATURE (F)   61        76      1984
 MINIMUM TEMPERATURE (F)   36        16      1977


SUNRISE AND SUNSET
APRIL 29 2017.........SUNRISE   613 AM EDT   SUNSET   811 PM EDT
APRIL 30 2017.........SUNRISE   612 AM EDT   SUNSET   812 PM EDT


-  INDICATES NEGATIVE NUMBERS.
R  INDICATES RECORD WAS SET OR TIED.
MM INDICATES DATA IS MISSING.
T  INDICATES TRACE AMOUNT.




$$
