448
CDUS41 KCTP 200708
CLIBFD


CLIMATE REPORT
NATIONAL WEATHER SERVICE STATE COLLEGE PA
208 AM EST MON NOV 20 2017


...................................

...THE BRADFORD CLIMATE SUMMARY FOR NOVEMBER 19 2017...

CLIMATE NORMAL PERIOD 1981 TO 2010
CLIMATE RECORD PERIOD 1957 TO 2017


WEATHER ITEM   OBSERVED TIME   RECORD YEAR NORMAL DEPARTURE LAST
                VALUE   (LST)  VALUE       VALUE  FROM      YEAR
                                                  NORMAL
..................................................................
TEMPERATURE (F)
 YESTERDAY
  MAXIMUM         46    155 AM  69    1985  44      2       60
  MINIMUM         27   1159 PM   6    2014  28     -1       29
                                      2008
  AVERAGE         37                        36      1       45

PRECIPITATION (IN)
  YESTERDAY        0.35          1.91 2003   0.13   0.22     0.15
  MONTH TO DATE    3.74                      2.30   1.44     0.88
  SINCE SEP 1     11.75                      9.65   2.10    11.28
  SINCE JAN 1     46.90                     39.60   7.30    40.28

DEGREE DAYS
 HEATING
  YESTERDAY       28                        25      3       20
  MONTH TO DATE  553                       406    147      403
  SINCE SEP 1   1112                      1246   -134     1005
  SINCE JUL 1   1221                      1399   -178     1048

 COOLING
  YESTERDAY        0                         0      0        0
  MONTH TO DATE    0                         0      0        0
  SINCE SEP 1     40                        16     24       45
  SINCE JAN 1    264                       193     71      370
..................................................................


WIND (MPH)
  HIGHEST WIND SPEED    28   HIGHEST WIND DIRECTION    NW (310)
  HIGHEST GUST SPEED    36   HIGHEST GUST DIRECTION     W (290)
  AVERAGE WIND SPEED    14.9


SKY COVER
  POSSIBLE SUNSHINE  MM
  AVERAGE SKY COVER 1.0


WEATHER CONDITIONS
 THE FOLLOWING WEATHER WAS RECORDED YESTERDAY.
  RAIN
  LIGHT RAIN
  SNOW
  LIGHT SNOW
  FOG
  HAZE


RELATIVE HUMIDITY (PERCENT)
 HIGHEST   100           100 AM
 LOWEST     75          1100 PM
 AVERAGE    88

..........................................................


THE BRADFORD CLIMATE NORMALS FOR TODAY
                         NORMAL    RECORD    YEAR
 MAXIMUM TEMPERATURE (F)   43        66      1991
 MINIMUM TEMPERATURE (F)   28        10      1966


SUNRISE AND SUNSET
NOVEMBER 20 2017......SUNRISE   710 AM EST   SUNSET   450 PM EST
NOVEMBER 21 2017......SUNRISE   711 AM EST   SUNSET   449 PM EST


-  INDICATES NEGATIVE NUMBERS.
R  INDICATES RECORD WAS SET OR TIED.
MM INDICATES DATA IS MISSING.
T  INDICATES TRACE AMOUNT.




$$
