515
CDUS41 KCTP 270628
CLIBFD


CLIMATE REPORT
NATIONAL WEATHER SERVICE STATE COLLEGE PA
228 AM EDT MON MAR 27 2017


...................................

...THE BRADFORD CLIMATE SUMMARY FOR MARCH 26 2017...

CLIMATE NORMAL PERIOD 1981 TO 2010
CLIMATE RECORD PERIOD 1957 TO 2017


WEATHER ITEM   OBSERVED TIME   RECORD YEAR NORMAL DEPARTURE LAST
                VALUE   (LST)  VALUE       VALUE  FROM      YEAR
                                                  NORMAL
..................................................................
TEMPERATURE (F)
 YESTERDAY
  MAXIMUM         46    333 PM  73    2007  46      0       56
  MINIMUM         40    229 AM   3    1960  25     15       26
  AVERAGE         43                        35      8       41

PRECIPITATION (IN)
  YESTERDAY        0.04          0.72 2002   0.12  -0.08     0.00
  MONTH TO DATE    1.93                      2.79  -0.86     2.32
  SINCE MAR 1      1.93                      2.79  -0.86     2.32
  SINCE JAN 1      9.01                      8.43   0.58     6.93

DEGREE DAYS
 HEATING
  YESTERDAY       22                        24     -2       24
  MONTH TO DATE  955                       745    210      637
  SINCE MAR 1    955                       745    210      637
  SINCE JUL 1   5538                      6315   -777     5337

 COOLING
  YESTERDAY        0                         0      0        0
  MONTH TO DATE    0                         0      0        0
  SINCE MAR 1      0                         0      0        0
  SINCE JAN 1      0                         0      0        0
..................................................................


WIND (MPH)
  HIGHEST WIND SPEED    20   HIGHEST WIND DIRECTION    SE (140)
  HIGHEST GUST SPEED    27   HIGHEST GUST DIRECTION    SE (150)
  AVERAGE WIND SPEED    11.5


SKY COVER
  POSSIBLE SUNSHINE  MM
  AVERAGE SKY COVER 0.9


WEATHER CONDITIONS
 THE FOLLOWING WEATHER WAS RECORDED YESTERDAY.
  LIGHT RAIN
  FOG


RELATIVE HUMIDITY (PERCENT)
 HIGHEST   100           400 AM
 LOWEST     86          1200 AM
 AVERAGE    93

..........................................................


THE BRADFORD CLIMATE NORMALS FOR TODAY
                         NORMAL    RECORD    YEAR
 MAXIMUM TEMPERATURE (F)   46        77      1989
 MINIMUM TEMPERATURE (F)   26         5      2014


SUNRISE AND SUNSET
MARCH 27 2017.........SUNRISE   705 AM EDT   SUNSET   735 PM EDT
MARCH 28 2017.........SUNRISE   704 AM EDT   SUNSET   736 PM EDT


-  INDICATES NEGATIVE NUMBERS.
R  INDICATES RECORD WAS SET OR TIED.
MM INDICATES DATA IS MISSING.
T  INDICATES TRACE AMOUNT.




$$
