000
CDUS41 KCTP 220622
CLIBFD


CLIMATE REPORT
NATIONAL WEATHER SERVICE STATE COLLEGE PA
221 AM EDT TUE JUL 22 2014


...................................

...THE BRADFORD CLIMATE SUMMARY FOR JULY 21 2014...

CLIMATE NORMAL PERIOD 1981 TO 2010
CLIMATE RECORD PERIOD 1957 TO 2014


WEATHER ITEM   OBSERVED TIME   RECORD YEAR NORMAL DEPARTURE LAST
                VALUE   (LST)  VALUE       VALUE  FROM      YEAR
                                                  NORMAL
..................................................................
TEMPERATURE (F)
 YESTERDAY
  MAXIMUM         80    400 PM  95    2011  77      3       82
  MINIMUM         56    410 AM  38    1966  54      2       57
  AVERAGE         68                        66      2       70

PRECIPITATION (IN)
  YESTERDAY        0.00          2.61 1988   0.13  -0.13     0.00
  MONTH TO DATE    2.80                      2.85  -0.05     1.59
  SINCE JUN 1      8.84                      7.76   1.08     6.20
  SINCE JAN 1     24.79                     24.50   0.29    17.23

DEGREE DAYS
 HEATING
  YESTERDAY        0                         0      0        0
  MONTH TO DATE   51                         1     50        5
  SINCE JUN 1    136                       146    -10      109
  SINCE JUL 1     51                         1     50        5

 COOLING
  YESTERDAY        3                         2      1        5
  MONTH TO DATE   45                        50     -5      137
  SINCE JUN 1    101                        90     11      187
  SINCE JAN 1    119                       100     19      230
..................................................................


WIND (MPH)
  HIGHEST WIND SPEED     9   HIGHEST WIND DIRECTION    SE (150)
  HIGHEST GUST SPEED    13   HIGHEST GUST DIRECTION    SE (140)
  AVERAGE WIND SPEED     3.4


SKY COVER
  POSSIBLE SUNSHINE  MM
  AVERAGE SKY COVER 0.7


WEATHER CONDITIONS
 THE FOLLOWING WEATHER WAS RECORDED YESTERDAY.
  FOG


RELATIVE HUMIDITY (PERCENT)
 HIGHEST   100           300 AM
 LOWEST     58           200 PM
 AVERAGE    79

..........................................................


THE BRADFORD CLIMATE NORMALS FOR TODAY
                         NORMAL    RECORD    YEAR
 MAXIMUM TEMPERATURE (F)   77        97      2011
 MINIMUM TEMPERATURE (F)   54        36      1970


SUNRISE AND SUNSET
JULY 22 2014..........SUNRISE   559 AM EDT   SUNSET   843 PM EDT
JULY 23 2014..........SUNRISE   600 AM EDT   SUNSET   842 PM EDT


-  INDICATES NEGATIVE NUMBERS.
R  INDICATES RECORD WAS SET OR TIED.
MM INDICATES DATA IS MISSING.
T  INDICATES TRACE AMOUNT.




$$
