000
CDUS41 KCTP 230646
CLIBFD


CLIMATE REPORT
NATIONAL WEATHER SERVICE STATE COLLEGE PA
146 AM EST TUE JAN 23 2018


...................................

...THE BRADFORD CLIMATE SUMMARY FOR JANUARY 22 2018...

CLIMATE NORMAL PERIOD 1981 TO 2010
CLIMATE RECORD PERIOD 1957 TO 2018


WEATHER ITEM   OBSERVED TIME   RECORD YEAR NORMAL DEPARTURE LAST
                VALUE   (LST)  VALUE       VALUE  FROM      YEAR
                                                  NORMAL
..................................................................
TEMPERATURE (F)
 YESTERDAY
  MAXIMUM         52    154 PM  58    2017  29     23       58
  MINIMUM         38    655 AM -14    1984  14     24       37
  AVERAGE         45                        21     24       48

PRECIPITATION (IN)
  YESTERDAY        0.10          0.45 1962   0.11  -0.01     0.01
  MONTH TO DATE    2.91                      2.38   0.53     3.53
  SINCE DEC 1      5.03                      5.78  -0.75     6.77
  SINCE JAN 1      2.91                      2.38   0.53     3.53

DEGREE DAYS
 HEATING
  YESTERDAY       20                        38    -18       17
  MONTH TO DATE 1029                       836    193      807
  SINCE DEC 1   2317                      2057    260     1975
  SINCE JUL 1   3851                      3892    -41     3363

 COOLING
  YESTERDAY        0                         0      0        0
  MONTH TO DATE    0                         0      0        0
  SINCE DEC 1      0                         0      0        0
  SINCE JAN 1      0                         0      0        0
..................................................................


WIND (MPH)
  HIGHEST WIND SPEED    14   HIGHEST WIND DIRECTION    SE (150)
  HIGHEST GUST SPEED    20   HIGHEST GUST DIRECTION    SE (140)
  AVERAGE WIND SPEED     6.5


SKY COVER
  POSSIBLE SUNSHINE  MM
  AVERAGE SKY COVER 0.8


WEATHER CONDITIONS
 THE FOLLOWING WEATHER WAS RECORDED YESTERDAY.
  RAIN
  LIGHT RAIN
  FOG
  FOG W/VISIBILITY <= 1/4 MILE


RELATIVE HUMIDITY (PERCENT)
 HIGHEST   100           100 AM
 LOWEST     86           900 PM
 AVERAGE    93

..........................................................


THE BRADFORD CLIMATE NORMALS FOR TODAY
                         NORMAL    RECORD    YEAR
 MAXIMUM TEMPERATURE (F)   29        53      1967
 MINIMUM TEMPERATURE (F)   14       -18      1976


SUNRISE AND SUNSET
JANUARY 23 2018.......SUNRISE   735 AM EST   SUNSET   519 PM EST
JANUARY 24 2018.......SUNRISE   734 AM EST   SUNSET   520 PM EST


-  INDICATES NEGATIVE NUMBERS.
R  INDICATES RECORD WAS SET OR TIED.
MM INDICATES DATA IS MISSING.
T  INDICATES TRACE AMOUNT.




$$
