000
CDUS41 KCTP 062127
CLIBFD


CLIMATE REPORT
NATIONAL WEATHER SERVICE STATE COLLEGE PA
526 PM EDT FRI MAY 6 2016


...................................

...THE BRADFORD CLIMATE SUMMARY FOR MAY 6 2016...
VALID TODAY AS OF 0500 PM LOCAL TIME.

CLIMATE NORMAL PERIOD 1981 TO 2010
CLIMATE RECORD PERIOD 1957 TO 2016


WEATHER ITEM   OBSERVED TIME   RECORD YEAR NORMAL DEPARTURE LAST
                VALUE   (LST)  VALUE       VALUE  FROM      YEAR
                                                  NORMAL
..................................................................
TEMPERATURE (F)
 TODAY
  MAXIMUM         60   1158 AM  85    1959  63     -3       61
  MINIMUM         44    324 AM  26    1968  38      6       52
  AVERAGE         52                        50      2       57

PRECIPITATION (IN)
  TODAY            T             0.88 1989   0.13  -0.13     0.23
  MONTH TO DATE    1.01                      0.75   0.26     0.74
  SINCE MAR 1      7.62                      7.67  -0.05     7.31
  SINCE JAN 1     12.23                     13.31  -1.08    10.15

DEGREE DAYS
 HEATING
  TODAY           13                        10      3        8
  MONTH TO DATE   93                        64     29       51
  SINCE MAR 1   1528                      1745   -217     1840
  SINCE JUL 1   6228                      7315  -1087     7739

 COOLING
  TODAY            0                         0      0        0
  MONTH TO DATE    0                         0      0        0
  SINCE MAR 1      0                         2     -2        0
  SINCE JAN 1      0                         2     -2        0
..................................................................


WIND (MPH)
  HIGHEST WIND SPEED    24   HIGHEST WIND DIRECTION     N (360)
  HIGHEST GUST SPEED    31   HIGHEST GUST DIRECTION     N (360)
  AVERAGE WIND SPEED    10.5


SKY COVER
  POSSIBLE SUNSHINE  MM
  AVERAGE SKY COVER 0.7


WEATHER CONDITIONS
 THE FOLLOWING WEATHER WAS RECORDED TODAY.
  LIGHT RAIN


RELATIVE HUMIDITY (PERCENT)
 HIGHEST    76           300 AM
 LOWEST     33          1200 PM
 AVERAGE    55

..........................................................


THE BRADFORD CLIMATE NORMALS FOR TOMORROW
                         NORMAL    RECORD    YEAR
 MAXIMUM TEMPERATURE (F)   63        81      2000
 MINIMUM TEMPERATURE (F)   38        20      1968


SUNRISE AND SUNSET
MAY  6 2016...........SUNRISE   604 AM EDT   SUNSET   819 PM EDT
MAY  7 2016...........SUNRISE   603 AM EDT   SUNSET   820 PM EDT


-  INDICATES NEGATIVE NUMBERS.
R  INDICATES RECORD WAS SET OR TIED.
MM INDICATES DATA IS MISSING.
T  INDICATES TRACE AMOUNT.




$$
