000
CDUS41 KCTP 230637
CLIBFD


CLIMATE REPORT
NATIONAL WEATHER SERVICE STATE COLLEGE PA
137 AM EST SUN NOV 23 2014


...................................

...THE BRADFORD CLIMATE SUMMARY FOR NOVEMBER 22 2014...

CLIMATE NORMAL PERIOD 1981 TO 2010
CLIMATE RECORD PERIOD 1957 TO 2014


WEATHER ITEM   OBSERVED TIME   RECORD YEAR NORMAL DEPARTURE LAST
                VALUE   (LST)  VALUE       VALUE  FROM      YEAR
                                                  NORMAL
..................................................................
TEMPERATURE (F)
 YESTERDAY
  MAXIMUM         42   1159 PM  65    1999  42      0       46
  MINIMUM         10   1229 AM   6    1987  27    -17       31
  AVERAGE         26                        35     -9       39

PRECIPITATION (IN)
  YESTERDAY        0.25          1.01 1982   0.13   0.12     0.12
  MONTH TO DATE    1.82                      2.70  -0.88     3.07
  SINCE SEP 1      8.28                     10.05  -1.77     9.73
  SINCE JAN 1     39.62                     40.00  -0.38    31.14

DEGREE DAYS
 HEATING
  YESTERDAY       39                        26     13       26
  MONTH TO DATE  703                       482    221      606
  SINCE SEP 1   1401                      1322     79     1299
  SINCE JUL 1   1585                      1475    110     1435

 COOLING
  YESTERDAY        0                         0      0        0
  MONTH TO DATE    0                         0      0        0
  SINCE SEP 1     26                        16     10       39
  SINCE JAN 1    196                       193      3      334
..................................................................


WIND (MPH)
  HIGHEST WIND SPEED    15   HIGHEST WIND DIRECTION    SW (210)
  HIGHEST GUST SPEED    23   HIGHEST GUST DIRECTION     S (190)
  AVERAGE WIND SPEED     7.3


SKY COVER
  POSSIBLE SUNSHINE  MM
  AVERAGE SKY COVER 0.6


WEATHER CONDITIONS
 THE FOLLOWING WEATHER WAS RECORDED YESTERDAY.
  RAIN
  LIGHT RAIN
  FREEZING RAIN
  LT FREEZING RAIN
  FOG


RELATIVE HUMIDITY (PERCENT)
 HIGHEST    92           100 PM
 LOWEST     39          1100 AM
 AVERAGE    66

..........................................................


THE BRADFORD CLIMATE NORMALS FOR TODAY
                         NORMAL    RECORD    YEAR
 MAXIMUM TEMPERATURE (F)   42        64      1979
 MINIMUM TEMPERATURE (F)   27        -1      1971


SUNRISE AND SUNSET
NOVEMBER 23 2014......SUNRISE   713 AM EST   SUNSET   448 PM EST
NOVEMBER 24 2014......SUNRISE   715 AM EST   SUNSET   448 PM EST


-  INDICATES NEGATIVE NUMBERS.
R  INDICATES RECORD WAS SET OR TIED.
MM INDICATES DATA IS MISSING.
T  INDICATES TRACE AMOUNT.




$$
