454
CDUS41 KCTP 192216
CLIBFD


CLIMATE REPORT
NATIONAL WEATHER SERVICE STATE COLLEGE PA
516 PM EST THU JAN 19 2017


...................................

...THE BRADFORD CLIMATE SUMMARY FOR JANUARY 19 2017...
VALID TODAY AS OF 0500 PM LOCAL TIME.

CLIMATE NORMAL PERIOD 1981 TO 2010
CLIMATE RECORD PERIOD 1957 TO 2017


WEATHER ITEM   OBSERVED TIME   RECORD YEAR NORMAL DEPARTURE LAST
                VALUE   (LST)  VALUE       VALUE  FROM      YEAR
                                                  NORMAL
..................................................................
TEMPERATURE (F)
 TODAY
  MAXIMUM         36    451 PM  47    1973  29      7       14
  MINIMUM         33    132 PM -26    1994  13     20        3
  AVERAGE         35                        21     14        9

PRECIPITATION (IN)
  TODAY            0.00          2.00 1988   0.11  -0.11      T
  MONTH TO DATE    3.34                      2.07   1.27     1.06
  SINCE DEC 1      6.58                      5.47   1.11     5.86
  SINCE JAN 1      3.34                      2.07   1.27     1.06

DEGREE DAYS
 HEATING
  TODAY           30                        38     -8       56
  MONTH TO DATE  749                       722     27      831
  SINCE DEC 1   1917                      1943    -26     1628
  SINCE JUL 1   3305                      3778   -473     3108

 COOLING
  TODAY            0                         0      0        0
  MONTH TO DATE    0                         0      0        0
  SINCE DEC 1      0                         0      0        0
  SINCE JAN 1      0                         0      0        0
..................................................................


WIND (MPH)
  HIGHEST WIND SPEED    14   HIGHEST WIND DIRECTION     W (280)
  HIGHEST GUST SPEED    19   HIGHEST GUST DIRECTION     W (260)
  AVERAGE WIND SPEED     5.7


SKY COVER
  POSSIBLE SUNSHINE  MM
  AVERAGE SKY COVER 1.0


WEATHER CONDITIONS
 THE FOLLOWING WEATHER WAS RECORDED TODAY.
  FOG


RELATIVE HUMIDITY (PERCENT)
 HIGHEST   100          1200 AM
 LOWEST     92           200 PM
 AVERAGE    96

..........................................................


THE BRADFORD CLIMATE NORMALS FOR TOMORROW
                         NORMAL    RECORD    YEAR
 MAXIMUM TEMPERATURE (F)   29        50      2006
 MINIMUM TEMPERATURE (F)   14       -18      1984


SUNRISE AND SUNSET
JANUARY 19 2017.......SUNRISE   737 AM EST   SUNSET   514 PM EST
JANUARY 20 2017.......SUNRISE   737 AM EST   SUNSET   515 PM EST


-  INDICATES NEGATIVE NUMBERS.
R  INDICATES RECORD WAS SET OR TIED.
MM INDICATES DATA IS MISSING.
T  INDICATES TRACE AMOUNT.




$$
