000
CDUS45 KCYS 110727
CLIBFF


CLIMATE REPORT
NATIONAL WEATHER SERVICE CHEYENNE WY
1227 AM MST THU FEB 11 2016


...................................

...THE SCOTTSBLUFF NE AIRPORT CLIMATE SUMMARY FOR FEBRUARY 10 2016...

CLIMATE NORMAL PERIOD 1981 TO 2010
CLIMATE RECORD PERIOD 1871 TO 2016


WEATHER ITEM   OBSERVED TIME   RECORD YEAR NORMAL DEPARTURE LAST
                VALUE   (LST)  VALUE       VALUE  FROM      YEAR
                                                  NORMAL
..................................................................
TEMPERATURE (F)
 YESTERDAY
  MAXIMUM         62    328 PM  74    1962  43     19       60
  MINIMUM         27    213 AM -25    1933  15     12       33
  AVERAGE         45                        29     16       47

PRECIPITATION (IN)
  YESTERDAY        0.00          0.75 1993   0.02  -0.02     0.00
  MONTH TO DATE    0.34                      0.18   0.16     0.28
  SINCE JAN 1      0.55                      0.59  -0.04     0.73

SNOWFALL (IN)
  YESTERDAY        0.0           8.9  1993   0.2   -0.2      0.0
  MONTH TO DATE    0.0                       2.3   -2.3      4.1
  SINCE JUL 1     18.4                      23.7   -5.3     40.5
  SNOW DEPTH       0

DEGREE DAYS
 HEATING
  YESTERDAY       20                        36    -16       18
  MONTH TO DATE  366                       364      2      255
  SINCE DEC 1   2713                      2741    -28     2645
  SINCE JUL 1   3988                      4306   -318     4090

 COOLING
  YESTERDAY        0                         0      0        0
  MONTH TO DATE    0                         0      0        0
  SINCE DEC 1      0                         0      0        0
  SINCE JAN 1      0                         0      0        0
..................................................................


WIND (MPH)
  HIGHEST WIND SPEED    23   HIGHEST WIND DIRECTION     W (290)
  HIGHEST GUST SPEED    29   HIGHEST GUST DIRECTION     W (290)
  AVERAGE WIND SPEED    11.6


SKY COVER
  AVERAGE SKY COVER 0.0


WEATHER CONDITIONS
 THE FOLLOWING WEATHER WAS RECORDED YESTERDAY.
  NO SIGNIFICANT WEATHER WAS OBSERVED.


RELATIVE HUMIDITY (PERCENT)
 HIGHEST    78          1200 AM
 LOWEST     23           200 PM
 AVERAGE    51

..........................................................


THE SCOTTSBLUFF NE AIRPORT CLIMATE NORMALS FOR TODAY
                         NORMAL    RECORD    YEAR
 MAXIMUM TEMPERATURE (F)   43        77      1962
 MINIMUM TEMPERATURE (F)   15       -35      1899


SUNRISE AND SUNSET
FEBRUARY 11 2016......SUNRISE   656 AM MST   SUNSET   522 PM MST
FEBRUARY 12 2016......SUNRISE   655 AM MST   SUNSET   523 PM MST


-  INDICATES NEGATIVE NUMBERS.
R  INDICATES RECORD WAS SET OR TIED.
MM INDICATES DATA IS MISSING.
T  INDICATES TRACE AMOUNT.




$$
