000
CDUS45 KCYS 060735
CLIBFF


CLIMATE REPORT
NATIONAL WEATHER SERVICE CHEYENNE WY
1235 AM MST FRI MAR 6 2015


...................................

...THE SCOTTSBLUFF NEBRASKA AIRPORT CLIMATE SUMMARY FOR MARCH 5 2015...

CLIMATE NORMAL PERIOD 1981 TO 2010
CLIMATE RECORD PERIOD 1871 TO 2015


WEATHER ITEM   OBSERVED TIME   RECORD YEAR NORMAL DEPARTURE LAST
                VALUE   (LST)  VALUE       VALUE  FROM      YEAR
                                                  NORMAL
..................................................................
TEMPERATURE (F)
 YESTERDAY
  MAXIMUM         48    200 PM  78    1910  50     -2       56
  MINIMUM          4    603 AM -21    1989  21    -17       24
  AVERAGE         26                        35     -9       40

PRECIPITATION (IN)
  YESTERDAY        0.00          0.60 1927   0.03  -0.03     0.00
  MONTH TO DATE    0.07                      0.13  -0.06     0.16
  SINCE JAN 1      0.91                      1.14  -0.23     1.76

SNOWFALL (IN)
  YESTERDAY        0.0           6.0  1927   0.3   -0.3      0.0
  MONTH TO DATE    0.8                       1.2   -0.4      3.8
  SINCE JUL 1     43.1                      29.6   13.5     55.1
  SNOW DEPTH       0

DEGREE DAYS
 HEATING
  YESTERDAY       39                        30      9       25
  MONTH TO DATE  198                       152     46      214
  SINCE MAR 1    198                       152     46      214
  SINCE JUL 1   4913                      5064   -151     5247

 COOLING
  YESTERDAY        0                         0      0        0
  MONTH TO DATE    0                         0      0        0
  SINCE MAR 1      0                         0      0        0
  SINCE JAN 1      0                         0      0        0
..................................................................


WIND (MPH)
  HIGHEST WIND SPEED    22   HIGHEST WIND DIRECTION     W (290)
  HIGHEST GUST SPEED    28   HIGHEST GUST DIRECTION     W (280)
  AVERAGE WIND SPEED     8.1


SKY COVER
  AVERAGE SKY COVER 0.0


WEATHER CONDITIONS
 THE FOLLOWING WEATHER WAS RECORDED YESTERDAY.
  NO SIGNIFICANT WEATHER WAS OBSERVED.


RELATIVE HUMIDITY (PERCENT)
 HIGHEST    83           300 AM
 LOWEST     25           200 PM
 AVERAGE    54

..........................................................


THE SCOTTSBLUFF NEBRASKA AIRPORT CLIMATE NORMALS FOR TODAY
                         NORMAL    RECORD    YEAR
 MAXIMUM TEMPERATURE (F)   50        76      2012
 MINIMUM TEMPERATURE (F)   21       -11      1920


SUNRISE AND SUNSET
MARCH  6 2015.........SUNRISE   622 AM MST   SUNSET   550 PM MST
MARCH  7 2015.........SUNRISE   620 AM MST   SUNSET   552 PM MST


-  INDICATES NEGATIVE NUMBERS.
R  INDICATES RECORD WAS SET OR TIED.
MM INDICATES DATA IS MISSING.
T  INDICATES TRACE AMOUNT.




$$
