000
CDUS45 KCYS 040730
CLIBFF


CLIMATE REPORT
NATIONAL WEATHER SERVICE CHEYENNE WY
128 AM MDT WED MAY 4 2016


...................................

...THE SCOTTSBLUFF NE AIRPORT CLIMATE SUMMARY FOR MAY 3 2016...

CLIMATE NORMAL PERIOD 1981 TO 2010
CLIMATE RECORD PERIOD 1871 TO 2016


WEATHER ITEM   OBSERVED TIME   RECORD YEAR NORMAL DEPARTURE LAST
                VALUE   (LST)  VALUE       VALUE  FROM      YEAR
                                                  NORMAL
..................................................................
TEMPERATURE (F)
 YESTERDAY
  MAXIMUM         74    429 PM  90    1940  68      6       72
  MINIMUM         36    507 AM  15    1907  38     -2       48
  AVERAGE         55                        53      2       60

PRECIPITATION (IN)
  YESTERDAY        0.00          1.18 1905   0.07  -0.07     0.00
  MONTH TO DATE    0.01                      0.20  -0.19     0.01
  SINCE JAN 1      7.51                      4.04   3.47     4.22

SNOWFALL (IN)
  YESTERDAY        0.0           2.6  1967   0.0    0.0      0.0
  MONTH TO DATE    0.0                       0.1   -0.1      0.0
  SINCE JUL 1     34.6                      41.7   -7.1     43.7
  SNOW DEPTH       0

DEGREE DAYS
 HEATING
  YESTERDAY       10                        13     -3        5
  MONTH TO DATE   47                        39      8       11
  SINCE MAR 1   1239                      1420   -181     1100
  SINCE JUL 1   5669                      6332   -663     5815

 COOLING
  YESTERDAY        0                         0      0        0
  MONTH TO DATE    0                         0      0        0
  SINCE MAR 1      0                         2     -2        0
  SINCE JAN 1      0                         2     -2        0
..................................................................


WIND (MPH)
  HIGHEST WIND SPEED    23   HIGHEST WIND DIRECTION     N (360)
  HIGHEST GUST SPEED    28   HIGHEST GUST DIRECTION     N (350)
  AVERAGE WIND SPEED     9.8


SKY COVER
  AVERAGE SKY COVER 0.0


WEATHER CONDITIONS
 THE FOLLOWING WEATHER WAS RECORDED YESTERDAY.
  NO SIGNIFICANT WEATHER WAS OBSERVED.


RELATIVE HUMIDITY (PERCENT)
 HIGHEST    85           400 AM
 LOWEST     25           100 PM
 AVERAGE    55

..........................................................


THE SCOTTSBLUFF NE AIRPORT CLIMATE NORMALS FOR TODAY
                         NORMAL    RECORD    YEAR
 MAXIMUM TEMPERATURE (F)   68        92      1936
 MINIMUM TEMPERATURE (F)   38        20      1898


SUNRISE AND SUNSET
MAY  4 2016...........SUNRISE   546 AM MDT   SUNSET   757 PM MDT
MAY  5 2016...........SUNRISE   545 AM MDT   SUNSET   758 PM MDT


-  INDICATES NEGATIVE NUMBERS.
R  INDICATES RECORD WAS SET OR TIED.
MM INDICATES DATA IS MISSING.
T  INDICATES TRACE AMOUNT.




$$
