000
CDUS45 KCYS 170729
CLIBFF


CLIMATE REPORT
NATIONAL WEATHER SERVICE CHEYENNE WY
128 AM MDT WED SEP 17 2014


...................................

...THE SCOTTSBLUFF NEBRASKA AIRPORT CLIMATE SUMMARY FOR SEPTEMBER 16 2014...

CLIMATE NORMAL PERIOD 1981 TO 2010
CLIMATE RECORD PERIOD 1871 TO 2014


WEATHER ITEM   OBSERVED TIME   RECORD YEAR NORMAL DEPARTURE LAST
                VALUE   (LST)  VALUE       VALUE  FROM      YEAR
                                                  NORMAL
..................................................................
TEMPERATURE (F)
 YESTERDAY
  MAXIMUM         89    404 PM 100    1895  78     11       70
  MINIMUM         46    555 AM  26    1903  45      1       54
  AVERAGE         68                        62      6       62

PRECIPITATION (IN)
  YESTERDAY        T             0.83 1950   0.03  -0.03     0.00
  MONTH TO DATE    0.26                      0.63  -0.37     1.02
  SINCE JAN 1     12.30                     12.93  -0.63     8.87

SNOWFALL (IN)
  YESTERDAY        0.0           0.7  1965   0.0    0.0      0.0
  MONTH TO DATE    T                         0.1   -0.1      0.0
  SINCE JUL 1      T                         0.1   -0.1      0.0
  SNOW DEPTH       0

DEGREE DAYS
 HEATING
  YESTERDAY        0                         5     -5        3
  MONTH TO DATE   97                        50     47       10
  SINCE SEP 1     97                        50     47       10
  SINCE JUL 1    110                        70     40       12

 COOLING
  YESTERDAY        3                         2      1        0
  MONTH TO DATE   24                        48    -24      134
  SINCE SEP 1     24                        48    -24      134
  SINCE JAN 1    667                       713    -46     1026
..................................................................


WIND (MPH)
  HIGHEST WIND SPEED    18   HIGHEST WIND DIRECTION     E (110)
  HIGHEST GUST SPEED    21   HIGHEST GUST DIRECTION     E (110)
  AVERAGE WIND SPEED     7.7


SKY COVER
  AVERAGE SKY COVER 0.0


WEATHER CONDITIONS
 THE FOLLOWING WEATHER WAS RECORDED YESTERDAY.
  LIGHT RAIN
  FOG


RELATIVE HUMIDITY (PERCENT)
 HIGHEST   100           400 AM
 LOWEST     16           400 PM
 AVERAGE    58

..........................................................


THE SCOTTSBLUFF NEBRASKA AIRPORT CLIMATE NORMALS FOR TODAY
                         NORMAL    RECORD    YEAR
 MAXIMUM TEMPERATURE (F)   77        99      2000
 MINIMUM TEMPERATURE (F)   45        26      1903


SUNRISE AND SUNSET
SEPTEMBER 17 2014.....SUNRISE   637 AM MDT   SUNSET   700 PM MDT
SEPTEMBER 18 2014.....SUNRISE   638 AM MDT   SUNSET   659 PM MDT


-  INDICATES NEGATIVE NUMBERS.
R  INDICATES RECORD WAS SET OR TIED.
MM INDICATES DATA IS MISSING.
T  INDICATES TRACE AMOUNT.




$$
