000
CDUS45 KCYS 270735
CLIBFF


CLIMATE REPORT
NATIONAL WEATHER SERVICE CHEYENNE WY
134 AM MDT SAT AUG 27 2016


...................................

...THE SCOTTSBLUFF NE AIRPORT CLIMATE SUMMARY FOR AUGUST 26 2016...

CLIMATE NORMAL PERIOD 1981 TO 2010
CLIMATE RECORD PERIOD 1871 TO 2016


WEATHER ITEM   OBSERVED TIME   RECORD YEAR NORMAL DEPARTURE LAST
                VALUE   (LST)  VALUE       VALUE  FROM      YEAR
                                                  NORMAL
..................................................................
TEMPERATURE (F)
 YESTERDAY
  MAXIMUM         73    123 PM 105    1926  86    -13       97
  MINIMUM         53    529 AM  35    1910  54     -1       57
  AVERAGE         63                        70     -7       77

PRECIPITATION (IN)
  YESTERDAY        0.01          0.84 1933   0.04  -0.03      T
  MONTH TO DATE    1.86                      1.12   0.74     1.24
  SINCE JAN 1     13.32                     12.12   1.20    19.47

SNOWFALL (IN)
  YESTERDAY        0.0          MM      MM   0.0    0.0      0.0
  MONTH TO DATE    0.0                       0.0    0.0      0.0
  SINCE JUL 1      0.0                       0.0    0.0      0.0
  SNOW DEPTH       0

DEGREE DAYS
 HEATING
  YESTERDAY        2                         1      1        0
  MONTH TO DATE   16                         5     11       27
  SINCE JUN 1     22                        71    -49       36
  SINCE JUL 1     16                        11      5       33

 COOLING
  YESTERDAY        0                         6     -6       12
  MONTH TO DATE  180                       203    -23      203
  SINCE JUN 1    792                       616    176      635
  SINCE JAN 1    796                       639    157      635
..................................................................


WIND (MPH)
  HIGHEST WIND SPEED    18   HIGHEST WIND DIRECTION     E (110)
  HIGHEST GUST SPEED    24   HIGHEST GUST DIRECTION     E (90)
  AVERAGE WIND SPEED     8.9


SKY COVER
  AVERAGE SKY COVER 0.4


WEATHER CONDITIONS
 THE FOLLOWING WEATHER WAS RECORDED YESTERDAY.
  LIGHT RAIN


RELATIVE HUMIDITY (PERCENT)
 HIGHEST    93           800 AM
 LOWEST     53           100 PM
 AVERAGE    73

..........................................................


THE SCOTTSBLUFF NE AIRPORT CLIMATE NORMALS FOR TODAY
                         NORMAL    RECORD    YEAR
 MAXIMUM TEMPERATURE (F)   86       106      1898
 MINIMUM TEMPERATURE (F)   54        35      1940


SUNRISE AND SUNSET
AUGUST 27 2016........SUNRISE   616 AM MDT   SUNSET   735 PM MDT
AUGUST 28 2016........SUNRISE   617 AM MDT   SUNSET   734 PM MDT


-  INDICATES NEGATIVE NUMBERS.
R  INDICATES RECORD WAS SET OR TIED.
MM INDICATES DATA IS MISSING.
T  INDICATES TRACE AMOUNT.




$$
