276
CDUS45 KCYS 260739
CLIBFF


CLIMATE REPORT
NATIONAL WEATHER SERVICE CHEYENNE WY
139 AM MDT MON SEP 26 2016


...................................

...THE SCOTTSBLUFF NE AIRPORT CLIMATE SUMMARY FOR SEPTEMBER 25 2016...

CLIMATE NORMAL PERIOD 1981 TO 2010
CLIMATE RECORD PERIOD 1871 TO 2016


WEATHER ITEM   OBSERVED TIME   RECORD YEAR NORMAL DEPARTURE LAST
                VALUE   (LST)  VALUE       VALUE  FROM      YEAR
                                                  NORMAL
..................................................................
TEMPERATURE (F)
 YESTERDAY
  MAXIMUM         68    236 PM  93    2014  73     -5       77
                                      1898
  MINIMUM         39   1159 PM  14    1926  41     -2       50
  AVERAGE         54                        57     -3       64

PRECIPITATION (IN)
  YESTERDAY        0.00          1.08 1930   0.04  -0.04     0.00
  MONTH TO DATE    1.40                      0.98   0.42     1.00
  SINCE JAN 1     14.72                     13.28   1.44    20.49

SNOWFALL (IN)
  YESTERDAY        0.0           0.3  1955   0.0    0.0      0.0
  MONTH TO DATE    0.0                       0.3   -0.3      0.0
  SINCE JUL 1      0.0                       0.3   -0.3      0.0
  SNOW DEPTH       0

DEGREE DAYS
 HEATING
  YESTERDAY       11                         8      3        1
  MONTH TO DATE   73                       111    -38       32
  SINCE SEP 1     73                       111    -38       32
  SINCE JUL 1     89                       131    -42       65

 COOLING
  YESTERDAY        0                         1     -1        0
  MONTH TO DATE   72                        57     15       95
  SINCE SEP 1     72                        57     15       95
  SINCE JAN 1    893                       722    171      775
..................................................................


WIND (MPH)
  HIGHEST WIND SPEED    23   HIGHEST WIND DIRECTION    NW (330)
  HIGHEST GUST SPEED    32   HIGHEST GUST DIRECTION    NW (300)
  AVERAGE WIND SPEED     9.3


SKY COVER
  AVERAGE SKY COVER 0.2


WEATHER CONDITIONS
 THE FOLLOWING WEATHER WAS RECORDED YESTERDAY.
  NO SIGNIFICANT WEATHER WAS OBSERVED.


RELATIVE HUMIDITY (PERCENT)
 HIGHEST    92           500 AM
 LOWEST     32           100 PM
 AVERAGE    62

..........................................................


THE SCOTTSBLUFF NE AIRPORT CLIMATE NORMALS FOR TODAY
                         NORMAL    RECORD    YEAR
 MAXIMUM TEMPERATURE (F)   73        95      2011
 MINIMUM TEMPERATURE (F)   41        17      1942


SUNRISE AND SUNSET
SEPTEMBER 26 2016.....SUNRISE   647 AM MDT   SUNSET   644 PM MDT
SEPTEMBER 27 2016.....SUNRISE   648 AM MDT   SUNSET   642 PM MDT


-  INDICATES NEGATIVE NUMBERS.
R  INDICATES RECORD WAS SET OR TIED.
MM INDICATES DATA IS MISSING.
T  INDICATES TRACE AMOUNT.




$$
