000
CDUS46 KHNX 050822
CLIBFL


CLIMATE REPORT
NATIONAL WEATHER SERVICE SAN JOAQUIN VALLEY, CA
1222 AM PST MON DEC 5 2016


...................................

...THE BAKERSFIELD CLIMATE SUMMARY FOR DECEMBER 4 2016...

CLIMATE NORMAL PERIOD 1981 TO 2010
CLIMATE RECORD PERIOD 1889 TO 2016


WEATHER ITEM   OBSERVED TIME   RECORD YEAR NORMAL DEPARTURE
                VALUE   (LST)  VALUE       VALUE  FROM
                                                  NORMAL
...............................................................
TEMPERATURE (F)
 YESTERDAY
  MAXIMUM         61    302 PM  82    1939  59      2
  MINIMUM         35    612 AM  28    2004  40     -5
                                      1908
  AVERAGE         48                        49     -1

PRECIPITATION (IN)
  YESTERDAY        0.00          0.97 1915   0.03  -0.03
  MONTH TO DATE    0.00                      0.10  -0.10
  SINCE OCT 1      0.62                      1.04  -0.42
  SINCE JAN 1      4.72                      5.55  -0.83

SNOWFALL (IN)
  YESTERDAY        0.0
  MONTH TO DATE    0.0
  SINCE DEC 1      0.0
  SINCE JUL 1      0.0
  SNOW DEPTH       0

DEGREE DAYS
 HEATING
  YESTERDAY       17                                1
  MONTH TO DATE   69                                8
  SINCE DEC 1     69                                8
  SINCE JUL 1    274                             -145

 COOLING
  YESTERDAY        0                                0
  MONTH TO DATE    0                                0
  SINCE DEC 1      0                                0
  SINCE JAN 1   2738                              480
...............................................................


WIND (MPH)
  HIGHEST WIND SPEED     9   HIGHEST WIND DIRECTION    SE (120)
  HIGHEST GUST SPEED    11   HIGHEST GUST DIRECTION    SE (120)
  AVERAGE WIND SPEED     2.8




RELATIVE HUMIDITY (PERCENT)
 HIGHEST    82
 LOWEST     36
 AVERAGE    59

..........................................................


THE BAKERSFIELD CLIMATE NORMALS FOR TODAY
                         NORMAL    RECORD    YEAR
 MAXIMUM TEMPERATURE (F)   59        80      1918
 MINIMUM TEMPERATURE (F)   40        23      1903


SUNRISE AND SUNSET
DECEMBER  5 2016......SUNRISE   651 AM PST   SUNSET   443 PM PST
DECEMBER  6 2016......SUNRISE   652 AM PST   SUNSET   443 PM PST


-  INDICATES NEGATIVE NUMBERS.
R  INDICATES RECORD WAS SET OR TIED.
MM INDICATES DATA IS MISSING.
T  INDICATES TRACE AMOUNT.




$$
