787
CDUS46 KHNX 130826
CLIBFL


CLIMATE REPORT
NATIONAL WEATHER SERVICE SAN JOAQUIN VALLEY, CA
1226 AM PST SAT FEB 13 2016


...................................

...THE BAKERSFIELD CLIMATE SUMMARY FOR FEBRUARY 12 2016...

CLIMATE NORMAL PERIOD 1981 TO 2010
CLIMATE RECORD PERIOD 1889 TO 2016


WEATHER ITEM   OBSERVED TIME   RECORD YEAR NORMAL DEPARTURE
                VALUE   (LST)  VALUE       VALUE  FROM
                                                  NORMAL
...............................................................
TEMPERATURE (F)
 YESTERDAY
  MAXIMUM         73    335 PM  80    1921  62     11
  MINIMUM         46    643 AM  20    1901  42      4
  AVERAGE         60                        52      8

PRECIPITATION (IN)
  YESTERDAY        0.00          0.75 2003   0.05  -0.05
  MONTH TO DATE    T                         0.53  -0.53
  SINCE OCT 1      3.28                      3.65  -0.37
  SINCE JAN 1      1.95                      1.69   0.26

SNOWFALL (IN)
  YESTERDAY        0.0
  MONTH TO DATE    0.0
  SINCE DEC 1      0.0
  SINCE JUL 1      0.0
  SNOW DEPTH       0

DEGREE DAYS
 HEATING
  YESTERDAY        5                               -8
  MONTH TO DATE  144                              -25
  SINCE DEC 1   1069                             -168
  SINCE JUL 1   1412                             -183

 COOLING
  YESTERDAY        0                                0
  MONTH TO DATE    0                                0
  SINCE DEC 1      0                                0
  SINCE JAN 1      0                                0
...............................................................


WIND (MPH)
  HIGHEST WIND SPEED     9   HIGHEST WIND DIRECTION     N (20)
  HIGHEST GUST SPEED    13   HIGHEST GUST DIRECTION    NW (310)
  AVERAGE WIND SPEED     3.8




RELATIVE HUMIDITY (PERCENT)
 HIGHEST    86
 LOWEST     44
 AVERAGE    65

..........................................................


THE BAKERSFIELD CLIMATE NORMALS FOR TODAY
                         NORMAL    RECORD    YEAR
 MAXIMUM TEMPERATURE (F)   63        83      1924
                                             1921
 MINIMUM TEMPERATURE (F)   42        25      1908


SUNRISE AND SUNSET
FEBRUARY 13 2016......SUNRISE   645 AM PST   SUNSET   536 PM PST
FEBRUARY 14 2016......SUNRISE   644 AM PST   SUNSET   537 PM PST


-  INDICATES NEGATIVE NUMBERS.
R  INDICATES RECORD WAS SET OR TIED.
MM INDICATES DATA IS MISSING.
T  INDICATES TRACE AMOUNT.




$$
