000
CDUS46 KHNX 190823
CLIBFL


CLIMATE REPORT
NATIONAL WEATHER SERVICE SAN JOAQUIN VALLEY, CA
1222 AM PST FRI JAN 19 2018


...................................

...THE BAKERSFIELD CLIMATE SUMMARY FOR JANUARY 18 2018...

CLIMATE NORMAL PERIOD 1981 TO 2010
CLIMATE RECORD PERIOD 1889 TO 2018


WEATHER ITEM   OBSERVED TIME   RECORD YEAR NORMAL DEPARTURE
                VALUE   (LST)  VALUE       VALUE  FROM
                                                  NORMAL
...............................................................
TEMPERATURE (F)
 YESTERDAY
  MAXIMUM         59    531 PM  75    2009  56      3
                                      1998
                                      1994
  MINIMUM         45    821 AM  22    1893  39      6
  AVERAGE         52                        48      4

PRECIPITATION (IN)
  YESTERDAY        0.00          1.10 1916   0.04  -0.04
  MONTH TO DATE    0.81                      0.68   0.13
  SINCE OCT 1      0.88                      2.64  -1.76
  SINCE JAN 1      0.81                      0.68   0.13

SNOWFALL (IN)
  YESTERDAY        0.0
  MONTH TO DATE    0.0
  SINCE DEC 1      0.0
  SINCE JUL 1      0.0
  SNOW DEPTH       0

DEGREE DAYS
 HEATING
  YESTERDAY       13                               -4
  MONTH TO DATE  152                             -169
  SINCE DEC 1    611                             -243
  SINCE JUL 1    788                             -424

 COOLING
  YESTERDAY        0                                0
  MONTH TO DATE    0                                0
  SINCE DEC 1      0                                0
  SINCE JAN 1      0                                0
...............................................................


WIND (MPH)
  HIGHEST WIND SPEED    17   HIGHEST WIND DIRECTION    NW (320)
  HIGHEST GUST SPEED    20   HIGHEST GUST DIRECTION    NW (320)
  AVERAGE WIND SPEED     5.8




RELATIVE HUMIDITY (PERCENT)
 HIGHEST   100
 LOWEST     67
 AVERAGE    84

..........................................................


THE BAKERSFIELD CLIMATE NORMALS FOR TODAY
                         NORMAL    RECORD    YEAR
 MAXIMUM TEMPERATURE (F)   56        75      2014
 MINIMUM TEMPERATURE (F)   39        20      1904


SUNRISE AND SUNSET
JANUARY 19 2018.......SUNRISE   703 AM PST   SUNSET   511 PM PST
JANUARY 20 2018.......SUNRISE   703 AM PST   SUNSET   512 PM PST


-  INDICATES NEGATIVE NUMBERS.
R  INDICATES RECORD WAS SET OR TIED.
MM INDICATES DATA IS MISSING.
T  INDICATES TRACE AMOUNT.




$$
