000
CDUS46 KHNX 270830
CLIBFL


CLIMATE REPORT
NATIONAL WEATHER SERVICE SAN JOAQUIN VALLEY, CA
130 AM PDT WED AUG 27 2014


...................................

...THE BAKERSFIELD CLIMATE SUMMARY FOR AUGUST 26 2014...

CLIMATE NORMAL PERIOD 1981 TO 2010
CLIMATE RECORD PERIOD 1889 TO 2014


WEATHER ITEM   OBSERVED TIME   RECORD YEAR NORMAL DEPARTURE
                VALUE   (LST)  VALUE       VALUE  FROM
                                                  NORMAL
...............................................................
TEMPERATURE (F)
 YESTERDAY
  MAXIMUM         92    401 PM 107    2010  94     -2
  MINIMUM         66    407 AM  46    1903  68     -2
  AVERAGE         79                        81     -2

PRECIPITATION (IN)
  YESTERDAY        0.00          0.04 2003   0.00   0.00
  MONTH TO DATE    T                         0.03  -0.03
  SINCE JUL 1      T                         0.03  -0.03
  SINCE JAN 1      1.34                      4.42  -3.08

SNOWFALL (IN)
  YESTERDAY        0.0
  MONTH TO DATE    0.0
  SINCE JUN 1      0.0
  SINCE JUL 1      0.0
  SNOW DEPTH       0

DEGREE DAYS
 HEATING
  YESTERDAY        0                                0
  MONTH TO DATE    0                                0
  SINCE JUN 1      0                               -2
  SINCE JUL 1      0                                0

 COOLING
  YESTERDAY       14                               -2
  MONTH TO DATE  526                               65
  SINCE JUN 1   1729                              306
  SINCE JAN 1   2181                              491
...............................................................


WIND (MPH)
  HIGHEST WIND SPEED    14   HIGHEST WIND DIRECTION    NW (300)
  HIGHEST GUST SPEED    18   HIGHEST GUST DIRECTION     W (290)
  AVERAGE WIND SPEED     6.2




RELATIVE HUMIDITY (PERCENT)
 HIGHEST    47
 LOWEST     18
 AVERAGE    33

..........................................................


THE BAKERSFIELD CLIMATE NORMALS FOR TODAY
                         NORMAL    RECORD    YEAR
 MAXIMUM TEMPERATURE (F)   94       111      1931
 MINIMUM TEMPERATURE (F)   68        45      1903


SUNRISE AND SUNSET
AUGUST 27 2014........SUNRISE   625 AM PDT   SUNSET   730 PM PDT
AUGUST 28 2014........SUNRISE   626 AM PDT   SUNSET   729 PM PDT


-  INDICATES NEGATIVE NUMBERS.
R  INDICATES RECORD WAS SET OR TIED.
MM INDICATES DATA IS MISSING.
T  INDICATES TRACE AMOUNT.




$$
