000
CDUS46 KHNX 290823
CLIBFL


CLIMATE REPORT
NATIONAL WEATHER SERVICE SAN JOAQUIN VALLEY, CA
122 AM PDT WED MAR 29 2017


...................................

...THE BAKERSFIELD CLIMATE SUMMARY FOR MARCH 28 2017...

CLIMATE NORMAL PERIOD 1981 TO 2010
CLIMATE RECORD PERIOD 1889 TO 2017


WEATHER ITEM   OBSERVED TIME   RECORD YEAR NORMAL DEPARTURE
                VALUE   (LST)  VALUE       VALUE  FROM
                                                  NORMAL
...............................................................
TEMPERATURE (F)
 YESTERDAY
  MAXIMUM         71    325 PM  88    1893  71      0
  MINIMUM         46    336 AM  24    1907  47     -1
  AVERAGE         59                        59      0

PRECIPITATION (IN)
  YESTERDAY        0.00          0.81 1963   0.03  -0.03
  MONTH TO DATE    0.16                      1.12  -0.96
  SINCE OCT 1      7.41                      5.48   1.93
  SINCE JAN 1      4.38                      3.52   0.86

SNOWFALL (IN)
  YESTERDAY        0.0
  MONTH TO DATE    0.0
  SINCE MAR 1      0.0
  SINCE JUL 1      0.0
  SNOW DEPTH       0

DEGREE DAYS
 HEATING
  YESTERDAY        6                                0
  MONTH TO DATE  158                              -61
  SINCE MAR 1    158                              -61
  SINCE JUL 1   1526                             -467

 COOLING
  YESTERDAY        0                                0
  MONTH TO DATE   24                               24
  SINCE MAR 1     24                               24
  SINCE JAN 1     26                               26
...............................................................


WIND (MPH)
  HIGHEST WIND SPEED    14   HIGHEST WIND DIRECTION    NW (320)
  HIGHEST GUST SPEED    17   HIGHEST GUST DIRECTION     W (280)
  AVERAGE WIND SPEED     5.1




RELATIVE HUMIDITY (PERCENT)
 HIGHEST    80
 LOWEST     33
 AVERAGE    57

..........................................................


THE BAKERSFIELD CLIMATE NORMALS FOR TODAY
                         NORMAL    RECORD    YEAR
 MAXIMUM TEMPERATURE (F)   71        94      2004
 MINIMUM TEMPERATURE (F)   47        23      1907


SUNRISE AND SUNSET
MARCH 29 2017.........SUNRISE   647 AM PDT   SUNSET   716 PM PDT
MARCH 30 2017.........SUNRISE   645 AM PDT   SUNSET   716 PM PDT


-  INDICATES NEGATIVE NUMBERS.
R  INDICATES RECORD WAS SET OR TIED.
MM INDICATES DATA IS MISSING.
T  INDICATES TRACE AMOUNT.




$$
