000
CDUS46 KHNX 010821
CLIBFL


CLIMATE REPORT
NATIONAL WEATHER SERVICE SAN JOAQUIN VALLEY, CA
121 AM PDT TUE SEP 1 2015


...................................

...THE BAKERSFIELD CLIMATE SUMMARY FOR AUGUST 31 2015...

CLIMATE NORMAL PERIOD 1981 TO 2010
CLIMATE RECORD PERIOD 1889 TO 2015


WEATHER ITEM   OBSERVED TIME   RECORD YEAR NORMAL DEPARTURE
                VALUE   (LST)  VALUE       VALUE  FROM
                                                  NORMAL
...............................................................
TEMPERATURE (F)
 YESTERDAY
  MAXIMUM         91    349 PM 111    1967  93     -2
  MINIMUM         65    219 AM  45    1912  67     -2
  AVERAGE         78                        80     -2

PRECIPITATION (IN)
  YESTERDAY        0.00          0.16 1964   0.00   0.00
                                      1913
  MONTH TO DATE    0.00                      0.04  -0.04
  SINCE OCT 1      5.33                      6.39  -1.06
  SINCE JAN 1      2.66                      4.43  -1.77

SNOWFALL (IN)
  YESTERDAY        0.0
  MONTH TO DATE    0.0
  SINCE JUN 1      0.0
  SINCE JUL 1      0.0
  SNOW DEPTH       0

DEGREE DAYS
 HEATING
  YESTERDAY        0                                0
  MONTH TO DATE    0                                0
  SINCE JUN 1      0                               -2
  SINCE JUL 1      0                                0

 COOLING
  YESTERDAY       13                               -2
  MONTH TO DATE  599                               60
  SINCE JUN 1   1762                              261
  SINCE JAN 1   2107                              339
...............................................................


WIND (MPH)
  HIGHEST WIND SPEED    13   HIGHEST WIND DIRECTION     W (290)
  HIGHEST GUST SPEED    21   HIGHEST GUST DIRECTION    NW (300)
  AVERAGE WIND SPEED     4.5




RELATIVE HUMIDITY (PERCENT)
 HIGHEST    52
 LOWEST     19
 AVERAGE    36

..........................................................


THE BAKERSFIELD CLIMATE NORMALS FOR TODAY
                         NORMAL    RECORD    YEAR
 MAXIMUM TEMPERATURE (F)   93       107      1902
 MINIMUM TEMPERATURE (F)   67        53      1901


SUNRISE AND SUNSET
SEPTEMBER  1 2015.....SUNRISE   628 AM PDT   SUNSET   723 PM PDT
SEPTEMBER  2 2015.....SUNRISE   629 AM PDT   SUNSET   722 PM PDT


-  INDICATES NEGATIVE NUMBERS.
R  INDICATES RECORD WAS SET OR TIED.
MM INDICATES DATA IS MISSING.
T  INDICATES TRACE AMOUNT.




$$
