000
CDUS46 KHNX 220823
CLIBFL


CLIMATE REPORT
NATIONAL WEATHER SERVICE SAN JOAQUIN VALLEY, CA
123 AM PDT SAT JUL 22 2017


...................................

...THE BAKERSFIELD CLIMATE SUMMARY FOR JULY 21 2017...

CLIMATE NORMAL PERIOD 1981 TO 2010
CLIMATE RECORD PERIOD 1889 TO 2017


WEATHER ITEM   OBSERVED TIME   RECORD YEAR NORMAL DEPARTURE
                VALUE   (LST)  VALUE       VALUE  FROM
                                                  NORMAL
...............................................................
TEMPERATURE (F)
 YESTERDAY
  MAXIMUM         97        MM 112    1938  98     -1
                                      1908
  MINIMUM         70        MM  50    1906  71     -1
  AVERAGE         84                        85     -1

PRECIPITATION (IN)
  YESTERDAY        0.00          0.10 1913   0.00   0.00
  MONTH TO DATE    0.00                      0.00   0.00
  SINCE OCT 1      7.82                      6.35   1.47
  SINCE JAN 1      4.79                      4.39   0.40

SNOWFALL (IN)
  YESTERDAY        0.0
  MONTH TO DATE    0.0
  SINCE JUN 1      0.0
  SINCE JUL 1      0.0
  SNOW DEPTH       0

DEGREE DAYS
 HEATING
  YESTERDAY        0                                0
  MONTH TO DATE    0                                0
  SINCE JUN 1      1                               -1
  SINCE JUL 1      0                                0

 COOLING
  YESTERDAY       19                               -1
  MONTH TO DATE  509                              122
  SINCE JUN 1   1051                              285
  SINCE JAN 1   1400                              367
...............................................................


WIND (MPH)
  HIGHEST WIND SPEED    12   HIGHEST WIND DIRECTION     W (290)
  HIGHEST GUST SPEED    MM   HIGHEST GUST DIRECTION    MM
  AVERAGE WIND SPEED     5.6




RELATIVE HUMIDITY (PERCENT)
 HIGHEST    46
 LOWEST     18
 AVERAGE    32

..........................................................


THE BAKERSFIELD CLIMATE NORMALS FOR TODAY
                         NORMAL    RECORD    YEAR
 MAXIMUM TEMPERATURE (F)   98       113      1908
 MINIMUM TEMPERATURE (F)   71        50      1903


SUNRISE AND SUNSET
JULY 22 2017..........SUNRISE   558 AM PDT   SUNSET   807 PM PDT
JULY 23 2017..........SUNRISE   558 AM PDT   SUNSET   807 PM PDT


-  INDICATES NEGATIVE NUMBERS.
R  INDICATES RECORD WAS SET OR TIED.
MM INDICATES DATA IS MISSING.
T  INDICATES TRACE AMOUNT.




$$
