188
CDUS46 KHNX 240826
CLIBFL


CLIMATE REPORT
NATIONAL WEATHER SERVICE SAN JOAQUIN VALLEY, CA
124 AM PDT WED MAY 24 2017


...................................

...THE BAKERSFIELD CLIMATE SUMMARY FOR MAY 23 2017...

CLIMATE NORMAL PERIOD 1981 TO 2010
CLIMATE RECORD PERIOD 1889 TO 2017


WEATHER ITEM   OBSERVED TIME   RECORD YEAR NORMAL DEPARTURE
                VALUE   (LST)  VALUE       VALUE  FROM
                                                  NORMAL
...............................................................
TEMPERATURE (F)
 YESTERDAY
  MAXIMUM        102        MM 107    1904  85     17
  MINIMUM         69        MM  44    1903  59     10
  AVERAGE         86                        72     14

PRECIPITATION (IN)
  YESTERDAY        0.00          0.12 2015   0.00   0.00
  MONTH TO DATE    0.05                      0.15  -0.10
  SINCE OCT 1      7.81                      6.24   1.57
  SINCE JAN 1      4.78                      4.28   0.50

SNOWFALL (IN)
  YESTERDAY        0.0
  MONTH TO DATE    0.0
  SINCE MAR 1      0.0
  SINCE JUL 1      0.0
  SNOW DEPTH       0

DEGREE DAYS
 HEATING
  YESTERDAY        0                               -1
  MONTH TO DATE   23                               -6
  SINCE MAR 1    247                             -150
  SINCE JUL 1   1615                             -556

 COOLING
  YESTERDAY       21                               13
  MONTH TO DATE  188                               54
  SINCE MAR 1    265                               65
  SINCE JAN 1    267                               67
...............................................................


WIND (MPH)
  HIGHEST WIND SPEED    13   HIGHEST WIND DIRECTION    NW (330)
  HIGHEST GUST SPEED    MM   HIGHEST GUST DIRECTION    MM
  AVERAGE WIND SPEED     6.1




RELATIVE HUMIDITY (PERCENT)
 HIGHEST    41
 LOWEST     13
 AVERAGE    27

..........................................................


THE BAKERSFIELD CLIMATE NORMALS FOR TODAY
                         NORMAL    RECORD    YEAR
 MAXIMUM TEMPERATURE (F)   86       107      1982
 MINIMUM TEMPERATURE (F)   59        41      1916


SUNRISE AND SUNSET
MAY 24 2017...........SUNRISE   546 AM PDT   SUNSET   801 PM PDT
MAY 25 2017...........SUNRISE   545 AM PDT   SUNSET   802 PM PDT


-  INDICATES NEGATIVE NUMBERS.
R  INDICATES RECORD WAS SET OR TIED.
MM INDICATES DATA IS MISSING.
T  INDICATES TRACE AMOUNT.




$$
