000
CDUS46 KHNX 300834
CLIBFL


CLIMATE REPORT
NATIONAL WEATHER SERVICE SAN JOAQUIN VALLEY, CA
134 AM PDT SAT APR 30 2016


...................................

...THE BAKERSFIELD CLIMATE SUMMARY FOR APRIL 29 2016...

CLIMATE NORMAL PERIOD 1981 TO 2010
CLIMATE RECORD PERIOD 1889 TO 2016


WEATHER ITEM   OBSERVED TIME   RECORD YEAR NORMAL DEPARTURE
                VALUE   (LST)  VALUE       VALUE  FROM
                                                  NORMAL
...............................................................
TEMPERATURE (F)
 YESTERDAY
  MAXIMUM         81    503 PM 100    1981  79      2
  MINIMUM         54    402 AM  40    1984  53      1
                                      1908
                                      1907
  AVERAGE         68                        66      2

PRECIPITATION (IN)
  YESTERDAY        0.00          0.26 1951   0.01  -0.01
  MONTH TO DATE    0.97                      0.51   0.46
  SINCE OCT 1      4.88                      6.08  -1.20
  SINCE JAN 1      3.55                      4.12  -0.57

SNOWFALL (IN)
  YESTERDAY        0.0
  MONTH TO DATE    0.0
  SINCE MAR 1      0.0
  SINCE JUL 1      0.0
  SNOW DEPTH       0

DEGREE DAYS
 HEATING
  YESTERDAY        0                               -2
  MONTH TO DATE   28                              -99
  SINCE MAR 1    168                             -198
  SINCE JUL 1   1686                             -454

 COOLING
  YESTERDAY        3                                0
  MONTH TO DATE   94                               40
  SINCE MAR 1    100                               37
  SINCE JAN 1    100                               37
...............................................................


WIND (MPH)
  HIGHEST WIND SPEED    16   HIGHEST WIND DIRECTION    NW (300)
  HIGHEST GUST SPEED    21   HIGHEST GUST DIRECTION    NW (310)
  AVERAGE WIND SPEED     7.6




RELATIVE HUMIDITY (PERCENT)
 HIGHEST    66
 LOWEST     21
 AVERAGE    44

..........................................................


THE BAKERSFIELD CLIMATE NORMALS FOR TODAY
                         NORMAL    RECORD    YEAR
 MAXIMUM TEMPERATURE (F)   79       101      1981
 MINIMUM TEMPERATURE (F)   54        38      1915
                                             1907


SUNRISE AND SUNSET
APRIL 30 2016.........SUNRISE   605 AM PDT   SUNSET   742 PM PDT
MAY  1 2016...........SUNRISE   604 AM PDT   SUNSET   743 PM PDT


-  INDICATES NEGATIVE NUMBERS.
R  INDICATES RECORD WAS SET OR TIED.
MM INDICATES DATA IS MISSING.
T  INDICATES TRACE AMOUNT.




$$
