000
CDUS46 KHNX 280826
CLIBFL


CLIMATE REPORT
NATIONAL WEATHER SERVICE SAN JOAQUIN VALLEY, CA
125 AM PDT MON JUL 28 2014


...................................

...THE BAKERSFIELD CLIMATE SUMMARY FOR JULY 27 2014...

CLIMATE NORMAL PERIOD 1981 TO 2010
CLIMATE RECORD PERIOD 1889 TO 2014


WEATHER ITEM   OBSERVED TIME   RECORD YEAR NORMAL DEPARTURE
                VALUE   (LST)  VALUE       VALUE  FROM
                                                  NORMAL
...............................................................
TEMPERATURE (F)
 YESTERDAY
  MAXIMUM        104    455 PM 117    1933  98      6
                                      1908
  MINIMUM         79    338 AM  52    1914  71      8
  AVERAGE         92                        85      7

PRECIPITATION (IN)
  YESTERDAY        0.00          T    1969   0.00   0.00
                                      1964
  MONTH TO DATE    T                         0.00   0.00
  SINCE JUL 1      T                         0.00   0.00
  SINCE JAN 1      1.34                      4.39  -3.05

SNOWFALL (IN)
  YESTERDAY        0.0
  MONTH TO DATE    0.0
  SINCE JUN 1      0.0
  SINCE JUL 1      0.0
  SNOW DEPTH       0

DEGREE DAYS
 HEATING
  YESTERDAY        0                                0
  MONTH TO DATE    0                                0
  SINCE JUN 1      0                               -2
  SINCE JUL 1      0                                0

 COOLING
  YESTERDAY       27                                7
  MONTH TO DATE  592                               85
  SINCE JUN 1   1095                              209
  SINCE JAN 1   1547                              394
...............................................................


WIND (MPH)
  HIGHEST WIND SPEED    16   HIGHEST WIND DIRECTION    NW (310)
  HIGHEST GUST SPEED    22   HIGHEST GUST DIRECTION    NW (300)
  AVERAGE WIND SPEED     6.6




RELATIVE HUMIDITY (PERCENT)
 HIGHEST    26
 LOWEST     11
 AVERAGE    19

..........................................................


THE BAKERSFIELD CLIMATE NORMALS FOR TODAY
                         NORMAL    RECORD    YEAR
 MAXIMUM TEMPERATURE (F)   98       118      1908
 MINIMUM TEMPERATURE (F)   71        50      1914


SUNRISE AND SUNSET
JULY 28 2014..........SUNRISE   602 AM PDT   SUNSET   803 PM PDT
JULY 29 2014..........SUNRISE   603 AM PDT   SUNSET   802 PM PDT


-  INDICATES NEGATIVE NUMBERS.
R  INDICATES RECORD WAS SET OR TIED.
MM INDICATES DATA IS MISSING.
T  INDICATES TRACE AMOUNT.




$$
