000
CDUS46 KHNX 180822
CLIBFL


CLIMATE REPORT
NATIONAL WEATHER SERVICE SAN JOAQUIN VALLEY, CA
121 AM PDT THU SEP 18 2014


...................................

...THE BAKERSFIELD CLIMATE SUMMARY FOR SEPTEMBER 17 2014...

CLIMATE NORMAL PERIOD 1981 TO 2010
CLIMATE RECORD PERIOD 1889 TO 2014


WEATHER ITEM   OBSERVED TIME   RECORD YEAR NORMAL DEPARTURE
                VALUE   (LST)  VALUE       VALUE  FROM
                                                  NORMAL
...............................................................
TEMPERATURE (F)
 YESTERDAY
  MAXIMUM        100    226 PM 108    1913  90     10
  MINIMUM         73    448 AM  45    1915  64      9
                                      1903
  AVERAGE         87                        77     10

PRECIPITATION (IN)
  YESTERDAY        0.00          0.56 1950   0.00   0.00
  MONTH TO DATE    0.01                      0.03  -0.02
  SINCE JUL 1      0.01                      0.07  -0.06
  SINCE JAN 1      1.35                      4.46  -3.11

SNOWFALL (IN)
  YESTERDAY        0.0
  MONTH TO DATE    0.0
  SINCE SEP 1      0.0
  SINCE JUL 1      0.0
  SNOW DEPTH       0

DEGREE DAYS
 HEATING
  YESTERDAY        0                                0
  MONTH TO DATE    0                                0
  SINCE SEP 1      0                                0
  SINCE JUL 1      0                                0

 COOLING
  YESTERDAY       22                               10
  MONTH TO DATE  343                              112
  SINCE SEP 1    343                              112
  SINCE JAN 1   2624                              625
...............................................................


WIND (MPH)
  HIGHEST WIND SPEED    21   HIGHEST WIND DIRECTION     N (360)
  HIGHEST GUST SPEED    25   HIGHEST GUST DIRECTION     N (10)
  AVERAGE WIND SPEED     7.0




RELATIVE HUMIDITY (PERCENT)
 HIGHEST    53
 LOWEST     17
 AVERAGE    35

..........................................................


THE BAKERSFIELD CLIMATE NORMALS FOR TODAY
                         NORMAL    RECORD    YEAR
 MAXIMUM TEMPERATURE (F)   90       104      1913
 MINIMUM TEMPERATURE (F)   64        45      1908


SUNRISE AND SUNSET
SEPTEMBER 18 2014.....SUNRISE   641 AM PDT   SUNSET   659 PM PDT
SEPTEMBER 19 2014.....SUNRISE   642 AM PDT   SUNSET   657 PM PDT


-  INDICATES NEGATIVE NUMBERS.
R  INDICATES RECORD WAS SET OR TIED.
MM INDICATES DATA IS MISSING.
T  INDICATES TRACE AMOUNT.




$$
