000
CDUS44 KAMA 200727
CLIBGD


CLIMATE REPORT
NATIONAL WEATHER SERVICE AMARILLO TX
126 AM CST SAT JAN 20 2018


...................................

...THE BORGER CLIMATE SUMMARY FOR JANUARY 19 2018...

CLIMATE NORMAL PERIOD 1981 TO 2010
CLIMATE RECORD PERIOD 1949 TO 2018


WEATHER ITEM   OBSERVED TIME   RECORD YEAR NORMAL DEPARTURE LAST
                VALUE   (LST)  VALUE       VALUE  FROM      YEAR
                                                  NORMAL
..................................................................
TEMPERATURE (F)
 YESTERDAY
  MAXIMUM         71    400 PM  76    1986  52     19       61
  MINIMUM         31    828 AM  -3    1984  26      5       36
  AVERAGE         51                        39     12       49

PRECIPITATION (IN)
  YESTERDAY        0.00          1.19 1990   0.02  -0.02     0.00
  MONTH TO DATE    0.01                      0.31  -0.30     2.60
  SINCE DEC 1      0.01                      1.08  -1.07     2.82
  SINCE JAN 1      0.01                      0.31  -0.30     2.60

SNOWFALL (IN)
  YESTERDAY        0.0           4.5  1993                   0.0
  MONTH TO DATE    0.0                                       3.5
  SINCE DEC 1      1.2                                       3.6
  SINCE JUL 1      2.0                                       3.6
  SNOW DEPTH       0

DEGREE DAYS
 HEATING
  YESTERDAY       14                        26    -12       16
  MONTH TO DATE  520                       512      8      509
  SINCE DEC 1   1294                      1332    -38     1280
  SINCE JUL 1   1817                      2049   -232     1653

 COOLING
  YESTERDAY        0                         0      0        0
  MONTH TO DATE    0                         0      0        0
  SINCE DEC 1      0                         0      0        0
  SINCE JAN 1      0                         0      0        0
..................................................................


WIND (MPH)
  RESULTANT WIND SPEED  10   RESULTANT WIND DIRECTION  SW (220)
  HIGHEST WIND SPEED    20   HIGHEST WIND DIRECTION     S (190)
  HIGHEST GUST SPEED    27   HIGHEST GUST DIRECTION     S (200)
  AVERAGE WIND SPEED    10.9


SKY COVER
  AVERAGE SKY COVER 0.0


WEATHER CONDITIONS
 THE FOLLOWING WEATHER WAS RECORDED YESTERDAY.
  HAZE


RELATIVE HUMIDITY (PERCENT)
 HIGHEST    43           700 AM
 LOWEST     12           300 PM
 AVERAGE    28

..........................................................


THE BORGER CLIMATE NORMALS FOR TODAY
                         NORMAL    RECORD    YEAR
 MAXIMUM TEMPERATURE (F)   52        79      1986
 MINIMUM TEMPERATURE (F)   26         1      1963


SUNRISE AND SUNSET
JANUARY 20 2018.......SUNRISE   753 AM CST   SUNSET   601 PM CST
JANUARY 21 2018.......SUNRISE   752 AM CST   SUNSET   602 PM CST


-  INDICATES NEGATIVE NUMBERS.
R  INDICATES RECORD WAS SET OR TIED.
MM INDICATES DATA IS MISSING.
T  INDICATES TRACE AMOUNT.




$$
