000
CDUS44 KAMA 010630
CLIBGD


CLIMATE REPORT
NATIONAL WEATHER SERVICE AMARILLO TX
129 AM CDT SAT AUG 1 2015


...................................

...THE BORGER CLIMATE SUMMARY FOR JULY 31 2015...

CLIMATE NORMAL PERIOD 1981 TO 2013
CLIMATE RECORD PERIOD 1949 TO 2015


WEATHER ITEM   OBSERVED TIME   RECORD YEAR NORMAL DEPARTURE LAST
                VALUE   (LST)  VALUE       VALUE  FROM      YEAR
                                                  NORMAL
..................................................................
TEMPERATURE (F)
 YESTERDAY
  MAXIMUM         83    533 PM 105    2012  94    -11       81
  MINIMUM         68   1026 AM  55    1971  70     -2       59
  AVERAGE         76                        82     -6       70

PRECIPITATION (IN)
  YESTERDAY        0.23          3.02 1962   0.15   0.08     0.00
  MONTH TO DATE    8.52                      2.62   5.90     3.17
  SINCE JUN 1     13.67                      5.79   7.88     4.91
  SINCE JAN 1     29.19                     12.84  16.35     7.03

SNOWFALL (IN)
  YESTERDAY        0.0           0.0  2013                   0.0
                                      2012
                                      2011
  MONTH TO DATE    0.0                                       0.0
  SINCE JUN 1      0.0                                       0.0
  SINCE JUL 1      0.0                                       0.0
  SNOW DEPTH       0

DEGREE DAYS
 HEATING
  YESTERDAY        0                         0      0        0
  MONTH TO DATE    0                         0      0        1
  SINCE JUN 1      0                         3     -3        4
  SINCE JUL 1      0                         0      0        1

 COOLING
  YESTERDAY       11                        17     -6        5
  MONTH TO DATE  503                       526    -23      470
  SINCE JUN 1    916                       884     32      877
  SINCE JAN 1   1040                      1081    -41     1191
..................................................................


WIND (MPH)
  RESULTANT WIND SPEED   4   RESULTANT WIND DIRECTION   E (100)
  HIGHEST WIND SPEED    18   HIGHEST WIND DIRECTION     W (280)
  HIGHEST GUST SPEED    24   HIGHEST GUST DIRECTION     W (290)
  AVERAGE WIND SPEED     6.0


SKY COVER
  AVERAGE SKY COVER 0.5


WEATHER CONDITIONS
 THE FOLLOWING WEATHER WAS RECORDED YESTERDAY.
  THUNDERSTORM
  HEAVY RAIN
  LIGHT RAIN
  FOG


RELATIVE HUMIDITY (PERCENT)
 HIGHEST   100           800 AM
 LOWEST     55           400 PM
 AVERAGE    78

..........................................................


THE BORGER CLIMATE NORMALS FOR TODAY
                         NORMAL    RECORD    YEAR
 MAXIMUM TEMPERATURE (F)   94       108      2012
 MINIMUM TEMPERATURE (F)   70        57      1971


SUNRISE AND SUNSET
AUGUST  1 2015........SUNRISE   653 AM CDT   SUNSET   850 PM CDT
AUGUST  2 2015........SUNRISE   654 AM CDT   SUNSET   849 PM CDT


-  INDICATES NEGATIVE NUMBERS.
R  INDICATES RECORD WAS SET OR TIED.
MM INDICATES DATA IS MISSING.
T  INDICATES TRACE AMOUNT.




$$
