000
CDUS44 KAMA 220731
CLIBGD


CLIMATE REPORT
NATIONAL WEATHER SERVICE AMARILLO TX
130 AM CST SUN JAN 22 2017


...................................

...THE BORGER CLIMATE SUMMARY FOR JANUARY 21 2017...

CLIMATE NORMAL PERIOD 1981 TO 2010
CLIMATE RECORD PERIOD 1949 TO 2017


WEATHER ITEM   OBSERVED TIME   RECORD YEAR NORMAL DEPARTURE LAST
                VALUE   (LST)  VALUE       VALUE  FROM      YEAR
                                                  NORMAL
..................................................................
TEMPERATURE (F)
 YESTERDAY
  MAXIMUM         59    120 PM  79    1950  52      7       48
  MINIMUM         42    930 PM   4    1984  26     16       28
  AVERAGE         51                        39     12       38

PRECIPITATION (IN)
  YESTERDAY        0.46          0.62 1983   0.02   0.44     0.00
  MONTH TO DATE    3.06                      0.35   2.71     0.28
  SINCE DEC 1      3.28                      1.12   2.16     1.42
  SINCE JAN 1      3.06                      0.35   2.71     0.28

SNOWFALL (IN)
  YESTERDAY        0.0           6.1  1966                   0.0
  MONTH TO DATE    0.0                                       2.5
  SINCE DEC 1      0.1                                       5.4
  SINCE JUL 1      0.1                                       6.2
  SNOW DEPTH       0

DEGREE DAYS
 HEATING
  YESTERDAY       14                        26    -12       27
  MONTH TO DATE  542                       564    -22      593
  SINCE DEC 1   1313                      1384    -71     1273
  SINCE JUL 1   1686                      2101   -415     1845

 COOLING
  YESTERDAY        0                         0      0        0
  MONTH TO DATE    0                         0      0        0
  SINCE DEC 1      0                         0      0        0
  SINCE JAN 1      0                         0      0        0
..................................................................


WIND (MPH)
  RESULTANT WIND SPEED   7   RESULTANT WIND DIRECTION  SW (240)
  HIGHEST WIND SPEED    28   HIGHEST WIND DIRECTION     N (350)
  HIGHEST GUST SPEED    38   HIGHEST GUST DIRECTION     N (360)
  AVERAGE WIND SPEED     9.4


SKY COVER
  AVERAGE SKY COVER 0.6


WEATHER CONDITIONS
 THE FOLLOWING WEATHER WAS RECORDED YESTERDAY.
  HEAVY RAIN
  RAIN
  LIGHT RAIN
  FOG


RELATIVE HUMIDITY (PERCENT)
 HIGHEST   100          1000 PM
 LOWEST     43           100 PM
 AVERAGE    72

..........................................................


THE BORGER CLIMATE NORMALS FOR TODAY
                         NORMAL    RECORD    YEAR
 MAXIMUM TEMPERATURE (F)   52        79      1967
 MINIMUM TEMPERATURE (F)   27        -4      1966


SUNRISE AND SUNSET
JANUARY 22 2017.......SUNRISE   752 AM CST   SUNSET   603 PM CST
JANUARY 23 2017.......SUNRISE   751 AM CST   SUNSET   604 PM CST


-  INDICATES NEGATIVE NUMBERS.
R  INDICATES RECORD WAS SET OR TIED.
MM INDICATES DATA IS MISSING.
T  INDICATES TRACE AMOUNT.




$$
