069
CDUS44 KAMA 232127
CLIBGD


CLIMATE REPORT
NATIONAL WEATHER SERVICE AMARILLO TX
426 PM CDT TUE AUG 23 2016


...................................

...THE BORGER CLIMATE SUMMARY FOR AUGUST 23 2016...
VALID TODAY AS OF 0426 PM LOCAL TIME.

CLIMATE NORMAL PERIOD 1981 TO 2010
CLIMATE RECORD PERIOD 1949 TO 2016


WEATHER ITEM   OBSERVED TIME   RECORD YEAR NORMAL DEPARTURE LAST
                VALUE   (LST)  VALUE       VALUE  FROM      YEAR
                                                  NORMAL
..................................................................
TEMPERATURE (F)
 TODAY
  MAXIMUM         99    223 PM 102    2011  91      8       82
                                      2010
  MINIMUM         71    650 AM  50    1961  67      4       64
  AVERAGE         85                        79      6       73

PRECIPITATION (IN)
  TODAY            T             1.99 1987   0.11  -0.11     0.00
  MONTH TO DATE    1.18                      2.31  -1.13     5.77
  SINCE JUN 1      3.86                      8.10  -4.24    19.44
  SINCE JAN 1     12.73                     15.15  -2.42    34.96

SNOWFALL (IN)
  TODAY            0.0           0.0  2013                   0.0
                                      2012
                                      2011
  MONTH TO DATE    0.0                                       0.0
  SINCE JUN 1      0.0                                       0.0
  SINCE JUL 1      0.0                                       0.0
  SNOW DEPTH       0

DEGREE DAYS
 HEATING
  TODAY            0                         0      0        0
  MONTH TO DATE    0                         0      0        0
  SINCE JUN 1      0                         3     -3        0
  SINCE JUL 1      0                         0      0        0

 COOLING
  TODAY           20                        14      6        8
  MONTH TO DATE  369                       365      4      339
  SINCE JUN 1   1456                      1249    207     1255
  SINCE JAN 1   1643                      1446    197     1379
..................................................................


WIND (MPH)
  RESULTANT WIND SPEED  14   RESULTANT WIND DIRECTION  SW (210)
  HIGHEST WIND SPEED    22   HIGHEST WIND DIRECTION    SW (240)
  HIGHEST GUST SPEED    30   HIGHEST GUST DIRECTION    SW (230)
  AVERAGE WIND SPEED    14.5


SKY COVER
  AVERAGE SKY COVER 0.1


WEATHER CONDITIONS
 THE FOLLOWING WEATHER WAS RECORDED TODAY.
  NO SIGNIFICANT WEATHER WAS OBSERVED.


RELATIVE HUMIDITY (PERCENT)
 HIGHEST    84           300 AM
 LOWEST     22           200 PM
 AVERAGE    53

..........................................................


THE BORGER CLIMATE NORMALS FOR TOMORROW
                         NORMAL    RECORD    YEAR
 MAXIMUM TEMPERATURE (F)   91       106      2011
 MINIMUM TEMPERATURE (F)   67        54      1966


SUNRISE AND SUNSET
AUGUST 23 2016........SUNRISE   711 AM CDT   SUNSET   824 PM CDT
AUGUST 24 2016........SUNRISE   712 AM CDT   SUNSET   823 PM CDT


-  INDICATES NEGATIVE NUMBERS.
R  INDICATES RECORD WAS SET OR TIED.
MM INDICATES DATA IS MISSING.
T  INDICATES TRACE AMOUNT.




$$
