000
CDUS44 KAMA 290642
CLIBGD


CLIMATE REPORT
NATIONAL WEATHER SERVICE AMARILLO TX
142 AM CDT THU SEP 29 2016


...................................

...THE BORGER CLIMATE SUMMARY FOR SEPTEMBER 28 2016...

CLIMATE NORMAL PERIOD 1981 TO 2010
CLIMATE RECORD PERIOD 1949 TO 2016


WEATHER ITEM   OBSERVED TIME   RECORD YEAR NORMAL DEPARTURE LAST
                VALUE   (LST)  VALUE       VALUE  FROM      YEAR
                                                  NORMAL
..................................................................
TEMPERATURE (F)
 YESTERDAY
  MAXIMUM         90    139 PM  97    1994  79     11       89
  MINIMUM         53    459 AM  37    1984  55     -2       59
  AVERAGE         72                        67      5       74

PRECIPITATION (IN)
  YESTERDAY        0.00          0.16 1974   0.08  -0.08     0.00
                                      1974
                                      2012
  MONTH TO DATE    1.02                      2.23  -1.21     0.59
  SINCE SEP 1      1.02                      2.23  -1.21     0.59
  SINCE JAN 1     15.36                     18.24  -2.88    35.55

SNOWFALL (IN)
  YESTERDAY        0.0           0.0  2013                   0.0
                                      2012
                                      2011
  MONTH TO DATE    0.0                                       0.0
  SINCE SEP 1      0.0                                       0.0
  SINCE JUL 1      0.0                                       0.0
  SNOW DEPTH       0

DEGREE DAYS
 HEATING
  YESTERDAY        0                         2     -2        0
  MONTH TO DATE    3                        19    -16        0
  SINCE SEP 1      3                        19    -16        0
  SINCE JUL 1      3                        20    -17        0

 COOLING
  YESTERDAY        7                         5      2        9
  MONTH TO DATE  291                       227     64      369
  SINCE SEP 1    291                       227     64      369
  SINCE JAN 1   2009                      1777    232     1867
..................................................................


WIND (MPH)
  RESULTANT WIND SPEED   2   RESULTANT WIND DIRECTION   S (180)
  HIGHEST WIND SPEED    13   HIGHEST WIND DIRECTION    SE (120)
  HIGHEST GUST SPEED    17   HIGHEST GUST DIRECTION    SE (120)
  AVERAGE WIND SPEED     7.3


SKY COVER
  AVERAGE SKY COVER 0.0


WEATHER CONDITIONS
 THE FOLLOWING WEATHER WAS RECORDED YESTERDAY.
  NO SIGNIFICANT WEATHER WAS OBSERVED.


RELATIVE HUMIDITY (PERCENT)
 HIGHEST    64           500 AM
 LOWEST     12           200 PM
 AVERAGE    38

..........................................................


THE BORGER CLIMATE NORMALS FOR TODAY
                         NORMAL    RECORD    YEAR
 MAXIMUM TEMPERATURE (F)   79        97      1994
 MINIMUM TEMPERATURE (F)   55        32      1985


SUNRISE AND SUNSET
SEPTEMBER 29 2016.....SUNRISE   739 AM CDT   SUNSET   731 PM CDT
SEPTEMBER 30 2016.....SUNRISE   740 AM CDT   SUNSET   730 PM CDT


-  INDICATES NEGATIVE NUMBERS.
R  INDICATES RECORD WAS SET OR TIED.
MM INDICATES DATA IS MISSING.
T  INDICATES TRACE AMOUNT.




$$
