000
CDUS44 KAMA 291420
CLIBGD


CLIMATE REPORT
NATIONAL WEATHER SERVICE AMARILLO TX
920 AM CDT FRI MAY 29 2015


...................................

...THE BORGER CLIMATE SUMMARY FOR MAY 29 2015...
VALID AS OF 0900 AM LOCAL TIME.

CLIMATE NORMAL PERIOD 1981 TO 2013
CLIMATE RECORD PERIOD 1949 TO 2015


WEATHER ITEM   OBSERVED TIME   RECORD YEAR NORMAL DEPARTURE LAST
                VALUE   (LST)  VALUE       VALUE  FROM      YEAR
                                                  NORMAL
..................................................................
TEMPERATURE (F)
 TODAY
  MINIMUM         56    705 AM  41    1984  60     -4       65

PRECIPITATION (IN)
  TODAY            0.00          1.09 1972   0.13  -0.13     0.00
  MONTH TO DATE    9.00                      2.62   6.38     1.49
  SINCE MAR 1     13.67                      5.57   8.10     1.69
  SINCE JAN 1     15.52                      6.78   8.74     2.07

SNOWFALL (IN)
  TODAY            0.0           T    1996                   0.0
  MONTH TO DATE    0.0                                       0.0
  SINCE MAR 1      T                                         2.1
  SINCE JUL 1     17.5                                      14.7
  SNOW DEPTH       0

..................................................................


WIND (MPH)
  RESULTANT WIND SPEED   1   RESULTANT WIND DIRECTION   S (160)
  HIGHEST WIND SPEED    16   HIGHEST WIND DIRECTION    SE (140)
  HIGHEST GUST SPEED    21   HIGHEST GUST DIRECTION    SE (140)
  AVERAGE WIND SPEED     6.2


SKY COVER
  AVERAGE SKY COVER 0.1


WEATHER CONDITIONS
 THE FOLLOWING WEATHER WAS RECORDED TODAY.
  FOG


RELATIVE HUMIDITY (PERCENT)
 HIGHEST    86           600 AM
 LOWEST     56          1200 AM
 AVERAGE    71

..........................................................


THE BORGER CLIMATE NORMALS FOR TOMORROW
                         NORMAL    RECORD    YEAR
 MAXIMUM TEMPERATURE (F)   85       101      2003
 MINIMUM TEMPERATURE (F)   60        46      1983


SUNRISE AND SUNSET
MAY 29 2015...........SUNRISE   632 AM CDT   SUNSET   854 PM CDT
MAY 30 2015...........SUNRISE   632 AM CDT   SUNSET   855 PM CDT


-  INDICATES NEGATIVE NUMBERS.
R  INDICATES RECORD WAS SET OR TIED.
MM INDICATES DATA IS MISSING.
T  INDICATES TRACE AMOUNT.




$$
