000
CDUS41 KBGM 270627
CLIBGM


CLIMATE REPORT
NATIONAL WEATHER SERVICE BINGHAMTON NY
126 AM EST FRI FEB 27 2015


...................................

...THE BINGHAMTON NY CLIMATE SUMMARY FOR FEBRUARY 26 2015...

CLIMATE NORMAL PERIOD 1981 TO 2010
CLIMATE RECORD PERIOD 1951 TO 2015


WEATHER ITEM   OBSERVED TIME   RECORD YEAR NORMAL DEPARTURE LAST
                VALUE   (LST)  VALUE       VALUE  FROM      YEAR
                                                  NORMAL
..................................................................
TEMPERATURE (F)
 YESTERDAY
  MAXIMUM         17    351 PM  62    1976  35    -18       15
  MINIMUM          6   1159 PM  -6    1990  19    -13        5
  AVERAGE         12                        27    -15       10

PRECIPITATION (IN)
  YESTERDAY        T             0.55 1957   0.09  -0.09      T
  MONTH TO DATE    2.01                      2.13  -0.12     2.74
  SINCE DEC 1      7.24                      7.41  -0.17     9.12
  SINCE JAN 1      3.94                      4.58  -0.64     5.68

SNOWFALL (IN)
  YESTERDAY        0.1           5.8  1972   0.6   -0.5       T
  MONTH TO DATE   32.9                      15.9   17.0     25.9
  SINCE DEC 1     62.1                      55.9    6.2     74.1
  SINCE JUL 1     75.8                      62.7   13.1     82.3
  SNOW DEPTH      17

DEGREE DAYS
 HEATING
  YESTERDAY       53                        38     15       55
  MONTH TO DATE 1356                      1052    304     1147
  SINCE DEC 1   3885                      3549    336     3766
  SINCE JUL 1   5420                      5124    296     5357

 COOLING
  YESTERDAY        0                         0      0        0
  MONTH TO DATE    0                         0      0        0
  SINCE DEC 1      0                         0      0        0
  SINCE JAN 1      0                         0      0        0
..................................................................


WIND (MPH)
  HIGHEST WIND SPEED    13   HIGHEST WIND DIRECTION     N (360)
  HIGHEST GUST SPEED    15   HIGHEST GUST DIRECTION    NW (310)
  AVERAGE WIND SPEED     6.8


SKY COVER
  AVERAGE SKY COVER 0.9


WEATHER CONDITIONS
 THE FOLLOWING WEATHER WAS RECORDED YESTERDAY.
  LIGHT SNOW
  HAZE


RELATIVE HUMIDITY (PERCENT)
 HIGHEST    80           700 AM
 LOWEST     61           200 PM
 AVERAGE    71

..........................................................


THE BINGHAMTON NY CLIMATE NORMALS FOR TODAY
                         NORMAL    RECORD    YEAR
 MAXIMUM TEMPERATURE (F)   35        62      1997
 MINIMUM TEMPERATURE (F)   20        -5      1963


SUNRISE AND SUNSET
FEBRUARY 27 2015......SUNRISE   643 AM EST   SUNSET   551 PM EST
FEBRUARY 28 2015......SUNRISE   641 AM EST   SUNSET   552 PM EST


-  INDICATES NEGATIVE NUMBERS.
R  INDICATES RECORD WAS SET OR TIED.
MM INDICATES DATA IS MISSING.
T  INDICATES TRACE AMOUNT.




$$
