217
CDUS41 KCAR 290527
CLIBGR


CLIMATE REPORT
NATIONAL WEATHER SERVICE CARIBOU, ME
127 AM EDT WED MAR 29 2017


...................................

...THE BANGOR ME CLIMATE SUMMARY FOR MARCH 28 2017...

CLIMATE NORMAL PERIOD 1981 TO 2010
CLIMATE RECORD PERIOD 1925 TO 2017


WEATHER ITEM   OBSERVED TIME   RECORD YEAR NORMAL DEPARTURE LAST
                VALUE   (LST)  VALUE       VALUE  FROM      YEAR
                                                  NORMAL
..................................................................
TEMPERATURE (F)
 YESTERDAY
  MAXIMUM         35    713 PM  65    1999  44     -9       41
                                      1989
  MINIMUM         30    644 AM   9    1982  25      5       30
                                      1974
  AVERAGE         33                        35     -2       36

PRECIPITATION (IN)
  YESTERDAY        0.02          1.48 2005   0.12  -0.10     0.74
  MONTH TO DATE    2.07                      3.02  -0.95     2.82
  SINCE MAR 1      2.07                      3.02  -0.95     2.82
  SINCE JAN 1      7.96                      8.43  -0.47     9.09

SNOWFALL (IN)
  YESTERDAY        0.0           1.8  2008   0.3             0.0
  MONTH TO DATE   17.0                      10.9             6.0
  SINCE MAR 1     17.0                      10.9             6.0
  SINCE JUL 1     80.3                      61.6            44.6
  SNOW DEPTH       4

DEGREE DAYS
 HEATING
  YESTERDAY       32                        30      2       29
  MONTH TO DATE 1126                       988    138      917
  SINCE MAR 1   1126                       988    138      917
  SINCE JUL 1   6254                      6634   -380     5832

 COOLING
  YESTERDAY        0                         0      0        0
  MONTH TO DATE    0                         0      0        0
  SINCE MAR 1      0                         0      0        0
  SINCE JAN 1      0                         0      0        0
..................................................................


WIND (MPH)
  RESULTANT WIND SPEED   2   RESULTANT WIND DIRECTION  NE (50)
  HIGHEST WIND SPEED    10   HIGHEST WIND DIRECTION     N (360)
  HIGHEST GUST SPEED    13   HIGHEST GUST DIRECTION     N (10)


SKY COVER
  POSSIBLE SUNSHINE  MM
  AVERAGE SKY COVER 1.0


WEATHER CONDITIONS
 THE FOLLOWING WEATHER WAS RECORDED YESTERDAY.
  LIGHT RAIN
  FOG


RELATIVE HUMIDITY (PERCENT)
 HIGHEST   100
 LOWEST     89
 AVERAGE    95

..........................................................


THE BANGOR ME CLIMATE NORMALS FOR TODAY
                         NORMAL    RECORD    YEAR
 MAXIMUM TEMPERATURE (F)   45        79      1946
 MINIMUM TEMPERATURE (F)   26         6      1974


SUNRISE AND SUNSET
MARCH 29 2017.........SUNRISE   621 AM EDT   SUNSET   659 PM EDT
MARCH 30 2017.........SUNRISE   619 AM EDT   SUNSET   701 PM EDT


-  INDICATES NEGATIVE NUMBERS.
R  INDICATES RECORD WAS SET OR TIED.
MM INDICATES DATA IS MISSING.
T  INDICATES TRACE AMOUNT.




$$
