000
CDUS41 KCAR 132030
CLIBGR


CLIMATE REPORT
NATIONAL WEATHER SERVICE CARIBOU, ME
429 PM EDT SUN JUL 13 2014


...................................

...THE BANGOR ME CLIMATE SUMMARY FOR JULY 13 2014...
VALID TODAY AS OF 0400 PM LOCAL TIME.

CLIMATE NORMAL PERIOD 1981 TO 2010
CLIMATE RECORD PERIOD 1925 TO 2014


WEATHER ITEM   OBSERVED TIME   RECORD YEAR NORMAL DEPARTURE LAST
                VALUE   (LST)  VALUE       VALUE  FROM      YEAR
                                                  NORMAL
..................................................................
TEMPERATURE (F)
 TODAY
  MAXIMUM         80    103 PM  94    1948  80      0       83
                                      1935
  MINIMUM         60    221 AM  44    1971  58      2       52
  AVERAGE         70                        69      1       68

PRECIPITATION (IN)
  TODAY            0.00          1.61 1951   0.11  -0.11     0.00
  MONTH TO DATE    3.70                      1.38   2.32     1.11
  SINCE JUN 1      7.29                      5.14   2.15     6.57
  SINCE JAN 1     21.70                     21.19   0.51    17.86

SNOWFALL (IN)
  TODAY            0.0           0.0  2002   0.0    0.0      0.0
                                      2001
  MONTH TO DATE    0.0                       0.0    0.0      0.0
  SINCE JUN 1      0.0                       0.0    0.0      0.0
  SINCE JUL 1      0.0                       0.0    0.0      0.0
  SNOW DEPTH       0

DEGREE DAYS
 HEATING
  TODAY            0                         1     -1        0
  MONTH TO DATE    5                        13     -8        3
  SINCE JUN 1     76                       120    -44      103
  SINCE JUL 1      5                        13     -8        3

 COOLING
  TODAY            5                         4      1        3
  MONTH TO DATE   90                        50     40       78
  SINCE JUN 1    136                       102     34      135
  SINCE JAN 1    136                       108     28      143
..................................................................


WIND (MPH)
  HIGHEST WIND SPEED    22   HIGHEST WIND DIRECTION     S (180)
  HIGHEST GUST SPEED    30   HIGHEST GUST DIRECTION     S (200)
  AVERAGE WIND SPEED     9.6


SKY COVER
  POSSIBLE SUNSHINE  MM
  AVERAGE SKY COVER 0.8


WEATHER CONDITIONS
 THE FOLLOWING WEATHER WAS RECORDED TODAY.
  NO SIGNIFICANT WEATHER WAS OBSERVED.


RELATIVE HUMIDITY (PERCENT)
 HIGHEST    97           300 AM
 LOWEST     58          1200 PM
 AVERAGE    78

..........................................................


THE BANGOR ME CLIMATE NORMALS FOR TOMORROW
                         NORMAL    RECORD    YEAR
 MAXIMUM TEMPERATURE (F)   80        93      2006
 MINIMUM TEMPERATURE (F)   58        40      1940


SUNRISE AND SUNSET
JULY 13 2014..........SUNRISE   502 AM EDT   SUNSET   820 PM EDT
JULY 14 2014..........SUNRISE   503 AM EDT   SUNSET   819 PM EDT


-  INDICATES NEGATIVE NUMBERS.
R  INDICATES RECORD WAS SET OR TIED.
MM INDICATES DATA IS MISSING.
T  INDICATES TRACE AMOUNT.




$$
