000
CDUS41 KCAR 010527
CLIBGR


CLIMATE REPORT
NATIONAL WEATHER SERVICE CARIBOU, ME
126 AM EDT FRI AUG 1 2014


...................................

...THE BANGOR ME CLIMATE SUMMARY FOR JULY 31 2014...

CLIMATE NORMAL PERIOD 1981 TO 2010
CLIMATE RECORD PERIOD 1925 TO 2014


WEATHER ITEM   OBSERVED TIME   RECORD YEAR NORMAL DEPARTURE LAST
                VALUE   (LST)  VALUE       VALUE  FROM      YEAR
                                                  NORMAL
..................................................................
TEMPERATURE (F)
 YESTERDAY
  MAXIMUM         77    202 PM  97    1949  80     -3       81
  MINIMUM         62    623 AM  44    1927  58      4       55
  AVERAGE         70                        69      1       68

PRECIPITATION (IN)
  YESTERDAY        0.00          1.32 1985   0.12  -0.12     0.00
  MONTH TO DATE    6.78                      3.46   3.32     3.74
  SINCE JUN 1     10.37                      7.22   3.15     9.20
  SINCE JAN 1     24.78                     23.27   1.51    20.49

SNOWFALL (IN)
  YESTERDAY        0.0           0.0  2002   0.0             0.0
                                      2001
  MONTH TO DATE    0.0                       0.0             0.0
  SINCE JUN 1      0.0                       0.0             0.0
  SINCE JUL 1      0.0                       0.0             0.0
  SNOW DEPTH       0

DEGREE DAYS
 HEATING
  YESTERDAY        0                         1     -1        0
  MONTH TO DATE    5                        31    -26        8
  SINCE JUN 1     76                       130    -54      108
  SINCE JUL 1      5                        23    -18        8

 COOLING
  YESTERDAY        5                         4      1        3
  MONTH TO DATE  173                       132     41      185
  SINCE JUN 1    219                       184     35      242
  SINCE JAN 1    219                       190     29      250
..................................................................


WIND (MPH)
  RESULTANT WIND SPEED   8   RESULTANT WIND DIRECTION   S (180)
  HIGHEST WIND SPEED    18   HIGHEST WIND DIRECTION     S (180)
  HIGHEST GUST SPEED    24   HIGHEST GUST DIRECTION     S (170)


SKY COVER
  POSSIBLE SUNSHINE  MM
  AVERAGE SKY COVER 0.6


WEATHER CONDITIONS
 THE FOLLOWING WEATHER WAS RECORDED YESTERDAY.
  FOG


RELATIVE HUMIDITY (PERCENT)
 HIGHEST    93
 LOWEST     47
 AVERAGE    70

..........................................................


THE BANGOR ME CLIMATE NORMALS FOR TODAY
                         NORMAL    RECORD    YEAR
 MAXIMUM TEMPERATURE (F)   80        91      1975
 MINIMUM TEMPERATURE (F)   58        47      1998
                                             1947


SUNRISE AND SUNSET
AUGUST  1 2014........SUNRISE   521 AM EDT   SUNSET   801 PM EDT
AUGUST  2 2014........SUNRISE   522 AM EDT   SUNSET   800 PM EDT


-  INDICATES NEGATIVE NUMBERS.
R  INDICATES RECORD WAS SET OR TIED.
MM INDICATES DATA IS MISSING.
T  INDICATES TRACE AMOUNT.




$$
