615
CDUS41 KCAR 292027
CLIBGR


CLIMATE REPORT
NATIONAL WEATHER SERVICE CARIBOU, ME
426 PM EDT MON AUG 29 2016


...................................

...THE BANGOR ME CLIMATE SUMMARY FOR AUGUST 29 2016...
VALID TODAY AS OF 0400 PM LOCAL TIME.

CLIMATE NORMAL PERIOD 1981 TO 2010
CLIMATE RECORD PERIOD 1925 TO 2016


WEATHER ITEM   OBSERVED TIME   RECORD YEAR NORMAL DEPARTURE LAST
                VALUE   (LST)  VALUE       VALUE  FROM      YEAR
                                                  NORMAL
..................................................................
TEMPERATURE (F)
 TODAY
  MAXIMUM         79   1156 AM  97    1948  76      3       77
  MINIMUM         65    602 AM  36    1940  54     11       52
  AVERAGE         72                        65      7       65

PRECIPITATION (IN)
  TODAY            0.00          2.08 2009   0.09  -0.09     0.00
  MONTH TO DATE    2.22                      2.81  -0.59     2.63
  SINCE JUN 1      7.76                     10.03  -2.27     8.69
  SINCE JAN 1     21.97                     26.08  -4.11    19.74

SNOWFALL (IN)
  TODAY            0.0           0.0  2002   0.0    0.0      0.0
                                      2001
  MONTH TO DATE    0.0                       0.0    0.0      0.0
  SINCE JUN 1      0.0                       0.0    0.0      0.0
  SINCE JUL 1      0.0                       0.0    0.0      0.0
  SNOW DEPTH       0

DEGREE DAYS
 HEATING
  TODAY            0                         3     -3        0
  MONTH TO DATE    4                        38    -34        0
  SINCE JUN 1    130                       168    -38      205
  SINCE JUL 1     27                        61    -34       29

 COOLING
  TODAY            7                         2      5        0
  MONTH TO DATE  156                        97     59      151
  SINCE JUN 1    376                       281     95      275
  SINCE JAN 1    386                       287     99      298
..................................................................


WIND (MPH)
  HIGHEST WIND SPEED    26   HIGHEST WIND DIRECTION    NW (320)
  HIGHEST GUST SPEED    34   HIGHEST GUST DIRECTION    NW (320)
  AVERAGE WIND SPEED    11.1


SKY COVER
  POSSIBLE SUNSHINE  MM
  AVERAGE SKY COVER 0.6


WEATHER CONDITIONS
 THE FOLLOWING WEATHER WAS RECORDED TODAY.
  NO SIGNIFICANT WEATHER WAS OBSERVED.


RELATIVE HUMIDITY (PERCENT)
 HIGHEST    93           200 AM
 LOWEST     40           100 PM
 AVERAGE    67

..........................................................


THE BANGOR ME CLIMATE NORMALS FOR TOMORROW
                         NORMAL    RECORD    YEAR
 MAXIMUM TEMPERATURE (F)   76        95      1937
 MINIMUM TEMPERATURE (F)   53        37      1942
                                             1940


SUNRISE AND SUNSET
AUGUST 29 2016........SUNRISE   554 AM EDT   SUNSET   717 PM EDT
AUGUST 30 2016........SUNRISE   556 AM EDT   SUNSET   715 PM EDT


-  INDICATES NEGATIVE NUMBERS.
R  INDICATES RECORD WAS SET OR TIED.
MM INDICATES DATA IS MISSING.
T  INDICATES TRACE AMOUNT.




$$
