000
CDUS41 KCAR 230534
CLIBGR


CLIMATE REPORT
NATIONAL WEATHER SERVICE CARIBOU, ME
131 AM EDT TUE SEP 23 2014


...................................

...THE BANGOR ME CLIMATE SUMMARY FOR SEPTEMBER 22 2014...

CLIMATE NORMAL PERIOD 1981 TO 2010
CLIMATE RECORD PERIOD 1925 TO 2014


WEATHER ITEM   OBSERVED TIME   RECORD YEAR NORMAL DEPARTURE LAST
                VALUE   (LST)  VALUE       VALUE  FROM      YEAR
                                                  NORMAL
..................................................................
TEMPERATURE (F)
 YESTERDAY
  MAXIMUM         73   1019 AM  90    1965  67      6       68
  MINIMUM         47   1159 PM  30    1929  46      1       53
  AVERAGE         60                        56      4       61

PRECIPITATION (IN)
  YESTERDAY        0.03          1.22 1983   0.14  -0.11     0.42
  MONTH TO DATE    0.88                      2.67  -1.79     7.12
  SINCE SEP 1      0.88                      2.67  -1.79     7.12
  SINCE JAN 1     28.62                     28.92  -0.30    32.30

SNOWFALL (IN)
  YESTERDAY        0.0           0.0  2002   0.0             0.0
                                      2001
  MONTH TO DATE    0.0                       0.0             0.0
  SINCE SEP 1      0.0                       0.0             0.0
  SINCE JUL 1      0.0                       0.0             0.0
  SNOW DEPTH       0

DEGREE DAYS
 HEATING
  YESTERDAY        5                         9     -4        4
  MONTH TO DATE  157                       124     33      121
  SINCE SEP 1    157                       124     33      121
  SINCE JUL 1    178                       187     -9      153

 COOLING
  YESTERDAY        0                         0      0        0
  MONTH TO DATE   42                        21     21       33
  SINCE SEP 1     42                        21     21       33
  SINCE JAN 1    356                       315     41      355
..................................................................


WIND (MPH)
  RESULTANT WIND SPEED   8   RESULTANT WIND DIRECTION   W (280)
  HIGHEST WIND SPEED    24   HIGHEST WIND DIRECTION    NW (310)
  HIGHEST GUST SPEED    34   HIGHEST GUST DIRECTION     W (290)


SKY COVER
  POSSIBLE SUNSHINE  MM
  AVERAGE SKY COVER 0.8


WEATHER CONDITIONS
 THE FOLLOWING WEATHER WAS RECORDED YESTERDAY.
  LIGHT RAIN
  FOG
  FOG W/VISIBILITY <= 1/4 MILE


RELATIVE HUMIDITY (PERCENT)
 HIGHEST   100
 LOWEST     44
 AVERAGE    72

..........................................................


THE BANGOR ME CLIMATE NORMALS FOR TODAY
                         NORMAL    RECORD    YEAR
 MAXIMUM TEMPERATURE (F)   67        80      1989
 MINIMUM TEMPERATURE (F)   45        29      1945
                                             1929


SUNRISE AND SUNSET
SEPTEMBER 23 2014.....SUNRISE   623 AM EDT   SUNSET   631 PM EDT
SEPTEMBER 24 2014.....SUNRISE   625 AM EDT   SUNSET   629 PM EDT


-  INDICATES NEGATIVE NUMBERS.
R  INDICATES RECORD WAS SET OR TIED.
MM INDICATES DATA IS MISSING.
T  INDICATES TRACE AMOUNT.




$$
