000
CDUS41 KCAR 290534
CLIBGR


CLIMATE REPORT
NATIONAL WEATHER SERVICE CARIBOU, ME
132 AM EDT MON MAY 29 2017


...................................

...THE BANGOR ME CLIMATE SUMMARY FOR MAY 28 2017...

CLIMATE NORMAL PERIOD 1981 TO 2010
CLIMATE RECORD PERIOD 1925 TO 2017


WEATHER ITEM   OBSERVED TIME   RECORD YEAR NORMAL DEPARTURE LAST
                VALUE   (LST)  VALUE       VALUE  FROM      YEAR
                                                  NORMAL
..................................................................
TEMPERATURE (F)
 YESTERDAY
  MAXIMUM         70    209 PM  90    1959  69      1       84
  MINIMUM         39    426 AM  33    1994  46     -7       51
  AVERAGE         55                        58     -3       68

PRECIPITATION (IN)
  YESTERDAY        0.00          1.43 1961   0.12  -0.12      T
  MONTH TO DATE    6.18                      3.27   2.91     2.05
  SINCE MAR 1     12.23                     10.27   1.96     7.90
  SINCE JAN 1     18.12                     15.68   2.44    14.17

SNOWFALL (IN)
  YESTERDAY        0.0           0.0  2002   0.0             0.0
                                      2001
  MONTH TO DATE    0.0                       0.1              T
  SINCE MAR 1     19.3                      15.5             6.0
  SINCE JUL 1     82.6                      66.2            44.6
  SNOW DEPTH       0

DEGREE DAYS
 HEATING
  YESTERDAY       10                         8      2        0
  MONTH TO DATE  350                       334     16      293
  SINCE MAR 1   2134                      2086     48     2014
  SINCE JUL 1   7262                      7732   -470     6929

 COOLING
  YESTERDAY        0                         0      0        3
  MONTH TO DATE    7                         0      7        4
  SINCE MAR 1      7                         0      7        4
  SINCE JAN 1      7                         0      7        4
..................................................................


WIND (MPH)
  RESULTANT WIND SPEED   6   RESULTANT WIND DIRECTION   S (170)
  HIGHEST WIND SPEED    17   HIGHEST WIND DIRECTION     S (170)
  HIGHEST GUST SPEED    22   HIGHEST GUST DIRECTION     S (200)


SKY COVER
  POSSIBLE SUNSHINE  MM
  AVERAGE SKY COVER 0.4


WEATHER CONDITIONS
 THE FOLLOWING WEATHER WAS RECORDED YESTERDAY.
  FOG
  FOG W/VISIBILITY <= 1/4 MILE


RELATIVE HUMIDITY (PERCENT)
 HIGHEST   100
 LOWEST     51
 AVERAGE    76

..........................................................


THE BANGOR ME CLIMATE NORMALS FOR TODAY
                         NORMAL    RECORD    YEAR
 MAXIMUM TEMPERATURE (F)   69        94      1931
 MINIMUM TEMPERATURE (F)   47        33      1970


SUNRISE AND SUNSET
MAY 29 2017...........SUNRISE   454 AM EDT   SUNSET   812 PM EDT
MAY 30 2017...........SUNRISE   454 AM EDT   SUNSET   813 PM EDT


-  INDICATES NEGATIVE NUMBERS.
R  INDICATES RECORD WAS SET OR TIED.
MM INDICATES DATA IS MISSING.
T  INDICATES TRACE AMOUNT.




$$
