000
CDUS41 KCAR 302025
CLIBGR


CLIMATE REPORT
NATIONAL WEATHER SERVICE CARIBOU, ME
425 PM EDT SAT AUG 30 2014


...................................

...THE BANGOR ME CLIMATE SUMMARY FOR AUGUST 30 2014...
VALID TODAY AS OF 0400 PM LOCAL TIME.

CLIMATE NORMAL PERIOD 1981 TO 2010
CLIMATE RECORD PERIOD 1925 TO 2014


WEATHER ITEM   OBSERVED TIME   RECORD YEAR NORMAL DEPARTURE LAST
                VALUE   (LST)  VALUE       VALUE  FROM      YEAR
                                                  NORMAL
..................................................................
TEMPERATURE (F)
 TODAY
  MAXIMUM         73    102 PM  95    1937  76     -3       76
  MINIMUM         48    158 AM  37    1942  53     -5       48
                                      1940
  AVERAGE         61                        64     -3       62

PRECIPITATION (IN)
  TODAY            0.00          0.87 1975   0.09  -0.09     0.05
  MONTH TO DATE    2.81                      2.90  -0.09     4.37
  SINCE JUN 1     13.18                     10.12   3.06    13.57
  SINCE JAN 1     27.59                     26.17   1.42    24.86

SNOWFALL (IN)
  TODAY            0.0           0.0  2002   0.0    0.0      0.0
                                      2001
  MONTH TO DATE    0.0                       0.0    0.0      0.0
  SINCE JUN 1      0.0                       0.0    0.0      0.0
  SINCE JUL 1      0.0                       0.0    0.0      0.0
  SNOW DEPTH       0

DEGREE DAYS
 HEATING
  TODAY            4                         3      1        3
  MONTH TO DATE   16                        41    -25       24
  SINCE JUN 1     92                       171    -79      132
  SINCE JUL 1     21                        64    -43       32

 COOLING
  TODAY            0                         2     -2        0
  MONTH TO DATE   90                        99     -9       65
  SINCE JUN 1    309                       283     26      307
  SINCE JAN 1    309                       289     20      315
..................................................................


WIND (MPH)
  HIGHEST WIND SPEED    21   HIGHEST WIND DIRECTION     S (170)
  HIGHEST GUST SPEED    25   HIGHEST GUST DIRECTION     S (180)
  AVERAGE WIND SPEED     9.3


SKY COVER
  POSSIBLE SUNSHINE  MM
  AVERAGE SKY COVER 0.7


WEATHER CONDITIONS
 THE FOLLOWING WEATHER WAS RECORDED TODAY.
  NO SIGNIFICANT WEATHER WAS OBSERVED.


RELATIVE HUMIDITY (PERCENT)
 HIGHEST    93          1200 AM
 LOWEST     53          1000 AM
 AVERAGE    73

..........................................................


THE BANGOR ME CLIMATE NORMALS FOR TOMORROW
                         NORMAL    RECORD    YEAR
 MAXIMUM TEMPERATURE (F)   75        97      2010
 MINIMUM TEMPERATURE (F)   53        35      1938


SUNRISE AND SUNSET
AUGUST 30 2014........SUNRISE   555 AM EDT   SUNSET   716 PM EDT
AUGUST 31 2014........SUNRISE   556 AM EDT   SUNSET   714 PM EDT


-  INDICATES NEGATIVE NUMBERS.
R  INDICATES RECORD WAS SET OR TIED.
MM INDICATES DATA IS MISSING.
T  INDICATES TRACE AMOUNT.




$$
