000
CDUS41 KCAR 240526
CLIBGR


CLIMATE REPORT
NATIONAL WEATHER SERVICE CARIBOU, ME
1226 AM EST FRI NOV 24 2017


...................................

...THE BANGOR ME CLIMATE SUMMARY FOR NOVEMBER 23 2017...

CLIMATE NORMAL PERIOD 1981 TO 2010
CLIMATE RECORD PERIOD 1925 TO 2017


WEATHER ITEM   OBSERVED TIME   RECORD YEAR NORMAL DEPARTURE LAST
                VALUE   (LST)  VALUE       VALUE  FROM      YEAR
                                                  NORMAL
..................................................................
TEMPERATURE (F)
 YESTERDAY
  MAXIMUM         37   1213 AM  68    1931  42     -5       38
  MINIMUM         27    816 AM   7    1929  26      1       29
  AVERAGE         32                        34     -2       34

PRECIPITATION (IN)
  YESTERDAY        0.00          2.51 1943   0.15  -0.15     0.00
  MONTH TO DATE    3.02                      3.21  -0.19     2.38
  SINCE SEP 1     11.30                     11.21   0.09     6.81
  SINCE JAN 1     37.47                     37.46   0.01    28.80

SNOWFALL (IN)
  YESTERDAY        0.0           8.6  2011   0.1             0.0
  MONTH TO DATE    T                         1.1              T
  SINCE SEP 1      T                         1.2              T
  SINCE JUL 1      T                         1.2              T
  SNOW DEPTH       0

DEGREE DAYS
 HEATING
  YESTERDAY       33                        31      2       31
  MONTH TO DATE  636                       615     21      541
  SINCE SEP 1    998                      1378   -380     1180
  SINCE JUL 1   1045                      1441   -396     1207

 COOLING
  YESTERDAY        0                         0      0        0
  MONTH TO DATE    0                         0      0        0
  SINCE SEP 1     86                        24     62       59
  SINCE JAN 1    368                       318     50      448
..................................................................


WIND (MPH)
  RESULTANT WIND SPEED   8   RESULTANT WIND DIRECTION  NW (300)
  HIGHEST WIND SPEED    22   HIGHEST WIND DIRECTION    NW (310)
  HIGHEST GUST SPEED    31   HIGHEST GUST DIRECTION    NW (310)


SKY COVER
  POSSIBLE SUNSHINE  MM
  AVERAGE SKY COVER 0.6


WEATHER CONDITIONS
 THE FOLLOWING WEATHER WAS RECORDED YESTERDAY.
  NO SIGNIFICANT WEATHER WAS OBSERVED.


RELATIVE HUMIDITY (PERCENT)
 HIGHEST    85
 LOWEST     43
 AVERAGE    64

..........................................................


THE BANGOR ME CLIMATE NORMALS FOR TODAY
                         NORMAL    RECORD    YEAR
 MAXIMUM TEMPERATURE (F)   42        65      1931
 MINIMUM TEMPERATURE (F)   26         1      1989


SUNRISE AND SUNSET
NOVEMBER 24 2017......SUNRISE   644 AM EST   SUNSET   359 PM EST
NOVEMBER 25 2017......SUNRISE   646 AM EST   SUNSET   359 PM EST


-  INDICATES NEGATIVE NUMBERS.
R  INDICATES RECORD WAS SET OR TIED.
MM INDICATES DATA IS MISSING.
T  INDICATES TRACE AMOUNT.




$$
