000
CDUS41 KCAR 232126
CLIBGR


CLIMATE REPORT
NATIONAL WEATHER SERVICE CARIBOU, ME
426 PM EST MON JAN 23 2017


...................................

...THE BANGOR ME CLIMATE SUMMARY FOR JANUARY 23 2017...
VALID TODAY AS OF 0400 PM LOCAL TIME.

CLIMATE NORMAL PERIOD 1981 TO 2010
CLIMATE RECORD PERIOD 1925 TO 2017


WEATHER ITEM   OBSERVED TIME   RECORD YEAR NORMAL DEPARTURE LAST
                VALUE   (LST)  VALUE       VALUE  FROM      YEAR
                                                  NORMAL
..................................................................
TEMPERATURE (F)
 TODAY
  MAXIMUM         33    149 PM  51    1992  27      6       17
                                      1957
  MINIMUM         26    832 AM -15    1976   6     20       -3
                                      1930
  AVERAGE         30                        16     14        7

PRECIPITATION (IN)
  TODAY            0.00          1.24 1992   0.10  -0.10     0.00
  MONTH TO DATE    1.91                      2.16  -0.25     2.35
  SINCE DEC 1      5.68                      5.64   0.04     6.41
  SINCE JAN 1      1.91                      2.16  -0.25     2.35

SNOWFALL (IN)
  TODAY            0.0           7.0  2011   0.6   -0.6      0.0
  MONTH TO DATE    4.8                      14.3   -9.5      5.1
  SINCE DEC 1     23.2                      28.7   -5.5     16.2
  SINCE JUL 1     24.7                      31.1   -6.4     18.7
  SNOW DEPTH       0

DEGREE DAYS
 HEATING
  TODAY           35                        48    -13       58
  MONTH TO DATE  946                      1102   -156     1012
  SINCE DEC 1   2265                      2354    -89     1965
  SINCE JUL 1   3684                      4023   -339     3466

 COOLING
  TODAY            0                         0      0        0
  MONTH TO DATE    0                         0      0        0
  SINCE DEC 1      0                         0      0        0
  SINCE JAN 1      0                         0      0        0
..................................................................


WIND (MPH)
  HIGHEST WIND SPEED    15   HIGHEST WIND DIRECTION    NE (50)
  HIGHEST GUST SPEED    19   HIGHEST GUST DIRECTION    NE (30)
  AVERAGE WIND SPEED    10.0


SKY COVER
  POSSIBLE SUNSHINE  MM
  AVERAGE SKY COVER 0.9


WEATHER CONDITIONS
 THE FOLLOWING WEATHER WAS RECORDED TODAY.
  NO SIGNIFICANT WEATHER WAS OBSERVED.


RELATIVE HUMIDITY (PERCENT)
 HIGHEST    75          1000 AM
 LOWEST     58           400 PM
 AVERAGE    67

..........................................................


THE BANGOR ME CLIMATE NORMALS FOR TOMORROW
                         NORMAL    RECORD    YEAR
 MAXIMUM TEMPERATURE (F)   27        54      1999
 MINIMUM TEMPERATURE (F)    6       -23      1948


SUNRISE AND SUNSET
JANUARY 23 2017.......SUNRISE   703 AM EST   SUNSET   431 PM EST
JANUARY 24 2017.......SUNRISE   703 AM EST   SUNSET   433 PM EST


-  INDICATES NEGATIVE NUMBERS.
R  INDICATES RECORD WAS SET OR TIED.
MM INDICATES DATA IS MISSING.
T  INDICATES TRACE AMOUNT.




$$
