000
CDUS44 KBMX 240233
CLIBHM


CLIMATE REPORT
NATIONAL WEATHER SERVICE BIRMINGHAM, AL
832 PM CST MON JAN 23 2017


...................................

...THE BIRMINGHAM CLIMATE SUMMARY FOR JANUARY 23 2017...
VALID TODAY AS OF 0700 PM LOCAL TIME.

CLIMATE NORMAL PERIOD 1981 TO 2010
CLIMATE RECORD PERIOD 1895 TO 2017


WEATHER ITEM   OBSERVED TIME   RECORD YEAR NORMAL DEPARTURE LAST
                VALUE   (LST)  VALUE       VALUE  FROM      YEAR
                                                  NORMAL
..................................................................
TEMPERATURE (F)
 TODAY
  MAXIMUM         64    340 PM  78    1943  54     10       37
  MINIMUM         50    938 AM   4    1963  34     16       26
  AVERAGE         57                        44     13       32

PRECIPITATION (IN)
  TODAY            0.02          1.82 1999   0.16  -0.14     0.00
  MONTH TO DATE    6.20                      3.52   2.68     2.41
  SINCE DEC 1      8.59                      7.97   0.62    12.94
  SINCE JAN 1      6.20                      3.52   2.68     2.41

SNOWFALL (IN)
  TODAY            0.0                       0.0    0.0      0.0
  MONTH TO DATE    0.3                       0.4   -0.1       T
  SINCE DEC 1      0.3                       0.5   -0.2       T
  SINCE JUL 1      0.3                       0.5   -0.2       T
  SNOW DEPTH       0

..................................................................


WIND (MPH)
  HIGHEST WIND SPEED    25   HIGHEST WIND DIRECTION    NW (320)
  HIGHEST GUST SPEED    34   HIGHEST GUST DIRECTION    NW (330)
  AVERAGE WIND SPEED    16.6


SKY COVER
  AVERAGE SKY COVER 0.6


WEATHER CONDITIONS
 THE FOLLOWING WEATHER WAS RECORDED TODAY.
  LIGHT RAIN
  FOG


RELATIVE HUMIDITY (PERCENT)
 HIGHEST    96           100 AM
 LOWEST     56           200 PM
 AVERAGE    76

..........................................................


THE BIRMINGHAM CLIMATE NORMALS FOR TOMORROW
                         NORMAL    RECORD    YEAR
 MAXIMUM TEMPERATURE (F)   54        78      1950
 MINIMUM TEMPERATURE (F)   34        -2      1963


SUNRISE AND SUNSET
JANUARY 23 2017.......SUNRISE   648 AM CST   SUNSET   510 PM CST
JANUARY 24 2017.......SUNRISE   648 AM CST   SUNSET   511 PM CST


-  INDICATES NEGATIVE NUMBERS.
R  INDICATES RECORD WAS SET OR TIED.
MM INDICATES DATA IS MISSING.
T  INDICATES TRACE AMOUNT.




$$
