000
CDUS44 KBMX 010940
CLIBHM


CLIMATE REPORT
NATIONAL WEATHER SERVICE BIRMINGHAM, AL
439 AM CDT SAT NOV 1 2014


...................................

...THE BIRMINGHAM CLIMATE SUMMARY FOR OCTOBER 31 2014...

CLIMATE NORMAL PERIOD 1981 TO 2010
CLIMATE RECORD PERIOD 1895 TO 2014


WEATHER ITEM   OBSERVED TIME   RECORD YEAR NORMAL DEPARTURE LAST
                VALUE   (LST)  VALUE       VALUE  FROM      YEAR
                                                  NORMAL
..................................................................
TEMPERATURE (F)
 YESTERDAY
  MAXIMUM         66    118 PM  87    1984  71     -5       76
  MINIMUM         39   1159 PM  29    1917  48     -9       64
  AVERAGE         53                        59     -6       70

PRECIPITATION (IN)
  YESTERDAY        0.00          2.06 1941   0.12  -0.12     0.44
  MONTH TO DATE    3.66                      3.44   0.22     1.96
  SINCE SEP 1      5.30                      7.34  -2.04     4.43
  SINCE JAN 1     38.16                     44.42  -6.26    56.69

SNOWFALL (IN)
  YESTERDAY        0.0                       0.0    0.0      0.0
  MONTH TO DATE    0.0                       0.0    0.0      0.0
  SINCE SEP 1      0.0                       0.0    0.0      0.0
  SINCE JUL 1      0.0                       0.0    0.0      0.0
  SNOW DEPTH       0

DEGREE DAYS
 HEATING
  YESTERDAY       12                         7      5        0
  MONTH TO DATE   87                       118    -31       97
  SINCE SEP 1     87                       127    -40       97
  SINCE JUL 1     87                       127    -40       97

 COOLING
  YESTERDAY        0                         1     -1        5
  MONTH TO DATE  127                        90     37      109
  SINCE SEP 1    503                       390    113      427
  SINCE JAN 1   2143                      2040    103     1952
..................................................................


WIND (MPH)
  HIGHEST WIND SPEED    29   HIGHEST WIND DIRECTION     N (350)
  HIGHEST GUST SPEED    40   HIGHEST GUST DIRECTION     N (350)
  AVERAGE WIND SPEED     8.8


SKY COVER
  AVERAGE SKY COVER 0.6


WEATHER CONDITIONS
 THE FOLLOWING WEATHER WAS RECORDED YESTERDAY.
  NO SIGNIFICANT WEATHER WAS OBSERVED.


RELATIVE HUMIDITY (PERCENT)
 HIGHEST    92           300 AM
 LOWEST     40          1200 PM
 AVERAGE    66

..........................................................


THE BIRMINGHAM CLIMATE NORMALS FOR TODAY
                         NORMAL    RECORD    YEAR
 MAXIMUM TEMPERATURE (F)   71        85      2000
                                             1998
 MINIMUM TEMPERATURE (F)   48        25      1993


SUNRISE AND SUNSET
NOVEMBER  1 2014......SUNRISE   706 AM CDT   SUNSET   555 PM CDT
NOVEMBER  2 2014......SUNRISE   607 AM CST   SUNSET   454 PM CST


-  INDICATES NEGATIVE NUMBERS.
R  INDICATES RECORD WAS SET OR TIED.
MM INDICATES DATA IS MISSING.
T  INDICATES TRACE AMOUNT.




$$
