000
CDUS44 KBMX 252121
CLIBHM


CLIMATE REPORT
NATIONAL WEATHER SERVICE BIRMINGHAM, AL
420 PM CDT SAT OCT 25 2014


...................................

...THE BIRMINGHAM CLIMATE SUMMARY FOR OCTOBER 25 2014...
VALID AS OF 0400 PM LOCAL TIME.

CLIMATE NORMAL PERIOD 1981 TO 2010
CLIMATE RECORD PERIOD 1895 TO 2014


WEATHER ITEM   OBSERVED TIME   RECORD YEAR NORMAL DEPARTURE LAST
                VALUE   (LST)  VALUE       VALUE  FROM      YEAR
                                                  NORMAL
..................................................................
TEMPERATURE (F)
 TODAY
  MAXIMUM         77    259 PM  88    1927  73      4       57
  MINIMUM         43    600 AM  28    1965  50     -7       35
  AVERAGE         60                        61     -1       46

PRECIPITATION (IN)
  TODAY            0.00          3.28 1977   0.10  -0.10     0.00
  MONTH TO DATE    3.30                      2.74   0.56     1.38
  SINCE SEP 1      4.94                      6.64  -1.70     3.85
  SINCE JAN 1     37.80                     43.72  -5.92    56.11

SNOWFALL (IN)
  TODAY            0.0                       0.0    0.0      0.0
  MONTH TO DATE    0.0                       0.0    0.0      0.0
  SINCE SEP 1      0.0                       0.0    0.0      0.0
  SINCE JUL 1      0.0                       0.0    0.0      0.0
  SNOW DEPTH       0

DEGREE DAYS

 COOLING
  TODAY            0                         2     -2        0
  MONTH TO DATE  111                        80     31       97
  SINCE SEP 1    487                       380    107      415
  SINCE JAN 1   2127                      2030     97     1940
..................................................................


WIND (MPH)
  HIGHEST WIND SPEED    12   HIGHEST WIND DIRECTION    NW (320)
  HIGHEST GUST SPEED    16   HIGHEST GUST DIRECTION     N (340)
  AVERAGE WIND SPEED     2.7


SKY COVER
  AVERAGE SKY COVER 0.0


WEATHER CONDITIONS
 THE FOLLOWING WEATHER WAS RECORDED TODAY.
  NO SIGNIFICANT WEATHER WAS OBSERVED.


RELATIVE HUMIDITY (PERCENT)
 HIGHEST    93           100 AM
 LOWEST     46          1200 PM
 AVERAGE    70

..........................................................


THE BIRMINGHAM CLIMATE NORMALS FOR TOMORROW
                         NORMAL    RECORD    YEAR
 MAXIMUM TEMPERATURE (F)   72        88      1963
 MINIMUM TEMPERATURE (F)   50        29      1968


SUNRISE AND SUNSET
OCTOBER 25 2014.......SUNRISE   700 AM CDT   SUNSET   602 PM CDT
OCTOBER 26 2014.......SUNRISE   701 AM CDT   SUNSET   601 PM CDT


-  INDICATES NEGATIVE NUMBERS.
R  INDICATES RECORD WAS SET OR TIED.
MM INDICATES DATA IS MISSING.
T  INDICATES TRACE AMOUNT.




$$
