000
CDUS44 KBMX 300743
CLIBHM


CLIMATE REPORT
NATIONAL WEATHER SERVICE BIRMINGHAM, AL
237 AM CDT SUN AUG 30 2015


...................................

...THE BIRMINGHAM CLIMATE SUMMARY FOR AUGUST 29 2015...

CLIMATE NORMAL PERIOD 1981 TO 2010
CLIMATE RECORD PERIOD 2014 TO 2015


WEATHER ITEM   OBSERVED TIME   RECORD YEAR NORMAL DEPARTURE LAST
                VALUE   (LST)  VALUE       VALUE  FROM      YEAR
                                                  NORMAL
..................................................................
TEMPERATURE (F)
 YESTERDAY
  MAXIMUM         84   1159 AM 101    1990  90     -6       93
  MINIMUM         70    713 PM  52    1992  70      0       67
  AVERAGE         77                        80     -3       80

PRECIPITATION (IN)
  YESTERDAY        1.16          2.69 1950   0.11   1.05     0.00
  MONTH TO DATE    7.04                      3.69   3.35     3.08
  SINCE JUN 1     16.15                     12.87   3.28     8.81
  SINCE JAN 1     41.88                     36.84   5.04    31.67

DEGREE DAYS
 COOLING
  YESTERDAY       12                        15     -3       15
  MONTH TO DATE  436                       456    -20      477
  SINCE JUN 1   1460                      1337    123     1315
  SINCE JAN 1   1795                      1619    176     1608
..................................................................


WIND (MPH)
  HIGHEST WIND SPEED    21   HIGHEST WIND DIRECTION    NW (300)
  HIGHEST GUST SPEED    25   HIGHEST GUST DIRECTION    NW (300)
  AVERAGE WIND SPEED     6.0


SKY COVER
  AVERAGE SKY COVER 0.6


WEATHER CONDITIONS
 THE FOLLOWING WEATHER WAS RECORDED YESTERDAY.
  THUNDERSTORM
  HEAVY RAIN
  RAIN
  LIGHT RAIN
  FOG


RELATIVE HUMIDITY (PERCENT)
 HIGHEST    93           700 PM
 LOWEST     61          1200 PM
 AVERAGE    77

..........................................................


THE BIRMINGHAM CLIMATE NORMALS FOR TODAY
                         NORMAL    RECORD    YEAR
 MAXIMUM TEMPERATURE (F)   89       100      1995
                                             1951
 MINIMUM TEMPERATURE (F)   69        54      1992


SUNRISE AND SUNSET
AUGUST 30 2015........SUNRISE   619 AM CDT   SUNSET   715 PM CDT
AUGUST 31 2015........SUNRISE   620 AM CDT   SUNSET   714 PM CDT


-  INDICATES NEGATIVE NUMBERS.
R  INDICATES RECORD WAS SET OR TIED.
MM INDICATES DATA IS MISSING.
T  INDICATES TRACE AMOUNT.




$$
