000
CDUS44 KBMX 252149
CLIBHM


CLIMATE REPORT
NATIONAL WEATHER SERVICE BIRMINGHAM, AL
447 PM CDT MON MAY 25 2015


...................................

...THE BIRMINGHAM CLIMATE SUMMARY FOR MAY 25 2015...
VALID AS OF 0400 PM LOCAL TIME.

CLIMATE NORMAL PERIOD 1981 TO 2010
CLIMATE RECORD PERIOD 2014 TO 2015


WEATHER ITEM   OBSERVED TIME   RECORD YEAR NORMAL DEPARTURE LAST
                VALUE   (LST)  VALUE       VALUE  FROM      YEAR
                                                  NORMAL
..................................................................
TEMPERATURE (F)
 TODAY
  MAXIMUM         78   1245 PM  95    1962  84     -6       89
  MINIMUM         71    701 AM  45    1979  62      9       66
  AVERAGE         75                        73      2       78

PRECIPITATION (IN)
  TODAY            0.02          1.73 1987   0.16  -0.14     0.00
  MONTH TO DATE    0.92                      4.07  -3.15     1.58
  SINCE MAR 1     15.39                     13.68   1.71    15.19
  SINCE JAN 1     24.09                     23.05   1.04    22.12

DEGREE DAYS
 COOLING
  TODAY           10                         8      2       13
  MONTH TO DATE  195                       145     50      163
  SINCE MAR 1    277                       225     52      219
  SINCE JAN 1    277                       229     48      222
..................................................................


WIND (MPH)
  HIGHEST WIND SPEED    16   HIGHEST WIND DIRECTION     S (180)
  HIGHEST GUST SPEED    26   HIGHEST GUST DIRECTION    SE (140)
  AVERAGE WIND SPEED    10.2


SKY COVER
  AVERAGE SKY COVER 0.8


WEATHER CONDITIONS
 THE FOLLOWING WEATHER WAS RECORDED TODAY.
  LIGHT RAIN
  FOG


RELATIVE HUMIDITY (PERCENT)
 HIGHEST    87           200 PM
 LOWEST     64           200 AM
 AVERAGE    76

..........................................................


THE BIRMINGHAM CLIMATE NORMALS FOR TOMORROW
                         NORMAL    RECORD    YEAR
 MAXIMUM TEMPERATURE (F)   84        97      1962
 MINIMUM TEMPERATURE (F)   63        41      1979


SUNRISE AND SUNSET
MAY 25 2015...........SUNRISE   541 AM CDT   SUNSET   747 PM CDT
MAY 26 2015...........SUNRISE   540 AM CDT   SUNSET   748 PM CDT


-  INDICATES NEGATIVE NUMBERS.
R  INDICATES RECORD WAS SET OR TIED.
MM INDICATES DATA IS MISSING.
T  INDICATES TRACE AMOUNT.




$$
