000
CDUS44 KBMX 220734
CLIBHM


CLIMATE REPORT
NATIONAL WEATHER SERVICE BIRMINGHAM, AL
234 AM CDT SAT JUL 22 2017


...................................

...THE BIRMINGHAM CLIMATE SUMMARY FOR JULY 21 2017...

CLIMATE NORMAL PERIOD 1981 TO 2010
CLIMATE RECORD PERIOD 1895 TO 2017


WEATHER ITEM   OBSERVED TIME   RECORD YEAR NORMAL DEPARTURE LAST
                VALUE   (LST)  VALUE       VALUE  FROM      YEAR
                                                  NORMAL
..................................................................
TEMPERATURE (F)
 YESTERDAY
  MAXIMUM         96    314 PM 101    1952  91      5       98
  MINIMUM         77    534 AM  61    2009  72      5       76
                                      1971
                                      1947
  AVERAGE         87                        81      6       87

PRECIPITATION (IN)
  YESTERDAY        0.00          3.19 2013   0.15  -0.15      T
  MONTH TO DATE    5.46                      3.31   2.15     5.25
  SINCE JUN 1     16.26                      7.69   8.57     9.21
  SINCE JAN 1     43.92                     31.66  12.26    30.82

DEGREE DAYS
 COOLING
  YESTERDAY       22                        16      6       22
  MONTH TO DATE  362                       333     29      406
  SINCE JUN 1    722                       715      7      885
  SINCE JAN 1   1184                       997    187     1208
..................................................................


WIND (MPH)
  HIGHEST WIND SPEED    12   HIGHEST WIND DIRECTION    SW (210)
  HIGHEST GUST SPEED    16   HIGHEST GUST DIRECTION     S (170)
  AVERAGE WIND SPEED     4.3


SKY COVER
  AVERAGE SKY COVER 0.3


WEATHER CONDITIONS
 THE FOLLOWING WEATHER WAS RECORDED YESTERDAY.
  NO SIGNIFICANT WEATHER WAS OBSERVED.


RELATIVE HUMIDITY (PERCENT)
 HIGHEST    91           200 AM
 LOWEST     43           400 PM
 AVERAGE    67

..........................................................


THE BIRMINGHAM CLIMATE NORMALS FOR TODAY
                         NORMAL    RECORD    YEAR
 MAXIMUM TEMPERATURE (F)   91       100      1993
 MINIMUM TEMPERATURE (F)   72        55      1947


SUNRISE AND SUNSET
JULY 22 2017..........SUNRISE   553 AM CDT   SUNSET   754 PM CDT
JULY 23 2017..........SUNRISE   553 AM CDT   SUNSET   753 PM CDT


-  INDICATES NEGATIVE NUMBERS.
R  INDICATES RECORD WAS SET OR TIED.
MM INDICATES DATA IS MISSING.
T  INDICATES TRACE AMOUNT.




$$
