000
CDUS44 KBMX 300913
CLIBHM


CLIMATE REPORT
NATIONAL WEATHER SERVICE BIRMINGHAM, AL
412 AM CDT SAT APR 30 2016


...................................

...THE BIRMINGHAM CLIMATE SUMMARY FOR APRIL 29 2016...

CLIMATE NORMAL PERIOD 1981 TO 2010
CLIMATE RECORD PERIOD 1895 TO 2016


WEATHER ITEM   OBSERVED TIME   RECORD YEAR NORMAL DEPARTURE LAST
                VALUE   (LST)  VALUE       VALUE  FROM      YEAR
                                                  NORMAL
..................................................................
TEMPERATURE (F)
 YESTERDAY
  MAXIMUM         86    223 PM  89    1915  78      8       69
  MINIMUM         62    543 AM  37    1992  54      8       52
  AVERAGE         74                        66      8       61

PRECIPITATION (IN)
  YESTERDAY        0.88          3.44 1963   0.15   0.73     0.14
  MONTH TO DATE    3.75                      4.24  -0.49    10.24
  SINCE MAR 1      9.45                      9.47  -0.02    14.47
  SINCE JAN 1     20.19                     18.84   1.35    23.17

SNOWFALL (IN)
  YESTERDAY        0.0                       0.0    0.0      0.0
  MONTH TO DATE    0.0                       0.2   -0.2      0.0
  SINCE MAR 1      0.0                       0.8   -0.8      0.1
  SINCE JUL 1      T                         1.6   -1.6      0.8
  SNOW DEPTH       0

DEGREE DAYS
 HEATING
  YESTERDAY        0                         2     -2        4
  MONTH TO DATE   78                       138    -60       48
  SINCE MAR 1    269                       460   -191      307
  SINCE JUL 1   1939                      2650   -711     2773

 COOLING
  YESTERDAY        9                         3      6        0
  MONTH TO DATE   58                        59     -1       77
  SINCE MAR 1     99                        77     22       82
  SINCE JAN 1    106                        81     25       82
..................................................................


WIND (MPH)
  HIGHEST WIND SPEED    36   HIGHEST WIND DIRECTION     W (270)
  HIGHEST GUST SPEED    47   HIGHEST GUST DIRECTION     W (270)
  AVERAGE WIND SPEED     6.5


SKY COVER
  AVERAGE SKY COVER 0.6


WEATHER CONDITIONS
 THE FOLLOWING WEATHER WAS RECORDED YESTERDAY.
  THUNDERSTORM
  HEAVY RAIN
  RAIN
  LIGHT RAIN
  FOG


RELATIVE HUMIDITY (PERCENT)
 HIGHEST    93           300 AM
 LOWEST     37           200 PM
 AVERAGE    65

..........................................................


THE BIRMINGHAM CLIMATE NORMALS FOR TODAY
                         NORMAL    RECORD    YEAR
 MAXIMUM TEMPERATURE (F)   78        91      1943
                                             1942
 MINIMUM TEMPERATURE (F)   55        36      1969


SUNRISE AND SUNSET
APRIL 30 2016.........SUNRISE   559 AM CDT   SUNSET   730 PM CDT
MAY  1 2016...........SUNRISE   558 AM CDT   SUNSET   730 PM CDT


-  INDICATES NEGATIVE NUMBERS.
R  INDICATES RECORD WAS SET OR TIED.
MM INDICATES DATA IS MISSING.
T  INDICATES TRACE AMOUNT.




$$
