593
CDUS44 KBMX 250834
CLIBHM


CLIMATE REPORT
NATIONAL WEATHER SERVICE BIRMINGHAM, AL
234 AM CST SAT NOV 25 2017


...................................

...THE BIRMINGHAM CLIMATE SUMMARY FOR NOVEMBER 24 2017...

CLIMATE NORMAL PERIOD 1981 TO 2010
CLIMATE RECORD PERIOD 1895 TO 2017


WEATHER ITEM   OBSERVED TIME   RECORD YEAR NORMAL DEPARTURE LAST
                VALUE   (LST)  VALUE       VALUE  FROM      YEAR
                                                  NORMAL
..................................................................
TEMPERATURE (F)
 YESTERDAY
  MAXIMUM         65    245 PM  79    1921  62      3       74
  MINIMUM         34    418 AM  13    1970  41     -7       48
  AVERAGE         50                        52     -2       61

PRECIPITATION (IN)
  YESTERDAY        0.00          2.13 2004   0.18  -0.18      T
                                      1986
  MONTH TO DATE    1.06                      3.78  -2.72     0.01
  SINCE SEP 1      9.09                     11.12  -2.03     0.69
  SINCE JAN 1     64.65                     48.20  16.45    35.86

SNOWFALL (IN)
  YESTERDAY        0.0                       0.0    0.0      0.0
  MONTH TO DATE    0.0                       0.0    0.0      0.0
  SINCE SEP 1      0.0                       0.0    0.0      0.0
  SINCE JUL 1      0.0                       0.0    0.0      0.0
  SNOW DEPTH       0

DEGREE DAYS
 HEATING
  YESTERDAY       15                        14      1        4
  MONTH TO DATE  225                       244    -19      154
  SINCE SEP 1    336                       371    -35      173
  SINCE JUL 1    336                       371    -35      173
..................................................................


WIND (MPH)
  HIGHEST WIND SPEED    10   HIGHEST WIND DIRECTION    SW (230)
  HIGHEST GUST SPEED    14   HIGHEST GUST DIRECTION    SW (210)
  AVERAGE WIND SPEED     1.7


SKY COVER
  AVERAGE SKY COVER 0.2


WEATHER CONDITIONS
 THE FOLLOWING WEATHER WAS RECORDED YESTERDAY.
  NO SIGNIFICANT WEATHER WAS OBSERVED.


RELATIVE HUMIDITY (PERCENT)
 HIGHEST    92          1200 AM
 LOWEST     44           100 PM
 AVERAGE    68

..........................................................


THE BIRMINGHAM CLIMATE NORMALS FOR TODAY
                         NORMAL    RECORD    YEAR
 MAXIMUM TEMPERATURE (F)   62        78      1921
 MINIMUM TEMPERATURE (F)   41         5      1950


SUNRISE AND SUNSET
NOVEMBER 25 2017......SUNRISE   628 AM CST   SUNSET   440 PM CST
NOVEMBER 26 2017......SUNRISE   629 AM CST   SUNSET   440 PM CST


-  INDICATES NEGATIVE NUMBERS.
R  INDICATES RECORD WAS SET OR TIED.
MM INDICATES DATA IS MISSING.
T  INDICATES TRACE AMOUNT.




$$
