000
CDUS44 KBMX 070839
CLIBHM


CLIMATE REPORT
NATIONAL WEATHER SERVICE BIRMINGHAM, AL
237 AM CST WED DEC 7 2016


...................................

...THE BIRMINGHAM CLIMATE SUMMARY FOR DECEMBER 6 2016...

CLIMATE NORMAL PERIOD 1981 TO 2010
CLIMATE RECORD PERIOD 1895 TO 2016


WEATHER ITEM   OBSERVED TIME   RECORD YEAR NORMAL DEPARTURE LAST
                VALUE   (LST)  VALUE       VALUE  FROM      YEAR
                                                  NORMAL
..................................................................
TEMPERATURE (F)
 YESTERDAY
  MAXIMUM         61    822 AM  78    1998  58      3       65
  MINIMUM         50   1159 PM  14    1937  38     12       46
  AVERAGE         56                        48      8       56

PRECIPITATION (IN)
  YESTERDAY        0.17          3.62 1908   0.16   0.01     0.00
  MONTH TO DATE    1.40                      0.99   0.41     2.35
  SINCE DEC 1      1.40                      0.99   0.41     2.35
  SINCE JAN 1     39.32                     50.26 -10.94    52.74

SNOWFALL (IN)
  YESTERDAY        0.0                       0.0    0.0      0.0
  MONTH TO DATE    0.0                       0.0    0.0      0.0
  SINCE DEC 1      0.0                       0.0    0.0      0.0
  SINCE JUL 1      0.0                       0.0    0.0      0.0
  SNOW DEPTH       0

DEGREE DAYS
 HEATING
  YESTERDAY        9                        17     -8        9
  MONTH TO DATE   90                        99     -9       83
  SINCE DEC 1     90                        99     -9       83
  SINCE JUL 1    322                       557   -235      354
..................................................................


WIND (MPH)
  HIGHEST WIND SPEED    22   HIGHEST WIND DIRECTION     W (250)
  HIGHEST GUST SPEED    27   HIGHEST GUST DIRECTION     W (260)
  AVERAGE WIND SPEED    10.6


SKY COVER
  AVERAGE SKY COVER 1.0


WEATHER CONDITIONS
 THE FOLLOWING WEATHER WAS RECORDED YESTERDAY.
  LIGHT RAIN
  FOG


RELATIVE HUMIDITY (PERCENT)
 HIGHEST   100          1200 AM
 LOWEST     83           300 PM
 AVERAGE    92

..........................................................


THE BIRMINGHAM CLIMATE NORMALS FOR TODAY
                         NORMAL    RECORD    YEAR
 MAXIMUM TEMPERATURE (F)   58        80      1951
 MINIMUM TEMPERATURE (F)   38        12      1937


SUNRISE AND SUNSET
DECEMBER  7 2016......SUNRISE   639 AM CST   SUNSET   439 PM CST
DECEMBER  8 2016......SUNRISE   639 AM CST   SUNSET   439 PM CST


-  INDICATES NEGATIVE NUMBERS.
R  INDICATES RECORD WAS SET OR TIED.
MM INDICATES DATA IS MISSING.
T  INDICATES TRACE AMOUNT.




$$
