000
CDUS45 KVEF 200828
CLIBIH


CLIMATE REPORT
NATIONAL WEATHER SERVICE LAS VEGAS, NV
1227 AM PST SAT DEC 20 2014


...................................

...THE BISHOP CA CLIMATE SUMMARY FOR DECEMBER 19 2014...

CLIMATE NORMAL PERIOD 1981 TO 2010
CLIMATE RECORD PERIOD 1943 TO 2014


WEATHER ITEM   OBSERVED TIME   RECORD YEAR NORMAL DEPARTURE LAST
                VALUE   (LST)  VALUE       VALUE  FROM      YEAR
                                                  NORMAL
..................................................................
TEMPERATURE (F)
 YESTERDAY
  MAXIMUM         48    104 PM  69    1985  53     -5       47
  MINIMUM         24    731 AM   8    1984  22      2       29
                                      1967
  AVERAGE         36                        37     -1       38

PRECIPITATION (IN)
  YESTERDAY        0.00          3.32 2010   0.03  -0.03     0.00
  MONTH TO DATE    0.46                      0.40   0.06     0.03
  SINCE OCT 1      0.46                      1.22  -0.76     0.22
  SINCE JAN 1      3.23                      4.78  -1.55     1.33

SNOWFALL (IN)
  YESTERDAY        0.0           2.5  1967   0.0    0.0      0.0
  MONTH TO DATE    0.0                       0.6   -0.6      0.5
  SINCE DEC 1      0.0                       0.6   -0.6      0.5
  SINCE JUL 1      0.0                       1.0   -1.0      0.5
  SNOW DEPTH       0

DEGREE DAYS
 HEATING
  YESTERDAY       29                        28      1       27
  MONTH TO DATE  436                       513    -77      541
  SINCE DEC 1    436                       513    -77      541
  SINCE JUL 1   1087                      1414   -327     1544

 COOLING
  YESTERDAY        0                         0      0        0
  MONTH TO DATE    0                         0      0        0
  SINCE DEC 1      0                         0      0        0
  SINCE JAN 1   1384                      1104    280     1337
..................................................................


WIND (MPH)
  RESULTANT WIND SPEED   1   RESULTANT WIND DIRECTION   N (350)
  HIGHEST WIND SPEED     9   HIGHEST WIND DIRECTION    NE (30)
  HIGHEST GUST SPEED    11   HIGHEST GUST DIRECTION     S (170)
  AVERAGE WIND SPEED     4.0


SKY COVER
  POSSIBLE SUNSHINE  MM
  AVERAGE SKY COVER 0.2


WEATHER CONDITIONS
 THE FOLLOWING WEATHER WAS RECORDED YESTERDAY.
  NO SIGNIFICANT WEATHER WAS OBSERVED.


RELATIVE HUMIDITY (PERCENT)
 HIGHEST    92           600 AM
 LOWEST     54           100 PM
 AVERAGE    73

..........................................................


THE BISHOP CA CLIMATE NORMALS FOR TODAY
                         NORMAL    RECORD    YEAR
 MAXIMUM TEMPERATURE (F)   53        71      1972
 MINIMUM TEMPERATURE (F)   22        -2      1967


SUNRISE AND SUNSET
DECEMBER 20 2014......SUNRISE   703 AM PST   SUNSET   439 PM PST
DECEMBER 21 2014......SUNRISE   704 AM PST   SUNSET   439 PM PST


-  INDICATES NEGATIVE NUMBERS.
R  INDICATES RECORD WAS SET OR TIED.
MM INDICATES DATA IS MISSING.
T  INDICATES TRACE AMOUNT.




$$
