000
CDUS45 KVEF 190841
CLIBIH


CLIMATE REPORT
NATIONAL WEATHER SERVICE LAS VEGAS, NV
1241 AM PST MON FEB 19 2018


...................................

...THE BISHOP CA CLIMATE SUMMARY FOR FEBRUARY 18 2018...

CLIMATE NORMAL PERIOD 1981 TO 2010
CLIMATE RECORD PERIOD 1943 TO 2018


WEATHER ITEM   OBSERVED TIME   RECORD YEAR NORMAL DEPARTURE LAST
                VALUE   (LST)  VALUE       VALUE  FROM      YEAR
                                                  NORMAL
..................................................................
TEMPERATURE (F)
 YESTERDAY
  MAXIMUM         70    212 PM  76    2015  59     11       53
  MINIMUM         23    654 AM  15    1944  27     -4       33
  AVERAGE         47                        43      4       43

PRECIPITATION (IN)
  YESTERDAY        0.00          1.24 1993   0.03  -0.03     0.09
  MONTH TO DATE    0.00                      0.53  -0.53     2.02
  SINCE OCT 1      0.20                      3.20  -3.00     7.61
  SINCE JAN 1      0.04                      1.58  -1.54     7.25

SNOWFALL (IN)
  YESTERDAY        0.0           T    1994   0.0    0.0     MM
  MONTH TO DATE    0.0                       0.5   -0.5      0.0
  SINCE DEC 1      0.0                       6.9   -6.9      8.6
  SINCE JUL 1      0.0                       7.2   -7.2      8.6
  SNOW DEPTH       0

DEGREE DAYS
 HEATING
  YESTERDAY       18                        22     -4       22
  MONTH TO DATE  327                       428   -101      346
  SINCE DEC 1   1700                      2096   -396     2010
  SINCE JUL 1   2500                      2997   -497     2753

 COOLING
  YESTERDAY        0                         0      0        0
  MONTH TO DATE    0                         0      0        0
  SINCE DEC 1      0                         0      0        0
  SINCE JAN 1      0                         0      0        0
..................................................................


WIND (MPH)
  RESULTANT WIND SPEED   6   RESULTANT WIND DIRECTION   W (280)
  HIGHEST WIND SPEED    36   HIGHEST WIND DIRECTION     W (250)
  HIGHEST GUST SPEED    46   HIGHEST GUST DIRECTION     W (270)
  AVERAGE WIND SPEED     9.2


SKY COVER
  POSSIBLE SUNSHINE  MM
  AVERAGE SKY COVER 0.0


WEATHER CONDITIONS
 THE FOLLOWING WEATHER WAS RECORDED YESTERDAY.
  NO SIGNIFICANT WEATHER WAS OBSERVED.


RELATIVE HUMIDITY (PERCENT)
 HIGHEST    50           100 AM
 LOWEST      3           200 PM
 AVERAGE    27

..........................................................


THE BISHOP CA CLIMATE NORMALS FOR TODAY
                         NORMAL    RECORD    YEAR
 MAXIMUM TEMPERATURE (F)   59        77      2015
                                             1995
 MINIMUM TEMPERATURE (F)   27        12      1956


SUNRISE AND SUNSET
FEBRUARY 19 2018......SUNRISE   638 AM PST   SUNSET   537 PM PST
FEBRUARY 20 2018......SUNRISE   636 AM PST   SUNSET   538 PM PST


-  INDICATES NEGATIVE NUMBERS.
R  INDICATES RECORD WAS SET OR TIED.
MM INDICATES DATA IS MISSING.
T  INDICATES TRACE AMOUNT.




$$
