000
CDUS45 KVEF 240827
CLIBIH


CLIMATE REPORT
NATIONAL WEATHER SERVICE LAS VEGAS, NV
1227 AM PST FRI FEB 24 2017


...................................

...THE BISHOP CA CLIMATE SUMMARY FOR FEBRUARY 23 2017...

CLIMATE NORMAL PERIOD 1981 TO 2010
CLIMATE RECORD PERIOD 1943 TO 2017


WEATHER ITEM   OBSERVED TIME   RECORD YEAR NORMAL DEPARTURE LAST
                VALUE   (LST)  VALUE       VALUE  FROM      YEAR
                                                  NORMAL
..................................................................
TEMPERATURE (F)
 YESTERDAY
  MAXIMUM         47    126 PM  74    1995  60    -13       69
                                      1989
  MINIMUM         27    520 AM  14    1951  28     -1       31
                                      1944
  AVERAGE         37                        44     -7       50

PRECIPITATION (IN)
  YESTERDAY        0.00          1.13 1998   0.03  -0.03     0.00
  MONTH TO DATE    2.21                      0.70   1.51     0.06
  SINCE OCT 1      7.80                      3.37   4.43     1.93
  SINCE JAN 1      7.44                      1.75   5.69     1.12

SNOWFALL (IN)
  YESTERDAY        0.0           5.7  1969   0.0    0.0      0.0
  MONTH TO DATE    0.0                       0.6   -0.6      0.0
  SINCE DEC 1      8.6                       7.0    1.6      2.0
  SINCE JUL 1      8.6                       7.3    1.3      2.0
  SNOW DEPTH       0

DEGREE DAYS
 HEATING
  YESTERDAY       28                        21      7       15
  MONTH TO DATE  457                       536    -79      440
  SINCE DEC 1   2121                      2204    -83     2166
  SINCE JUL 1   2864                      3105   -241     2980

 COOLING
  YESTERDAY        0                         0      0        0
  MONTH TO DATE    0                         0      0        0
  SINCE DEC 1      0                         0      0        0
  SINCE JAN 1      0                         0      0        0
..................................................................


WIND (MPH)
  RESULTANT WIND SPEED  11   RESULTANT WIND DIRECTION   N (350)
  HIGHEST WIND SPEED    21   HIGHEST WIND DIRECTION     W (280)
  HIGHEST GUST SPEED    29   HIGHEST GUST DIRECTION     W (290)
  AVERAGE WIND SPEED    12.2


SKY COVER
  POSSIBLE SUNSHINE  MM
  AVERAGE SKY COVER 0.0


WEATHER CONDITIONS
 THE FOLLOWING WEATHER WAS RECORDED YESTERDAY.
  NO SIGNIFICANT WEATHER WAS OBSERVED.


RELATIVE HUMIDITY (PERCENT)
 HIGHEST    53          1000 PM
 LOWEST     15           300 PM
 AVERAGE    34

..........................................................


THE BISHOP CA CLIMATE NORMALS FOR TODAY
                         NORMAL    RECORD    YEAR
 MAXIMUM TEMPERATURE (F)   60        76      1989
                                             1986
 MINIMUM TEMPERATURE (F)   28        10      1944


SUNRISE AND SUNSET
FEBRUARY 24 2017......SUNRISE   631 AM PST   SUNSET   543 PM PST
FEBRUARY 25 2017......SUNRISE   630 AM PST   SUNSET   544 PM PST


-  INDICATES NEGATIVE NUMBERS.
R  INDICATES RECORD WAS SET OR TIED.
MM INDICATES DATA IS MISSING.
T  INDICATES TRACE AMOUNT.




$$
