000
CDUS45 KVEF 020034
CLIBIH


CLIMATE REPORT
NATIONAL WEATHER SERVICE LAS VEGAS, NV
533 PM PDT SAT AUG 1 2015


...................................

...THE BISHOP CA CLIMATE SUMMARY FOR AUGUST 1 2015...
VALID TODAY AS OF 0500 PM LOCAL TIME.

CLIMATE NORMAL PERIOD 1981 TO 2010
CLIMATE RECORD PERIOD 1943 TO 2015


WEATHER ITEM   OBSERVED RECORD YEAR NORMAL DEPARTURE LAST
                VALUE   VALUE       VALUE  FROM      YEAR
                                           NORMAL
...........................................................
TEMPERATURE (F)
 TODAY
  MAXIMUM        102    107    1977  99      3      101
  MINIMUM         59     44    1985  56      3       60
  AVERAGE         81

PRECIPITATION (IN)
  TODAY            0.00   0.10 1971   0.01  -0.01     0.00
  MONTH TO DATE    0.00               0.01  -0.01     0.00
  SINCE OCT 1      2.99               4.86  -1.87     2.63
  SINCE JAN 1      2.53               3.24  -0.71     2.41

SNOWFALL (IN)
  TODAY            0.0   MM      MM   0.0    0.0      0.0
  MONTH TO DATE    0.0                0.0    0.0      0.0
  SINCE JUN 1      0.0                0.0    0.0      0.0
  SINCE JUL 1      0.0                0.0    0.0      0.0
  SNOW DEPTH       0

DEGREE DAYS
 HEATING
  TODAY            0                  0      0        0
  MONTH TO DATE    0                  0      0        0
  SINCE JUN 1      0                 20    -20        0
  SINCE JUL 1      0                  1     -1        0

 COOLING
  TODAY           16                 12      4       16
  MONTH TO DATE   16                 12      4       16
  SINCE JUN 1    712                608    104      776
  SINCE JAN 1    763                676     87      861
...........................................................


WIND (MPH)
  RESULTANT WIND SPEED   2   RESULTANT WIND DIRECTION  SE (140)
  HIGHEST WIND SPEED    22   HIGHEST WIND DIRECTION    SE (130)
  HIGHEST GUST SPEED    32   HIGHEST GUST DIRECTION    SE (120)
  AVERAGE WIND SPEED     6.8


SKY COVER
  POSSIBLE SUNSHINE  MM
  AVERAGE SKY COVER 0.1


WEATHER CONDITIONS
 THE FOLLOWING WEATHER WAS RECORDED TODAY.
  THUNDERSTORM


RELATIVE HUMIDITY (PERCENT)
 HIGHEST    60           500 AM
 LOWEST     11           200 PM
 AVERAGE    36

..........................................................


THE BISHOP CA CLIMATE NORMALS FOR TOMORROW
                         NORMAL    RECORD    YEAR
 MAXIMUM TEMPERATURE (F)   98       107      1993
 MINIMUM TEMPERATURE (F)   56        44      1956


SUNRISE AND SUNSET
AUGUST  1 2015........SUNRISE   558 AM PDT   SUNSET   801 PM PDT
AUGUST  2 2015........SUNRISE   559 AM PDT   SUNSET   800 PM PDT


-  INDICATES NEGATIVE NUMBERS.
R  INDICATES RECORD WAS SET OR TIED.
MM INDICATES DATA IS MISSING.
T  INDICATES TRACE AMOUNT.




$$
