000
CDUS45 KVEF 200827
CLIBIH


CLIMATE REPORT
NATIONAL WEATHER SERVICE LAS VEGAS, NV
127 AM PDT MON OCT 20 2014


...................................

...THE BISHOP CA CLIMATE SUMMARY FOR OCTOBER 19 2014...

CLIMATE NORMAL PERIOD 1981 TO 2010
CLIMATE RECORD PERIOD 1943 TO 2014


WEATHER ITEM   OBSERVED TIME   RECORD YEAR NORMAL DEPARTURE LAST
                VALUE   (LST)  VALUE       VALUE  FROM      YEAR
                                                  NORMAL
..................................................................
TEMPERATURE (F)
 YESTERDAY
  MAXIMUM         82    217 PM  89    1988  75      7       78
  MINIMUM         38    510 AM  20    1946  36      2       31
  AVERAGE         60                        56      4       55

PRECIPITATION (IN)
  YESTERDAY        0.00          1.21 2004   0.01  -0.01     0.00
  MONTH TO DATE    T                         0.17  -0.17     0.13
  SINCE OCT 1      T                         0.17  -0.17     0.13
  SINCE JAN 1      2.77                      3.73  -0.96     1.24

SNOWFALL (IN)
  YESTERDAY        0.0           T    1949   0.0    0.0      0.0
  MONTH TO DATE    0.0                       0.0    0.0      0.0
  SINCE SEP 1      0.0                       0.0    0.0      0.0
  SINCE JUL 1      0.0                       0.0    0.0      0.0
  SNOW DEPTH       0

DEGREE DAYS
 HEATING
  YESTERDAY        5                         9     -4       10
  MONTH TO DATE   38                       122    -84      210
  SINCE SEP 1     63                       163   -100      266
  SINCE JUL 1     63                       165   -102      266

 COOLING
  YESTERDAY        0                         0      0        0
  MONTH TO DATE   18                         7     11        0
  SINCE SEP 1    237                       126    111      172
  SINCE JAN 1   1384                      1103    281     1337
..................................................................


WIND (MPH)
  RESULTANT WIND SPEED   2   RESULTANT WIND DIRECTION   S (160)
  HIGHEST WIND SPEED    22   HIGHEST WIND DIRECTION     S (180)
  HIGHEST GUST SPEED    30   HIGHEST GUST DIRECTION     S (170)
  AVERAGE WIND SPEED     7.9


SKY COVER
  POSSIBLE SUNSHINE  MM
  AVERAGE SKY COVER 0.0


WEATHER CONDITIONS
 THE FOLLOWING WEATHER WAS RECORDED YESTERDAY.
  NO SIGNIFICANT WEATHER WAS OBSERVED.


RELATIVE HUMIDITY (PERCENT)
 HIGHEST    46           600 AM
 LOWEST     16          1100 AM
 AVERAGE    31

..........................................................


THE BISHOP CA CLIMATE NORMALS FOR TODAY
                         NORMAL    RECORD    YEAR
 MAXIMUM TEMPERATURE (F)   75        86      2003
 MINIMUM TEMPERATURE (F)   36        25      1971
                                             1946


SUNRISE AND SUNSET
OCTOBER 20 2014.......SUNRISE   706 AM PDT   SUNSET   610 PM PDT
OCTOBER 21 2014.......SUNRISE   707 AM PDT   SUNSET   608 PM PDT


-  INDICATES NEGATIVE NUMBERS.
R  INDICATES RECORD WAS SET OR TIED.
MM INDICATES DATA IS MISSING.
T  INDICATES TRACE AMOUNT.




$$
