000
CDUS45 KVEF 300837
CLIBIH


CLIMATE REPORT
NATIONAL WEATHER SERVICE LAS VEGAS, NV
136 AM PDT TUE JUN 30 2015


...................................

...THE BISHOP CA CLIMATE SUMMARY FOR JUNE 29 2015...

CLIMATE NORMAL PERIOD 1981 TO 2010
CLIMATE RECORD PERIOD 1943 TO 2015


WEATHER ITEM   OBSERVED TIME   RECORD YEAR NORMAL DEPARTURE LAST
                VALUE   (LST)  VALUE       VALUE  FROM      YEAR
                                                  NORMAL
..................................................................
TEMPERATURE (F)
 YESTERDAY
  MAXIMUM        102    254 PM 108    2013  96      6      106
  MINIMUM         65    419 AM  42    1963  54     11       57
  AVERAGE         84                        75      9       82

PRECIPITATION (IN)
  YESTERDAY        T             0.53 1982   0.01  -0.01     0.00
  MONTH TO DATE    0.39                      0.19   0.20      T
  SINCE OCT 1      2.52                      4.69  -2.17     2.48
  SINCE JAN 1      2.06                      3.07  -1.01     2.26

SNOWFALL (IN)
  YESTERDAY        0.0          MM      MM   0.0    0.0      0.0
  MONTH TO DATE    0.0                       0.0    0.0      0.0
  SINCE JUN 1      0.0                       0.0    0.0      0.0
  SINCE JUL 1      T                         8.0   -8.0      0.6
  SNOW DEPTH       0

DEGREE DAYS
 HEATING
  YESTERDAY        0                         0      0        0
  MONTH TO DATE    0                        17    -17        0
  SINCE JUN 1      0                        17    -17        0
  SINCE JUL 1   3118                      4175  -1057     3682

 COOLING
  YESTERDAY       19                        10      9       17
  MONTH TO DATE  315                       202    113      277
  SINCE JUN 1    315                       202    113      277
  SINCE JAN 1    366                       270     96      362
..................................................................


WIND (MPH)
  RESULTANT WIND SPEED   1   RESULTANT WIND DIRECTION   W (250)
  HIGHEST WIND SPEED    32   HIGHEST WIND DIRECTION     S (180)
  HIGHEST GUST SPEED    42   HIGHEST GUST DIRECTION     S (180)
  AVERAGE WIND SPEED     5.8


SKY COVER
  POSSIBLE SUNSHINE  MM
  AVERAGE SKY COVER 0.0


WEATHER CONDITIONS
 THE FOLLOWING WEATHER WAS RECORDED YESTERDAY.
  LIGHT RAIN


RELATIVE HUMIDITY (PERCENT)
 HIGHEST    52           500 AM
 LOWEST     14           200 PM
 AVERAGE    33

..........................................................


THE BISHOP CA CLIMATE NORMALS FOR TODAY
                         NORMAL    RECORD    YEAR
 MAXIMUM TEMPERATURE (F)   96       109      2013
 MINIMUM TEMPERATURE (F)   54        41      1997


SUNRISE AND SUNSET
JUNE 30 2015..........SUNRISE   536 AM PDT   SUNSET   818 PM PDT
JULY  1 2015..........SUNRISE   536 AM PDT   SUNSET   818 PM PDT


-  INDICATES NEGATIVE NUMBERS.
R  INDICATES RECORD WAS SET OR TIED.
MM INDICATES DATA IS MISSING.
T  INDICATES TRACE AMOUNT.




$$
