000
CDUS45 KVEF 010827
CLIBIH


CLIMATE REPORT
NATIONAL WEATHER SERVICE LAS VEGAS, NV
127 AM PDT FRI AUG 1 2014


...................................

...THE BISHOP CA CLIMATE SUMMARY FOR JULY 31 2014...

CLIMATE NORMAL PERIOD 1981 TO 2010
CLIMATE RECORD PERIOD 1943 TO 2014


WEATHER ITEM   OBSERVED TIME   RECORD YEAR NORMAL DEPARTURE LAST
                VALUE   (LST)  VALUE       VALUE  FROM      YEAR
                                                  NORMAL
..................................................................
TEMPERATURE (F)
 YESTERDAY
  MAXIMUM         96    211 PM 109    2000  99     -3       98
  MINIMUM         58    540 AM  47    1985  56      2       57
  AVERAGE         77                        77      0       78

PRECIPITATION (IN)
  YESTERDAY        0.00          0.23 1976   0.00   0.00     0.00
  MONTH TO DATE    T                         0.17  -0.17     0.48
  SINCE OCT 1      2.48                      4.86  -2.38     2.18
  SINCE JAN 1      2.26                      3.24  -0.98     0.95

SNOWFALL (IN)
  YESTERDAY        0.0          MM      MM   0.0    0.0      0.0
  MONTH TO DATE    0.0                       0.0    0.0      0.0
  SINCE JUN 1      0.0                       0.0    0.0      0.0
  SINCE JUL 1      0.0                       0.0    0.0      0.0
  SNOW DEPTH       0

DEGREE DAYS
 HEATING
  YESTERDAY        0                         0      0        0
  MONTH TO DATE    0                         0      0        0
  SINCE JUN 1      0                        20    -20        0
  SINCE JUL 1      0                         1     -1        0

 COOLING
  YESTERDAY       12                        12      0       13
  MONTH TO DATE  464                       382     82      455
  SINCE JUN 1    760                       596    164      785
  SINCE JAN 1    845                       664    181      871
..................................................................


WIND (MPH)
  RESULTANT WIND SPEED   2   RESULTANT WIND DIRECTION   N (340)
  HIGHEST WIND SPEED    13   HIGHEST WIND DIRECTION    NW (300)
  HIGHEST GUST SPEED    15   HIGHEST GUST DIRECTION    NW (300)
  AVERAGE WIND SPEED     4.9


SKY COVER
  POSSIBLE SUNSHINE  MM
  AVERAGE SKY COVER 0.0


WEATHER CONDITIONS
 THE FOLLOWING WEATHER WAS RECORDED YESTERDAY.
  THUNDERSTORM


RELATIVE HUMIDITY (PERCENT)
 HIGHEST    80           200 AM
 LOWEST     13           200 PM
 AVERAGE    47

..........................................................


THE BISHOP CA CLIMATE NORMALS FOR TODAY
                         NORMAL    RECORD    YEAR
 MAXIMUM TEMPERATURE (F)   99       107      1977
 MINIMUM TEMPERATURE (F)   56        44      1985


SUNRISE AND SUNSET
AUGUST  1 2014........SUNRISE   558 AM PDT   SUNSET   801 PM PDT
AUGUST  2 2014........SUNRISE   559 AM PDT   SUNSET   800 PM PDT


-  INDICATES NEGATIVE NUMBERS.
R  INDICATES RECORD WAS SET OR TIED.
MM INDICATES DATA IS MISSING.
T  INDICATES TRACE AMOUNT.




$$
