000
CDUS45 KBYZ 232329
CLIBIL


CLIMATE REPORT
NATIONAL WEATHER SERVICE BILLINGS MT
429 PM MST THU FEB 23 2017


...................................

...THE BILLINGS MT CLIMATE SUMMARY FOR FEBRUARY 23 2017...
VALID TODAY AS OF 0400 PM LOCAL TIME.

CLIMATE NORMAL PERIOD 1981 TO 2010
CLIMATE RECORD PERIOD 1934 TO 2017


WEATHER ITEM   OBSERVED TIME   RECORD YEAR NORMAL DEPARTURE LAST
                VALUE   (LST)  VALUE       VALUE  FROM      YEAR
                                                  NORMAL
..................................................................
TEMPERATURE (F)
 TODAY
  MAXIMUM         30    157 AM  61    1981  42    -12       48
                                      1976
                                      1954
  MINIMUM         26   1221 PM -20    1965  22      4       24
  AVERAGE         28                        32     -4       36

PRECIPITATION (IN)
  TODAY            T             0.47 1947   0.02  -0.02     0.00
  MONTH TO DATE    0.78                      0.38   0.40     0.09
  SINCE OCT 1      6.97                      3.17   3.80     3.38
  SINCE JAN 1      1.41                      0.86   0.55     0.53

SNOWFALL (IN)
  TODAY            T             8.8  2014   0.2   -0.2      0.0
  MONTH TO DATE   11.8                       4.9    6.9      0.2
  SINCE DEC 1     54.4                      21.5   32.9     20.3
  SINCE JUL 1     59.7                      33.2   26.5     24.4
  SNOW DEPTH       T

DEGREE DAYS
 HEATING
  TODAY           37                        33      4       29
  MONTH TO DATE  792                       808    -16      562
  SINCE DEC 1   3638                      3176    462     2745
  SINCE JUL 1   4897                      4804     93     4133

 COOLING
  TODAY            0                         0      0        0
  MONTH TO DATE    0                         0      0        0
  SINCE DEC 1      0                         0      0        0
  SINCE JAN 1      0                         0      0        0
..................................................................


WIND (MPH)
  HIGHEST WIND SPEED    18   HIGHEST WIND DIRECTION    NE (50)
  HIGHEST GUST SPEED    22   HIGHEST GUST DIRECTION    NE (50)
  AVERAGE WIND SPEED    11.2


SKY COVER
  POSSIBLE SUNSHINE  MM
  AVERAGE SKY COVER 1.0


WEATHER CONDITIONS
 THE FOLLOWING WEATHER WAS RECORDED TODAY.
  LIGHT SNOW


RELATIVE HUMIDITY (PERCENT)
 HIGHEST    92          1200 AM
 LOWEST     75          1100 AM
 AVERAGE    84

..........................................................


THE BILLINGS MT CLIMATE NORMALS FOR TOMORROW
                         NORMAL    RECORD    YEAR
 MAXIMUM TEMPERATURE (F)   43        71      1995
 MINIMUM TEMPERATURE (F)   22       -17      2003


SUNRISE AND SUNSET
FEBRUARY 23 2017......SUNRISE   703 AM MST   SUNSET   553 PM MST
FEBRUARY 24 2017......SUNRISE   701 AM MST   SUNSET   554 PM MST


-  INDICATES NEGATIVE NUMBERS.
R  INDICATES RECORD WAS SET OR TIED.
MM INDICATES DATA IS MISSING.
T  INDICATES TRACE AMOUNT.




$$
