000
CDUS45 KBYZ 291719
CLIBIL


CLIMATE REPORT
NATIONAL WEATHER SERVICE BILLINGS MT
1118 AM MDT SAT AUG 29 2015


...................................

...THE BILLINGS MT CLIMATE SUMMARY FOR AUGUST 29 2015...
VALID AS OF 1100 AM LOCAL TIME.

CLIMATE NORMAL PERIOD 1981 TO 2010
CLIMATE RECORD PERIOD 1934 TO 2015


WEATHER ITEM   OBSERVED RECORD YEAR NORMAL DEPARTURE LAST
                VALUE   VALUE       VALUE  FROM      YEAR
                                           NORMAL
...........................................................
TEMPERATURE (F)
 TODAY
  MAXIMUM         76     97    2012  82     -6
                               2005
  MINIMUM         63     44    1992  54      9
                               1965
  AVERAGE         70

PRECIPITATION (IN)
  TODAY            0.00   0.80 1964   0.02  -0.02      T
  MONTH TO DATE    0.91               0.69   0.22     1.95
  SINCE OCT 1     11.41              12.30  -0.89    16.76
  SINCE JAN 1      9.84               9.99  -0.15    11.87

...........................................................










-  INDICATES NEGATIVE NUMBERS.
R  INDICATES RECORD WAS SET OR TIED.
MM INDICATES DATA IS MISSING.
T  INDICATES TRACE AMOUNT.




$$
