395
CDUS45 KBYZ 260931
CLIBIL


CLIMATE REPORT
NATIONAL WEATHER SERVICE BILLINGS MT
331 AM MDT THU MAY 26 2016


...................................

...THE BILLINGS MT CLIMATE SUMMARY FOR MAY 25 2016...

CLIMATE NORMAL PERIOD 1981 TO 2010
CLIMATE RECORD PERIOD 1934 TO 2016


WEATHER ITEM   OBSERVED TIME   RECORD YEAR NORMAL DEPARTURE LAST
                VALUE   (LST)  VALUE       VALUE  FROM      YEAR
                                                  NORMAL
..................................................................
TEMPERATURE (F)
 YESTERDAY
  MAXIMUM         70    415 PM  88    1983  70      0       70
  MINIMUM         45    602 AM  31    2012  46     -1       50
  AVERAGE         58                        58      0       60

PRECIPITATION (IN)
  YESTERDAY        0.01          0.81 1980   0.08  -0.07      T
  MONTH TO DATE    1.83                      1.73   0.10     1.56
  SINCE OCT 1      8.04                      7.72   0.32     6.37
  SINCE JAN 1      5.19                      5.41  -0.22     4.80

SNOWFALL (IN)
  YESTERDAY        0.0           2.2  2012   0.1   -0.1      0.0
  MONTH TO DATE    T                         2.0   -2.0       T
  SINCE MAR 1      3.7                      20.5  -16.8     11.3
  SINCE JUL 1     28.1                      55.0  -26.9     55.4
  SNOW DEPTH       0

DEGREE DAYS
 HEATING
  YESTERDAY        7                         7      0        5
  MONTH TO DATE  241                       269    -28      313
  SINCE MAR 1   1374                      1681   -307     1379
  SINCE JUL 1   5635                      6646  -1011     6020

 COOLING
  YESTERDAY        0                         1     -1        0
  MONTH TO DATE    8                         7      1        0
  SINCE MAR 1     11                         8      3        0
  SINCE JAN 1     11                         8      3        0
..................................................................


WIND (MPH)
  HIGHEST WIND SPEED    25   HIGHEST WIND DIRECTION     N (360)
  HIGHEST GUST SPEED    32   HIGHEST GUST DIRECTION     N (350)
  AVERAGE WIND SPEED     6.9


SKY COVER
  POSSIBLE SUNSHINE  MM
  AVERAGE SKY COVER 0.6


WEATHER CONDITIONS
 THE FOLLOWING WEATHER WAS RECORDED YESTERDAY.
  THUNDERSTORM
  LIGHT RAIN


RELATIVE HUMIDITY (PERCENT)
 HIGHEST    93           500 AM
 LOWEST     25           400 PM
 AVERAGE    59

..........................................................


THE BILLINGS MT CLIMATE NORMALS FOR TODAY
                         NORMAL    RECORD    YEAR
 MAXIMUM TEMPERATURE (F)   70        95      1936
 MINIMUM TEMPERATURE (F)   47        31      2012


SUNRISE AND SUNSET
MAY 26 2016...........SUNRISE   531 AM MDT   SUNSET   852 PM MDT
MAY 27 2016...........SUNRISE   531 AM MDT   SUNSET   853 PM MDT


-  INDICATES NEGATIVE NUMBERS.
R  INDICATES RECORD WAS SET OR TIED.
MM INDICATES DATA IS MISSING.
T  INDICATES TRACE AMOUNT.





&&

...THE CLIMATE SUMMARY FOR SOUTHWEST BILLINGS FOR 25 MAY 2016...

HIGH TEMPERATURE........................72
LOW TEMPERATURE.........................43

PRECIPITATION...........................T
MONTHLY PRECIPITATION TOTAL.............2.65
YEARLY PRECIPITATION TOTAL..............5.65

SNOWFALL................................0.0
MONTHLY SNOWFALL TOTAL..................0.0
TOTAL SNOWFALL SINCE JULY 1.............25.8

SNOW DEPTH AT MIDNIGHT..................0

$$
