000
CDUS45 KBYZ 160933
CLIBIL


CLIMATE REPORT
NATIONAL WEATHER SERVICE BILLINGS MT
332 AM MDT WED APR 16 2014


...................................

...THE BILLINGS MT CLIMATE SUMMARY FOR APRIL 15 2014...

CLIMATE NORMAL PERIOD 1981 TO 2010
CLIMATE RECORD PERIOD 1934 TO 2014


WEATHER ITEM   OBSERVED TIME   RECORD YEAR NORMAL DEPARTURE LAST
                VALUE   (LST)  VALUE       VALUE  FROM      YEAR
                                                  NORMAL
..................................................................
TEMPERATURE (F)
 YESTERDAY
  MAXIMUM         59   1141 AM  85    1962  57      2       33
  MINIMUM         40   1159 PM  15    2013  35      5       15
  AVERAGE         50                        46      4       24

PRECIPITATION (IN)
  YESTERDAY        T             0.94 1940   0.06  -0.06     0.01
  MONTH TO DATE    0.07                      0.77  -0.70     0.73
  SINCE OCT 1      9.36                      5.10   4.26     3.92
  SINCE JAN 1      4.47                      2.79   1.68     1.87

SNOWFALL (IN)
  YESTERDAY        0.0           6.9  2002   0.3   -0.3      0.3
  MONTH TO DATE    0.6                       4.8   -4.2      3.4
  SINCE MAR 1     11.2                      15.0   -3.8      6.1
  SINCE JUL 1    101.4                      49.5   51.9     38.2
  SNOW DEPTH       0

DEGREE DAYS
 HEATING
  YESTERDAY       15                        19     -4       41
  MONTH TO DATE  315                       316     -1      373
  SINCE MAR 1   1282                      1161    121     1215
  SINCE JUL 1   6555                      6126    429     5776

 COOLING
  YESTERDAY        0                         0      0        0
  MONTH TO DATE    0                         0      0        0
  SINCE MAR 1      0                         0      0        0
  SINCE JAN 1      0                         0      0        0
..................................................................


WIND (MPH)
  HIGHEST WIND SPEED    35   HIGHEST WIND DIRECTION    NW (310)
  HIGHEST GUST SPEED    40   HIGHEST GUST DIRECTION    NW (310)
  AVERAGE WIND SPEED    19.6


SKY COVER
  POSSIBLE SUNSHINE  MM
  AVERAGE SKY COVER 0.8


WEATHER CONDITIONS
 THE FOLLOWING WEATHER WAS RECORDED YESTERDAY.
  LIGHT RAIN


RELATIVE HUMIDITY (PERCENT)
 HIGHEST    70           700 PM
 LOWEST     24          1100 AM
 AVERAGE    47

..........................................................


THE BILLINGS MT CLIMATE NORMALS FOR TODAY
                         NORMAL    RECORD    YEAR
 MAXIMUM TEMPERATURE (F)   58        82      1994
 MINIMUM TEMPERATURE (F)   35        20      1970


SUNRISE AND SUNSET
APRIL 16 2014.........SUNRISE   626 AM MDT   SUNSET   802 PM MDT
APRIL 17 2014.........SUNRISE   625 AM MDT   SUNSET   804 PM MDT


-  INDICATES NEGATIVE NUMBERS.
R  INDICATES RECORD WAS SET OR TIED.
MM INDICATES DATA IS MISSING.
T  INDICATES TRACE AMOUNT.





&&

...THE CLIMATE SUMMARY FOR SOUTHWEST BILLINGS FOR 15 APRIL 2014...

HIGH TEMPERATURE........................60
LOW TEMPERATURE.........................40

PRECIPITATION...........................T
MONTHLY PRECIPITATION TOTAL.............0.07
YEARLY PRECIPITATION TOTAL..............4.43

SNOWFALL................................0.0
MONTHLY SNOWFALL TOTAL..................0.8
TOTAL SNOWFALL SINCE JULY 1.............93.8

SNOW DEPTH AT MIDNIGHT..................0

$$
