000
CDUS45 KBYZ 171722
CLIBIL


CLIMATE REPORT
NATIONAL WEATHER SERVICE BILLINGS MT
1122 AM MDT THU AUG 17 2017


...................................

...THE BILLINGS MT CLIMATE SUMMARY FOR AUGUST 17 2017...
VALID AS OF 1100 AM LOCAL TIME.

CLIMATE NORMAL PERIOD 1981 TO 2010
CLIMATE RECORD PERIOD 1934 TO 2017


WEATHER ITEM   OBSERVED RECORD YEAR NORMAL DEPARTURE LAST
                VALUE   VALUE       VALUE  FROM      YEAR
                                           NORMAL
...........................................................
TEMPERATURE (F)
 TODAY
  MAXIMUM         70     99    1970  86    -16
                               1959
  MINIMUM         61     39    2002  58      3
  AVERAGE         66

PRECIPITATION (IN)
  TODAY            T      0.79 1990   0.02  -0.02      T
  MONTH TO DATE    0.17               0.42  -0.25     0.66
  SINCE OCT 1     16.80              12.03   4.77     9.59
  SINCE JAN 1     11.24               9.72   1.52     6.74

...........................................................










-  INDICATES NEGATIVE NUMBERS.
R  INDICATES RECORD WAS SET OR TIED.
MM INDICATES DATA IS MISSING.
T  INDICATES TRACE AMOUNT.




$$
