000
CDUS45 KBYZ 231716
CLIBIL


CLIMATE REPORT
NATIONAL WEATHER SERVICE BILLINGS MT
1116 AM MDT SAT AUG 23 2014


...................................

...THE BILLINGS MT CLIMATE SUMMARY FOR AUGUST 23 2014...
VALID AS OF 1100 AM LOCAL TIME.

CLIMATE NORMAL PERIOD 1981 TO 2010
CLIMATE RECORD PERIOD 1934 TO 2014


WEATHER ITEM   OBSERVED RECORD YEAR NORMAL DEPARTURE LAST
                VALUE   VALUE       VALUE  FROM      YEAR
                                           NORMAL
...........................................................
TEMPERATURE (F)
 TODAY
  MAXIMUM         61     99    1969  84    -23
  MINIMUM         56     39    1992  56      0
  AVERAGE         59

PRECIPITATION (IN)
  TODAY            0.38R  0.31 1983   0.02   0.36      T
                               1951
  MONTH TO DATE    1.38               0.55   0.83     0.19
  SINCE OCT 1     16.19              12.16   4.03    10.23
  SINCE JAN 1     11.30               9.85   1.45     8.18

...........................................................










-  INDICATES NEGATIVE NUMBERS.
R  INDICATES RECORD WAS SET OR TIED.
MM INDICATES DATA IS MISSING.
T  INDICATES TRACE AMOUNT.




$$
