000
CDUS45 KBYZ 191033
CLIBIL


CLIMATE REPORT
NATIONAL WEATHER SERVICE BILLINGS MT
331 AM MST THU JAN 19 2017


...................................

...THE BILLINGS MT CLIMATE SUMMARY FOR JANUARY 18 2017...

CLIMATE NORMAL PERIOD 1981 TO 2010
CLIMATE RECORD PERIOD 1934 TO 2017


WEATHER ITEM   OBSERVED TIME   RECORD YEAR NORMAL DEPARTURE LAST
                VALUE   (LST)  VALUE       VALUE  FROM      YEAR
                                                  NORMAL
..................................................................
TEMPERATURE (F)
 YESTERDAY
  MAXIMUM         45   1257 PM  62    2009  37      8       39
  MINIMUM         30    242 AM -25    1943  18     12       11
  AVERAGE         38                        27     11       25

PRECIPITATION (IN)
  YESTERDAY        0.00          0.44 1972   0.02  -0.02     0.00
  MONTH TO DATE    0.30                      0.28   0.02     0.29
  SINCE OCT 1      5.86                      2.59   3.27     3.14
  SINCE JAN 1      0.30                      0.28   0.02     0.29

SNOWFALL (IN)
  YESTERDAY        0.0           9.6  2012   0.3   -0.3      0.0
  MONTH TO DATE    6.2                       5.1    1.1      6.1
  SINCE DEC 1     36.6                      13.3   23.3     19.8
  SINCE JUL 1     41.9                      25.0   16.9     23.9
  SNOW DEPTH       6

DEGREE DAYS
 HEATING
  YESTERDAY       27                        38    -11       40
  MONTH TO DATE  958                       691    267      727
  SINCE DEC 1   2385                      1884    501     1830
  SINCE JUL 1   3644                      3512    132     3218

 COOLING
  YESTERDAY        0                         0      0        0
  MONTH TO DATE    0                         0      0        0
  SINCE DEC 1      0                         0      0        0
  SINCE JAN 1      0                         0      0        0
..................................................................


WIND (MPH)
  HIGHEST WIND SPEED    35   HIGHEST WIND DIRECTION    SW (240)
  HIGHEST GUST SPEED    40   HIGHEST GUST DIRECTION    SW (240)
  AVERAGE WIND SPEED    20.5


SKY COVER
  POSSIBLE SUNSHINE  MM
  AVERAGE SKY COVER 0.2


WEATHER CONDITIONS
 THE FOLLOWING WEATHER WAS RECORDED YESTERDAY.
  NO SIGNIFICANT WEATHER WAS OBSERVED.


RELATIVE HUMIDITY (PERCENT)
 HIGHEST    61          1100 PM
 LOWEST     39          1000 AM
 AVERAGE    50

..........................................................


THE BILLINGS MT CLIMATE NORMALS FOR TODAY
                         NORMAL    RECORD    YEAR
 MAXIMUM TEMPERATURE (F)   37        65      1986
 MINIMUM TEMPERATURE (F)   18       -26      1963


SUNRISE AND SUNSET
JANUARY 19 2017.......SUNRISE   748 AM MST   SUNSET   502 PM MST
JANUARY 20 2017.......SUNRISE   748 AM MST   SUNSET   503 PM MST


-  INDICATES NEGATIVE NUMBERS.
R  INDICATES RECORD WAS SET OR TIED.
MM INDICATES DATA IS MISSING.
T  INDICATES TRACE AMOUNT.





&&

...THE CLIMATE SUMMARY FOR SOUTHWEST BILLINGS FOR 18 JANUARY 2017...

HIGH TEMPERATURE........................44
LOW TEMPERATURE.........................28

PRECIPITATION...........................0.00
MONTHLY PRECIPITATION TOTAL.............0.36
YEARLY PRECIPITATION TOTAL..............0.36

SNOWFALL................................0.0
MONTHLY SNOWFALL TOTAL..................6.1
TOTAL SNOWFALL SINCE JULY 1.............34.6

SNOW DEPTH AT MIDNIGHT..................8

$$
