000
CDUS45 KBYZ 170723
CLIBIL


CLIMATE REPORT
NATIONAL WEATHER SERVICE BILLINGS MT
1223 AM MST WED JAN 17 2018


...................................

...THE BILLINGS MT CLIMATE SUMMARY FOR JANUARY 16 2018...

CLIMATE NORMAL PERIOD 1981 TO 2010
CLIMATE RECORD PERIOD 1934 TO 2018


WEATHER ITEM   OBSERVED TIME   RECORD YEAR NORMAL DEPARTURE LAST
                VALUE   (LST)  VALUE       VALUE  FROM      YEAR
                                                  NORMAL
..................................................................
TEMPERATURE (F)
 YESTERDAY
  MAXIMUM         33    327 PM  59    1974  37     -4       27
  MINIMUM         -2    243 AM -18    1954  18    -20       13
  AVERAGE         16                        27    -11       20

PRECIPITATION (IN)
  YESTERDAY        0.00          0.29 1984   0.02  -0.02     0.00
  MONTH TO DATE    0.42                      0.25   0.17     0.30
  SINCE OCT 1      4.07                      2.56   1.51     5.86
  SINCE JAN 1      0.42                      0.25   0.17     0.30

SNOWFALL (IN)
  YESTERDAY        0.0           3.1  2012   0.2   -0.2      0.0
  MONTH TO DATE    6.8                       4.5    2.3      6.2
  SINCE DEC 1     32.1                      12.7   19.4     36.6
  SINCE JUL 1     44.3                      24.4   19.9     41.9
  SNOW DEPTH       5

DEGREE DAYS
 HEATING
  YESTERDAY       49                        38     11       45
  MONTH TO DATE  690                       615     75      896
  SINCE DEC 1   1941                      1808    133     2323
  SINCE JUL 1   3543                      3436    107     3582

 COOLING
  YESTERDAY        0                         0      0        0
  MONTH TO DATE    0                         0      0        0
  SINCE DEC 1      0                         0      0        0
  SINCE JAN 1      0                         0      0        0
..................................................................


WIND (MPH)
  HIGHEST WIND SPEED    26   HIGHEST WIND DIRECTION    SW (240)
  HIGHEST GUST SPEED    31   HIGHEST GUST DIRECTION    SW (220)
  AVERAGE WIND SPEED    13.0


SKY COVER
  POSSIBLE SUNSHINE  MM
  AVERAGE SKY COVER 0.1


WEATHER CONDITIONS
 THE FOLLOWING WEATHER WAS RECORDED YESTERDAY.
  FOG


RELATIVE HUMIDITY (PERCENT)
 HIGHEST    87           600 AM
 LOWEST     43           300 PM
 AVERAGE    65

..........................................................


THE BILLINGS MT CLIMATE NORMALS FOR TODAY
                         NORMAL    RECORD    YEAR
 MAXIMUM TEMPERATURE (F)   37        60      1958
 MINIMUM TEMPERATURE (F)   18       -24      1943


SUNRISE AND SUNSET
JANUARY 17 2018.......SUNRISE   750 AM MST   SUNSET   459 PM MST
JANUARY 18 2018.......SUNRISE   749 AM MST   SUNSET   500 PM MST


-  INDICATES NEGATIVE NUMBERS.
R  INDICATES RECORD WAS SET OR TIED.
MM INDICATES DATA IS MISSING.
T  INDICATES TRACE AMOUNT.




$$
