000
CDUS45 KBYZ 252226
CLIBIL


CLIMATE REPORT
NATIONAL WEATHER SERVICE BILLINGS MT
426 PM MDT SAT OCT 25 2014


...................................

...THE BILLINGS MT CLIMATE SUMMARY FOR OCTOBER 25 2014...
VALID TODAY AS OF 0400 PM LOCAL TIME.

CLIMATE NORMAL PERIOD 1981 TO 2010
CLIMATE RECORD PERIOD 1934 TO 2014


WEATHER ITEM   OBSERVED TIME   RECORD YEAR NORMAL DEPARTURE LAST
                VALUE   (LST)  VALUE       VALUE  FROM      YEAR
                                                  NORMAL
..................................................................
TEMPERATURE (F)
 TODAY
  MAXIMUM         65    324 PM  78    1977  56      9       68
  MINIMUM         34    647 AM  18    1997  34      0       41
  AVERAGE         50                        45      5       55

PRECIPITATION (IN)
  TODAY            0.00          0.38 1946   0.03  -0.03     0.00
  MONTH TO DATE    0.16                      1.01  -0.85     2.29
  SINCE OCT 1      0.16                      1.01  -0.85     2.29
  SINCE JAN 1     12.62                     12.36   0.26    14.10

SNOWFALL (IN)
  TODAY            0.0           2.2  1954   0.2   -0.2      0.0
  MONTH TO DATE    T                         3.2   -3.2      0.3
  SINCE SEP 1      T                         4.3   -4.3      0.3
  SINCE JUL 1      T                         4.3   -4.3      0.3
  SNOW DEPTH       0

DEGREE DAYS
 HEATING
  TODAY           15                        20     -5       10
  MONTH TO DATE  232                       394   -162      468
  SINCE SEP 1    425                       586   -161      582
  SINCE JUL 1    473                       623   -150      582

 COOLING
  TODAY            0                         0      0        0
  MONTH TO DATE    0                         0      0        0
  SINCE SEP 1     66                        51     15      103
  SINCE JAN 1    618                       633    -15      840
..................................................................


WIND (MPH)
  HIGHEST WIND SPEED    14   HIGHEST WIND DIRECTION    SW (230)
  HIGHEST GUST SPEED    16   HIGHEST GUST DIRECTION    SW (230)
  AVERAGE WIND SPEED     6.9


SKY COVER
  POSSIBLE SUNSHINE  MM
  AVERAGE SKY COVER 0.1


WEATHER CONDITIONS
 THE FOLLOWING WEATHER WAS RECORDED TODAY.
  NO SIGNIFICANT WEATHER WAS OBSERVED.


RELATIVE HUMIDITY (PERCENT)
 HIGHEST    89           700 AM
 LOWEST     36           200 PM
 AVERAGE    63

..........................................................


THE BILLINGS MT CLIMATE NORMALS FOR TOMORROW
                         NORMAL    RECORD    YEAR
 MAXIMUM TEMPERATURE (F)   56        81      1983
 MINIMUM TEMPERATURE (F)   34        22      2002
                                             1970


SUNRISE AND SUNSET
OCTOBER 25 2014.......SUNRISE   745 AM MDT   SUNSET   611 PM MDT
OCTOBER 26 2014.......SUNRISE   746 AM MDT   SUNSET   610 PM MDT


-  INDICATES NEGATIVE NUMBERS.
R  INDICATES RECORD WAS SET OR TIED.
MM INDICATES DATA IS MISSING.
T  INDICATES TRACE AMOUNT.




$$
