000
CDUS45 KBYZ 050939
CLIBIL


CLIMATE REPORT
NATIONAL WEATHER SERVICE BILLINGS MT
334 AM MDT THU MAY 5 2016


...................................

...THE BILLINGS MT CLIMATE SUMMARY FOR MAY 4 2016...

CLIMATE NORMAL PERIOD 1981 TO 2010
CLIMATE RECORD PERIOD 1934 TO 2016


WEATHER ITEM   OBSERVED TIME   RECORD YEAR NORMAL DEPARTURE LAST
                VALUE   (LST)  VALUE       VALUE  FROM      YEAR
                                                  NORMAL
..................................................................
TEMPERATURE (F)
 YESTERDAY
  MAXIMUM         84    352 PM  87    1936  64     20       74
  MINIMUM         48    454 AM  21    1967  40      8       42
  AVERAGE         66                        52     14       58

PRECIPITATION (IN)
  YESTERDAY        0.00          1.33 1980   0.06  -0.06     0.00
  MONTH TO DATE    0.00                      0.25  -0.25     0.00
  SINCE OCT 1      6.21                      6.24  -0.03     4.81
  SINCE JAN 1      3.36                      3.93  -0.57     3.24

SNOWFALL (IN)
  YESTERDAY        0.0           0.7  1950   0.1   -0.1      0.0
  MONTH TO DATE    0.0                       0.5   -0.5      0.0
  SINCE MAR 1      3.7                      19.0  -15.3     11.3
  SINCE JUL 1     28.1                      53.5  -25.4     55.4
  SNOW DEPTH       0

DEGREE DAYS
 HEATING
  YESTERDAY        0                        13    -13        7
  MONTH TO DATE   30                        55    -25       22
  SINCE MAR 1   1163                      1467   -304     1088
  SINCE JUL 1   5424                      6432  -1008     5729

 COOLING
  YESTERDAY        1                         0      1        0
  MONTH TO DATE    1                         0      1        0
  SINCE MAR 1      4                         1      3        0
  SINCE JAN 1      4                         1      3        0
..................................................................


WIND (MPH)
  HIGHEST WIND SPEED    16   HIGHEST WIND DIRECTION    SW (230)
  HIGHEST GUST SPEED    21   HIGHEST GUST DIRECTION    SW (230)
  AVERAGE WIND SPEED     8.7


SKY COVER
  POSSIBLE SUNSHINE  MM
  AVERAGE SKY COVER 0.2


WEATHER CONDITIONS
 THE FOLLOWING WEATHER WAS RECORDED YESTERDAY.
  NO SIGNIFICANT WEATHER WAS OBSERVED.


RELATIVE HUMIDITY (PERCENT)
 HIGHEST    71           500 AM
 LOWEST     13           300 PM
 AVERAGE    42

..........................................................


THE BILLINGS MT CLIMATE NORMALS FOR TODAY
                         NORMAL    RECORD    YEAR
 MAXIMUM TEMPERATURE (F)   64        84      1936
 MINIMUM TEMPERATURE (F)   40        26      1967


SUNRISE AND SUNSET
MAY  5 2016...........SUNRISE   555 AM MDT   SUNSET   827 PM MDT
MAY  6 2016...........SUNRISE   553 AM MDT   SUNSET   829 PM MDT


-  INDICATES NEGATIVE NUMBERS.
R  INDICATES RECORD WAS SET OR TIED.
MM INDICATES DATA IS MISSING.
T  INDICATES TRACE AMOUNT.





&&

...THE CLIMATE SUMMARY FOR SOUTHWEST BILLINGS FOR 04 MAY 2016...

HIGH TEMPERATURE........................86
LOW TEMPERATURE.........................43

PRECIPITATION...........................0.00
MONTHLY PRECIPITATION TOTAL.............0.00
YEARLY PRECIPITATION TOTAL..............3.00

SNOWFALL................................0.0
MONTHLY SNOWFALL TOTAL..................0.0
TOTAL SNOWFALL SINCE JULY 1.............25.8

SNOW DEPTH AT MIDNIGHT..................0

$$
