000
CDUS43 KBIS 230722
CLIBIS


CLIMATE REPORT
NATIONAL WEATHER SERVICE BISMARCK ND
221 AM CDT WED JUL 23 2014


...................................

...THE BISMARCK ND CLIMATE SUMMARY FOR JULY 22 2014...

CLIMATE NORMAL PERIOD 1981 TO 2010
CLIMATE RECORD PERIOD 1875 TO 2014


WEATHER ITEM   OBSERVED TIME   RECORD YEAR NORMAL DEPARTURE LAST
                VALUE   (LST)  VALUE       VALUE  FROM      YEAR
                                                  NORMAL
..................................................................
TEMPERATURE (F)
 YESTERDAY
  MAXIMUM         82    521 PM 103    1901  86     -4       75
  MINIMUM         62    325 AM  43    1896  58      4       59
  AVERAGE         72                        72      0       67

PRECIPITATION (IN)
  YESTERDAY        0.00          2.20 1993   0.09  -0.09     0.00
  MONTH TO DATE    0.72                      2.12  -1.40     1.25
  SINCE JUN 1      3.74                      5.29  -1.55     3.96
  SINCE JAN 1      7.93                     10.76  -2.83    14.56

SNOWFALL (IN)
  YESTERDAY        0.0           0.0  2002   0.0    0.0      0.0
                                      2001
  MONTH TO DATE    0.0                       0.0    0.0      0.0
  SINCE JUN 1      0.0                       0.0    0.0      0.0
  SINCE JUL 1      0.0                       0.0    0.0      0.0
  SNOW DEPTH       0

DEGREE DAYS
 HEATING
  YESTERDAY        0                         0      0        0
  MONTH TO DATE   21                        13      8        1
  SINCE JUN 1    115                       106      9       87
  SINCE JUL 1     21                        13      8        1

 COOLING
  YESTERDAY        7                         7      0        2
  MONTH TO DATE  111                       137    -26      174
  SINCE JUN 1    164                       220    -56      258
  SINCE JAN 1    215                       237    -22      270
..................................................................


WIND (MPH)
  HIGHEST WIND SPEED    12   HIGHEST WIND DIRECTION     E (90)
  HIGHEST GUST SPEED    14   HIGHEST GUST DIRECTION     E (90)
  AVERAGE WIND SPEED     5.0


SKY COVER
  POSSIBLE SUNSHINE  MM
  AVERAGE SKY COVER 0.4


WEATHER CONDITIONS
 THE FOLLOWING WEATHER WAS RECORDED YESTERDAY.
  NO SIGNIFICANT WEATHER WAS OBSERVED.


RELATIVE HUMIDITY (PERCENT)
 HIGHEST   100           400 AM
 LOWEST     46           400 PM
 AVERAGE    73

..........................................................


THE BISMARCK ND CLIMATE NORMALS FOR TODAY
                         NORMAL    RECORD    YEAR
 MAXIMUM TEMPERATURE (F)   86       106      2007
                                             1901
 MINIMUM TEMPERATURE (F)   58        42      2004


SUNRISE AND SUNSET
JULY 23 2014..........SUNRISE   613 AM CDT   SUNSET   926 PM CDT
JULY 24 2014..........SUNRISE   614 AM CDT   SUNSET   925 PM CDT


-  INDICATES NEGATIVE NUMBERS.
R  INDICATES RECORD WAS SET OR TIED.
MM INDICATES DATA IS MISSING.
T  INDICATES TRACE AMOUNT.




$$
