000
CDUS43 KBIS 010727
CLIBIS


CLIMATE REPORT
NATIONAL WEATHER SERVICE BISMARCK ND
126 AM CST SUN FEB 1 2015


...................................

...THE BISMARCK ND CLIMATE SUMMARY FOR JANUARY 31 2015...

CLIMATE NORMAL PERIOD 1981 TO 2010
CLIMATE RECORD PERIOD 1875 TO 2015


WEATHER ITEM   OBSERVED TIME   RECORD YEAR NORMAL DEPARTURE LAST
                VALUE   (LST)  VALUE       VALUE  FROM      YEAR
                                                  NORMAL
..................................................................
TEMPERATURE (F)
 YESTERDAY
  MAXIMUM         25   1218 AM  53    1931  25      0       20
  MINIMUM         -3   1159 PM -40    1959   4     -7      -13
  AVERAGE         11                        14     -3        4

PRECIPITATION (IN)
  YESTERDAY        0.08          0.25 1911   0.01   0.07     0.00
  MONTH TO DATE    0.75                      0.43   0.32     0.38
  SINCE DEC 1      0.86                      0.92  -0.06     1.64
  SINCE JAN 1      0.75                      0.43   0.32     0.38

SNOWFALL (IN)
  YESTERDAY        1.6           3.9  1965   0.2    1.4      0.0
  MONTH TO DATE    7.2                       8.9   -1.7      5.8
  SINCE DEC 1      9.6                      18.2   -8.6     21.3
  SINCE JUL 1     17.5                      29.4  -11.9     22.9
  SNOW DEPTH       0

DEGREE DAYS
 HEATING
  YESTERDAY       54                        51      3       61
  MONTH TO DATE 1418                      1620   -202     1579
  SINCE DEC 1   2813                      3132   -319     3354
  SINCE JUL 1   4885                      5118   -233     5309

 COOLING
  YESTERDAY        0                         0      0        0
  MONTH TO DATE    0                         0      0        0
  SINCE DEC 1      0                         0      0        0
  SINCE JAN 1      0                         0      0        0
..................................................................


WIND (MPH)
  HIGHEST WIND SPEED    22   HIGHEST WIND DIRECTION    NE (50)
  HIGHEST GUST SPEED    26   HIGHEST GUST DIRECTION    NE (60)
  AVERAGE WIND SPEED    15.4


SKY COVER
  POSSIBLE SUNSHINE  MM
  AVERAGE SKY COVER 0.9


WEATHER CONDITIONS
 THE FOLLOWING WEATHER WAS RECORDED YESTERDAY.
  LIGHT SNOW
  FOG


RELATIVE HUMIDITY (PERCENT)
 HIGHEST    96           300 AM
 LOWEST     58           300 PM
 AVERAGE    77

..........................................................


THE BISMARCK ND CLIMATE NORMALS FOR TODAY
                         NORMAL    RECORD    YEAR
 MAXIMUM TEMPERATURE (F)   25        60      1992
 MINIMUM TEMPERATURE (F)    4       -43      1887


SUNRISE AND SUNSET
FEBRUARY  1 2015......SUNRISE   808 AM CST   SUNSET   546 PM CST
FEBRUARY  2 2015......SUNRISE   806 AM CST   SUNSET   548 PM CST


-  INDICATES NEGATIVE NUMBERS.
R  INDICATES RECORD WAS SET OR TIED.
MM INDICATES DATA IS MISSING.
T  INDICATES TRACE AMOUNT.




$$
