000
CDUS43 KBIS 280744
CLIBIS


CLIMATE REPORT
NATIONAL WEATHER SERVICE BISMARCK ND
243 AM CDT TUE JUL 28 2015


...................................

...THE BISMARCK ND CLIMATE SUMMARY FOR JULY 27 2015...

CLIMATE NORMAL PERIOD 1981 TO 2010
CLIMATE RECORD PERIOD 1875 TO 2015


WEATHER ITEM   OBSERVED TIME   RECORD YEAR NORMAL DEPARTURE LAST
                VALUE   (LST)  VALUE       VALUE  FROM      YEAR
                                                  NORMAL
..................................................................
TEMPERATURE (F)
 YESTERDAY
  MAXIMUM         93    412 PM 107    1931  86      7       71
  MINIMUM         68    557 AM  39    2013  58     10       52
  AVERAGE         81                        72      9       62

PRECIPITATION (IN)
  YESTERDAY        T             1.10 2004   0.08  -0.08     0.00
  MONTH TO DATE    1.51                      2.55  -1.04     0.73
  SINCE JUN 1      6.49                      5.72   0.77     3.75
  SINCE JAN 1     13.76                     11.19   2.57     7.94

SNOWFALL (IN)
  YESTERDAY        0.0           0.0  2002   0.0    0.0      0.0
                                      2001
  MONTH TO DATE    0.0                       0.0    0.0      0.0
  SINCE JUN 1      0.0                       0.0    0.0      0.0
  SINCE JUL 1      0.0                       0.0    0.0      0.0
  SNOW DEPTH       0

DEGREE DAYS
 HEATING
  YESTERDAY        0                         0      0        3
  MONTH TO DATE    7                        13     -6       24
  SINCE JUN 1     50                       106    -56      118
  SINCE JUL 1      7                        13     -6       24

 COOLING
  YESTERDAY       16                         7      9        0
  MONTH TO DATE  210                       172     38      137
  SINCE JUN 1    304                       255     49      190
  SINCE JAN 1    310                       272     38      241
..................................................................


WIND (MPH)
  HIGHEST WIND SPEED    39   HIGHEST WIND DIRECTION    SW (210)
  HIGHEST GUST SPEED    50   HIGHEST GUST DIRECTION     S (200)
  AVERAGE WIND SPEED    14.8


SKY COVER
  POSSIBLE SUNSHINE  MM
  AVERAGE SKY COVER 0.1


WEATHER CONDITIONS
 THE FOLLOWING WEATHER WAS RECORDED YESTERDAY.
  THUNDERSTORM
  LIGHT RAIN


RELATIVE HUMIDITY (PERCENT)
 HIGHEST    74          1000 PM
 LOWEST     44           300 PM
 AVERAGE    59

..........................................................


THE BISMARCK ND CLIMATE NORMALS FOR TODAY
                         NORMAL    RECORD    YEAR
 MAXIMUM TEMPERATURE (F)   86       107      1917
 MINIMUM TEMPERATURE (F)   58        41      1976


SUNRISE AND SUNSET
JULY 28 2015..........SUNRISE   618 AM CDT   SUNSET   920 PM CDT
JULY 29 2015..........SUNRISE   619 AM CDT   SUNSET   919 PM CDT


-  INDICATES NEGATIVE NUMBERS.
R  INDICATES RECORD WAS SET OR TIED.
MM INDICATES DATA IS MISSING.
T  INDICATES TRACE AMOUNT.




$$
