000
CDUS43 KBIS 220743
CLIBIS


CLIMATE REPORT
NATIONAL WEATHER SERVICE BISMARCK ND
143 AM CST MON JAN 22 2018


...................................

...THE BISMARCK ND CLIMATE SUMMARY FOR JANUARY 21 2018...

CLIMATE NORMAL PERIOD 1981 TO 2010
CLIMATE RECORD PERIOD 1875 TO 2018


WEATHER ITEM   OBSERVED TIME   RECORD YEAR NORMAL DEPARTURE LAST
                VALUE   (LST)  VALUE       VALUE  FROM      YEAR
                                                  NORMAL
..................................................................
TEMPERATURE (F)
 YESTERDAY
  MAXIMUM         28    445 PM  53    1942  24      4       32
  MINIMUM          9    726 AM -37    1954   2      7       14
  AVERAGE         19                        13      6       23

PRECIPITATION (IN)
  YESTERDAY        0.00          0.67 1952   0.01  -0.01      T
  MONTH TO DATE    0.42                      0.31   0.11     0.61
  SINCE DEC 1      0.84                      0.80   0.04     2.66
  SINCE JAN 1      0.42                      0.31   0.11     0.61

SNOWFALL (IN)
  YESTERDAY        0.0           7.9  1952   0.2   -0.2       T
  MONTH TO DATE    6.1                       6.4   -0.3     14.0
  SINCE DEC 1     11.7                      15.7   -4.0     38.5
  SINCE JUL 1     13.0                      26.9  -13.9     57.5

DEGREE DAYS
 HEATING
  YESTERDAY       46                        52     -6       42
  MONTH TO DATE 1147                      1104     43     1299
  SINCE DEC 1   2547                      2618    -71     2979
  SINCE JUL 1   4286                      4604   -318     4459

 COOLING
  YESTERDAY        0                         0      0        0
  MONTH TO DATE    0                         0      0        0
  SINCE DEC 1      0                         0      0        0
  SINCE JAN 1      0                         0      0        0
..................................................................


WIND (MPH)
  HIGHEST WIND SPEED    10   HIGHEST WIND DIRECTION    NE (50)
  HIGHEST GUST SPEED    12   HIGHEST GUST DIRECTION    NE (40)
  AVERAGE WIND SPEED     2.6


SKY COVER
  POSSIBLE SUNSHINE  MM
  AVERAGE SKY COVER 0.0


WEATHER CONDITIONS
 THE FOLLOWING WEATHER WAS RECORDED YESTERDAY.
  FOG
  FOG W/VISIBILITY <= 1/4 MILE


RELATIVE HUMIDITY (PERCENT)
 HIGHEST   100           800 AM
 LOWEST     75           400 PM
 AVERAGE    88

..........................................................


THE BISMARCK ND CLIMATE NORMALS FOR TODAY
                         NORMAL    RECORD    YEAR
 MAXIMUM TEMPERATURE (F)   24        54      1942
 MINIMUM TEMPERATURE (F)    2       -37      1937
                                             1886


SUNRISE AND SUNSET
JANUARY 22 2018.......SUNRISE   818 AM CST   SUNSET   532 PM CST
JANUARY 23 2018.......SUNRISE   817 AM CST   SUNSET   533 PM CST


-  INDICATES NEGATIVE NUMBERS.
R  INDICATES RECORD WAS SET OR TIED.
MM INDICATES DATA IS MISSING.
T  INDICATES TRACE AMOUNT.




$$
