000
CDUS43 KBIS 170740
CLIBIS


CLIMATE REPORT
NATIONAL WEATHER SERVICE BISMARCK ND
139 AM CST FRI NOV 17 2017


...................................

...THE BISMARCK ND CLIMATE SUMMARY FOR NOVEMBER 16 2017...

CLIMATE NORMAL PERIOD 1981 TO 2010
CLIMATE RECORD PERIOD 1875 TO 2017


WEATHER ITEM   OBSERVED TIME   RECORD YEAR NORMAL DEPARTURE LAST
                VALUE   (LST)  VALUE       VALUE  FROM      YEAR
                                                  NORMAL
..................................................................
TEMPERATURE (F)
 YESTERDAY
  MAXIMUM         43    854 PM  70    1905  39      4       61
  MINIMUM         20    452 AM -15    1955  19      1       33
  AVERAGE         32                        29      3       47

PRECIPITATION (IN)
  YESTERDAY        T             0.55 1958   0.02  -0.02     0.00
  MONTH TO DATE    0.16                      0.44  -0.28     0.00
  SINCE SEP 1      1.73                      3.28  -1.55     1.46
  SINCE JAN 1     13.37                     17.09  -3.72    20.00

SNOWFALL (IN)
  YESTERDAY        0.0           5.1  1958
  MONTH TO DATE    1.3
  SINCE SEP 1      1.3
  SINCE JUL 1      1.3

DEGREE DAYS
 HEATING
  YESTERDAY       33                        36     -3       18
  MONTH TO DATE  599                       512     87      280
  SINCE SEP 1   1338                      1369    -31      972
  SINCE JUL 1   1350                      1424    -74     1005

 COOLING
  YESTERDAY        0                         0      0        0
  MONTH TO DATE    0                         0      0        0
  SINCE SEP 1     49                        39     10       31
  SINCE JAN 1    615                       520     95      548
..................................................................


WIND (MPH)
  HIGHEST WIND SPEED    29   HIGHEST WIND DIRECTION    SE (150)
  HIGHEST GUST SPEED    34   HIGHEST GUST DIRECTION    SE (150)
  AVERAGE WIND SPEED    13.0


SKY COVER
  POSSIBLE SUNSHINE  MM
  AVERAGE SKY COVER 0.6


WEATHER CONDITIONS
 THE FOLLOWING WEATHER WAS RECORDED YESTERDAY.
  NO SIGNIFICANT WEATHER WAS OBSERVED.


RELATIVE HUMIDITY (PERCENT)
 HIGHEST    91          1200 AM
 LOWEST     53           300 PM
 AVERAGE    72

..........................................................


THE BISMARCK ND CLIMATE NORMALS FOR TODAY
                         NORMAL    RECORD    YEAR
 MAXIMUM TEMPERATURE (F)   39        66      1908
 MINIMUM TEMPERATURE (F)   18       -14      1874


SUNRISE AND SUNSET
NOVEMBER 17 2017......SUNRISE   749 AM CST   SUNSET   507 PM CST
NOVEMBER 18 2017......SUNRISE   750 AM CST   SUNSET   506 PM CST


-  INDICATES NEGATIVE NUMBERS.
R  INDICATES RECORD WAS SET OR TIED.
MM INDICATES DATA IS MISSING.
T  INDICATES TRACE AMOUNT.




$$
