000
CDUS43 KBIS 170738
CLIBIS


CLIMATE REPORT
NATIONAL WEATHER SERVICE BISMARCK ND
238 AM CDT WED SEP 17 2014


...................................

...THE BISMARCK ND CLIMATE SUMMARY FOR SEPTEMBER 16 2014...

CLIMATE NORMAL PERIOD 1981 TO 2010
CLIMATE RECORD PERIOD 1875 TO 2014


WEATHER ITEM   OBSERVED TIME   RECORD YEAR NORMAL DEPARTURE LAST
                VALUE   (LST)  VALUE       VALUE  FROM      YEAR
                                                  NORMAL
..................................................................
TEMPERATURE (F)
 YESTERDAY
  MAXIMUM         77    431 PM  95    1908  72      5       71
  MINIMUM         40    630 AM  26    1973  45     -5       44
  AVERAGE         59                        58      1       58

PRECIPITATION (IN)
  YESTERDAY        0.00          0.76 1986   0.05  -0.05     0.00
  MONTH TO DATE    0.23                      0.92  -0.69     3.87
  SINCE SEP 1      0.23                      0.92  -0.69     3.87
  SINCE JAN 1     12.92                     14.73  -1.81    20.18

SNOWFALL (IN)
  YESTERDAY        0.0           2.5  1965   0.0    0.0      0.0
  MONTH TO DATE    0.0                       0.0    0.0      0.0
  SINCE SEP 1      0.0                       0.0    0.0      0.0
  SINCE JUL 1      0.0                       0.0    0.0      0.0
  SNOW DEPTH       0

DEGREE DAYS
 HEATING
  YESTERDAY        6                         8     -2        7
  MONTH TO DATE  135                        84     51       25
  SINCE SEP 1    135                        84     51       25
  SINCE JUL 1    197                       139     58       53

 COOLING
  YESTERDAY        0                         1     -1        0
  MONTH TO DATE    7                        31    -24       67
  SINCE SEP 1      7                        31    -24       67
  SINCE JAN 1    413                       512    -99      547
..................................................................


WIND (MPH)
  HIGHEST WIND SPEED     9   HIGHEST WIND DIRECTION     E (100)
  HIGHEST GUST SPEED    12   HIGHEST GUST DIRECTION    SE (150)
  AVERAGE WIND SPEED     3.4


SKY COVER
  POSSIBLE SUNSHINE  MM
  AVERAGE SKY COVER 0.0


WEATHER CONDITIONS
 THE FOLLOWING WEATHER WAS RECORDED YESTERDAY.
  FOG
  HAZE


RELATIVE HUMIDITY (PERCENT)
 HIGHEST    89           500 AM
 LOWEST     33           300 PM
 AVERAGE    61

..........................................................


THE BISMARCK ND CLIMATE NORMALS FOR TODAY
                         NORMAL    RECORD    YEAR
 MAXIMUM TEMPERATURE (F)   71        96      1989
 MINIMUM TEMPERATURE (F)   44        27      1993
                                             1973


SUNRISE AND SUNSET
SEPTEMBER 17 2014.....SUNRISE   723 AM CDT   SUNSET   751 PM CDT
SEPTEMBER 18 2014.....SUNRISE   725 AM CDT   SUNSET   749 PM CDT


-  INDICATES NEGATIVE NUMBERS.
R  INDICATES RECORD WAS SET OR TIED.
MM INDICATES DATA IS MISSING.
T  INDICATES TRACE AMOUNT.




$$
