000
CDUS43 KBIS 250030
CLIBIS


CLIMATE REPORT
NATIONAL WEATHER SERVICE BISMARCK ND
729 PM CDT MON APR 24 2017


...................................

...THE BISMARCK ND CLIMATE SUMMARY FOR APRIL 24 2017...
VALID TODAY AS OF 0700 PM LOCAL TIME.

CLIMATE NORMAL PERIOD 1981 TO 2010
CLIMATE RECORD PERIOD 1875 TO 2017


WEATHER ITEM   OBSERVED TIME   RECORD YEAR NORMAL DEPARTURE LAST
                VALUE   (LST)  VALUE       VALUE  FROM      YEAR
                                                  NORMAL
..................................................................
TEMPERATURE (F)
 TODAY
  MAXIMUM         41    344 PM  91    1962  61    -20       49
  MINIMUM         33    627 AM  19    1934  34     -1       42
                                      1919
  AVERAGE         37                        48    -11       46

PRECIPITATION (IN)
  TODAY            0.13          1.58 2016   0.05   0.08     1.58
  MONTH TO DATE    0.96                      0.93   0.03     3.05
  SINCE MAR 1      1.48                      1.80  -0.32     3.48
  SINCE JAN 1      2.88                      2.74   0.14     4.12

SNOWFALL (IN)
  TODAY           MM             6.2  1909   0.1   MM        0.0
  MONTH TO DATE    0.0                       3.8   -3.8      0.2
  SINCE MAR 1      8.7                      12.9   -4.2      3.5
  SINCE JUL 1     71.6                      50.4   21.2     24.1
  SNOW DEPTH       0

DEGREE DAYS
 HEATING
  TODAY           28                        18     10       19
  MONTH TO DATE  443                       540    -97      473
  SINCE MAR 1   1486                      1628   -142     1271
  SINCE JUL 1   7488                      8059   -571     6591

 COOLING
  TODAY            0                         0      0        0
  MONTH TO DATE    0                         0      0        0
  SINCE MAR 1      0                         0      0        0
  SINCE JAN 1      0                         0      0        0
..................................................................


WIND (MPH)
  RESULTANT WIND SPEED  11   RESULTANT WIND DIRECTION  NE (30)
  HIGHEST WIND SPEED    20   HIGHEST WIND DIRECTION     E (70)
  HIGHEST GUST SPEED    23   HIGHEST GUST DIRECTION    NE (60)
  AVERAGE WIND SPEED    12.1


SKY COVER
  POSSIBLE SUNSHINE  MM
  AVERAGE SKY COVER 1.0


WEATHER CONDITIONS
 THE FOLLOWING WEATHER WAS RECORDED TODAY.
  LIGHT RAIN
  FOG


RELATIVE HUMIDITY (PERCENT)
 HIGHEST    96           300 AM
 LOWEST     76           600 PM
 AVERAGE    86

..........................................................


THE BISMARCK ND CLIMATE NORMALS FOR TOMORROW
                         NORMAL    RECORD    YEAR
 MAXIMUM TEMPERATURE (F)   62        90      1891
 MINIMUM TEMPERATURE (F)   34        15      1907


SUNRISE AND SUNSET
APRIL 24 2017.........SUNRISE   639 AM CDT   SUNSET   844 PM CDT
APRIL 25 2017.........SUNRISE   637 AM CDT   SUNSET   845 PM CDT


-  INDICATES NEGATIVE NUMBERS.
R  INDICATES RECORD WAS SET OR TIED.
MM INDICATES DATA IS MISSING.
T  INDICATES TRACE AMOUNT.




$$
