000
CDUS43 KBIS 050742
CLIBIS


CLIMATE REPORT
NATIONAL WEATHER SERVICE BISMARCK ND
142 AM CST MON DEC 5 2016


...................................

...THE BISMARCK ND CLIMATE SUMMARY FOR DECEMBER 4 2016...

CLIMATE NORMAL PERIOD 1981 TO 2010
CLIMATE RECORD PERIOD 1875 TO 2016


WEATHER ITEM   OBSERVED TIME   RECORD YEAR NORMAL DEPARTURE LAST
                VALUE   (LST)  VALUE       VALUE  FROM      YEAR
                                                  NORMAL
..................................................................
TEMPERATURE (F)
 YESTERDAY
  MAXIMUM         35    247 AM  65    1979  30      5       46
  MINIMUM         14    715 PM -20    1875  10      4       20
  AVERAGE         25                        20      5       33

PRECIPITATION (IN)
  YESTERDAY        T             0.45 1926   0.02  -0.02     0.00
  MONTH TO DATE    0.03                      0.07  -0.04     0.15
  SINCE DEC 1      0.03                      0.07  -0.04     0.15
  SINCE JAN 1     21.45                     17.43   4.02    16.97

SNOWFALL (IN)
  YESTERDAY        T             4.4  1926   0.3   -0.3      0.0
  MONTH TO DATE    0.4                       1.2   -0.8      1.9
  SINCE DEC 1      0.4                       1.2   -0.8      1.9
  SINCE JUL 1     19.4                      12.4    7.0      3.7
  SNOW DEPTH       5

DEGREE DAYS
 HEATING
  YESTERDAY       40                        45     -5       32
  MONTH TO DATE  162                       178    -16      148
  SINCE DEC 1    162                       178    -16      148
  SINCE JUL 1   1642                      2164   -522     1733

 COOLING
  YESTERDAY        0                         0      0        0
  MONTH TO DATE    0                         0      0        0
  SINCE DEC 1      0                         0      0        0
  SINCE JAN 1    548                       520     28      622
..................................................................


WIND (MPH)
  HIGHEST WIND SPEED    21   HIGHEST WIND DIRECTION     W (270)
  HIGHEST GUST SPEED    26   HIGHEST GUST DIRECTION     W (270)
  AVERAGE WIND SPEED     9.1


SKY COVER
  POSSIBLE SUNSHINE  MM
  AVERAGE SKY COVER 0.5


WEATHER CONDITIONS
 THE FOLLOWING WEATHER WAS RECORDED YESTERDAY.
  LIGHT SNOW


RELATIVE HUMIDITY (PERCENT)
 HIGHEST   100          1100 PM
 LOWEST     61           300 PM
 AVERAGE    81

..........................................................


THE BISMARCK ND CLIMATE NORMALS FOR TODAY
                         NORMAL    RECORD    YEAR
 MAXIMUM TEMPERATURE (F)   29        60      1988
                                             1881
 MINIMUM TEMPERATURE (F)   10       -25      1880


SUNRISE AND SUNSET
DECEMBER  5 2016......SUNRISE   812 AM CST   SUNSET   455 PM CST
DECEMBER  6 2016......SUNRISE   813 AM CST   SUNSET   455 PM CST


-  INDICATES NEGATIVE NUMBERS.
R  INDICATES RECORD WAS SET OR TIED.
MM INDICATES DATA IS MISSING.
T  INDICATES TRACE AMOUNT.




$$
