000
CDUS43 KBIS 250725
CLIBIS


CLIMATE REPORT
NATIONAL WEATHER SERVICE BISMARCK ND
224 AM CDT MON SEP 25 2017


...................................

...THE BISMARCK ND CLIMATE SUMMARY FOR SEPTEMBER 24 2017...

CLIMATE NORMAL PERIOD 1981 TO 2010
CLIMATE RECORD PERIOD 1875 TO 2017


WEATHER ITEM   OBSERVED TIME   RECORD YEAR NORMAL DEPARTURE LAST
                VALUE   (LST)  VALUE       VALUE  FROM      YEAR
                                                  NORMAL
..................................................................
TEMPERATURE (F)
 YESTERDAY
  MAXIMUM         53    401 PM  95    1885  68    -15       80
  MINIMUM         45    959 PM  23    1926  41      4       53
  AVERAGE         49                        55     -6       67

PRECIPITATION (IN)
  YESTERDAY        0.47          0.90 1900   0.05   0.42     0.00
  MONTH TO DATE    1.39                      1.32   0.07     1.16
  SINCE SEP 1      1.39                      1.32   0.07     1.16
  SINCE JAN 1     13.03                     15.13  -2.10    19.70

DEGREE DAYS
 HEATING
  YESTERDAY       16                        11      5        0
  MONTH TO DATE  119                       158    -39      117
  SINCE SEP 1    119                       158    -39      117
  SINCE JUL 1    131                       213    -82      150

 COOLING
  YESTERDAY        0                         0      0        2
  MONTH TO DATE   49                        37     12       29
  SINCE SEP 1     49                        37     12       29
  SINCE JAN 1    615                       518     97      546
..................................................................


WIND (MPH)
  HIGHEST WIND SPEED    17   HIGHEST WIND DIRECTION     N (340)
  HIGHEST GUST SPEED    24   HIGHEST GUST DIRECTION    NW (330)
  AVERAGE WIND SPEED     9.9


SKY COVER
  POSSIBLE SUNSHINE  MM
  AVERAGE SKY COVER 0.9


WEATHER CONDITIONS
 THE FOLLOWING WEATHER WAS RECORDED YESTERDAY.
  RAIN
  LIGHT RAIN
  FOG


RELATIVE HUMIDITY (PERCENT)
 HIGHEST   100          1200 AM
 LOWEST     80           800 PM
 AVERAGE    90

..........................................................


THE BISMARCK ND CLIMATE NORMALS FOR TODAY
                         NORMAL    RECORD    YEAR
 MAXIMUM TEMPERATURE (F)   68        93      2014
 MINIMUM TEMPERATURE (F)   41        19      1926


SUNRISE AND SUNSET
SEPTEMBER 25 2017.....SUNRISE   734 AM CDT   SUNSET   734 PM CDT
SEPTEMBER 26 2017.....SUNRISE   735 AM CDT   SUNSET   732 PM CDT


-  INDICATES NEGATIVE NUMBERS.
R  INDICATES RECORD WAS SET OR TIED.
MM INDICATES DATA IS MISSING.
T  INDICATES TRACE AMOUNT.




$$
