000
CDUS43 KBIS 250035
CLIBIS


CLIMATE REPORT
NATIONAL WEATHER SERVICE BISMARCK ND
634 PM CST TUE JAN 24 2017


...................................

...THE BISMARCK ND CLIMATE SUMMARY FOR JANUARY 24 2017...
VALID TODAY AS OF 0600 PM LOCAL TIME.

CLIMATE NORMAL PERIOD 1981 TO 2010
CLIMATE RECORD PERIOD 1875 TO 2017


WEATHER ITEM   OBSERVED TIME   RECORD YEAR NORMAL DEPARTURE LAST
                VALUE   (LST)  VALUE       VALUE  FROM      YEAR
                                                  NORMAL
..................................................................
TEMPERATURE (F)
 TODAY
  MAXIMUM         29   1257 AM  54    1942  24      5       28
  MINIMUM         24    850 AM -34    1904   2     22       21
  AVERAGE         27                        13     14       25

PRECIPITATION (IN)
  TODAY            T             0.24 2015   0.02  -0.02     0.01
  MONTH TO DATE    0.61                      0.35   0.26     0.21
  SINCE DEC 1      2.66                      0.84   1.82     1.12
  SINCE JAN 1      0.61                      0.35   0.26     0.21

SNOWFALL (IN)
  TODAY            T             5.6  1982   0.3   -0.3      0.2
  MONTH TO DATE   14.0                       7.2    6.8      3.0
  SINCE DEC 1     38.5                      16.5   22.0     15.8
  SINCE JUL 1     57.5                      27.7   29.8     17.6
  SNOW DEPTH      16

DEGREE DAYS
 HEATING
  TODAY           38                        52    -14       40
  MONTH TO DATE 1412                      1260    152     1244
  SINCE DEC 1   3092                      2774    318     2567
  SINCE JUL 1   4572                      4760   -188     4152

 COOLING
  TODAY            0                         0      0        0
  MONTH TO DATE    0                         0      0        0
  SINCE DEC 1      0                         0      0        0
  SINCE JAN 1      0                         0      0        0
..................................................................


WIND (MPH)
  RESULTANT WIND SPEED   8   RESULTANT WIND DIRECTION  NW (330)
  HIGHEST WIND SPEED    16   HIGHEST WIND DIRECTION     N (340)
  HIGHEST GUST SPEED    22   HIGHEST GUST DIRECTION    NW (320)
  AVERAGE WIND SPEED     8.2


SKY COVER
  POSSIBLE SUNSHINE  MM
  AVERAGE SKY COVER 1.0


WEATHER CONDITIONS
 THE FOLLOWING WEATHER WAS RECORDED TODAY.
  NO SIGNIFICANT WEATHER WAS OBSERVED.


RELATIVE HUMIDITY (PERCENT)
 HIGHEST    85          1200 AM
 LOWEST     68          1200 PM
 AVERAGE    77

..........................................................


THE BISMARCK ND CLIMATE NORMALS FOR TOMORROW
                         NORMAL    RECORD    YEAR
 MAXIMUM TEMPERATURE (F)   24        49      2002
                                             1942
 MINIMUM TEMPERATURE (F)    3       -35      1904


SUNRISE AND SUNSET
JANUARY 24 2017.......SUNRISE   816 AM CST   SUNSET   535 PM CST
JANUARY 25 2017.......SUNRISE   815 AM CST   SUNSET   536 PM CST


-  INDICATES NEGATIVE NUMBERS.
R  INDICATES RECORD WAS SET OR TIED.
MM INDICATES DATA IS MISSING.
T  INDICATES TRACE AMOUNT.




$$
