000
CDUS43 KBIS 270723
CLIBIS


CLIMATE REPORT
NATIONAL WEATHER SERVICE BISMARCK ND
222 AM CDT WED AUG 27 2014


...................................

...THE BISMARCK ND CLIMATE SUMMARY FOR AUGUST 26 2014...

CLIMATE NORMAL PERIOD 1981 TO 2010
CLIMATE RECORD PERIOD 1875 TO 2014


WEATHER ITEM   OBSERVED TIME   RECORD YEAR NORMAL DEPARTURE LAST
                VALUE   (LST)  VALUE       VALUE  FROM      YEAR
                                                  NORMAL
..................................................................
TEMPERATURE (F)
 YESTERDAY
  MAXIMUM         61   1154 AM 103    1970  81    -20       83
  MINIMUM         43    559 AM  33    1914  53    -10       65
  AVERAGE         52                        67    -15       74

PRECIPITATION (IN)
  YESTERDAY        0.08          0.53 1880   0.07   0.01     0.03
  MONTH TO DATE    4.22                      1.96   2.26     0.38
  SINCE JUN 1      7.97                      8.02  -0.05     4.72
  SINCE JAN 1     12.16                     13.49  -1.33    15.32

SNOWFALL (IN)
  YESTERDAY        0.0           0.0  2002   0.0    0.0      0.0
                                      2001
  MONTH TO DATE    0.0                       0.0    0.0      0.0
  SINCE JUN 1      0.0                       0.0    0.0      0.0
  SINCE JUL 1      0.0                       0.0    0.0      0.0
  SNOW DEPTH       0

DEGREE DAYS
 HEATING
  YESTERDAY       13                         2     11        0
  MONTH TO DATE   27                        27      0        6
  SINCE JUN 1    149                       137     12      114
  SINCE JUL 1     55                        44     11       28

 COOLING
  YESTERDAY        0                         4     -4        9
  MONTH TO DATE  149                       158     -9      138
  SINCE JUN 1    350                       445    -95      407
  SINCE JAN 1    401                       462    -61      419
..................................................................


WIND (MPH)
  HIGHEST WIND SPEED     8   HIGHEST WIND DIRECTION    SW (230)
  HIGHEST GUST SPEED     9   HIGHEST GUST DIRECTION    SW (210)
  AVERAGE WIND SPEED     2.4


SKY COVER
  POSSIBLE SUNSHINE  MM
  AVERAGE SKY COVER 0.4


WEATHER CONDITIONS
 THE FOLLOWING WEATHER WAS RECORDED YESTERDAY.
  LIGHT RAIN
  FOG


RELATIVE HUMIDITY (PERCENT)
 HIGHEST   100           400 AM
 LOWEST     64          1000 AM
 AVERAGE    82

..........................................................


THE BISMARCK ND CLIMATE NORMALS FOR TODAY
                         NORMAL    RECORD    YEAR
 MAXIMUM TEMPERATURE (F)   81       107      1973
 MINIMUM TEMPERATURE (F)   53        33      1982


SUNRISE AND SUNSET
AUGUST 27 2014........SUNRISE   656 AM CDT   SUNSET   832 PM CDT
AUGUST 28 2014........SUNRISE   658 AM CDT   SUNSET   830 PM CDT


-  INDICATES NEGATIVE NUMBERS.
R  INDICATES RECORD WAS SET OR TIED.
MM INDICATES DATA IS MISSING.
T  INDICATES TRACE AMOUNT.




$$
